CREATE TABLE `private_appointment` (
  `id` int NOT NULL AUTO_INCREMENT,
  `title` varchar(255) NOT NULL,
  `description` varchar(255) DEFAULT NULL,
  `appointment_id` int NOT NULL,
  `user_id` int NOT NULL,
  PRIMARY KEY (`id`)
) ENGINE=InnoDB DEFAULT CHARSET=utf8mb4 COLLATE=utf8mb4_0900_ai_ci;


CREATE TABLE `role` (
  `id` int NOT NULL AUTO_INCREMENT,
  `role_name` varchar(255) NOT NULL,
  `created_at` timestamp NULL DEFAULT CURRENT_TIMESTAMP,
  `updated_at` datetime DEFAULT CURRENT_TIMESTAMP ON UPDATE CURRENT_TIMESTAMP,
  PRIMARY KEY (`id`)
) ENGINE=InnoDB DEFAULT CHARSET=utf8mb4 COLLATE=utf8mb4_0900_ai_ci;


CREATE TABLE `rooms` (
  `id` int NOT NULL AUTO_INCREMENT,
  `name` varchar(255) NOT NULL,
  `room_type` varchar(255) NOT NULL,
  `no_of_persons` int NOT NULL,
  `price` varchar(255) CHARACTER SET utf8mb4 COLLATE utf8mb4_0900_ai_ci DEFAULT NULL,
  `description` longtext NOT NULL,
  `image` varchar(500) DEFAULT NULL,
  `team_id` int DEFAULT NULL,
  `created_at` timestamp NULL DEFAULT CURRENT_TIMESTAMP,
  `updated_at` datetime DEFAULT CURRENT_TIMESTAMP,
  PRIMARY KEY (`id`)
) ENGINE=InnoDB DEFAULT CHARSET=utf8mb4 COLLATE=utf8mb4_0900_ai_ci;

INSERT INTO `rooms` (`id`, `name`, `room_type`, `no_of_persons`, `price`, `description`, `image`, `team_id`, `created_at`, `updated_at`) VALUES
(52,	'Test Room',	'Test Room',	5,	'400',	'Test Room',	'https://tineon.s3.eu-central-1.amazonaws.com/Leipzig/2022/February/Images/ayo-ogunseinde-2.jpg',	141,	'2022-02-17 06:28:14',	'2022-02-17 06:28:14'),
(53,	'PQR',	'pqr ',	3,	'5000',	'sdfsdfgsdfgsdfgsdfgsdfsdfgdfg',	'https://tineon.s3.eu-central-1.amazonaws.com/Leipzig/2022/February/Images/kaci-baum-2.jpg',	141,	'2022-02-18 05:59:44',	'2022-02-18 05:59:44'),
(54,	'test 22',	'personal',	4,	'12000',	'test',	'https://tineon.s3.eu-central-1.amazonaws.com/Leipzig/2022/February/Images/nature-3082832__480.jpg',	141,	'2022-02-21 12:09:15',	'2022-02-21 12:09:15'),
(56,	'room test 21',	'delux',	5,	'12000',	'gyjyujgjgyujgjgyujgjgyujgjgyujgjgyujgjgyujgjgyujgjgyujgjgyujgjgyujgjgyujgjgyujgjg',	'https://tineon.s3.eu-central-1.amazonaws.com/Leipzig/2022/February/Images/joe-gardner-2.jpg',	141,	'2022-02-21 14:59:43',	'2022-02-21 14:59:43'),
(61,	'Room 14/2',	'Test Room',	2,	'145',	'<div><ol><li><u><i><b><sup>This is the test description</sup></b></i></u></li></ol></div>',	'https://tineon.s3.eu-central-1.amazonaws.com/Leipzig/2022/February/Images/clem-onojeghuo-2.jpg',	141,	'2022-02-23 06:02:34',	'2022-02-23 06:02:34'),
(69,	'test roommmmmmmm',	'fdgfgs',	6,	'9000',	'<font face=\"Arial\" size=\"2\">dghdghdgsdfgsfgsf</font>',	'https://tineon.s3.eu-central-1.amazonaws.com/Leipzig/2022/March/Images/bg5.jpg',	141,	'2022-03-17 05:38:46',	'2022-03-17 05:38:46'),
(70,	'testing the roomsss',	'test',	5,	'450',	'<font face=\"Arial\" size=\"2\">testing the room</font>',	'https://tineon.s3.eu-central-1.amazonaws.com/Leipzig/2022/March/Images/dog.jpg',	141,	'2022-03-17 12:47:49',	'2022-03-17 12:47:49'),
(71,	'Delux Room',	'Delux Room',	10,	'1200',	'<font face=\"Arial\" size=\"2\">ererrfrf</font>',	'https://tineon.s3.eu-central-1.amazonaws.com/Leipzig/2022/March/Images/Social.jpg.webp',	141,	'2022-03-25 09:42:27',	'2022-03-25 09:42:27'),
(72,	'test 26 march',	'adfaadsf',	3,	'35445',	's<font face=\"Arial\" size=\"2\">dfsdfs</font>',	'https://tineon.s3.eu-central-1.amazonaws.com/Leipzig/2022/April/Images/clem-onojeghuo-2-1648819885966.jpg',	141,	'2022-03-26 10:51:33',	'2022-03-26 10:51:33'),
(73,	'Rasenplatz 1',	'Rasen',	100,	'0',	'<font face=\"Arial\" size=\"2\">Fu&#223;ballplatz&#160;</font>',	'https://tineon.s3.eu-central-1.amazonaws.com/Leipzig/2022/April/Images/westendorf-fussballplatz-westendorfer-waldstadion-fussballplatz.jpg',	2750,	'2022-04-04 08:29:29',	'2022-04-04 08:29:29'),
(74,	'Rasenplatz 2',	'Kunstrasen',	100,	'0',	'<font face=\"Arial\" size=\"2\">Fu&#223;ballplatz</font>',	'https://tineon.s3.eu-central-1.amazonaws.com/Leipzig/2022/April/Images/fussballplatz-3.jpeg',	2750,	'2022-04-04 08:30:42',	'2022-04-04 08:30:42'),
(75,	'Mehrzweckhalle',	'Sporthalle ',	50,	'0',	'<font face=\"Arial\" size=\"2\">Sporthalle</font>',	'https://tineon.s3.eu-central-1.amazonaws.com/Leipzig/2022/April/Images/turnhalle3-1649061168315.jpg',	2750,	'2022-04-04 08:31:29',	'2022-04-04 08:31:29'),
(76,	'test room 04',	'adsf',	3,	NULL,	'a<font face=\"Arial\" size=\"2\">dfadfadf</font>',	'https://tineon.s3.eu-central-1.amazonaws.com/Leipzig/2022/April/Images/kaci-baum-2.jpg',	141,	'2022-04-04 12:39:21',	'2022-04-04 12:39:21'),
(78,	'Testing 6thApril2022',	'testing',	10,	NULL,	'<font face=\"Arial\" size=\"2\">ssss</font>',	'https://tineon.s3.eu-central-1.amazonaws.com/Leipzig/2022/April/Images/Social.jpg.webp',	141,	'2022-04-06 12:00:02',	'2022-04-06 12:00:02'),
(79,	'Room booking 1',	'double room',	12,	NULL,	'<font face=\"Arial\" size=\"2\">test</font>',	'https://tineon.s3.eu-central-1.amazonaws.com/Leipzig/2022/April/Images/1.jpg',	141,	'2022-04-14 12:54:34',	'2022-04-14 12:54:34'),
(81,	'room 1',	'Tert',	12,	NULL,	'c<font face=\"Arial\" size=\"2\">assd</font>',	'https://tineon.s3.eu-central-1.amazonaws.com/Leipzig/2022/April/Images/images.jfif',	2830,	'2022-04-25 07:02:30',	'2022-04-25 07:02:30'),
(82,	'Create room club 12',	'Create room club 1',	34,	NULL,	'<font face=\"Arial\" size=\"2\">test +1</font>',	'https://tineon.s3.eu-central-1.amazonaws.com/Leipzig/2022/April/Images/test2.jpg',	2830,	'2022-04-25 08:58:34',	'2022-04-25 08:58:34'),
(83,	'create room club 2',	'4',	34,	NULL,	'<font face=\"Arial\" size=\"2\">fdfd</font>',	'https://tineon.s3.eu-central-1.amazonaws.com/Leipzig/2022/April/Images/test2.jpg',	141,	'2022-04-25 09:01:22',	'2022-04-25 09:01:22'),
(84,	'creating first room',	'test',	4,	NULL,	'<font face=\"Arial\" size=\"2\">fffffffffffffffffff</font>',	'https://tineon.s3.eu-central-1.amazonaws.com/Leipzig/2022/May/Images/brand_img.png',	141,	'2022-05-02 12:47:23',	'2022-05-02 12:47:23'),
(88,	'check room',	'dfghdfghfgh',	10,	NULL,	'<font face=\"Arial\" size=\"2\">dsafasdfasdfasd</font><span>fasdfasdfsdaf</span><span>fasdfasdfsdaf</span><span>fasdfasdfsdaf</span><span>fasdfasdfsdaf</span><span>fasdfasdfsdaf</span>',	'https://tineon.s3.eu-central-1.amazonaws.com/Leipzig/2022/May/Images/clem-onojeghuo-4.jpg',	141,	'2022-05-08 09:04:48',	'2022-05-08 09:04:48'),
(90,	'test',	'test',	10,	NULL,	'<font face=\"Arial\" size=\"2\">ddd</font>',	'https://tineon.s3.eu-central-1.amazonaws.com/Leipzig/2022/May/Images/dog.jpg',	141,	'2022-05-09 10:17:48',	'2022-05-09 10:17:48'),
(91,	'dd',	'ee',	0,	NULL,	'<font face=\"Arial\" size=\"2\">ss</font>',	'https://tineon.s3.eu-central-1.amazonaws.com/Leipzig/2022/May/Images/dog.jpg',	141,	'2022-05-09 10:18:30',	'2022-05-09 10:18:30'),
(92,	'ccc',	'fghdfghdfg',	1,	NULL,	'<font face=\"Arial\" size=\"2\">ccc</font>',	'https://tineon.s3.eu-central-1.amazonaws.com/Leipzig/2022/May/Images/dog.jpg',	141,	'2022-05-09 10:27:40',	'2022-05-09 10:27:40'),
(99,	'room1',	'normal',	45,	NULL,	'<font face=\"Arial\" size=\"2\">test description</font>',	'https://tineon.s3.eu-central-1.amazonaws.com/Leipzig/2022/June/Images/d.jpg',	141,	'2022-06-29 06:40:52',	'2022-06-29 06:40:52'),
(100,	'test2',	'test',	67,	NULL,	'<font face=\"Arial\" size=\"2\">testttttttttttt</font>',	'https://tineon.s3.eu-central-1.amazonaws.com/Leipzig/2022/June/Images/e.jpg',	141,	'2022-06-29 06:41:50',	'2022-06-29 06:41:50');

CREATE TABLE `rooms_availablity` (
  `id` int NOT NULL AUTO_INCREMENT,
  `room_id` int NOT NULL,
  `weekday` varchar(255) NOT NULL,
  `time_from` time DEFAULT NULL,
  `time_to` time DEFAULT NULL,
  `created_at` timestamp NULL DEFAULT CURRENT_TIMESTAMP,
  `updated_at` timestamp NULL DEFAULT CURRENT_TIMESTAMP,
  PRIMARY KEY (`id`)
) ENGINE=InnoDB DEFAULT CHARSET=utf8mb4 COLLATE=utf8mb4_0900_ai_ci;

INSERT INTO `rooms_availablity` (`id`, `room_id`, `weekday`, `time_from`, `time_to`, `created_at`, `updated_at`) VALUES
(71,	52,	'Wednesday',	'15:00:00',	'18:00:00',	'2022-02-18 05:27:16',	'2022-02-18 05:27:16'),
(72,	52,	'Thursday',	'14:22:00',	'14:23:00',	'2022-02-18 05:27:16',	'2022-02-18 05:27:16'),
(73,	52,	'Friday',	'14:37:00',	'15:37:00',	'2022-02-18 05:27:17',	'2022-02-18 05:27:17'),
(109,	54,	'Monday',	'12:00:00',	'23:00:00',	'2022-02-22 04:09:39',	'2022-02-22 04:09:39'),
(110,	54,	'Monday',	'20:08:00',	'21:08:00',	'2022-02-22 04:09:40',	'2022-02-22 04:09:40'),
(113,	56,	'Tuesday',	'20:29:00',	'21:29:00',	'2022-02-22 05:20:01',	'2022-02-22 05:20:01'),
(114,	56,	'Tuesday',	'20:29:00',	'21:29:00',	'2022-02-22 05:20:01',	'2022-02-22 05:20:01'),
(157,	61,	'Montag',	'15:00:00',	'15:30:00',	'2022-03-10 10:42:18',	'2022-03-10 10:42:18'),
(158,	61,	'Montag',	'16:22:00',	'17:22:00',	'2022-03-10 10:42:18',	'2022-03-10 10:42:18'),
(161,	69,	'Monday',	'11:08:00',	'13:08:00',	'2022-03-17 05:42:04',	'2022-03-17 05:42:04'),
(166,	71,	'Monday',	'16:00:00',	'17:30:00',	'2022-03-25 12:02:45',	'2022-03-25 12:02:45'),
(178,	72,	'Monday',	'16:21:00',	'18:21:00',	'2022-04-01 13:31:30',	'2022-04-01 13:31:30'),
(179,	73,	'Mittwoch',	'18:00:00',	'21:00:00',	'2022-04-04 08:29:29',	'2022-04-04 08:29:29'),
(180,	73,	'Samstag',	'10:00:00',	'14:00:00',	'2022-04-04 08:29:29',	'2022-04-04 08:29:29'),
(181,	73,	'Sonntag',	'10:00:00',	'14:00:00',	'2022-04-04 08:29:29',	'2022-04-04 08:29:29'),
(182,	73,	'Montag',	'18:00:00',	'21:00:00',	'2022-04-04 08:29:29',	'2022-04-04 08:29:29'),
(183,	74,	'Samstag',	'10:00:00',	'14:00:00',	'2022-04-04 08:30:43',	'2022-04-04 08:30:43'),
(184,	74,	'Montag',	'18:00:00',	'21:00:00',	'2022-04-04 08:30:43',	'2022-04-04 08:30:43'),
(185,	74,	'Mittwoch',	'18:00:00',	'21:00:00',	'2022-04-04 08:30:43',	'2022-04-04 08:30:43'),
(186,	74,	'Sonntag',	'10:00:00',	'14:00:00',	'2022-04-04 08:30:43',	'2022-04-04 08:30:43'),
(188,	75,	'Freitag',	'18:00:00',	'20:00:00',	'2022-04-04 08:32:59',	'2022-04-04 08:32:59'),
(194,	78,	'Tuesday',	'17:30:00',	'18:30:00',	'2022-04-11 07:03:26',	'2022-04-11 07:03:26'),
(217,	53,	'Tuesday',	'13:29:00',	'14:29:00',	'2022-04-16 11:01:17',	'2022-04-16 11:01:17'),
(218,	53,	'Monday',	'11:29:00',	'13:29:00',	'2022-04-16 11:01:18',	'2022-04-16 11:01:18'),
(219,	53,	'Çarşamba',	'20:15:00',	'21:15:00',	'2022-04-16 11:01:18',	'2022-04-16 11:01:18'),
(225,	76,	'Pazartesi',	'18:07:00',	'21:07:00',	'2022-04-16 11:03:23',	'2022-04-16 11:03:23'),
(226,	76,	'Salı',	'18:07:00',	'20:08:00',	'2022-04-16 11:03:23',	'2022-04-16 11:03:23'),
(227,	76,	'Çarşamba',	'18:07:00',	'20:09:00',	'2022-04-16 11:03:23',	'2022-04-16 11:03:23'),
(228,	76,	'Perşembe',	'18:07:00',	'21:09:00',	'2022-04-16 11:03:24',	'2022-04-16 11:03:24'),
(229,	76,	'Cuma',	'18:07:00',	'21:09:00',	'2022-04-16 11:03:24',	'2022-04-16 11:03:24'),
(230,	79,	'Monday',	'20:00:00',	'00:00:00',	'2022-04-21 10:55:49',	'2022-04-21 10:55:49'),
(231,	81,	'Monday',	'13:00:00',	'14:10:00',	'2022-04-25 07:02:30',	'2022-04-25 07:02:30'),
(233,	83,	'Tuesday',	'15:30:00',	'16:31:00',	'2022-04-25 09:01:22',	'2022-04-25 09:01:22'),
(234,	84,	'Monday',	'18:00:00',	'19:00:00',	'2022-05-02 12:47:23',	'2022-05-02 12:47:23'),
(248,	90,	'Monday',	'16:47:00',	'17:47:00',	'2022-05-09 10:17:49',	'2022-05-09 10:17:49'),
(249,	91,	'Wednesday',	'17:48:00',	'18:48:00',	'2022-05-09 10:18:31',	'2022-05-09 10:18:31'),
(258,	70,	'Monday',	'21:17:00',	'23:17:00',	'2022-06-24 11:10:13',	'2022-06-24 11:10:13'),
(259,	88,	'Monday',	'02:30:00',	'03:00:00',	'2022-06-29 06:35:47',	'2022-06-29 06:35:47'),
(260,	99,	'Tuesday',	'12:10:00',	'13:10:00',	'2022-06-29 06:40:52',	'2022-06-29 06:40:52'),
(261,	100,	'Montag',	'15:11:00',	'16:11:00',	'2022-06-29 06:41:51',	'2022-06-29 06:41:51'),
(262,	92,	'Tuesday',	'16:57:00',	'17:57:00',	'2022-06-29 06:42:08',	'2022-06-29 06:42:08'),
(263,	82,	'Monday',	'14:00:00',	'15:00:00',	'2022-07-28 06:20:40',	'2022-07-28 06:20:40');

CREATE TABLE `subtask_group` (
  `id` int NOT NULL AUTO_INCREMENT,
  `task_id` int DEFAULT NULL,
  `title` varchar(150) CHARACTER SET utf8mb4 COLLATE utf8mb4_0900_ai_ci DEFAULT NULL,
  `description` varchar(255) CHARACTER SET utf8mb4 COLLATE utf8mb4_0900_ai_ci DEFAULT NULL,
  `assigned_to` int DEFAULT NULL,
  `status` int DEFAULT NULL,
  `date` date DEFAULT NULL,
  PRIMARY KEY (`id`)
) ENGINE=InnoDB DEFAULT CHARSET=utf8mb4 COLLATE=utf8mb4_0900_ai_ci;

INSERT INTO `subtask_group` (`id`, `task_id`, `title`, `description`, `assigned_to`, `status`, `date`) VALUES
(2844,	987,	'Rasen mähen ',	'Platz 3 ',	47,	0,	'2021-08-16'),
(2845,	987,	'Rasenmäher kaufen ',	'unbedingt erledigen ',	46,	0,	'2021-08-13'),
(2848,	1003,	'shshhshsshshshshhshshshshssbsbsbsbsbsbsbsbsbs',	'snnsshshshdrbbdndndnd c. cmcncncnmcncncncncnc',	51,	1,	'2021-08-18'),
(2849,	1015,	'test test',	'hahaha',	51,	0,	'2021-09-15'),
(2856,	1115,	'Mobile task 1',	'mobile test 1',	51,	1,	'2021-10-14'),
(2857,	1115,	'mobile 2',	'mobile 2',	51,	1,	'2021-10-16'),
(2862,	1116,	'web App 1',	'<font face=\"Arial\" size=\"2\">web App</font>',	50,	0,	'2021-10-15'),
(2863,	1116,	'web App 2',	'web App 2',	49,	0,	'2021-10-16'),
(2864,	1117,	'Task created by 21 Octo 211',	'<font face=\"Arial\" size=\"2\">Task created by 2',	49,	1,	'2021-10-20'),
(2865,	1118,	'Sub Task on date 19 Octo 21',	'<font face=\"Arial\" size=\"2\">Sub Task on date ',	51,	0,	'2021-10-19'),
(2866,	1118,	'Sub Task 2 on date 19 Octo 21',	'<font face=\"Arial\" size=\"2\">Sub Task on date ',	50,	0,	'2021-10-20'),
(2878,	1122,	'Sub Task 22 Octo 22',	'<font face=\"Arial\" size=\"2\">Task 22 Octo 22</',	50,	0,	'2021-10-21'),
(2903,	1136,	'Sub task 1',	'<font face=\"Arial\" size=\"2\">Sub task 1</font>',	49,	0,	'2021-10-27'),
(2904,	1136,	'Sub task 2',	'<font face=\"Arial\" size=\"2\">Sub task 2</font>',	48,	0,	'2021-10-27'),
(2905,	1140,	'individual subtask desktop',	'<font face=\"Arial\" size=\"2\">checking subtask ',	44,	0,	'2021-10-27'),
(2906,	1141,	'individual subtask mobile ',	'checking subtask desktop',	44,	0,	'2021-10-27'),
(2907,	1142,	' subtask grp1',	'<font face=\"Arial\" size=\"2\">substask group 1<',	54,	0,	'2021-10-27'),
(2908,	1142,	'subtask grp2',	'<font face=\"Arial\" size=\"2\">subtask group 2</',	45,	0,	'2021-10-27'),
(2909,	1150,	'task 2',	'<font face=\"Arial\" size=\"2\">Task created by T',	49,	0,	'2021-10-28'),
(2910,	1158,	'Simple subtask  1',	'<font face=\"Arial\" size=\"2\">Simple subtask&#1',	49,	0,	'2021-10-29'),
(2941,	1164,	'task 009900',	'task009900',	51,	0,	'2021-11-01'),
(2958,	1162,	'SUB newss Task 01 Nov 2021-01-01',	'<font face=\"Arial\" size=\"2\">Task 01 Nov 2021 001</font>',	50,	0,	'2021-11-01'),
(2959,	1162,	'Sub newss task 002',	'Sub task 002',	50,	0,	'2021-11-01'),
(2972,	1167,	'mobile subtask',	'testing of subtask by mobile',	40,	1,	'2021-11-08'),
(2975,	1168,	'desk subtask ',	'<font face=\"Arial\" size=\"2\">testing of subtask by desk</font>',	54,	0,	'2021-11-08'),
(2977,	1170,	'group subtask',	'<font face=\"Arial\" size=\"2\">adsfadfadfadf</font>',	54,	0,	'2021-11-08'),
(2978,	1171,	'grp subtask',	'<font face=\"Arial\" size=\"2\">asdfasdfasdf</font>',	50,	0,	'2021-11-08'),
(2983,	1174,	'subtask grp',	'<font face=\"Arial\" size=\"2\">dsfdasfadfadfdasf</font>',	54,	1,	'2021-11-08'),
(2984,	1169,	'individual subtask kkk',	'<font face=\"Arial\" size=\"2\">retyrqetwrt</font>',	54,	0,	'2021-11-08'),
(2987,	1176,	'untertest',	'<font size=\"2\"><font face=\"Arial\">SWEDXTCFGVBH lasf&#228;&#246;ascf vcsavfwlo124315513513&#34;&#167;$%&amp;/()=<br></font></font>',	54,	1,	'2021-11-24'),
(2988,	1176,	'unter test 2',	'<font size=\"2\"><font face=\"Arial\">2345678&#167;$%&amp;(/()fcgvtbjunikmolFHKGVJBNKML FTGZHUOJIP4r6de57r6f80g9h0j&#223;k<br></font></font>',	54,	1,	'2021-11-16'),
(2989,	1177,	'Task 19 Nov1',	'<font face=\"Arial\" size=\"2\">Task 19 Nov</font>',	51,	0,	'2021-11-19'),
(2990,	1177,	'Task 19 Nov2',	'<font face=\"Arial\" size=\"2\">Task 19 Nov</font>',	51,	0,	'2021-11-19'),
(2993,	1179,	'subtask testtt0111',	'<font face=\"Arial\" size=\"2\">testing of subtaskk00011111</font>',	49,	1,	'2021-11-20'),
(2994,	1179,	'subtask testttt0002222',	'<font face=\"Arial\" size=\"2\">subtask testttt0002222</font>',	45,	1,	'2021-11-20'),
(2995,	1172,	'subtask kkk',	'<font face=\"Arial\" size=\"2\">asdfadsfadsfasdfasdfsd</font>',	53,	0,	'2021-11-08'),
(2996,	1183,	'30 nov subtask',	'itxts8txy8x8yx',	50,	0,	'2021-12-01'),
(3000,	1188,	'17 jan SubTask',	'a<font face=\"Arial\" size=\"2\">sdfsdfasdfd</font>',	54,	1,	'2022-01-16'),
(3001,	1189,	'sub atdhe',	'nfbxbbx',	51,	1,	'2022-03-29'),
(3038,	1209,	'sub 1',	'asdfsdfsdf',	56,	1,	'2022-03-22'),
(3045,	1205,	'add subtask',	'b',	56,	NULL,	'2022-03-22'),
(3046,	1211,	'test subtask mob 23',	'gw8ebe8eje8ebe8 ieue9ebeieh',	50,	1,	'2022-03-31'),
(3047,	1047,	't a s k ',	'hahahhahahahahhshsjhhshshsjjsjshshshhshshshsh',	48,	1,	'2021-09-30'),
(3055,	1208,	' fsddfsdsffdsfdsdfssdfsdffds test fdfddfdf',	'change new',	56,	NULL,	'2022-03-31'),
(3056,	1227,	'subtask 11 april',	'<font face=\"Arial\" size=\"2\">ghsfgsfgsfgsdfgsdfgsdfg</font>',	50,	1,	'2022-04-15'),
(3057,	1227,	'subtask 2 april',	'<font face=\"Arial\" size=\"2\">iktyrtyurtyuryurytu</font>',	49,	1,	'2022-04-15'),
(3058,	1228,	'subtask 2',	'<font face=\"Arial\" size=\"2\">dfgsfsfs</font>',	50,	1,	'2022-04-13'),
(3059,	1229,	'for approval ',	'text',	54,	0,	'2022-05-31'),
(3063,	1231,	'subtitle joe',	'Test text doe hhe testing papose',	55,	1,	'2022-03-03'),
(3064,	1232,	'task ',	'<font face=\"Arial\" size=\"2\">task 1</font>',	67,	1,	'2022-04-16'),
(3066,	1233,	'sub task 1 priyanka',	'<font face=\"Arial\" size=\"2\">sub task 1 priyanka</font>',	64,	1,	'2022-04-15'),
(3100,	1243,	'sub task 5',	'<font face=\"Arial\" size=\"2\">test 3</font>',	67,	0,	'2022-04-13'),
(3101,	1244,	'subtask created by user',	'<font face=\"Arial\" size=\"2\">subtask created by user</font>',	67,	0,	'2022-04-19'),
(3105,	1237,	'subtask 1',	'<font face=\"Arial\" size=\"2\">efgsdfgsdfgsdfgsdfg</font>',	51,	0,	'2022-04-15'),
(3106,	1237,	'subtask 2',	'<font face=\"Arial\" size=\"2\">dfghdgfhdfg</font>',	51,	1,	'2022-04-20'),
(3107,	1237,	'subtask 3',	'e<font face=\"Arial\" size=\"2\">rdsfgsdf</font>',	45,	1,	'2022-04-20'),
(3110,	1238,	'sub1',	'<font face=\"Arial\" size=\"2\">asdfadfadfadf</font>',	51,	1,	'2022-04-21'),
(3111,	1238,	'sub2',	'asd<font face=\"Arial\" size=\"2\">fadsfadsf</font>',	47,	1,	'2022-04-22'),
(3112,	1238,	'sub3',	'<font face=\"Arial\" size=\"2\">asdfsadf</font>',	45,	1,	'2022-04-21'),
(3113,	1238,	'sub4',	'a<font face=\"Arial\" size=\"2\">dsfad</font>',	42,	1,	'2022-04-21'),
(3118,	1159,	'sub2',	'a<font face=\"Arial\" size=\"2\">dfadf</font>',	49,	1,	'2022-04-21'),
(3119,	1159,	'sub3',	'<font face=\"Arial\" size=\"2\">qerqewr</font>',	53,	1,	'2022-04-21'),
(3120,	1157,	'sub1',	'<font face=\"Arial\" size=\"2\">sdfasdfa</font>',	65,	1,	'2022-04-20'),
(3121,	1157,	'sub 2',	'a<font face=\"Arial\" size=\"2\">sdfasdfa</font>',	48,	1,	'2022-04-20'),
(3122,	1157,	'sub3',	'<font face=\"Arial\" size=\"2\">dfgsfgsf</font>',	25,	1,	'2022-04-21'),
(3123,	1163,	'sub2',	'a<font face=\"Arial\" size=\"2\">dfadfa</font>',	45,	1,	'2022-04-21'),
(3124,	1163,	'sub3',	'<font face=\"Arial\" size=\"2\">adfadfad</font>',	46,	1,	'2022-04-21'),
(3125,	1163,	'sub4',	'a<font face=\"Arial\" size=\"2\">dfasdfasdf</font>',	47,	1,	'2022-04-21'),
(3126,	1166,	'Test subtask for all the people added',	'<span>This is the test description for the tasks.&#160;</span><span>This is the test description for the tasks.&#160;</span><span>This is the test description for the tasks.&#160;</span><span>This is the test description for the tasks.&#160;</span><span>T',	49,	1,	'2021-11-07'),
(3127,	1166,	'sub1',	'a<font face=\"Arial\" size=\"2\">dsfadsfasdf</font>',	45,	1,	'2022-04-21'),
(3128,	1166,	'sub2',	'asd<font face=\"Arial\" size=\"2\">asdfasdf</font>',	50,	1,	'2022-04-21'),
(3132,	1245,	'angular subtask1',	'a<font face=\"Arial\" size=\"2\">sdfasdfasdf</font>',	51,	0,	'2022-04-21'),
(3133,	1245,	'angular subtask2 ',	'sd<font face=\"Arial\" size=\"2\">adsfadsfadf</font>',	45,	0,	'2022-04-21'),
(3134,	1246,	'subtask1',	'ohcoyx ux tc yyx',	49,	0,	'2022-04-22'),
(3135,	1246,	'subtask2',	'IHC z txig',	44,	0,	'2022-04-22'),
(3136,	1247,	'asa',	'decode&#160;',	68,	1,	'2022-04-18'),
(3137,	1248,	'sub task',	'<font face=\"Arial\" size=\"2\">sub task 1</font>',	67,	1,	'2022-04-21'),
(3138,	1173,	'subtaskkkk',	'a<font face=\"Arial\" size=\"2\">sdfadfadf</font>',	47,	0,	'2021-11-04'),
(3140,	1254,	'testtt',	'<font face=\"Arial\" size=\"2\">tttt</font>',	69,	1,	'2022-04-22'),
(3159,	1255,	'subtask 1222',	'<font face=\"Arial\" size=\"2\">subtask 1</font>',	69,	1,	'2022-04-17'),
(3160,	1255,	'subtask 2',	'<font face=\"Arial\" size=\"2\">subtask 2</font>',	70,	1,	'2022-04-19'),
(3161,	1260,	'sub secretary task',	'<font face=\"Arial\" size=\"2\">sub secretary task</font>',	49,	0,	'2022-04-21'),
(3162,	1263,	'Editor adding admin task',	'<font face=\"Arial\" size=\"2\">Editor adding admin task</font>',	40,	0,	'2022-04-25'),
(3163,	1281,	'create a sub task as sec',	'<font face=\"Arial\" size=\"2\">create a sub task as sec</font>',	43,	1,	'2022-04-24'),
(3165,	1288,	'Created sub task as admin ',	'<font face=\"Arial\" size=\"2\">Created sub task as admin</font>',	49,	1,	'2022-04-25'),
(3169,	1289,	'Adding all types of users as a sub group',	'<font face=\"Arial\" size=\"2\">Adding all types of users as a sub group</font>',	49,	0,	'2022-04-20'),
(3171,	1287,	'subtask for member',	'<font face=\"Arial\" size=\"2\">subtask for member</font>',	49,	1,	'2022-04-22'),
(3174,	1308,	'Task Tittle',	'<font face=\"Arial\" size=\"2\">Task created by adminn</font>',	50,	0,	'2022-05-05'),
(3175,	1308,	'title 2',	'<font face=\"Arial\" size=\"2\">title 2</font>',	51,	0,	'2022-05-06'),
(3176,	1311,	'sub task2',	'<font face=\"Arial\" size=\"2\">sub task2</font>',	67,	0,	'2022-07-13'),
(3177,	1312,	'subtask2',	'<font face=\"Arial\" size=\"2\">subtask2</font>',	68,	0,	'2022-07-13'),
(3178,	1313,	'title3',	'<font face=\"Arial\" size=\"2\">title3 description</font>',	65,	0,	'2022-07-13'),
(3179,	1314,	'dfsfdsfffff',	'<font face=\"Arial\" size=\"2\">dfssdf</font>',	46,	0,	'2022-07-15'),
(3180,	1315,	'task2',	'a<font face=\"Arial\" size=\"2\">dfadsfadsfads</font>',	50,	0,	'2022-07-15'),
(3181,	1315,	'task3',	'<font face=\"Arial\" size=\"2\">dfgsdfgsdfg</font>',	26,	0,	'2022-07-16'),
(3188,	1316,	'task22',	'<font face=\"Arial\" size=\"2\">asdfasdfadsf</font>',	50,	0,	'2022-07-15'),
(3189,	1316,	'task33',	'<font face=\"Arial\" size=\"2\">dsfasdfasdf</font>',	44,	0,	'2022-07-23');

CREATE TABLE `survey` (
  `id` int NOT NULL AUTO_INCREMENT,
  `title` varchar(255) NOT NULL,
  `description` varchar(255) NOT NULL,
  `surveyOption` enum('0','1') CHARACTER SET utf8mb4 COLLATE utf8mb4_0900_ai_ci NOT NULL COMMENT '0 -> single seletion 1-> multiple selection',
  `surveyType` varchar(20) CHARACTER SET utf8mb4 COLLATE utf8mb4_0900_ai_ci NOT NULL,
  `surveyStartDate` datetime DEFAULT NULL,
  `surveyEndDate` datetime DEFAULT NULL,
  `surveyViewOption` enum('0','1','2','') NOT NULL,
  `additional_anonymous_voting` varchar(10) CHARACTER SET utf8mb4 COLLATE utf8mb4_0900_ai_ci DEFAULT NULL,
  `additional_cast_vote` varchar(10) CHARACTER SET utf8mb4 COLLATE utf8mb4_0900_ai_ci DEFAULT NULL,
  `surveyNotificationOption` varchar(45) CHARACTER SET utf8mb4 COLLATE utf8mb4_0900_ai_ci DEFAULT NULL,
  `user_id` int NOT NULL,
  `team_id` int NOT NULL,
  `survey_status` int NOT NULL DEFAULT '0',
  `created_at` timestamp NULL DEFAULT CURRENT_TIMESTAMP,
  `updated_at` timestamp NULL DEFAULT CURRENT_TIMESTAMP,
  PRIMARY KEY (`id`)
) ENGINE=InnoDB DEFAULT CHARSET=utf8mb4 COLLATE=utf8mb4_0900_ai_ci COMMENT='0 => active , 1=> deactive';

INSERT INTO `survey` (`id`, `title`, `description`, `surveyOption`, `surveyType`, `surveyStartDate`, `surveyEndDate`, `surveyViewOption`, `additional_anonymous_voting`, `additional_cast_vote`, `surveyNotificationOption`, `user_id`, `team_id`, `survey_status`, `created_at`, `updated_at`) VALUES
(184,	'Neue Vereinsmütze 2022',	'<font face=\"Arial\" size=\"2\">Hallo liebe Mitglieder,&#160;</font><p><font face=\"Arial\" size=\"2\">Ihr seid wieder gefragt!&#160;</font></p><p><font face=\"Arial\" size=\"2\">Welche Farbe soll die neue M&#252;tze haben?</font></p>',	'0',	'all_club',	'2022-04-10 00:00:00',	'2022-06-10 00:00:00',	'1',	'true',	'false',	'[\"1\"]',	57,	2750,	0,	'2022-04-04 10:31:29',	'2022-04-04 10:31:29'),
(189,	'root',	'<font face=\"Arial\" size=\"2\">root</font>',	'0',	'group',	'2022-04-04 00:00:00',	'2022-04-05 00:00:00',	'0',	'true',	'true',	'[\"1\",\"2\"]',	43,	141,	0,	'2022-04-05 09:45:36',	'2022-04-05 09:45:36'),
(190,	'root2',	'<font face=\"Arial\" size=\"2\">root2</font>',	'0',	'group',	'2022-04-04 00:00:00',	'2022-04-05 00:00:00',	'0',	'true',	'true',	'[\"1\"]',	43,	141,	0,	'2022-04-05 09:46:27',	'2022-04-05 09:46:27'),
(191,	'root3',	'<font face=\"Arial\" size=\"2\">root3</font>',	'0',	'group',	'2022-04-04 00:00:00',	'2022-04-05 00:00:00',	'0',	'true',	'true',	'[\"1\"]',	43,	141,	0,	'2022-04-05 09:47:44',	'2022-04-05 09:47:44'),
(192,	'testing survey 05',	'<font face=\"Arial\" size=\"2\">dsfdfadsfasdf</font>',	'1',	'group',	'2022-04-14 00:00:00',	'2022-04-29 00:00:00',	'0',	'false',	'true',	'[]',	43,	141,	0,	'2022-04-05 09:51:50',	'2022-04-05 09:51:50'),
(193,	'root4',	'<font face=\"Arial\" size=\"2\">root4</font>',	'0',	'group',	'2022-04-04 00:00:00',	'2022-04-05 00:00:00',	'0',	'true',	'true',	'[\"1\"]',	43,	141,	0,	'2022-04-05 09:56:31',	'2022-04-05 09:56:31'),
(194,	'sports survey',	's<font face=\"Arial\" size=\"2\">fgsdfgsdf</font>',	'1',	'all_club',	'2022-04-14 00:00:00',	'2022-04-28 00:00:00',	'0',	'false',	'true',	'[]',	43,	141,	0,	'2022-04-05 09:57:02',	'2022-04-05 09:57:02'),
(195,	'Root6',	'<span>root6axv</span><br>',	'0',	'group',	'2022-04-06 00:00:00',	'2022-04-07 00:00:00',	'0',	'true',	'false',	'[\"1\"]',	43,	141,	0,	'2022-04-05 10:32:57',	'2022-04-05 10:32:57'),
(196,	'Root new',	'<font face=\"Arial\" size=\"2\">Root new</font>',	'0',	'group',	'2022-04-07 00:00:00',	'2022-04-08 00:00:00',	'0',	'true',	'false',	'[\"1\"]',	43,	141,	0,	'2022-04-05 10:38:12',	'2022-04-05 10:38:12'),
(197,	'Sports Survey',	'<font face=\"Arial\" size=\"2\">Sports Survey</font>',	'0',	'group',	'2022-04-11 00:00:00',	'2022-04-16 00:00:00',	'0',	'true',	'false',	'[\"1\"]',	43,	141,	0,	'2022-04-05 10:41:34',	'2022-04-05 10:41:34'),
(198,	'Sports 2 survey',	'<font face=\"Arial\" size=\"2\">Sports 2 survey</font>',	'0',	'group',	'2022-04-07 00:00:00',	'2022-04-09 00:00:00',	'1',	'true',	'false',	'[\"1\"]',	43,	141,	0,	'2022-04-05 10:43:24',	'2022-04-05 10:43:24'),
(199,	'Sports Survey 3',	'<font face=\"Arial\" size=\"2\">Sports Survey 3</font>',	'0',	'group',	'2022-04-06 00:00:00',	'2022-04-08 00:00:00',	'1',	'true',	'false',	'[\"1\"]',	43,	141,	0,	'2022-04-05 10:58:04',	'2022-04-05 10:58:04'),
(200,	'check survey 05',	'<font face=\"Arial\" size=\"2\">adfadfa</font>',	'1',	'group',	'2022-04-08 00:00:00',	'2022-04-11 00:00:00',	'0',	'false',	'true',	'[]',	43,	141,	0,	'2022-04-05 11:15:48',	'2022-04-05 11:15:48'),
(201,	'event survey',	'z<font face=\"Arial\" size=\"2\">zcxvzcxvzcxv</font>',	'1',	'group',	'2022-04-09 00:00:00',	'2022-04-14 00:00:00',	'0',	'false',	'true',	'[]',	43,	141,	0,	'2022-04-05 11:24:54',	'2022-04-05 11:24:54'),
(202,	'task survey 05',	'<font face=\"Arial\" size=\"2\">sdfgsdfgsdfg</font>',	'1',	'group',	'2022-04-05 00:00:00',	'2022-04-09 00:00:00',	'0',	'false',	'true',	'[]',	43,	141,	0,	'2022-04-05 11:30:34',	'2022-04-05 11:30:34'),
(203,	'testing 5April2022',	'<font face=\"Arial\" size=\"2\">testing 5April2022</font>',	'1',	'group',	'2022-04-07 00:00:00',	'2022-04-22 00:00:00',	'0',	'false',	'false',	'[]',	43,	141,	0,	'2022-04-05 11:31:29',	'2022-04-05 11:31:29'),
(204,	'testing 6April2022 for update',	'<font face=\"Arial\" size=\"2\">testing 6April2022</font>',	'1',	'group',	'2022-04-10 00:00:00',	'2022-04-27 00:00:00',	'0',	'false',	'false',	'[]',	43,	141,	0,	'2022-04-06 04:31:54',	'2022-04-06 04:31:54'),
(206,	'test',	'<font face=\"Arial\" size=\"2\">ttttt</font>',	'1',	'group',	'2022-04-08 00:00:00',	'2022-04-16 00:00:00',	'0',	'false',	'false',	'[]',	43,	141,	0,	'2022-04-07 09:50:11',	'2022-04-07 09:50:11'),
(207,	'Nickel Survey',	'Description<font face=\"Arial\" size=\"2\">s for the Nicke survey</font>',	'0',	'group',	'2022-04-11 00:00:00',	'2022-04-20 00:00:00',	'0',	'true',	'true',	'[\"1\",\"2\"]',	43,	141,	1,	'2022-04-11 07:51:21',	'2022-04-11 07:51:21'),
(209,	'survey test 2022',	's<font face=\"Arial\" size=\"2\">fgsdfgsdfgsdfgsdfgsdfg</font>',	'0',	'all_club',	'2022-04-19 00:00:00',	'2022-04-29 00:00:00',	'0',	'false',	'false',	'[]',	43,	141,	0,	'2022-04-11 07:59:02',	'2022-04-11 07:59:02'),
(211,	'test title one',	'<font face=\"Arial\" size=\"2\">test title one</font>',	'1',	'group',	'2022-04-13 00:00:00',	'2024-04-15 00:00:00',	'0',	'false',	'false',	'[\"1\",\"2\"]',	43,	141,	1,	'2022-04-13 10:10:53',	'2022-04-13 10:10:53'),
(213,	'test enquiry',	'<font face=\"Arial\" size=\"2\">test enquiry</font>',	'1',	'all_club',	'2022-04-14 00:00:00',	'2022-04-15 00:00:00',	'2',	'true',	'true',	'[\"2\",\"1\"]',	43,	141,	0,	'2022-04-13 11:17:11',	'2022-04-13 11:17:11'),
(214,	'survey with never view results',	'<font face=\"Arial\" size=\"2\">test survey</font>',	'0',	'all_club',	'2022-01-14 00:00:00',	'2022-02-14 00:00:00',	'2',	'false',	'false',	'[\"1\",\"2\"]',	43,	141,	0,	'2022-04-13 11:56:45',	'2022-04-13 11:56:45'),
(216,	'survey never',	'<font face=\"Arial\" size=\"2\">never</font>',	'0',	'all_club',	'2022-04-14 00:00:00',	'2022-04-20 00:00:00',	'2',	'true',	'true',	'[\"1\",\"2\"]',	43,	141,	0,	'2022-04-13 12:09:22',	'2022-04-13 12:09:22'),
(217,	'never survey',	'<font face=\"Arial\" size=\"2\">survey never</font>',	'0',	'group',	'2022-04-15 00:00:00',	'2022-04-17 00:00:00',	'2',	'true',	'true',	'[\"1\",\"2\"]',	43,	141,	0,	'2022-04-13 12:18:53',	'2022-04-13 12:18:53'),
(218,	'After voting ',	'<font face=\"Arial\" size=\"2\">After voting</font>',	'0',	'all_club',	'2022-04-13 00:00:00',	'2022-04-16 00:00:00',	'1',	'true',	'true',	'[\"1\",\"2\"]',	43,	141,	1,	'2022-04-13 12:26:28',	'2022-04-13 12:26:28'),
(219,	'After voting again',	'<font face=\"Arial\" size=\"2\">After voting again</font>',	'1',	'group',	'2022-04-14 00:00:00',	'2022-04-30 00:00:00',	'1',	'true',	'true',	'[\"1\",\"2\"]',	43,	141,	0,	'2022-04-14 04:44:40',	'2022-04-14 04:44:40'),
(220,	'survey after voting',	'<font face=\"Arial\" size=\"2\">test&#160;survey after voting</font>',	'0',	'all_club',	'2022-04-14 00:00:00',	'2022-04-15 00:00:00',	'1',	'true',	'true',	'[\"1\",\"2\"]',	43,	141,	0,	'2022-04-14 04:48:24',	'2022-04-14 04:48:24'),
(221,	'Test location',	'<font face=\"Arial\" size=\"2\">Test location</font>',	'0',	'all_club',	'2022-04-14 00:00:00',	'2022-04-15 00:00:00',	'1',	'true',	'true',	'[\"1\",\"2\"]',	43,	141,	1,	'2022-04-14 05:22:39',	'2022-04-14 05:22:39'),
(223,	'singing survey',	'a<font face=\"Arial\" size=\"2\">dfasdfasdfa</font>',	'1',	'all_club',	'2022-04-14 00:00:00',	'2022-04-30 00:00:00',	'0',	'false',	'true',	'[]',	43,	141,	0,	'2022-04-14 06:27:30',	'2022-04-14 06:27:30'),
(224,	'singing 22222222 survey',	's<font face=\"Arial\" size=\"2\">dfgsdfgsdfg</font>',	'0',	'all_club',	'2022-04-15 00:00:00',	'2022-04-26 00:00:00',	'0',	'false',	'true',	'[]',	43,	141,	0,	'2022-04-14 06:41:45',	'2022-04-14 06:41:45'),
(226,	'food survey ',	'fg<font face=\"Arial\" size=\"2\">hdfghdfgh</font>',	'1',	'all_club',	'2022-04-15 00:00:00',	'2022-04-30 00:00:00',	'0',	'false',	'false',	'[]',	43,	141,	1,	'2022-04-15 06:50:08',	'2022-04-15 06:50:08'),
(228,	'employee survey 2022',	'sd<font face=\"Arial\" size=\"2\">fgsdfgsdf</font>',	'1',	'all_club',	'2022-04-18 00:00:00',	'2022-04-29 00:00:00',	'2',	'false',	'true',	'[]',	43,	141,	0,	'2022-04-18 05:20:21',	'2022-04-18 05:20:21'),
(229,	'never ever',	'<font face=\"Arial\" size=\"2\">never ever</font>',	'0',	'group',	'2022-04-18 00:00:00',	'2022-04-19 00:00:00',	'2',	'true',	'true',	'[\"1\",\"2\"]',	43,	141,	0,	'2022-04-18 10:02:50',	'2022-04-18 10:02:50'),
(230,	'anonymous survey',	'<font face=\"Arial\" size=\"2\">anonymous survey</font>',	'1',	'all_club',	'2022-04-18 00:00:00',	'2022-04-20 00:00:00',	'1',	'true',	'true',	'[\"1\",\"2\"]',	43,	141,	0,	'2022-04-18 11:03:49',	'2022-04-18 11:03:49'),
(231,	'survey active',	'<font face=\"Arial\" size=\"2\">survey active</font>',	'1',	'all_club',	'2022-04-19 00:00:00',	'2022-04-21 00:00:00',	'1',	'true',	'true',	'[\"2\",\"1\"]',	43,	141,	0,	'2022-04-18 11:14:34',	'2022-04-18 11:14:34'),
(232,	'survey not today',	'<font face=\"Arial\" size=\"2\">survey not today</font>',	'1',	'all_club',	'2022-04-19 00:00:00',	'2022-04-21 00:00:00',	'1',	'true',	'true',	'[\"1\",\"2\"]',	43,	141,	0,	'2022-04-18 11:16:50',	'2022-04-18 11:16:50'),
(233,	'not known',	'<font face=\"Arial\" size=\"2\">not known</font>',	'1',	'all_club',	'2022-04-23 00:00:00',	'2022-04-28 00:00:00',	'1',	'true',	'true',	'[\"1\",\"2\"]',	43,	141,	0,	'2022-04-18 11:23:17',	'2022-04-18 11:23:17'),
(234,	'test date survey',	'd<font face=\"Arial\" size=\"2\">fgsgsfgsfgsgsfsgf</font>',	'1',	'all_club',	'2022-04-22 00:00:00',	'2022-04-23 00:00:00',	'0',	'false',	'true',	'[]',	43,	141,	0,	'2022-04-22 11:04:27',	'2022-04-22 11:04:27'),
(235,	'hardware survey',	'a<font face=\"Arial\" size=\"2\">dsfasdfasdfad</font>',	'1',	'all_club',	'2022-04-28 00:00:00',	'2022-04-30 00:00:00',	'0',	'false',	'true',	'[\"1\"]',	43,	141,	0,	'2022-04-25 04:10:55',	'2022-04-25 04:10:55'),
(237,	'club 2 survey',	'<font face=\"Arial\" size=\"2\">club 2 survey</font>',	'0',	'all_club',	'2022-04-26 00:00:00',	'2022-04-27 00:00:00',	'1',	'true',	'true',	'[\"1\",\"2\"]',	43,	141,	0,	'2022-04-25 08:52:28',	'2022-04-25 08:52:28'),
(238,	'create survey ',	'<font face=\"Arial\" size=\"2\">create survey&#160;</font>',	'1',	'group',	'2022-04-29 00:00:00',	'2022-04-30 00:00:00',	'0',	'true',	'true',	'[\"1\",\"2\"]',	43,	141,	0,	'2022-04-29 12:35:58',	'2022-04-29 12:35:58'),
(240,	'creating survey',	'<font face=\"Arial\" size=\"2\">creating survey</font>',	'1',	'group',	'2022-04-29 00:00:00',	'2022-04-30 00:00:00',	'0',	'true',	'true',	'[\"1\"]',	43,	141,	0,	'2022-04-29 13:08:09',	'2022-04-29 13:08:09'),
(241,	'employee food survey',	'asd<font face=\"Arial\" size=\"2\">fasdfadsfasdfkkkkkkkkk</font>',	'1',	'group',	'2022-05-20 00:00:00',	'2022-05-30 00:00:00',	'0',	'false',	'true',	'[]',	43,	141,	0,	'2022-05-02 06:36:19',	'2022-05-02 06:36:19'),
(242,	'creating survey for email check',	'<font face=\"Arial\" size=\"2\">creating survey for email check</font>',	'1',	'all_club',	'2022-05-02 00:00:00',	'2022-05-04 00:00:00',	'0',	'true',	'true',	'[\"1\",\"2\"]',	43,	141,	0,	'2022-05-02 07:00:08',	'2022-05-02 07:00:08'),
(243,	'survey  for date check',	'<font face=\"Arial\" size=\"2\">survey&#160; for date check</font>',	'0',	'all_club',	'2022-05-02 00:00:00',	'2022-05-03 00:00:00',	'0',	'true',	'true',	'[\"1\",\"2\"]',	43,	141,	0,	'2022-05-02 08:33:24',	'2022-05-02 08:33:24'),
(244,	'Survey created email check',	'<font face=\"Arial\" size=\"2\">Survey created email check</font>',	'1',	'group',	'2022-05-02 00:00:00',	'2022-05-02 00:00:00',	'0',	'true',	'true',	'[\"1\"]',	43,	141,	0,	'2022-05-02 09:38:48',	'2022-05-02 09:38:48'),
(245,	'check voting survey 02',	'a<font face=\"Arial\" size=\"2\">dfadfasdf</font>',	'1',	'group',	'2022-05-02 00:00:00',	'2022-05-10 00:00:00',	'0',	'false',	'true',	'[]',	43,	141,	0,	'2022-05-02 11:21:50',	'2022-05-02 11:21:50'),
(246,	'checking for votes',	'<font face=\"Arial\" size=\"2\">checking for votes</font>',	'1',	'group',	'2022-05-03 00:00:00',	'2022-05-04 00:00:00',	'0',	'true',	'true',	'[\"1\",\"2\"]',	43,	141,	0,	'2022-05-03 06:08:09',	'2022-05-03 06:08:09'),
(247,	'fooding survey',	'f<font face=\"Arial\" size=\"2\">sdfgsf</font>',	'1',	'all_club',	'2022-05-03 00:00:00',	'2022-05-10 00:00:00',	'0',	'false',	'true',	'[\"2\"]',	43,	141,	0,	'2022-05-03 08:32:45',	'2022-05-03 08:32:45'),
(248,	'gaming survey',	'as<font face=\"Arial\" size=\"2\">dfasdfadf</font>',	'1',	'group',	'2022-05-03 00:00:00',	'2022-05-10 00:00:00',	'0',	'false',	'true',	'[\"2\"]',	43,	141,	0,	'2022-05-03 08:37:28',	'2022-05-03 08:37:28'),
(249,	'Test  survey for mail check',	'<font face=\"Arial\" size=\"2\">Test&#160; survey for mail check</font>',	'1',	'group',	'2022-05-03 00:00:00',	'2022-05-04 00:00:00',	'0',	'false',	'false',	'[\"2\",\"1\"]',	43,	141,	0,	'2022-05-03 10:03:15',	'2022-05-03 10:03:15'),
(251,	'ewerq',	'erw<font face=\"Arial\" size=\"2\">twert</font>',	'1',	'group',	'2022-05-12 00:00:00',	'2022-05-21 00:00:00',	'0',	'false',	'true',	'[]',	72,	2830,	0,	'2022-05-12 09:36:42',	'2022-05-12 09:36:42'),
(253,	'Neue Vereinsjacke 2022',	'<font face=\"Arial\" size=\"2\">Im Jahr 2022 soll eine neue Vereinsjacke erscheinen. Nun geht es um die Farbe.</font>',	'0',	'all_club',	'0022-06-24 00:00:00',	'2022-06-24 00:00:00',	'0',	'false',	'false',	'[\"1\"]',	57,	2750,	0,	'2022-06-24 14:48:54',	'2022-06-24 14:48:54'),
(255,	'survey test',	'f<font face=\"Arial\" size=\"2\">sdfgsf</font>',	'1',	'group',	'2022-07-07 00:00:00',	'2022-07-30 00:00:00',	'0',	'false',	'true',	'[]',	43,	141,	0,	'2022-07-07 08:36:58',	'2022-07-07 08:36:58'),
(258,	'Ffg',	'<font face=\"Arial\" size=\"2\">Gyt</font>',	'0',	'group',	'2022-07-14 00:00:00',	'2022-07-15 00:00:00',	'0',	'true',	'true',	'[\"1\"]',	72,	2830,	0,	'2022-07-13 12:54:56',	'2022-07-13 12:54:56'),
(260,	'Test12',	'<font face=\"Arial\" size=\"2\">Test</font>',	'0',	'group',	'2022-07-28 00:00:00',	'2022-07-30 00:00:00',	'0',	'true',	'true',	'[\"1\",\"2\"]',	72,	2830,	0,	'2022-07-26 14:09:46',	'2022-07-26 14:09:46'),
(261,	'Test',	'cd<font face=\"Arial\" size=\"2\">ds</font>',	'0',	'group',	'2022-08-01 00:00:00',	'2022-08-03 00:00:00',	'0',	'false',	'false',	'[]',	72,	2830,	0,	'2022-07-28 05:33:55',	'2022-07-28 05:33:55'),
(262,	'angular survey',	'asd<font face=\"Arial\" size=\"2\">fasdf</font>',	'1',	'group',	'2022-08-01 00:00:00',	'2022-08-31 00:00:00',	'0',	'false',	'true',	'[]',	43,	141,	0,	'2022-07-29 13:32:03',	'2022-07-29 13:32:03'),
(263,	'testing survey',	's<font face=\"Arial\" size=\"2\">fgsdfgsdfgsdf</font>',	'1',	'group',	'2022-08-01 00:00:00',	'2022-08-30 00:00:00',	'0',	'false',	'true',	'[]',	43,	141,	0,	'2022-08-01 08:54:51',	'2022-08-01 08:54:51'),
(264,	'Test Survey67',	'<font face=\"Arial\" size=\"2\">Test description</font>',	'0',	'all_club',	'2022-08-04 00:00:00',	'2022-08-06 00:00:00',	'1',	'false',	'true',	'[\"2\",\"1\"]',	72,	2830,	0,	'2022-08-01 09:03:26',	'2022-08-01 09:03:26');

CREATE TABLE `survey_answer` (
  `id` int NOT NULL AUTO_INCREMENT,
  `surveyId` int NOT NULL,
  `surveyAnswer` varchar(255) NOT NULL,
  PRIMARY KEY (`id`)
) ENGINE=InnoDB DEFAULT CHARSET=utf8mb4 COLLATE=utf8mb4_0900_ai_ci;

INSERT INTO `survey_answer` (`id`, `surveyId`, `surveyAnswer`) VALUES
(425,	184,	'Rot'),
(426,	184,	'Grün'),
(427,	184,	'Schwarz'),
(428,	184,	'Blau'),
(437,	189,	'root'),
(438,	189,	'root'),
(439,	190,	'root2'),
(440,	190,	'root2'),
(441,	191,	'root3'),
(442,	191,	'root3'),
(443,	192,	'asdfa'),
(444,	192,	'sdfadsfad'),
(445,	193,	'root4'),
(446,	193,	'root4'),
(447,	194,	'sdfgsdfg'),
(448,	194,	'sfgsdfgsf'),
(449,	195,	'root6axv'),
(450,	195,	'root6axv'),
(451,	196,	'Root new'),
(452,	196,	'Root new'),
(453,	197,	'Football'),
(454,	197,	'Cricket'),
(455,	198,	'Hockey'),
(456,	198,	'BaseBall'),
(457,	199,	'A'),
(458,	199,	'B'),
(459,	200,	'adsfa'),
(460,	200,	'asdfadfa'),
(461,	200,	'adfadsfadasdf'),
(462,	201,	'sfgsfgs'),
(463,	201,	'sfgsfsgfgsf'),
(464,	201,	'sdfgsfgsfg'),
(465,	202,	'sdfgsdfsf'),
(466,	202,	'gsfgsfgsfg'),
(467,	202,	'sdfgsfsfsf'),
(468,	203,	'Good'),
(469,	203,	'Bad'),
(470,	204,	'A'),
(471,	204,	'B'),
(472,	204,	'C'),
(475,	206,	'ttt'),
(476,	206,	'tttt'),
(477,	207,	'Testing purple'),
(478,	207,	'tested passed'),
(479,	207,	'Hello passed'),
(485,	209,	'ans2'),
(486,	209,	'ans3'),
(488,	209,	'ans12'),
(492,	211,	'a'),
(493,	211,	'ab'),
(494,	211,	'abc'),
(501,	213,	'one'),
(502,	213,	'two'),
(503,	213,	'three'),
(504,	214,	'option 1'),
(505,	214,	'option 2'),
(506,	214,	'option 3'),
(510,	216,	'1'),
(511,	216,	'12'),
(512,	216,	'123'),
(513,	217,	'y'),
(514,	217,	'yy'),
(515,	217,	'yyy'),
(516,	218,	'After voting 1'),
(517,	218,	'After voting 2'),
(518,	219,	'1'),
(519,	219,	'12'),
(520,	219,	'123'),
(521,	220,	'1'),
(522,	220,	'12'),
(523,	221,	'1'),
(524,	221,	'12'),
(525,	221,	'123'),
(528,	223,	'ans1'),
(529,	223,	'ans2'),
(530,	224,	'ans1'),
(531,	224,	'ans2'),
(532,	224,	'ans3'),
(536,	226,	'ans1'),
(537,	226,	'ans2'),
(538,	226,	'ans3'),
(542,	228,	'ans1'),
(543,	228,	'ans2'),
(544,	228,	'ans3'),
(545,	229,	'a'),
(546,	229,	'abc'),
(547,	229,	'abcd'),
(548,	230,	'1'),
(549,	230,	'12'),
(550,	230,	'123'),
(551,	231,	'11'),
(552,	231,	'12'),
(553,	232,	'1'),
(554,	232,	'12'),
(555,	233,	'not knownn'),
(556,	233,	'not knownnn'),
(557,	233,	'not knownnnn'),
(558,	234,	'ans1'),
(559,	234,	'ans2'),
(560,	234,	'ans3'),
(561,	235,	'ans1'),
(562,	235,	'ans2'),
(563,	235,	'ans3'),
(567,	237,	'1'),
(568,	237,	'12'),
(569,	237,	'123'),
(570,	238,	'test option 1'),
(571,	238,	'test option 2'),
(572,	238,	'test option 3'),
(577,	240,	'key 1'),
(578,	240,	'key 2'),
(579,	240,	'Key 3'),
(580,	241,	'ans1'),
(581,	241,	'ans2'),
(582,	242,	'check 1'),
(583,	242,	'check 2'),
(584,	242,	'check 3'),
(585,	243,	'option one'),
(586,	243,	'option two'),
(587,	243,	'option three'),
(588,	244,	'option 1'),
(589,	244,	'option 2'),
(590,	244,	'option 3'),
(591,	245,	'ans 1'),
(592,	245,	'ans2'),
(593,	246,	'12'),
(594,	246,	'123'),
(595,	246,	'1234'),
(596,	247,	'ans1'),
(597,	247,	'ans2'),
(598,	248,	'ans1'),
(599,	248,	'ans2'),
(600,	249,	'1'),
(601,	249,	'123'),
(602,	249,	'1234'),
(606,	251,	'ans1'),
(607,	251,	'ans2'),
(608,	251,	'ans2'),
(612,	253,	'Weiß'),
(613,	253,	'Schwarz'),
(614,	253,	'Grau'),
(618,	255,	'sdfg'),
(619,	255,	'sfgsf'),
(626,	258,	'Gg'),
(627,	258,	'Tc'),
(628,	258,	'Cyg'),
(631,	260,	'Tesrt 1'),
(632,	260,	'Tesrt 2'),
(637,	261,	'1231'),
(638,	261,	'4561'),
(639,	262,	'adfasdfasdfa'),
(640,	262,	'asdfasdf'),
(641,	263,	'sdfgsdfg'),
(642,	263,	'sfgsfg'),
(643,	264,	'Option 1'),
(644,	264,	'Option 2');

CREATE TABLE `survey_cron_mail` (
  `id` int NOT NULL AUTO_INCREMENT,
  `surveyId` int NOT NULL,
  `userId` int NOT NULL,
  `sendDate` timestamp NULL DEFAULT CURRENT_TIMESTAMP ON UPDATE CURRENT_TIMESTAMP,
  PRIMARY KEY (`id`)
) ENGINE=InnoDB DEFAULT CHARSET=utf8mb4 COLLATE=utf8mb4_0900_ai_ci;

INSERT INTO `survey_cron_mail` (`id`, `surveyId`, `userId`, `sendDate`) VALUES
(1,	166,	43,	'2022-03-28 16:04:54'),
(2,	166,	50,	'2022-03-28 16:04:54'),
(3,	166,	49,	'2022-03-28 16:04:55'),
(4,	166,	51,	'2022-03-28 16:04:56'),
(5,	167,	43,	'2022-03-29 16:04:55'),
(6,	167,	50,	'2022-03-29 16:04:56'),
(7,	167,	40,	'2022-03-29 16:04:56'),
(8,	167,	44,	'2022-03-29 16:04:57'),
(9,	167,	49,	'2022-03-29 16:04:58'),
(10,	167,	51,	'2022-03-29 16:04:58'),
(11,	167,	43,	'2022-03-29 16:04:59');

CREATE TABLE `survey_result` (
  `id` int NOT NULL AUTO_INCREMENT,
  `surveyId` int NOT NULL,
  `user_id` int NOT NULL,
  `team_id` int NOT NULL,
  `surveyAnswerId` varchar(50) CHARACTER SET utf8mb4 COLLATE utf8mb4_0900_ai_ci NOT NULL,
  `surveyType` varchar(20) CHARACTER SET utf8mb4 COLLATE utf8mb4_0900_ai_ci NOT NULL,
  `surveyTypeId` varchar(50) CHARACTER SET utf8mb4 COLLATE utf8mb4_0900_ai_ci DEFAULT NULL,
  PRIMARY KEY (`id`)
) ENGINE=InnoDB DEFAULT CHARSET=utf8mb4 COLLATE=utf8mb4_0900_ai_ci;

INSERT INTO `survey_result` (`id`, `surveyId`, `user_id`, `team_id`, `surveyAnswerId`, `surveyType`, `surveyTypeId`) VALUES
(164,	194,	43,	141,	'447',	'all_club',	'null'),
(165,	199,	43,	141,	'458',	'group',	'[696]'),
(166,	200,	43,	141,	'461',	'group',	'[691]'),
(167,	200,	43,	141,	'460',	'group',	'[691]'),
(168,	208,	53,	141,	'480',	'all_club',	'null'),
(169,	210,	43,	141,	'489',	'all_club',	'null'),
(172,	210,	44,	141,	'491',	'all_club',	'null'),
(173,	212,	44,	141,	'497',	'group',	'[703]'),
(174,	212,	44,	141,	'496',	'group',	'[703]'),
(175,	212,	44,	141,	'498',	'group',	'[703]'),
(176,	211,	43,	141,	'492',	'group',	'[702]'),
(177,	211,	43,	141,	'493',	'group',	'[702]'),
(178,	211,	44,	141,	'492',	'group',	'[702]'),
(179,	211,	44,	141,	'493',	'group',	'[702]'),
(180,	211,	44,	141,	'494',	'group',	'[702]'),
(182,	215,	44,	141,	'507',	'all_club',	'null'),
(183,	215,	43,	141,	'509',	'all_club',	'null'),
(184,	218,	44,	141,	'516',	'all_club',	'null'),
(186,	218,	43,	141,	'517',	'all_club',	'null'),
(187,	220,	44,	141,	'521',	'all_club',	'null'),
(190,	221,	43,	141,	'524',	'all_club',	'null'),
(192,	221,	44,	141,	'523',	'all_club',	'null'),
(194,	222,	43,	141,	'527',	'group',	'[707]'),
(195,	222,	49,	141,	'527',	'group',	'[707]'),
(198,	223,	43,	141,	'528',	'all_club',	'null'),
(199,	223,	43,	141,	'529',	'all_club',	'null'),
(203,	224,	43,	141,	'530',	'all_club',	'null'),
(205,	225,	43,	141,	'534',	'all_club',	'null'),
(206,	225,	44,	141,	'533',	'all_club',	'null'),
(207,	225,	44,	141,	'534',	'all_club',	'null'),
(208,	224,	44,	141,	'532',	'all_club',	'null'),
(209,	225,	50,	141,	'533',	'all_club',	'null'),
(210,	225,	50,	141,	'534',	'all_club',	'null'),
(211,	225,	50,	141,	'535',	'all_club',	'null'),
(212,	224,	50,	141,	'531',	'all_club',	'null'),
(213,	225,	49,	141,	'534',	'all_club',	'null'),
(214,	225,	49,	141,	'535',	'all_club',	'null'),
(215,	224,	49,	141,	'531',	'all_club',	'null'),
(216,	225,	51,	141,	'534',	'all_club',	'null'),
(217,	225,	51,	141,	'535',	'all_club',	'null'),
(218,	225,	51,	141,	'533',	'all_club',	'null'),
(219,	224,	51,	141,	'530',	'all_club',	'null'),
(220,	225,	45,	141,	'535',	'all_club',	'null'),
(221,	224,	45,	141,	'532',	'all_club',	'null'),
(222,	226,	43,	141,	'536',	'all_club',	'null'),
(223,	226,	43,	141,	'537',	'all_club',	'null'),
(224,	226,	43,	141,	'538',	'all_club',	'null'),
(225,	217,	43,	141,	'513',	'group',	'[707]'),
(226,	216,	43,	141,	'511',	'all_club',	'null'),
(227,	228,	44,	141,	'543',	'all_club',	'null'),
(228,	228,	44,	141,	'544',	'all_club',	'null'),
(229,	228,	44,	141,	'542',	'all_club',	'null'),
(230,	219,	43,	141,	'518',	'group',	'[687]'),
(231,	219,	43,	141,	'519',	'group',	'[687]'),
(232,	219,	43,	141,	'520',	'group',	'[687]'),
(233,	228,	49,	141,	'543',	'all_club',	'null'),
(234,	228,	49,	141,	'544',	'all_club',	'null'),
(236,	229,	43,	141,	'546',	'group',	'[703]'),
(237,	228,	43,	141,	'544',	'all_club',	'null'),
(238,	228,	43,	141,	'544',	'all_club',	'null'),
(239,	228,	43,	141,	'543',	'all_club',	'null'),
(240,	230,	43,	141,	'549',	'all_club',	'null'),
(241,	232,	43,	141,	'553',	'all_club',	'null'),
(242,	231,	43,	141,	'551',	'all_club',	'null'),
(243,	235,	43,	141,	'562',	'all_club',	'null'),
(244,	235,	43,	141,	'563',	'all_club',	'null'),
(245,	245,	43,	141,	'591',	'group',	'[731]'),
(246,	246,	43,	141,	'595',	'group',	'[731]'),
(247,	246,	43,	141,	'593',	'group',	'[731]'),
(248,	246,	43,	141,	'594',	'group',	'[731]'),
(249,	246,	49,	141,	'594',	'group',	'[731]'),
(250,	246,	49,	141,	'595',	'group',	'[731]'),
(251,	246,	50,	141,	'593',	'group',	'[731]'),
(252,	246,	50,	141,	'594',	'group',	'[731]'),
(253,	251,	72,	2830,	'608',	'group',	'[732]'),
(254,	251,	72,	2830,	'607',	'group',	'[732]'),
(255,	251,	72,	2830,	'606',	'group',	'[732]'),
(256,	184,	57,	2750,	'426',	'all_club',	'null'),
(257,	255,	43,	141,	'618',	'group',	'[743]'),
(258,	255,	43,	141,	'619',	'group',	'[743]'),
(259,	257,	43,	141,	'624',	'group',	'[747]'),
(260,	256,	43,	141,	'620',	'group',	'[748]'),
(261,	256,	43,	141,	'621',	'group',	'[748]'),
(262,	259,	43,	141,	'629',	'group',	'[751]'),
(263,	259,	44,	141,	'630',	'group',	'[751]'),
(264,	261,	71,	2830,	'638',	'group',	'[757]'),
(265,	263,	43,	141,	'641',	'group',	'[742]'),
(266,	263,	43,	141,	'642',	'group',	'[742]');

CREATE TABLE `survey_type` (
  `id` int NOT NULL AUTO_INCREMENT,
  `surveyId` int NOT NULL,
  `surveyTypeId` int NOT NULL,
  `surveyType` varchar(255) NOT NULL,
  PRIMARY KEY (`id`)
) ENGINE=InnoDB DEFAULT CHARSET=utf8mb4 COLLATE=utf8mb4_0900_ai_ci;

INSERT INTO `survey_type` (`id`, `surveyId`, `surveyTypeId`, `surveyType`) VALUES
(537,	192,	696,	'group'),
(540,	193,	696,	'group'),
(542,	190,	696,	'group'),
(544,	189,	696,	'group'),
(546,	191,	696,	'group'),
(547,	195,	696,	'group'),
(548,	196,	695,	'group'),
(549,	197,	696,	'group'),
(550,	198,	696,	'group'),
(551,	199,	696,	'group'),
(552,	200,	691,	'group'),
(554,	202,	695,	'group'),
(555,	203,	696,	'group'),
(558,	204,	696,	'group'),
(560,	206,	696,	'group'),
(561,	207,	702,	'group'),
(562,	211,	702,	'group'),
(564,	217,	707,	'group'),
(565,	219,	687,	'group'),
(567,	229,	703,	'group'),
(568,	238,	734,	'group'),
(570,	240,	729,	'group'),
(571,	241,	731,	'group'),
(572,	244,	731,	'group'),
(573,	245,	731,	'group'),
(574,	246,	731,	'group'),
(575,	248,	731,	'group'),
(576,	249,	731,	'group'),
(578,	251,	732,	'group'),
(580,	255,	743,	'group'),
(583,	258,	732,	'group'),
(585,	260,	757,	'group'),
(586,	261,	757,	'group'),
(587,	262,	755,	'group'),
(588,	263,	742,	'group');

CREATE TABLE `survey_users` (
  `id` int NOT NULL AUTO_INCREMENT,
  `surveyId` int NOT NULL,
  `userId` int NOT NULL,
  `surveyTypeId` int DEFAULT NULL,
  `approvedStatus` int DEFAULT '0',
  PRIMARY KEY (`id`)
) ENGINE=InnoDB DEFAULT CHARSET=utf8mb4 COLLATE=utf8mb4_0900_ai_ci;

INSERT INTO `survey_users` (`id`, `surveyId`, `userId`, `surveyTypeId`, `approvedStatus`) VALUES
(1603,	184,	16,	NULL,	0),
(1604,	184,	18,	NULL,	0),
(1605,	184,	19,	NULL,	0),
(1606,	184,	25,	NULL,	0),
(1607,	184,	26,	NULL,	0),
(1608,	184,	27,	NULL,	0),
(1609,	184,	28,	NULL,	0),
(1610,	184,	32,	NULL,	0),
(1611,	184,	33,	NULL,	0),
(1612,	184,	34,	NULL,	0),
(1613,	184,	35,	NULL,	0),
(1614,	184,	36,	NULL,	0),
(1615,	184,	40,	NULL,	0),
(1616,	184,	42,	NULL,	0),
(1617,	184,	43,	NULL,	1),
(1618,	184,	44,	NULL,	0),
(1619,	184,	45,	NULL,	0),
(1620,	184,	46,	NULL,	0),
(1621,	184,	47,	NULL,	0),
(1622,	184,	48,	NULL,	0),
(1623,	184,	49,	NULL,	0),
(1624,	184,	50,	NULL,	0),
(1625,	184,	51,	NULL,	0),
(1626,	184,	53,	NULL,	0),
(1627,	184,	54,	NULL,	0),
(1628,	184,	55,	NULL,	0),
(1629,	184,	57,	NULL,	0),
(1776,	192,	16,	NULL,	0),
(1777,	192,	18,	NULL,	0),
(1778,	192,	19,	NULL,	0),
(1779,	192,	25,	NULL,	0),
(1780,	192,	26,	NULL,	0),
(1781,	192,	27,	NULL,	0),
(1782,	192,	28,	NULL,	0),
(1783,	192,	32,	NULL,	0),
(1784,	192,	33,	NULL,	0),
(1785,	192,	34,	NULL,	0),
(1786,	192,	35,	NULL,	0),
(1787,	192,	36,	NULL,	0),
(1788,	192,	40,	NULL,	0),
(1789,	192,	42,	NULL,	0),
(1790,	192,	43,	NULL,	1),
(1791,	192,	44,	NULL,	0),
(1792,	192,	45,	NULL,	0),
(1793,	192,	46,	NULL,	0),
(1794,	192,	47,	NULL,	0),
(1795,	192,	48,	NULL,	0),
(1796,	192,	49,	NULL,	0),
(1797,	192,	50,	NULL,	0),
(1798,	192,	51,	NULL,	0),
(1799,	192,	53,	NULL,	0),
(1800,	192,	54,	NULL,	0),
(1801,	192,	55,	NULL,	0),
(1802,	192,	54,	696,	0),
(1803,	192,	55,	696,	0),
(1807,	194,	16,	NULL,	0),
(1808,	194,	18,	NULL,	0),
(1809,	194,	19,	NULL,	0),
(1810,	194,	25,	NULL,	0),
(1811,	194,	26,	NULL,	0),
(1812,	194,	27,	NULL,	0),
(1813,	194,	28,	NULL,	0),
(1814,	194,	32,	NULL,	0),
(1815,	194,	33,	NULL,	0),
(1816,	194,	34,	NULL,	0),
(1817,	194,	35,	NULL,	0),
(1818,	194,	36,	NULL,	0),
(1819,	194,	40,	NULL,	0),
(1820,	194,	42,	NULL,	0),
(1821,	194,	43,	NULL,	0),
(1822,	194,	44,	NULL,	0),
(1823,	194,	45,	NULL,	0),
(1824,	194,	46,	NULL,	0),
(1825,	194,	47,	NULL,	0),
(1826,	194,	48,	NULL,	0),
(1827,	194,	49,	NULL,	0),
(1828,	194,	50,	NULL,	0),
(1829,	194,	51,	NULL,	0),
(1830,	194,	53,	NULL,	0),
(1831,	194,	54,	NULL,	0),
(1832,	194,	55,	NULL,	0),
(1833,	194,	16,	NULL,	0),
(1834,	194,	18,	NULL,	0),
(1835,	194,	19,	NULL,	0),
(1836,	194,	25,	NULL,	0),
(1837,	194,	26,	NULL,	0),
(1838,	194,	27,	NULL,	0),
(1839,	194,	28,	NULL,	0),
(1840,	194,	32,	NULL,	0),
(1841,	194,	33,	NULL,	0),
(1842,	194,	34,	NULL,	0),
(1843,	194,	35,	NULL,	0),
(1844,	194,	36,	NULL,	0),
(1845,	194,	40,	NULL,	0),
(1846,	194,	42,	NULL,	0),
(1847,	194,	43,	NULL,	0),
(1848,	194,	44,	NULL,	0),
(1849,	194,	45,	NULL,	0),
(1850,	194,	46,	NULL,	0),
(1851,	194,	47,	NULL,	0),
(1852,	194,	48,	NULL,	0),
(1853,	194,	49,	NULL,	0),
(1854,	194,	50,	NULL,	0),
(1855,	194,	51,	NULL,	0),
(1856,	194,	53,	NULL,	0),
(1857,	194,	54,	NULL,	0),
(1858,	194,	55,	NULL,	0),
(1859,	194,	16,	NULL,	0),
(1860,	194,	18,	NULL,	0),
(1861,	194,	19,	NULL,	0),
(1862,	194,	25,	NULL,	0),
(1863,	194,	26,	NULL,	0),
(1864,	194,	27,	NULL,	0),
(1865,	194,	28,	NULL,	0),
(1866,	194,	32,	NULL,	0),
(1867,	194,	33,	NULL,	0),
(1868,	194,	34,	NULL,	0),
(1869,	194,	35,	NULL,	0),
(1870,	194,	36,	NULL,	0),
(1871,	194,	40,	NULL,	0),
(1872,	194,	42,	NULL,	0),
(1873,	194,	43,	NULL,	0),
(1874,	194,	44,	NULL,	0),
(1875,	194,	45,	NULL,	0),
(1876,	194,	46,	NULL,	0),
(1877,	194,	47,	NULL,	0),
(1878,	194,	48,	NULL,	0),
(1879,	194,	49,	NULL,	0),
(1880,	194,	50,	NULL,	0),
(1881,	194,	51,	NULL,	0),
(1882,	194,	53,	NULL,	0),
(1883,	194,	54,	NULL,	0),
(1884,	194,	55,	NULL,	0),
(1885,	193,	54,	696,	0),
(1886,	193,	55,	696,	0),
(1887,	190,	54,	696,	0),
(1888,	190,	55,	696,	0),
(1889,	189,	54,	696,	0),
(1890,	189,	55,	696,	0),
(1891,	191,	54,	696,	0),
(1892,	191,	55,	696,	0),
(1893,	195,	54,	696,	0),
(1894,	195,	55,	696,	0),
(1895,	196,	49,	695,	0),
(1896,	196,	48,	695,	0),
(1897,	196,	43,	695,	0),
(1898,	197,	54,	696,	0),
(1899,	197,	55,	696,	0),
(1900,	198,	54,	696,	0),
(1901,	198,	55,	696,	0),
(1902,	199,	54,	696,	0),
(1903,	199,	55,	696,	0),
(1904,	200,	51,	691,	0),
(1905,	200,	49,	691,	0),
(1906,	200,	50,	691,	0),
(1907,	200,	44,	691,	0),
(1911,	202,	49,	695,	0),
(1912,	202,	48,	695,	0),
(1913,	202,	43,	695,	0),
(1940,	203,	54,	696,	0),
(1941,	203,	55,	696,	0),
(1972,	204,	54,	696,	0),
(1973,	204,	55,	696,	0),
(1977,	206,	54,	696,	0),
(1978,	206,	55,	696,	0),
(1979,	207,	54,	702,	0),
(1980,	207,	51,	702,	0),
(1981,	207,	49,	702,	0),
(1982,	207,	45,	702,	0),
(1983,	207,	43,	702,	1),
(1984,	207,	40,	702,	0),
(1985,	207,	33,	702,	0),
(1986,	207,	50,	702,	0),
(1987,	207,	43,	702,	1),
(1988,	207,	44,	702,	0),
(2018,	209,	16,	NULL,	0),
(2019,	209,	18,	NULL,	0),
(2020,	209,	19,	NULL,	0),
(2021,	209,	25,	NULL,	0),
(2022,	209,	26,	NULL,	0),
(2023,	209,	27,	NULL,	0),
(2024,	209,	28,	NULL,	0),
(2025,	209,	32,	NULL,	0),
(2026,	209,	33,	NULL,	0),
(2027,	209,	34,	NULL,	0),
(2028,	209,	35,	NULL,	0),
(2029,	209,	36,	NULL,	0),
(2030,	209,	40,	NULL,	0),
(2031,	209,	42,	NULL,	0),
(2032,	209,	43,	NULL,	1),
(2033,	209,	44,	NULL,	1),
(2034,	209,	45,	NULL,	0),
(2035,	209,	46,	NULL,	0),
(2036,	209,	47,	NULL,	0),
(2037,	209,	48,	NULL,	0),
(2038,	209,	49,	NULL,	0),
(2039,	209,	50,	NULL,	0),
(2040,	209,	51,	NULL,	0),
(2041,	209,	53,	NULL,	0),
(2042,	209,	54,	NULL,	0),
(2043,	209,	55,	NULL,	0),
(2044,	209,	58,	NULL,	0),
(2045,	209,	59,	NULL,	0),
(2046,	209,	60,	NULL,	0),
(2077,	211,	54,	702,	0),
(2078,	211,	51,	702,	0),
(2079,	211,	49,	702,	0),
(2080,	211,	45,	702,	0),
(2081,	211,	43,	702,	0),
(2082,	211,	40,	702,	0),
(2083,	211,	33,	702,	0),
(2084,	211,	50,	702,	0),
(2085,	211,	43,	702,	0),
(2086,	211,	44,	702,	0),
(2095,	213,	16,	NULL,	0),
(2096,	213,	18,	NULL,	0),
(2097,	213,	19,	NULL,	0),
(2098,	213,	25,	NULL,	0),
(2099,	213,	26,	NULL,	0),
(2100,	213,	27,	NULL,	0),
(2101,	213,	28,	NULL,	0),
(2102,	213,	32,	NULL,	0),
(2103,	213,	33,	NULL,	0),
(2104,	213,	34,	NULL,	0),
(2105,	213,	35,	NULL,	0),
(2106,	213,	36,	NULL,	0),
(2107,	213,	40,	NULL,	0),
(2108,	213,	42,	NULL,	0),
(2109,	213,	43,	NULL,	1),
(2110,	213,	44,	NULL,	0),
(2111,	213,	45,	NULL,	0),
(2112,	213,	46,	NULL,	0),
(2113,	213,	47,	NULL,	0),
(2114,	213,	48,	NULL,	0),
(2115,	213,	49,	NULL,	0),
(2116,	213,	50,	NULL,	0),
(2117,	213,	51,	NULL,	0),
(2118,	213,	53,	NULL,	0),
(2119,	213,	54,	NULL,	0),
(2120,	213,	55,	NULL,	0),
(2121,	213,	62,	NULL,	0),
(2122,	213,	63,	NULL,	0),
(2123,	213,	64,	NULL,	0),
(2124,	213,	65,	NULL,	0),
(2125,	214,	16,	NULL,	0),
(2126,	214,	18,	NULL,	0),
(2127,	214,	19,	NULL,	0),
(2128,	214,	25,	NULL,	0),
(2129,	214,	26,	NULL,	0),
(2130,	214,	27,	NULL,	0),
(2131,	214,	28,	NULL,	0),
(2132,	214,	32,	NULL,	0),
(2133,	214,	33,	NULL,	0),
(2134,	214,	34,	NULL,	0),
(2135,	214,	35,	NULL,	0),
(2136,	214,	36,	NULL,	0),
(2137,	214,	40,	NULL,	0),
(2138,	214,	42,	NULL,	0),
(2139,	214,	43,	NULL,	0),
(2140,	214,	44,	NULL,	0),
(2141,	214,	45,	NULL,	0),
(2142,	214,	46,	NULL,	0),
(2143,	214,	47,	NULL,	0),
(2144,	214,	48,	NULL,	0),
(2145,	214,	49,	NULL,	0),
(2146,	214,	50,	NULL,	0),
(2147,	214,	51,	NULL,	0),
(2148,	214,	53,	NULL,	0),
(2149,	214,	54,	NULL,	0),
(2150,	214,	55,	NULL,	0),
(2151,	214,	62,	NULL,	0),
(2152,	214,	63,	NULL,	0),
(2153,	214,	64,	NULL,	0),
(2154,	214,	65,	NULL,	0),
(2185,	216,	16,	NULL,	0),
(2186,	216,	18,	NULL,	0),
(2187,	216,	19,	NULL,	0),
(2188,	216,	25,	NULL,	0),
(2189,	216,	26,	NULL,	0),
(2190,	216,	27,	NULL,	0),
(2191,	216,	28,	NULL,	0),
(2192,	216,	32,	NULL,	0),
(2193,	216,	33,	NULL,	0),
(2194,	216,	34,	NULL,	0),
(2195,	216,	35,	NULL,	0),
(2196,	216,	36,	NULL,	0),
(2197,	216,	40,	NULL,	0),
(2198,	216,	42,	NULL,	0),
(2199,	216,	43,	NULL,	0),
(2200,	216,	44,	NULL,	0),
(2201,	216,	45,	NULL,	0),
(2202,	216,	46,	NULL,	0),
(2203,	216,	47,	NULL,	0),
(2204,	216,	48,	NULL,	0),
(2205,	216,	49,	NULL,	0),
(2206,	216,	50,	NULL,	0),
(2207,	216,	51,	NULL,	0),
(2208,	216,	53,	NULL,	0),
(2209,	216,	54,	NULL,	0),
(2210,	216,	55,	NULL,	0),
(2211,	216,	62,	NULL,	0),
(2212,	216,	63,	NULL,	0),
(2213,	216,	64,	NULL,	0),
(2214,	216,	65,	NULL,	0),
(2215,	217,	50,	707,	0),
(2216,	217,	51,	707,	0),
(2217,	217,	49,	707,	0),
(2218,	217,	45,	707,	0),
(2219,	217,	43,	707,	0),
(2220,	217,	44,	707,	0),
(2221,	218,	16,	NULL,	0),
(2222,	218,	18,	NULL,	0),
(2223,	218,	19,	NULL,	0),
(2224,	218,	25,	NULL,	0),
(2225,	218,	26,	NULL,	0),
(2226,	218,	27,	NULL,	0),
(2227,	218,	28,	NULL,	0),
(2228,	218,	32,	NULL,	0),
(2229,	218,	33,	NULL,	0),
(2230,	218,	34,	NULL,	0),
(2231,	218,	35,	NULL,	0),
(2232,	218,	36,	NULL,	0),
(2233,	218,	40,	NULL,	0),
(2234,	218,	42,	NULL,	0),
(2235,	218,	43,	NULL,	0),
(2236,	218,	44,	NULL,	0),
(2237,	218,	45,	NULL,	0),
(2238,	218,	46,	NULL,	0),
(2239,	218,	47,	NULL,	0),
(2240,	218,	48,	NULL,	0),
(2241,	218,	49,	NULL,	0),
(2242,	218,	50,	NULL,	0),
(2243,	218,	51,	NULL,	0),
(2244,	218,	53,	NULL,	0),
(2245,	218,	54,	NULL,	0),
(2246,	218,	55,	NULL,	0),
(2247,	218,	62,	NULL,	0),
(2248,	218,	63,	NULL,	0),
(2249,	218,	64,	NULL,	0),
(2250,	218,	65,	NULL,	0),
(2251,	219,	56,	687,	0),
(2252,	219,	55,	687,	0),
(2253,	219,	28,	687,	0),
(2254,	220,	16,	NULL,	0),
(2255,	220,	18,	NULL,	0),
(2256,	220,	19,	NULL,	0),
(2257,	220,	25,	NULL,	0),
(2258,	220,	26,	NULL,	0),
(2259,	220,	27,	NULL,	0),
(2260,	220,	28,	NULL,	0),
(2261,	220,	32,	NULL,	0),
(2262,	220,	33,	NULL,	0),
(2263,	220,	34,	NULL,	0),
(2264,	220,	35,	NULL,	0),
(2265,	220,	36,	NULL,	0),
(2266,	220,	40,	NULL,	0),
(2267,	220,	42,	NULL,	0),
(2268,	220,	43,	NULL,	0),
(2269,	220,	44,	NULL,	1),
(2270,	220,	45,	NULL,	0),
(2271,	220,	46,	NULL,	0),
(2272,	220,	47,	NULL,	0),
(2273,	220,	48,	NULL,	0),
(2274,	220,	49,	NULL,	0),
(2275,	220,	50,	NULL,	0),
(2276,	220,	51,	NULL,	0),
(2277,	220,	53,	NULL,	0),
(2278,	220,	54,	NULL,	0),
(2279,	220,	55,	NULL,	0),
(2280,	220,	62,	NULL,	0),
(2281,	220,	63,	NULL,	0),
(2282,	220,	64,	NULL,	0),
(2283,	220,	65,	NULL,	0),
(2284,	220,	67,	NULL,	0),
(2285,	221,	16,	NULL,	0),
(2286,	221,	18,	NULL,	0),
(2287,	221,	19,	NULL,	0),
(2288,	221,	25,	NULL,	0),
(2289,	221,	26,	NULL,	0),
(2290,	221,	27,	NULL,	0),
(2291,	221,	28,	NULL,	0),
(2292,	221,	32,	NULL,	0),
(2293,	221,	33,	NULL,	0),
(2294,	221,	34,	NULL,	0),
(2295,	221,	35,	NULL,	0),
(2296,	221,	36,	NULL,	0),
(2297,	221,	40,	NULL,	0),
(2298,	221,	42,	NULL,	0),
(2299,	221,	43,	NULL,	0),
(2300,	221,	44,	NULL,	0),
(2301,	221,	45,	NULL,	0),
(2302,	221,	46,	NULL,	0),
(2303,	221,	47,	NULL,	0),
(2304,	221,	48,	NULL,	0),
(2305,	221,	49,	NULL,	0),
(2306,	221,	50,	NULL,	0),
(2307,	221,	51,	NULL,	0),
(2308,	221,	53,	NULL,	0),
(2309,	221,	54,	NULL,	0),
(2310,	221,	55,	NULL,	0),
(2311,	221,	62,	NULL,	0),
(2312,	221,	63,	NULL,	0),
(2313,	221,	64,	NULL,	0),
(2314,	221,	65,	NULL,	0),
(2315,	221,	67,	NULL,	0),
(2322,	223,	16,	NULL,	0),
(2323,	223,	18,	NULL,	0),
(2324,	223,	19,	NULL,	0),
(2325,	223,	25,	NULL,	0),
(2326,	223,	26,	NULL,	0),
(2327,	223,	27,	NULL,	0),
(2328,	223,	28,	NULL,	0),
(2329,	223,	32,	NULL,	0),
(2330,	223,	33,	NULL,	0),
(2331,	223,	34,	NULL,	0),
(2332,	223,	35,	NULL,	0),
(2333,	223,	36,	NULL,	0),
(2334,	223,	40,	NULL,	0),
(2335,	223,	42,	NULL,	0),
(2336,	223,	43,	NULL,	0),
(2337,	223,	44,	NULL,	0),
(2338,	223,	45,	NULL,	0),
(2339,	223,	46,	NULL,	0),
(2340,	223,	47,	NULL,	0),
(2341,	223,	48,	NULL,	0),
(2342,	223,	49,	NULL,	0),
(2343,	223,	50,	NULL,	0),
(2344,	223,	51,	NULL,	0),
(2345,	223,	53,	NULL,	0),
(2346,	223,	54,	NULL,	0),
(2347,	223,	55,	NULL,	0),
(2348,	223,	62,	NULL,	0),
(2349,	223,	63,	NULL,	0),
(2350,	223,	64,	NULL,	0),
(2351,	223,	65,	NULL,	0),
(2352,	223,	67,	NULL,	0),
(2353,	224,	16,	NULL,	0),
(2354,	224,	18,	NULL,	0),
(2355,	224,	19,	NULL,	0),
(2356,	224,	25,	NULL,	0),
(2357,	224,	26,	NULL,	0),
(2358,	224,	27,	NULL,	0),
(2359,	224,	28,	NULL,	0),
(2360,	224,	32,	NULL,	0),
(2361,	224,	33,	NULL,	0),
(2362,	224,	34,	NULL,	0),
(2363,	224,	35,	NULL,	0),
(2364,	224,	36,	NULL,	0),
(2365,	224,	40,	NULL,	0),
(2366,	224,	42,	NULL,	0),
(2367,	224,	43,	NULL,	1),
(2368,	224,	44,	NULL,	0),
(2369,	224,	45,	NULL,	0),
(2370,	224,	46,	NULL,	0),
(2371,	224,	47,	NULL,	0),
(2372,	224,	48,	NULL,	0),
(2373,	224,	49,	NULL,	0),
(2374,	224,	50,	NULL,	0),
(2375,	224,	51,	NULL,	0),
(2376,	224,	53,	NULL,	0),
(2377,	224,	54,	NULL,	0),
(2378,	224,	55,	NULL,	0),
(2379,	224,	62,	NULL,	0),
(2380,	224,	63,	NULL,	0),
(2381,	224,	64,	NULL,	0),
(2382,	224,	65,	NULL,	0),
(2383,	224,	67,	NULL,	0),
(2415,	226,	16,	NULL,	0),
(2416,	226,	18,	NULL,	0),
(2417,	226,	19,	NULL,	0),
(2418,	226,	25,	NULL,	0),
(2419,	226,	26,	NULL,	0),
(2420,	226,	27,	NULL,	0),
(2421,	226,	28,	NULL,	0),
(2422,	226,	32,	NULL,	0),
(2423,	226,	33,	NULL,	0),
(2424,	226,	34,	NULL,	0),
(2425,	226,	35,	NULL,	0),
(2426,	226,	36,	NULL,	0),
(2427,	226,	40,	NULL,	0),
(2428,	226,	42,	NULL,	0),
(2429,	226,	43,	NULL,	0),
(2430,	226,	44,	NULL,	1),
(2431,	226,	45,	NULL,	0),
(2432,	226,	46,	NULL,	0),
(2433,	226,	47,	NULL,	0),
(2434,	226,	48,	NULL,	0),
(2435,	226,	49,	NULL,	0),
(2436,	226,	50,	NULL,	0),
(2437,	226,	51,	NULL,	0),
(2438,	226,	53,	NULL,	0),
(2439,	226,	54,	NULL,	0),
(2440,	226,	55,	NULL,	0),
(2441,	226,	62,	NULL,	0),
(2442,	226,	63,	NULL,	0),
(2443,	226,	64,	NULL,	0),
(2444,	226,	65,	NULL,	0),
(2445,	226,	67,	NULL,	0),
(2478,	228,	16,	NULL,	0),
(2479,	228,	18,	NULL,	0),
(2480,	228,	19,	NULL,	0),
(2481,	228,	25,	NULL,	0),
(2482,	228,	26,	NULL,	0),
(2483,	228,	27,	NULL,	0),
(2484,	228,	28,	NULL,	0),
(2485,	228,	32,	NULL,	0),
(2486,	228,	33,	NULL,	0),
(2487,	228,	34,	NULL,	0),
(2488,	228,	35,	NULL,	0),
(2489,	228,	36,	NULL,	0),
(2490,	228,	40,	NULL,	0),
(2491,	228,	42,	NULL,	0),
(2492,	228,	43,	NULL,	0),
(2493,	228,	44,	NULL,	1),
(2494,	228,	45,	NULL,	0),
(2495,	228,	46,	NULL,	0),
(2496,	228,	47,	NULL,	0),
(2497,	228,	48,	NULL,	0),
(2498,	228,	49,	NULL,	0),
(2499,	228,	50,	NULL,	0),
(2500,	228,	51,	NULL,	0),
(2501,	228,	53,	NULL,	0),
(2502,	228,	54,	NULL,	0),
(2503,	228,	55,	NULL,	0),
(2504,	228,	62,	NULL,	0),
(2505,	228,	63,	NULL,	0),
(2506,	228,	64,	NULL,	0),
(2507,	228,	65,	NULL,	0),
(2508,	228,	67,	NULL,	0),
(2509,	228,	68,	NULL,	0),
(2510,	229,	50,	703,	0),
(2511,	229,	49,	703,	0),
(2512,	229,	45,	703,	0),
(2513,	229,	44,	703,	0),
(2514,	229,	40,	703,	0),
(2515,	229,	43,	703,	0),
(2516,	229,	51,	703,	0),
(2517,	229,	50,	703,	0),
(2518,	230,	16,	NULL,	0),
(2519,	230,	18,	NULL,	0),
(2520,	230,	19,	NULL,	0),
(2521,	230,	25,	NULL,	0),
(2522,	230,	26,	NULL,	0),
(2523,	230,	27,	NULL,	0),
(2524,	230,	28,	NULL,	0),
(2525,	230,	32,	NULL,	0),
(2526,	230,	33,	NULL,	0),
(2527,	230,	34,	NULL,	0),
(2528,	230,	35,	NULL,	0),
(2529,	230,	36,	NULL,	0),
(2530,	230,	40,	NULL,	0),
(2531,	230,	42,	NULL,	0),
(2532,	230,	43,	NULL,	1),
(2533,	230,	44,	NULL,	0),
(2534,	230,	45,	NULL,	0),
(2535,	230,	46,	NULL,	0),
(2536,	230,	47,	NULL,	0),
(2537,	230,	48,	NULL,	0),
(2538,	230,	49,	NULL,	0),
(2539,	230,	50,	NULL,	0),
(2540,	230,	51,	NULL,	0),
(2541,	230,	53,	NULL,	0),
(2542,	230,	54,	NULL,	0),
(2543,	230,	55,	NULL,	0),
(2544,	230,	62,	NULL,	0),
(2545,	230,	63,	NULL,	0),
(2546,	230,	64,	NULL,	0),
(2547,	230,	65,	NULL,	0),
(2548,	230,	67,	NULL,	0),
(2549,	230,	68,	NULL,	0),
(2550,	231,	16,	NULL,	0),
(2551,	231,	18,	NULL,	0),
(2552,	231,	19,	NULL,	0),
(2553,	231,	25,	NULL,	0),
(2554,	231,	26,	NULL,	0),
(2555,	231,	27,	NULL,	0),
(2556,	231,	28,	NULL,	0),
(2557,	231,	32,	NULL,	0),
(2558,	231,	33,	NULL,	0),
(2559,	231,	34,	NULL,	0),
(2560,	231,	35,	NULL,	0),
(2561,	231,	36,	NULL,	0),
(2562,	231,	40,	NULL,	0),
(2563,	231,	42,	NULL,	0),
(2564,	231,	43,	NULL,	1),
(2565,	231,	44,	NULL,	1),
(2566,	231,	45,	NULL,	0),
(2567,	231,	46,	NULL,	0),
(2568,	231,	47,	NULL,	0),
(2569,	231,	48,	NULL,	0),
(2570,	231,	49,	NULL,	0),
(2571,	231,	50,	NULL,	0),
(2572,	231,	51,	NULL,	0),
(2573,	231,	53,	NULL,	0),
(2574,	231,	54,	NULL,	0),
(2575,	231,	55,	NULL,	0),
(2576,	231,	62,	NULL,	0),
(2577,	231,	63,	NULL,	0),
(2578,	231,	64,	NULL,	0),
(2579,	231,	65,	NULL,	0),
(2580,	231,	67,	NULL,	0),
(2581,	231,	68,	NULL,	0),
(2582,	232,	16,	NULL,	0),
(2583,	232,	18,	NULL,	0),
(2584,	232,	19,	NULL,	0),
(2585,	232,	25,	NULL,	0),
(2586,	232,	26,	NULL,	0),
(2587,	232,	27,	NULL,	0),
(2588,	232,	28,	NULL,	0),
(2589,	232,	32,	NULL,	0),
(2590,	232,	33,	NULL,	0),
(2591,	232,	34,	NULL,	0),
(2592,	232,	35,	NULL,	0),
(2593,	232,	36,	NULL,	0),
(2594,	232,	40,	NULL,	0),
(2595,	232,	42,	NULL,	0),
(2596,	232,	43,	NULL,	1),
(2597,	232,	44,	NULL,	0),
(2598,	232,	45,	NULL,	0),
(2599,	232,	46,	NULL,	0),
(2600,	232,	47,	NULL,	0),
(2601,	232,	48,	NULL,	0),
(2602,	232,	49,	NULL,	0),
(2603,	232,	50,	NULL,	1),
(2604,	232,	51,	NULL,	0),
(2605,	232,	53,	NULL,	0),
(2606,	232,	54,	NULL,	0),
(2607,	232,	55,	NULL,	0),
(2608,	232,	62,	NULL,	0),
(2609,	232,	63,	NULL,	0),
(2610,	232,	64,	NULL,	0),
(2611,	232,	65,	NULL,	0),
(2612,	232,	67,	NULL,	0),
(2613,	232,	68,	NULL,	0),
(2614,	233,	16,	NULL,	0),
(2615,	233,	18,	NULL,	0),
(2616,	233,	19,	NULL,	0),
(2617,	233,	25,	NULL,	0),
(2618,	233,	26,	NULL,	0),
(2619,	233,	27,	NULL,	0),
(2620,	233,	28,	NULL,	0),
(2621,	233,	32,	NULL,	0),
(2622,	233,	33,	NULL,	0),
(2623,	233,	34,	NULL,	0),
(2624,	233,	35,	NULL,	0),
(2625,	233,	36,	NULL,	0),
(2626,	233,	40,	NULL,	0),
(2627,	233,	42,	NULL,	0),
(2628,	233,	43,	NULL,	1),
(2629,	233,	44,	NULL,	1),
(2630,	233,	45,	NULL,	0),
(2631,	233,	46,	NULL,	0),
(2632,	233,	47,	NULL,	0),
(2633,	233,	48,	NULL,	0),
(2634,	233,	49,	NULL,	0),
(2635,	233,	50,	NULL,	1),
(2636,	233,	51,	NULL,	0),
(2637,	233,	53,	NULL,	0),
(2638,	233,	54,	NULL,	0),
(2639,	233,	55,	NULL,	0),
(2640,	233,	62,	NULL,	0),
(2641,	233,	63,	NULL,	0),
(2642,	233,	64,	NULL,	0),
(2643,	233,	65,	NULL,	0),
(2644,	233,	67,	NULL,	0),
(2645,	233,	68,	NULL,	0),
(2646,	234,	16,	NULL,	0),
(2647,	234,	18,	NULL,	0),
(2648,	234,	19,	NULL,	0),
(2649,	234,	25,	NULL,	0),
(2650,	234,	26,	NULL,	0),
(2651,	234,	27,	NULL,	0),
(2652,	234,	28,	NULL,	0),
(2653,	234,	32,	NULL,	0),
(2654,	234,	33,	NULL,	0),
(2655,	234,	34,	NULL,	0),
(2656,	234,	35,	NULL,	0),
(2657,	234,	36,	NULL,	0),
(2658,	234,	40,	NULL,	0),
(2659,	234,	42,	NULL,	0),
(2660,	234,	43,	NULL,	0),
(2661,	234,	44,	NULL,	0),
(2662,	234,	45,	NULL,	0),
(2663,	234,	46,	NULL,	0),
(2664,	234,	47,	NULL,	0),
(2665,	234,	48,	NULL,	0),
(2666,	234,	49,	NULL,	1),
(2667,	234,	50,	NULL,	0),
(2668,	234,	51,	NULL,	0),
(2669,	234,	53,	NULL,	0),
(2670,	234,	54,	NULL,	0),
(2671,	234,	55,	NULL,	0),
(2672,	234,	62,	NULL,	0),
(2673,	234,	63,	NULL,	0),
(2674,	234,	64,	NULL,	0),
(2675,	234,	65,	NULL,	0),
(2676,	234,	67,	NULL,	0),
(2677,	234,	68,	NULL,	0),
(2678,	235,	16,	NULL,	0),
(2679,	235,	18,	NULL,	0),
(2680,	235,	19,	NULL,	0),
(2681,	235,	25,	NULL,	0),
(2682,	235,	26,	NULL,	0),
(2683,	235,	27,	NULL,	0),
(2684,	235,	28,	NULL,	0),
(2685,	235,	32,	NULL,	0),
(2686,	235,	33,	NULL,	0),
(2687,	235,	34,	NULL,	0),
(2688,	235,	35,	NULL,	0),
(2689,	235,	36,	NULL,	0),
(2690,	235,	40,	NULL,	0),
(2691,	235,	42,	NULL,	0),
(2692,	235,	43,	NULL,	0),
(2693,	235,	44,	NULL,	0),
(2694,	235,	45,	NULL,	0),
(2695,	235,	46,	NULL,	0),
(2696,	235,	47,	NULL,	0),
(2697,	235,	48,	NULL,	0),
(2698,	235,	49,	NULL,	0),
(2699,	235,	50,	NULL,	0),
(2700,	235,	51,	NULL,	0),
(2701,	235,	53,	NULL,	0),
(2702,	235,	54,	NULL,	0),
(2703,	235,	55,	NULL,	0),
(2704,	235,	62,	NULL,	0),
(2705,	235,	63,	NULL,	0),
(2706,	235,	64,	NULL,	0),
(2707,	235,	65,	NULL,	0),
(2708,	235,	67,	NULL,	0),
(2709,	235,	68,	NULL,	0),
(2715,	237,	16,	NULL,	0),
(2716,	237,	18,	NULL,	0),
(2717,	237,	19,	NULL,	0),
(2718,	237,	25,	NULL,	0),
(2719,	237,	26,	NULL,	0),
(2720,	237,	27,	NULL,	0),
(2721,	237,	28,	NULL,	0),
(2722,	237,	32,	NULL,	0),
(2723,	237,	33,	NULL,	0),
(2724,	237,	34,	NULL,	0),
(2725,	237,	35,	NULL,	0),
(2726,	237,	36,	NULL,	0),
(2727,	237,	40,	NULL,	0),
(2728,	237,	42,	NULL,	0),
(2729,	237,	43,	NULL,	0),
(2730,	237,	44,	NULL,	0),
(2731,	237,	45,	NULL,	0),
(2732,	237,	46,	NULL,	0),
(2733,	237,	47,	NULL,	0),
(2734,	237,	48,	NULL,	0),
(2735,	237,	49,	NULL,	0),
(2736,	237,	50,	NULL,	0),
(2737,	237,	51,	NULL,	0),
(2738,	237,	53,	NULL,	0),
(2739,	237,	54,	NULL,	0),
(2740,	237,	55,	NULL,	0),
(2741,	237,	62,	NULL,	0),
(2742,	237,	63,	NULL,	0),
(2743,	237,	64,	NULL,	0),
(2744,	237,	65,	NULL,	0),
(2745,	237,	67,	NULL,	0),
(2746,	237,	68,	NULL,	0),
(2747,	238,	50,	734,	0),
(2748,	238,	44,	734,	0),
(2749,	238,	43,	734,	0),
(2753,	240,	49,	729,	0),
(2754,	240,	50,	729,	0),
(2755,	240,	43,	729,	0),
(2756,	241,	44,	731,	0),
(2757,	241,	49,	731,	0),
(2758,	241,	50,	731,	0),
(2759,	241,	51,	731,	0),
(2760,	241,	43,	731,	0),
(2761,	242,	16,	NULL,	0),
(2762,	242,	18,	NULL,	0),
(2763,	242,	19,	NULL,	0),
(2764,	242,	25,	NULL,	0),
(2765,	242,	26,	NULL,	0),
(2766,	242,	27,	NULL,	0),
(2767,	242,	28,	NULL,	0),
(2768,	242,	32,	NULL,	0),
(2769,	242,	33,	NULL,	0),
(2770,	242,	34,	NULL,	0),
(2771,	242,	35,	NULL,	0),
(2772,	242,	36,	NULL,	0),
(2773,	242,	40,	NULL,	0),
(2774,	242,	42,	NULL,	0),
(2775,	242,	43,	NULL,	0),
(2776,	242,	44,	NULL,	0),
(2777,	242,	45,	NULL,	0),
(2778,	242,	46,	NULL,	0),
(2779,	242,	47,	NULL,	0),
(2780,	242,	48,	NULL,	0),
(2781,	242,	49,	NULL,	0),
(2782,	242,	50,	NULL,	0),
(2783,	242,	51,	NULL,	0),
(2784,	242,	53,	NULL,	0),
(2785,	242,	54,	NULL,	0),
(2786,	242,	55,	NULL,	0),
(2787,	242,	62,	NULL,	0),
(2788,	242,	63,	NULL,	0),
(2789,	242,	64,	NULL,	0),
(2790,	242,	65,	NULL,	0),
(2791,	242,	67,	NULL,	0),
(2792,	242,	68,	NULL,	0),
(2793,	243,	16,	NULL,	0),
(2794,	243,	18,	NULL,	0),
(2795,	243,	19,	NULL,	0),
(2796,	243,	25,	NULL,	0),
(2797,	243,	26,	NULL,	0),
(2798,	243,	27,	NULL,	0),
(2799,	243,	28,	NULL,	0),
(2800,	243,	32,	NULL,	0),
(2801,	243,	33,	NULL,	0),
(2802,	243,	34,	NULL,	0),
(2803,	243,	35,	NULL,	0),
(2804,	243,	36,	NULL,	0),
(2805,	243,	40,	NULL,	0),
(2806,	243,	42,	NULL,	0),
(2807,	243,	43,	NULL,	0),
(2808,	243,	44,	NULL,	0),
(2809,	243,	45,	NULL,	0),
(2810,	243,	46,	NULL,	0),
(2811,	243,	47,	NULL,	0),
(2812,	243,	48,	NULL,	0),
(2813,	243,	49,	NULL,	0),
(2814,	243,	50,	NULL,	0),
(2815,	243,	51,	NULL,	0),
(2816,	243,	53,	NULL,	0),
(2817,	243,	54,	NULL,	0),
(2818,	243,	55,	NULL,	0),
(2819,	243,	62,	NULL,	0),
(2820,	243,	63,	NULL,	0),
(2821,	243,	64,	NULL,	0),
(2822,	243,	65,	NULL,	0),
(2823,	243,	67,	NULL,	0),
(2824,	243,	68,	NULL,	0),
(2825,	244,	44,	731,	0),
(2826,	244,	49,	731,	0),
(2827,	244,	50,	731,	0),
(2828,	244,	51,	731,	0),
(2829,	244,	43,	731,	0),
(2830,	245,	44,	731,	0),
(2831,	245,	49,	731,	0),
(2832,	245,	50,	731,	0),
(2833,	245,	51,	731,	0),
(2834,	245,	43,	731,	0),
(2835,	246,	44,	731,	0),
(2836,	246,	49,	731,	0),
(2837,	246,	50,	731,	0),
(2838,	246,	51,	731,	0),
(2839,	246,	43,	731,	0),
(2840,	247,	16,	NULL,	0),
(2841,	247,	18,	NULL,	0),
(2842,	247,	19,	NULL,	0),
(2843,	247,	25,	NULL,	0),
(2844,	247,	26,	NULL,	0),
(2845,	247,	27,	NULL,	0),
(2846,	247,	28,	NULL,	0),
(2847,	247,	32,	NULL,	0),
(2848,	247,	33,	NULL,	0),
(2849,	247,	34,	NULL,	0),
(2850,	247,	35,	NULL,	0),
(2851,	247,	36,	NULL,	0),
(2852,	247,	40,	NULL,	0),
(2853,	247,	42,	NULL,	0),
(2854,	247,	43,	NULL,	0),
(2855,	247,	44,	NULL,	0),
(2856,	247,	45,	NULL,	0),
(2857,	247,	46,	NULL,	0),
(2858,	247,	47,	NULL,	0),
(2859,	247,	48,	NULL,	0),
(2860,	247,	49,	NULL,	0),
(2861,	247,	50,	NULL,	0),
(2862,	247,	51,	NULL,	0),
(2863,	247,	53,	NULL,	0),
(2864,	247,	54,	NULL,	0),
(2865,	247,	55,	NULL,	0),
(2866,	247,	62,	NULL,	0),
(2867,	247,	63,	NULL,	0),
(2868,	247,	64,	NULL,	0),
(2869,	247,	65,	NULL,	0),
(2870,	247,	67,	NULL,	0),
(2871,	247,	68,	NULL,	0),
(2872,	248,	44,	731,	0),
(2873,	248,	49,	731,	0),
(2874,	248,	50,	731,	0),
(2875,	248,	51,	731,	0),
(2876,	248,	43,	731,	0),
(2877,	249,	44,	731,	0),
(2878,	249,	49,	731,	0),
(2879,	249,	50,	731,	0),
(2880,	249,	51,	731,	0),
(2881,	249,	43,	731,	0),
(2887,	251,	71,	732,	0),
(2888,	251,	66,	732,	0),
(2889,	251,	70,	732,	0),
(2890,	251,	69,	732,	0),
(2891,	251,	72,	732,	0),
(2895,	253,	57,	NULL,	0),
(2928,	255,	45,	743,	0),
(2929,	255,	44,	743,	0),
(2930,	255,	40,	743,	0),
(2931,	255,	43,	743,	0),
(2939,	258,	71,	732,	0),
(2940,	258,	66,	732,	0),
(2941,	258,	70,	732,	0),
(2942,	258,	69,	732,	0),
(2943,	258,	72,	732,	0),
(2947,	260,	71,	757,	0),
(2948,	260,	70,	757,	0),
(2949,	260,	69,	757,	0),
(2950,	260,	72,	757,	0),
(2951,	261,	71,	757,	0),
(2952,	261,	70,	757,	0),
(2953,	261,	69,	757,	0),
(2954,	261,	72,	757,	0),
(2955,	262,	44,	755,	0),
(2956,	262,	50,	755,	0),
(2957,	262,	51,	755,	0),
(2958,	262,	43,	755,	0),
(2959,	263,	50,	742,	0),
(2960,	263,	51,	742,	0),
(2961,	263,	49,	742,	0),
(2962,	263,	44,	742,	0),
(2963,	263,	43,	742,	0),
(2964,	264,	69,	NULL,	0),
(2965,	264,	70,	NULL,	0),
(2966,	264,	71,	NULL,	0),
(2967,	264,	72,	NULL,	0);

CREATE TABLE `task_collaborators` (
  `id` int NOT NULL AUTO_INCREMENT,
  `task_id` int DEFAULT NULL,
  `user_id` int DEFAULT NULL,
  `approved_status` int DEFAULT NULL,
  PRIMARY KEY (`id`)
) ENGINE=InnoDB DEFAULT CHARSET=utf8mb4 COLLATE=utf8mb4_0900_ai_ci;

INSERT INTO `task_collaborators` (`id`, `task_id`, `user_id`, `approved_status`) VALUES
(4288,	964,	43,	1),
(4289,	965,	40,	1),
(4290,	965,	44,	1),
(4299,	968,	34,	0),
(4301,	968,	25,	1),
(4320,	974,	43,	1),
(4321,	974,	43,	1),
(4322,	975,	43,	1),
(4323,	975,	44,	0),
(4324,	975,	43,	1),
(4325,	975,	43,	1),
(4326,	976,	43,	1),
(4327,	976,	43,	1),
(4328,	977,	43,	1),
(4329,	977,	43,	1),
(4331,	980,	44,	0),
(4332,	980,	43,	1),
(4333,	981,	44,	0),
(4334,	981,	43,	1),
(4338,	983,	40,	0),
(4339,	983,	43,	1),
(4348,	986,	44,	0),
(4349,	986,	40,	1),
(4350,	987,	48,	0),
(4351,	987,	46,	1),
(4352,	987,	28,	1),
(4357,	991,	43,	1),
(4358,	991,	43,	1),
(4359,	992,	45,	0),
(4360,	992,	43,	1),
(4361,	993,	44,	0),
(4362,	993,	43,	1),
(4363,	994,	45,	0),
(4364,	994,	44,	0),
(4365,	994,	43,	1),
(4375,	967,	36,	1),
(4376,	967,	28,	1),
(4377,	967,	46,	1),
(4378,	967,	34,	0),
(4379,	967,	47,	1),
(4402,	997,	51,	0),
(4403,	997,	50,	0),
(4404,	997,	43,	1),
(4405,	998,	45,	0),
(4406,	998,	50,	0),
(4407,	998,	43,	1),
(4483,	1000,	48,	0),
(4484,	1000,	47,	0),
(4485,	1000,	28,	1),
(4487,	1000,	51,	0),
(4488,	1000,	46,	0),
(4537,	1003,	28,	1),
(4538,	1003,	46,	0),
(4539,	1003,	50,	0),
(4540,	1003,	48,	1),
(4545,	1004,	28,	1),
(4551,	1008,	33,	1),
(4552,	1009,	33,	1),
(4553,	1010,	33,	1),
(4554,	1011,	36,	1),
(4555,	1011,	51,	0),
(4556,	1011,	52,	0),
(4557,	1011,	50,	0),
(4558,	1011,	49,	0),
(4559,	1012,	50,	0),
(4560,	1012,	51,	0),
(4561,	1012,	36,	1),
(4562,	1012,	49,	0),
(4563,	1012,	47,	0),
(4564,	1012,	48,	0),
(4565,	1013,	48,	1),
(4566,	1014,	48,	1),
(4567,	1014,	52,	0),
(4569,	1015,	48,	1),
(4576,	1017,	36,	1),
(4577,	1018,	36,	1),
(4578,	1019,	28,	1),
(4579,	1019,	34,	0),
(4580,	1019,	25,	1),
(4581,	1002,	49,	0),
(4582,	1002,	50,	0),
(4583,	1002,	48,	1),
(4584,	1002,	28,	1),
(4585,	1020,	43,	1),
(4587,	1020,	43,	1),
(4589,	1021,	43,	1),
(4603,	1016,	34,	0),
(4604,	1016,	25,	1),
(4605,	1016,	28,	1),
(4613,	1027,	28,	1),
(4620,	984,	36,	1),
(4623,	1029,	36,	1),
(4689,	1033,	43,	1),
(4690,	1033,	49,	0),
(4691,	1033,	44,	1),
(4692,	1034,	54,	0),
(4694,	1034,	44,	1),
(4695,	1035,	50,	0),
(4696,	1035,	44,	0),
(4697,	1035,	49,	1),
(4698,	1036,	50,	0),
(4699,	1036,	44,	0),
(4700,	1036,	43,	1),
(4701,	1036,	49,	1),
(4709,	1041,	28,	1),
(4715,	1030,	28,	1),
(4717,	1044,	44,	1),
(4718,	1044,	47,	0),
(4719,	1044,	43,	1),
(4720,	1044,	42,	0),
(4721,	1044,	40,	0),
(4722,	1044,	46,	1),
(4723,	1044,	28,	1),
(4724,	1044,	48,	1),
(4732,	1040,	28,	1),
(4733,	1024,	28,	1),
(4743,	1050,	25,	1),
(4744,	1051,	25,	1),
(4746,	1053,	25,	1),
(4747,	1054,	25,	1),
(4748,	1055,	25,	1),
(4749,	1052,	25,	1),
(4756,	1057,	28,	1),
(4760,	1058,	25,	1),
(4770,	1059,	54,	0),
(4771,	1059,	51,	0),
(4773,	1059,	43,	1),
(4799,	1108,	53,	0),
(4800,	1109,	53,	1),
(4803,	1112,	43,	1),
(4810,	1115,	50,	0),
(4811,	1115,	43,	1),
(4817,	1116,	50,	0),
(4818,	1116,	51,	0),
(4819,	1116,	43,	1),
(4820,	1117,	50,	0),
(4821,	1117,	49,	0),
(4822,	1117,	43,	1),
(4823,	1117,	43,	1),
(4824,	1118,	51,	0),
(4825,	1118,	50,	0),
(4826,	1118,	43,	1),
(4827,	1119,	51,	0),
(4828,	1119,	48,	0),
(4829,	1119,	49,	0),
(4830,	1119,	43,	1),
(4831,	1120,	51,	0),
(4832,	1120,	50,	0),
(4833,	1120,	43,	1),
(4834,	1121,	51,	0),
(4835,	1121,	50,	0),
(4836,	1121,	43,	1),
(4837,	963,	1,	0),
(4838,	963,	2,	1),
(4839,	963,	1,	0),
(4840,	963,	2,	1),
(4841,	963,	1,	0),
(4842,	963,	2,	1),
(4843,	963,	1,	0),
(4844,	963,	2,	1),
(4845,	963,	1,	0),
(4846,	963,	2,	1),
(4847,	963,	1,	0),
(4848,	963,	2,	1),
(4849,	963,	1,	0),
(4850,	963,	2,	1),
(4851,	963,	1,	0),
(4852,	963,	2,	1),
(4853,	963,	1,	0),
(4854,	963,	2,	1),
(4855,	963,	1,	0),
(4856,	963,	2,	1),
(4857,	1122,	51,	0),
(4858,	1122,	43,	1),
(4892,	1124,	54,	0),
(4894,	1124,	43,	1),
(4895,	963,	1,	0),
(4896,	963,	2,	1),
(4897,	1125,	51,	0),
(4898,	1125,	50,	0),
(4899,	1125,	43,	1),
(4900,	1126,	50,	0),
(4901,	1126,	49,	0),
(4902,	1126,	51,	0),
(4903,	1126,	43,	1),
(4904,	1127,	54,	0),
(4906,	1127,	43,	1),
(4907,	1128,	54,	0),
(4909,	1128,	43,	1),
(4910,	1128,	NULL,	NULL),
(4911,	1128,	NULL,	NULL),
(4912,	1128,	NULL,	NULL),
(4913,	1128,	NULL,	NULL),
(4914,	1128,	NULL,	NULL),
(4915,	1128,	NULL,	NULL),
(4916,	1128,	NULL,	NULL),
(4917,	1128,	NULL,	NULL),
(4918,	1128,	NULL,	NULL),
(4919,	1128,	NULL,	NULL),
(4920,	1128,	NULL,	NULL),
(4921,	1128,	NULL,	NULL),
(4922,	1128,	NULL,	NULL),
(4923,	1128,	NULL,	NULL),
(4924,	1128,	NULL,	NULL),
(4925,	1128,	NULL,	NULL),
(4926,	1128,	NULL,	NULL),
(4927,	1128,	NULL,	NULL),
(4928,	1128,	NULL,	NULL),
(4929,	1128,	NULL,	NULL),
(4930,	1128,	NULL,	NULL),
(4931,	1128,	NULL,	NULL),
(4932,	1128,	NULL,	NULL),
(4933,	1128,	NULL,	NULL),
(4934,	1128,	NULL,	NULL),
(4935,	1128,	NULL,	NULL),
(4936,	1128,	NULL,	NULL),
(4937,	1128,	NULL,	NULL),
(4938,	1128,	NULL,	NULL),
(4939,	1128,	NULL,	NULL),
(4940,	1128,	NULL,	NULL),
(4941,	1128,	NULL,	NULL),
(4942,	1128,	NULL,	NULL),
(4943,	1128,	NULL,	NULL),
(4944,	1128,	NULL,	NULL),
(4945,	1128,	NULL,	NULL),
(4946,	1128,	NULL,	NULL),
(4947,	1128,	NULL,	NULL),
(4948,	1128,	NULL,	NULL),
(4949,	1128,	NULL,	NULL),
(4950,	1128,	NULL,	NULL),
(4951,	1128,	NULL,	NULL),
(4952,	1128,	NULL,	NULL),
(4953,	1128,	NULL,	NULL),
(4954,	1128,	NULL,	NULL),
(4955,	1128,	NULL,	NULL),
(4956,	1128,	NULL,	NULL),
(4957,	1128,	NULL,	NULL),
(4958,	1128,	NULL,	NULL),
(4959,	1128,	NULL,	NULL),
(4960,	1128,	NULL,	NULL),
(4961,	1128,	NULL,	NULL),
(4962,	1128,	NULL,	NULL),
(4963,	1128,	NULL,	NULL),
(4964,	1128,	NULL,	NULL),
(4965,	1128,	NULL,	NULL),
(4966,	1128,	NULL,	NULL),
(4967,	1128,	NULL,	NULL),
(4968,	1128,	NULL,	NULL),
(4969,	1128,	NULL,	NULL),
(4970,	1128,	NULL,	NULL),
(4971,	1128,	NULL,	NULL),
(4972,	1128,	NULL,	NULL),
(4973,	1128,	NULL,	NULL),
(4974,	1128,	NULL,	NULL),
(4975,	1128,	NULL,	NULL),
(4976,	1128,	NULL,	NULL),
(4977,	1128,	NULL,	NULL),
(4978,	1128,	NULL,	NULL),
(4979,	1128,	NULL,	NULL),
(4980,	1128,	NULL,	NULL),
(4981,	1128,	NULL,	NULL),
(4982,	1128,	NULL,	NULL),
(4983,	1128,	NULL,	NULL),
(4984,	1128,	NULL,	NULL),
(4985,	1128,	NULL,	NULL),
(4986,	1128,	NULL,	NULL),
(4987,	1128,	NULL,	NULL),
(4988,	1128,	NULL,	NULL),
(4989,	1128,	NULL,	NULL),
(4990,	1128,	NULL,	NULL),
(4991,	1128,	NULL,	NULL),
(4992,	1128,	NULL,	NULL),
(4993,	1128,	NULL,	NULL),
(4994,	1128,	NULL,	NULL),
(4995,	1128,	NULL,	NULL),
(4996,	1128,	NULL,	NULL),
(4997,	1128,	NULL,	NULL),
(4998,	1128,	NULL,	NULL),
(4999,	1128,	NULL,	NULL),
(5000,	1128,	NULL,	NULL),
(5001,	1128,	NULL,	NULL),
(5002,	1128,	NULL,	NULL),
(5003,	1128,	NULL,	NULL),
(5004,	1128,	NULL,	NULL),
(5005,	1128,	NULL,	NULL),
(5006,	1128,	NULL,	NULL),
(5007,	1128,	NULL,	NULL),
(5008,	1128,	NULL,	NULL),
(5009,	1128,	NULL,	NULL),
(5010,	1128,	NULL,	NULL),
(5011,	1128,	NULL,	NULL),
(5012,	1128,	NULL,	NULL),
(5013,	1128,	NULL,	NULL),
(5014,	1128,	NULL,	NULL),
(5015,	1128,	NULL,	NULL),
(5016,	1128,	NULL,	NULL),
(5017,	1128,	NULL,	NULL),
(5018,	1128,	NULL,	NULL),
(5019,	1128,	NULL,	NULL),
(5020,	1128,	NULL,	NULL),
(5021,	1128,	NULL,	NULL),
(5022,	1128,	NULL,	NULL),
(5023,	1128,	NULL,	NULL),
(5024,	1128,	NULL,	NULL),
(5025,	1128,	NULL,	NULL),
(5026,	1128,	NULL,	NULL),
(5027,	1128,	NULL,	NULL),
(5028,	1128,	NULL,	NULL),
(5029,	1128,	NULL,	NULL),
(5030,	1128,	NULL,	NULL),
(5031,	1128,	NULL,	NULL),
(5032,	1128,	NULL,	NULL),
(5033,	1128,	NULL,	NULL),
(5034,	1128,	NULL,	NULL),
(5035,	1128,	NULL,	NULL),
(5036,	1128,	NULL,	NULL),
(5037,	1128,	NULL,	NULL),
(5038,	1128,	NULL,	NULL),
(5039,	1128,	NULL,	NULL),
(5040,	1128,	NULL,	NULL),
(5041,	1128,	NULL,	NULL),
(5042,	1128,	NULL,	NULL),
(5043,	1128,	NULL,	NULL),
(5044,	1128,	NULL,	NULL),
(5045,	1128,	NULL,	NULL),
(5046,	1128,	NULL,	NULL),
(5047,	1128,	NULL,	NULL),
(5048,	1128,	NULL,	NULL),
(5049,	1128,	NULL,	NULL),
(5050,	1128,	NULL,	NULL),
(5051,	1128,	NULL,	NULL),
(5052,	1128,	NULL,	NULL),
(5053,	1128,	NULL,	NULL),
(5054,	1128,	NULL,	NULL),
(5055,	1128,	NULL,	NULL),
(5056,	1128,	NULL,	NULL),
(5057,	1128,	NULL,	NULL),
(5058,	1128,	NULL,	NULL),
(5059,	1128,	NULL,	NULL),
(5060,	1128,	NULL,	NULL),
(5061,	1128,	NULL,	NULL),
(5062,	1128,	NULL,	NULL),
(5063,	1128,	NULL,	NULL),
(5064,	1128,	NULL,	NULL),
(5065,	1128,	NULL,	NULL),
(5066,	1128,	NULL,	NULL),
(5067,	1128,	NULL,	NULL),
(5068,	1128,	NULL,	NULL),
(5069,	1128,	NULL,	NULL),
(5070,	1128,	NULL,	NULL),
(5071,	1128,	NULL,	NULL),
(5072,	1128,	NULL,	NULL),
(5073,	1128,	NULL,	NULL),
(5074,	1128,	NULL,	NULL),
(5075,	1128,	NULL,	NULL),
(5076,	1128,	NULL,	NULL),
(5077,	1128,	NULL,	NULL),
(5078,	1128,	NULL,	NULL),
(5079,	1128,	NULL,	NULL),
(5080,	1128,	NULL,	NULL),
(5081,	1128,	NULL,	NULL),
(5082,	1128,	NULL,	NULL),
(5083,	1128,	NULL,	NULL),
(5084,	1128,	NULL,	NULL),
(5085,	1128,	NULL,	NULL),
(5086,	1128,	NULL,	NULL),
(5087,	1128,	NULL,	NULL),
(5088,	1128,	NULL,	NULL),
(5089,	1128,	NULL,	NULL),
(5090,	1128,	NULL,	NULL),
(5091,	1128,	NULL,	NULL),
(5092,	1128,	NULL,	NULL),
(5093,	1128,	NULL,	NULL),
(5094,	1128,	NULL,	NULL),
(5095,	1128,	NULL,	NULL),
(5096,	1128,	NULL,	NULL),
(5097,	1128,	NULL,	NULL),
(5098,	1128,	NULL,	NULL),
(5099,	1128,	NULL,	NULL),
(5100,	1128,	NULL,	NULL),
(5101,	1128,	NULL,	NULL),
(5102,	1128,	NULL,	NULL),
(5103,	1128,	NULL,	NULL),
(5104,	1128,	NULL,	NULL),
(5105,	1128,	NULL,	NULL),
(5106,	1128,	NULL,	NULL),
(5107,	1128,	NULL,	NULL),
(5108,	1128,	NULL,	NULL),
(5109,	1128,	NULL,	NULL),
(5110,	1128,	NULL,	NULL),
(5111,	1128,	NULL,	NULL),
(5112,	1128,	NULL,	NULL),
(5113,	1128,	NULL,	NULL),
(5114,	1128,	NULL,	NULL),
(5115,	1128,	NULL,	NULL),
(5116,	1128,	NULL,	NULL),
(5117,	1128,	NULL,	NULL),
(5118,	1128,	NULL,	NULL),
(5119,	1128,	NULL,	NULL),
(5120,	1128,	NULL,	NULL),
(5121,	1128,	NULL,	NULL),
(5122,	1128,	NULL,	NULL),
(5123,	1128,	NULL,	NULL),
(5124,	1128,	NULL,	NULL),
(5125,	1128,	NULL,	NULL),
(5126,	1128,	NULL,	NULL),
(5127,	1128,	NULL,	NULL),
(5128,	1128,	NULL,	NULL),
(5129,	1128,	NULL,	NULL),
(5130,	1128,	NULL,	NULL),
(5131,	1128,	NULL,	NULL),
(5132,	1128,	NULL,	NULL),
(5133,	1128,	NULL,	NULL),
(5134,	1128,	NULL,	NULL),
(5135,	1128,	NULL,	NULL),
(5136,	1128,	NULL,	NULL),
(5137,	1128,	NULL,	NULL),
(5138,	1128,	NULL,	NULL),
(5139,	1128,	NULL,	NULL),
(5140,	1128,	NULL,	NULL),
(5141,	1128,	NULL,	NULL),
(5142,	1128,	NULL,	NULL),
(5143,	1128,	NULL,	NULL),
(5144,	1128,	NULL,	NULL),
(5145,	1128,	NULL,	NULL),
(5146,	1128,	NULL,	NULL),
(5147,	1128,	NULL,	NULL),
(5148,	1128,	NULL,	NULL),
(5149,	1128,	NULL,	NULL),
(5150,	1128,	NULL,	NULL),
(5151,	1128,	NULL,	NULL),
(5152,	1128,	NULL,	NULL),
(5153,	1128,	NULL,	NULL),
(5154,	1128,	NULL,	NULL),
(5155,	1128,	NULL,	NULL),
(5156,	1128,	NULL,	NULL),
(5157,	1128,	NULL,	NULL),
(5158,	1128,	NULL,	NULL),
(5159,	1128,	NULL,	NULL),
(5160,	1128,	NULL,	NULL),
(5161,	1128,	NULL,	NULL),
(5162,	1128,	NULL,	NULL),
(5163,	1128,	NULL,	NULL),
(5164,	1128,	NULL,	NULL),
(5165,	1128,	NULL,	NULL),
(5166,	1128,	NULL,	NULL),
(5167,	1128,	NULL,	NULL),
(5168,	1128,	NULL,	NULL),
(5169,	1128,	NULL,	NULL),
(5170,	1128,	NULL,	NULL),
(5171,	1128,	NULL,	NULL),
(5172,	1128,	NULL,	NULL),
(5173,	1128,	NULL,	NULL),
(5174,	1128,	NULL,	NULL),
(5175,	1128,	NULL,	NULL),
(5176,	1128,	NULL,	NULL),
(5177,	1128,	NULL,	NULL),
(5178,	1128,	NULL,	NULL),
(5179,	1128,	NULL,	NULL),
(5180,	1128,	NULL,	NULL),
(5181,	1128,	NULL,	NULL),
(5182,	1128,	NULL,	NULL),
(5183,	1128,	NULL,	NULL),
(5184,	1128,	NULL,	NULL),
(5185,	1128,	NULL,	NULL),
(5186,	1128,	NULL,	NULL),
(5187,	1128,	NULL,	NULL),
(5188,	1128,	NULL,	NULL),
(5189,	1128,	NULL,	NULL),
(5190,	1128,	NULL,	NULL),
(5191,	1128,	NULL,	NULL),
(5192,	1128,	NULL,	NULL),
(5193,	1128,	NULL,	NULL),
(5194,	1128,	NULL,	NULL),
(5195,	1128,	NULL,	NULL),
(5196,	1128,	NULL,	NULL),
(5197,	1128,	NULL,	NULL),
(5198,	1128,	NULL,	NULL),
(5199,	1128,	NULL,	NULL),
(5200,	1128,	NULL,	NULL),
(5201,	1128,	NULL,	NULL),
(5202,	1128,	NULL,	NULL),
(5203,	1128,	NULL,	NULL),
(5204,	1128,	NULL,	NULL),
(5205,	1128,	NULL,	NULL),
(5206,	1128,	NULL,	NULL),
(5207,	1128,	NULL,	NULL),
(5208,	1128,	NULL,	NULL),
(5209,	1128,	NULL,	NULL),
(5210,	1128,	NULL,	NULL),
(5211,	1128,	NULL,	NULL),
(5212,	1128,	NULL,	NULL),
(5213,	1128,	NULL,	NULL),
(5214,	1128,	NULL,	NULL),
(5215,	1128,	NULL,	NULL),
(5216,	1128,	NULL,	NULL),
(5217,	1128,	NULL,	NULL),
(5218,	1128,	NULL,	NULL),
(5219,	1128,	NULL,	NULL),
(5220,	1128,	NULL,	NULL),
(5221,	1128,	NULL,	NULL),
(5222,	1128,	NULL,	NULL),
(5223,	1128,	NULL,	NULL),
(5224,	1128,	NULL,	NULL),
(5225,	1128,	NULL,	NULL),
(5226,	1128,	NULL,	NULL),
(5227,	1128,	NULL,	NULL),
(5228,	1128,	NULL,	NULL),
(5229,	1128,	NULL,	NULL),
(5230,	1128,	NULL,	NULL),
(5231,	1128,	NULL,	NULL),
(5232,	1128,	NULL,	NULL),
(5233,	1128,	NULL,	NULL),
(5234,	1128,	NULL,	NULL),
(5235,	1128,	NULL,	NULL),
(5236,	1128,	NULL,	NULL),
(5237,	1128,	NULL,	NULL),
(5238,	1128,	NULL,	NULL),
(5239,	1128,	NULL,	NULL),
(5240,	1128,	NULL,	NULL),
(5241,	1128,	NULL,	NULL),
(5242,	1128,	NULL,	NULL),
(5243,	1128,	NULL,	NULL),
(5244,	1128,	NULL,	NULL),
(5245,	1128,	NULL,	NULL),
(5246,	1128,	NULL,	NULL),
(5247,	1128,	NULL,	NULL),
(5248,	1128,	NULL,	NULL),
(5249,	1128,	NULL,	NULL),
(5250,	1128,	NULL,	NULL),
(5251,	1128,	NULL,	NULL),
(5252,	1128,	NULL,	NULL),
(5253,	1128,	NULL,	NULL),
(5254,	1128,	NULL,	NULL),
(5255,	1128,	NULL,	NULL),
(5256,	1128,	NULL,	NULL),
(5257,	1128,	NULL,	NULL),
(5258,	1128,	NULL,	NULL),
(5259,	1128,	NULL,	NULL),
(5260,	1128,	NULL,	NULL),
(5261,	1128,	NULL,	NULL),
(5262,	1128,	NULL,	NULL),
(5263,	1128,	NULL,	NULL),
(5264,	1128,	NULL,	NULL),
(5265,	1128,	NULL,	NULL),
(5266,	1128,	NULL,	NULL),
(5267,	1128,	NULL,	NULL),
(5268,	1128,	NULL,	NULL),
(5269,	1128,	NULL,	NULL),
(5270,	1128,	NULL,	NULL),
(5271,	1128,	NULL,	NULL),
(5272,	1128,	NULL,	NULL),
(5273,	1128,	NULL,	NULL),
(5274,	1128,	NULL,	NULL),
(5275,	1128,	NULL,	NULL),
(5276,	1128,	NULL,	NULL),
(5277,	1128,	NULL,	NULL),
(5278,	1128,	NULL,	NULL),
(5279,	1128,	NULL,	NULL),
(5280,	1128,	NULL,	NULL),
(5281,	1128,	NULL,	NULL),
(5282,	1128,	NULL,	NULL),
(5283,	1128,	NULL,	NULL),
(5284,	1128,	NULL,	NULL),
(5285,	1128,	NULL,	NULL),
(5286,	1128,	NULL,	NULL),
(5287,	1128,	NULL,	NULL),
(5288,	1128,	NULL,	NULL),
(5289,	1128,	NULL,	NULL),
(5290,	1128,	NULL,	NULL),
(5291,	1128,	NULL,	NULL),
(5292,	1128,	NULL,	NULL),
(5293,	1128,	NULL,	NULL),
(5294,	1128,	NULL,	NULL),
(5295,	1128,	NULL,	NULL),
(5296,	1128,	NULL,	NULL),
(5297,	1128,	NULL,	NULL),
(5298,	1128,	NULL,	NULL),
(5299,	1128,	NULL,	NULL),
(5300,	1128,	NULL,	NULL),
(5301,	1128,	NULL,	NULL),
(5302,	1128,	NULL,	NULL),
(5303,	1128,	NULL,	NULL),
(5304,	1128,	NULL,	NULL),
(5305,	1128,	NULL,	NULL),
(5306,	1128,	NULL,	NULL),
(5307,	1128,	NULL,	NULL),
(5308,	1128,	NULL,	NULL),
(5309,	1128,	NULL,	NULL),
(5310,	1128,	NULL,	NULL),
(5311,	1128,	NULL,	NULL),
(5312,	1128,	NULL,	NULL),
(5313,	1128,	NULL,	NULL),
(5314,	1128,	NULL,	NULL),
(5315,	1128,	NULL,	NULL),
(5316,	1128,	NULL,	NULL),
(5317,	1128,	NULL,	NULL),
(5318,	1128,	NULL,	NULL),
(5319,	1128,	NULL,	NULL),
(5320,	1128,	NULL,	NULL),
(5321,	1128,	NULL,	NULL),
(5322,	1128,	NULL,	NULL),
(5323,	1128,	NULL,	NULL),
(5324,	1128,	NULL,	NULL),
(5325,	1128,	NULL,	NULL),
(5326,	1128,	NULL,	NULL),
(5327,	1128,	NULL,	NULL),
(5328,	1128,	NULL,	NULL),
(5329,	1128,	NULL,	NULL),
(5330,	1128,	NULL,	NULL),
(5331,	1128,	NULL,	NULL),
(5332,	1128,	NULL,	NULL),
(5333,	1128,	NULL,	NULL),
(5334,	1128,	NULL,	NULL),
(5335,	1128,	NULL,	NULL),
(5336,	1128,	NULL,	NULL),
(5337,	1128,	NULL,	NULL),
(5338,	1128,	NULL,	NULL),
(5339,	1128,	NULL,	NULL),
(5340,	1128,	NULL,	NULL),
(5341,	1128,	NULL,	NULL),
(5342,	1128,	NULL,	NULL),
(5343,	1128,	NULL,	NULL),
(5344,	1128,	NULL,	NULL),
(5345,	1128,	NULL,	NULL),
(5346,	1128,	NULL,	NULL),
(5347,	1128,	NULL,	NULL),
(5348,	1128,	NULL,	NULL),
(5349,	1128,	NULL,	NULL),
(5350,	1128,	NULL,	NULL),
(5351,	1128,	NULL,	NULL),
(5352,	1128,	NULL,	NULL),
(5353,	1128,	NULL,	NULL),
(5354,	1128,	NULL,	NULL),
(5355,	1128,	NULL,	NULL),
(5356,	1128,	NULL,	NULL),
(5357,	1128,	NULL,	NULL),
(5358,	1128,	NULL,	NULL),
(5359,	1128,	NULL,	NULL),
(5360,	1128,	NULL,	NULL),
(5361,	1128,	NULL,	NULL),
(5362,	1128,	NULL,	NULL),
(5363,	1128,	NULL,	NULL),
(5364,	1128,	NULL,	NULL),
(5365,	1128,	NULL,	NULL),
(5366,	1128,	NULL,	NULL),
(5367,	1128,	NULL,	NULL),
(5368,	1128,	NULL,	NULL),
(5369,	1128,	NULL,	NULL),
(5370,	1128,	NULL,	NULL),
(5371,	1128,	NULL,	NULL),
(5372,	1128,	NULL,	NULL),
(5373,	1128,	NULL,	NULL),
(5374,	1128,	NULL,	NULL),
(5375,	1128,	NULL,	NULL),
(5376,	1128,	NULL,	NULL),
(5377,	1128,	NULL,	NULL),
(5378,	1128,	NULL,	NULL),
(5379,	1128,	NULL,	NULL),
(5380,	1128,	NULL,	NULL),
(5381,	1128,	NULL,	NULL),
(5382,	1128,	NULL,	NULL),
(5383,	1128,	NULL,	NULL),
(5384,	1128,	NULL,	NULL),
(5385,	1128,	NULL,	NULL),
(5386,	1128,	NULL,	NULL),
(5387,	1128,	NULL,	NULL),
(5388,	1128,	NULL,	NULL),
(5389,	1128,	NULL,	NULL),
(5390,	1128,	NULL,	NULL),
(5391,	1128,	NULL,	NULL),
(5392,	1128,	NULL,	NULL),
(5393,	1128,	NULL,	NULL),
(5394,	1128,	NULL,	NULL),
(5395,	1128,	NULL,	NULL),
(5396,	1128,	NULL,	NULL),
(5397,	1128,	NULL,	NULL),
(5398,	1128,	NULL,	NULL),
(5399,	1128,	NULL,	NULL),
(5400,	1128,	NULL,	NULL),
(5401,	1128,	NULL,	NULL),
(5402,	1128,	NULL,	NULL),
(5403,	1128,	NULL,	NULL),
(5404,	1128,	NULL,	NULL),
(5405,	1128,	NULL,	NULL),
(5406,	1128,	NULL,	NULL),
(5407,	1128,	NULL,	NULL),
(5408,	1128,	NULL,	NULL),
(5409,	1128,	NULL,	NULL),
(5410,	1128,	NULL,	NULL),
(5411,	1128,	NULL,	NULL),
(5412,	1128,	NULL,	NULL),
(5413,	1128,	NULL,	NULL),
(5414,	1128,	NULL,	NULL),
(5415,	1128,	NULL,	NULL),
(5416,	1128,	NULL,	NULL),
(5417,	1128,	NULL,	NULL),
(5418,	1128,	NULL,	NULL),
(5419,	1128,	NULL,	NULL),
(5420,	1128,	NULL,	NULL),
(5421,	1128,	NULL,	NULL),
(5422,	1128,	NULL,	NULL),
(5423,	1128,	NULL,	NULL),
(5424,	1128,	NULL,	NULL),
(5425,	1128,	NULL,	NULL),
(5426,	1128,	NULL,	NULL),
(5427,	1128,	NULL,	NULL),
(5428,	1128,	NULL,	NULL),
(5429,	1128,	NULL,	NULL),
(5430,	1128,	NULL,	NULL),
(5431,	1128,	NULL,	NULL),
(5432,	1128,	NULL,	NULL),
(5433,	1128,	NULL,	NULL),
(5434,	1128,	NULL,	NULL),
(5435,	1128,	NULL,	NULL),
(5436,	1128,	NULL,	NULL),
(5437,	1128,	NULL,	NULL),
(5438,	1128,	NULL,	NULL),
(5439,	1128,	NULL,	NULL),
(5440,	1128,	NULL,	NULL),
(5441,	1128,	NULL,	NULL),
(5442,	1128,	NULL,	NULL),
(5443,	1128,	NULL,	NULL),
(5444,	1128,	NULL,	NULL),
(5445,	1128,	NULL,	NULL),
(5446,	1128,	NULL,	NULL),
(5447,	1128,	NULL,	NULL),
(5448,	1128,	NULL,	NULL),
(5449,	1128,	NULL,	NULL),
(5450,	1128,	NULL,	NULL),
(5451,	1128,	NULL,	NULL),
(5452,	1128,	NULL,	NULL),
(5453,	1128,	NULL,	NULL),
(5454,	1128,	NULL,	NULL),
(5455,	1128,	NULL,	NULL),
(5456,	1128,	NULL,	NULL),
(5457,	1128,	NULL,	NULL),
(5458,	1128,	NULL,	NULL),
(5459,	1128,	NULL,	NULL),
(5460,	1128,	NULL,	NULL),
(5461,	1128,	NULL,	NULL),
(5462,	1128,	NULL,	NULL),
(5463,	1128,	NULL,	NULL),
(5464,	1128,	NULL,	NULL),
(5465,	1128,	NULL,	NULL),
(5466,	1128,	NULL,	NULL),
(5467,	1128,	NULL,	NULL),
(5468,	1128,	NULL,	NULL),
(5469,	1128,	NULL,	NULL),
(5470,	1128,	NULL,	NULL),
(5471,	1128,	NULL,	NULL),
(5472,	1128,	NULL,	NULL),
(5473,	1128,	NULL,	NULL),
(5474,	1128,	NULL,	NULL),
(5475,	1128,	NULL,	NULL),
(5476,	1128,	NULL,	NULL),
(5477,	1128,	NULL,	NULL),
(5478,	1128,	NULL,	NULL),
(5479,	1128,	NULL,	NULL),
(5480,	1128,	NULL,	NULL),
(5481,	1128,	NULL,	NULL),
(5482,	1128,	NULL,	NULL),
(5483,	1128,	NULL,	NULL),
(5484,	1128,	NULL,	NULL),
(5485,	1128,	NULL,	NULL),
(5486,	1128,	NULL,	NULL),
(5487,	1128,	NULL,	NULL),
(5488,	1128,	NULL,	NULL),
(5489,	1128,	NULL,	NULL),
(5490,	1128,	NULL,	NULL),
(5491,	1128,	NULL,	NULL),
(5492,	1128,	NULL,	NULL),
(5493,	1128,	NULL,	NULL),
(5494,	1128,	NULL,	NULL),
(5495,	1128,	NULL,	NULL),
(5496,	1128,	NULL,	NULL),
(5497,	1128,	NULL,	NULL),
(5498,	1128,	NULL,	NULL),
(5499,	1128,	NULL,	NULL),
(5500,	1128,	NULL,	NULL),
(5501,	1128,	NULL,	NULL),
(5502,	1128,	NULL,	NULL),
(5503,	1128,	NULL,	NULL),
(5504,	1128,	NULL,	NULL),
(5505,	1128,	NULL,	NULL),
(5506,	1128,	NULL,	NULL),
(5507,	1128,	NULL,	NULL),
(5508,	1128,	NULL,	NULL),
(5509,	1128,	NULL,	NULL),
(5510,	1128,	NULL,	NULL),
(5511,	1128,	NULL,	NULL),
(5512,	1128,	NULL,	NULL),
(5513,	1128,	NULL,	NULL),
(5514,	1128,	NULL,	NULL),
(5515,	1128,	NULL,	NULL),
(5516,	1128,	NULL,	NULL),
(5517,	1128,	NULL,	NULL),
(5518,	1128,	NULL,	NULL),
(5519,	1128,	NULL,	NULL),
(5520,	1128,	NULL,	NULL),
(5521,	1128,	NULL,	NULL),
(5522,	1128,	NULL,	NULL),
(5523,	1128,	NULL,	NULL),
(5524,	1128,	NULL,	NULL),
(5525,	1128,	NULL,	NULL),
(5526,	1128,	NULL,	NULL),
(5527,	1128,	NULL,	NULL),
(5528,	1128,	NULL,	NULL),
(5529,	1128,	NULL,	NULL),
(5530,	1128,	NULL,	NULL),
(5531,	1128,	NULL,	NULL),
(5532,	1128,	NULL,	NULL),
(5533,	1128,	NULL,	NULL),
(5534,	1128,	NULL,	NULL),
(5535,	1128,	NULL,	NULL),
(5536,	1128,	NULL,	NULL),
(5537,	1128,	NULL,	NULL),
(5538,	1128,	NULL,	NULL),
(5539,	1128,	NULL,	NULL),
(5540,	1128,	NULL,	NULL),
(5541,	1128,	NULL,	NULL),
(5542,	1128,	NULL,	NULL),
(5543,	1128,	NULL,	NULL),
(5544,	1128,	NULL,	NULL),
(5545,	1128,	NULL,	NULL),
(5546,	1128,	NULL,	NULL),
(5547,	1128,	NULL,	NULL),
(5548,	1128,	NULL,	NULL),
(5549,	1128,	NULL,	NULL),
(5550,	1128,	NULL,	NULL),
(5551,	1128,	NULL,	NULL),
(5552,	1128,	NULL,	NULL),
(5553,	1128,	NULL,	NULL),
(5554,	1128,	NULL,	NULL),
(5555,	1128,	NULL,	NULL),
(5556,	1128,	NULL,	NULL),
(5557,	1128,	NULL,	NULL),
(5558,	1128,	NULL,	NULL),
(5559,	1128,	NULL,	NULL),
(5560,	1128,	NULL,	NULL),
(5561,	1128,	NULL,	NULL),
(5562,	1128,	NULL,	NULL),
(5563,	1128,	NULL,	NULL),
(5564,	1128,	NULL,	NULL),
(5565,	1128,	NULL,	NULL),
(5566,	1128,	NULL,	NULL),
(5567,	1128,	NULL,	NULL),
(5568,	1128,	NULL,	NULL),
(5569,	1128,	NULL,	NULL),
(5570,	1128,	NULL,	NULL),
(5571,	1128,	NULL,	NULL),
(5572,	1128,	NULL,	NULL),
(5573,	1128,	NULL,	NULL),
(5574,	1128,	NULL,	NULL),
(5575,	1128,	NULL,	NULL),
(5576,	1128,	NULL,	NULL),
(5577,	1128,	NULL,	NULL),
(5578,	1128,	NULL,	NULL),
(5579,	1128,	NULL,	NULL),
(5580,	1128,	NULL,	NULL),
(5581,	1128,	NULL,	NULL),
(5582,	1128,	NULL,	NULL),
(5583,	1128,	NULL,	NULL),
(5584,	1128,	NULL,	NULL),
(5585,	1128,	NULL,	NULL),
(5586,	1128,	NULL,	NULL),
(5587,	1128,	NULL,	NULL),
(5588,	1128,	NULL,	NULL),
(5589,	1128,	NULL,	NULL),
(5590,	1128,	NULL,	NULL),
(5591,	1128,	NULL,	NULL),
(5592,	1128,	NULL,	NULL),
(5593,	1128,	NULL,	NULL),
(5594,	1128,	NULL,	NULL),
(5595,	1128,	NULL,	NULL),
(5596,	1128,	NULL,	NULL),
(5597,	1128,	NULL,	NULL),
(5598,	1129,	43,	1),
(5599,	1128,	NULL,	NULL),
(5600,	1128,	NULL,	NULL),
(5601,	1128,	NULL,	NULL),
(5602,	1128,	NULL,	NULL),
(5603,	1128,	NULL,	NULL),
(5604,	1128,	NULL,	NULL),
(5605,	1128,	NULL,	NULL),
(5606,	1128,	NULL,	NULL),
(5607,	1128,	NULL,	NULL),
(5608,	1128,	NULL,	NULL),
(5609,	1128,	NULL,	NULL),
(5610,	1128,	NULL,	NULL),
(5611,	1128,	NULL,	NULL),
(5612,	1128,	NULL,	NULL),
(5613,	1128,	NULL,	NULL),
(5614,	1128,	NULL,	NULL),
(5615,	1128,	NULL,	NULL),
(5616,	1128,	NULL,	NULL),
(5617,	1128,	NULL,	NULL),
(5618,	1128,	NULL,	NULL),
(5619,	1128,	NULL,	NULL),
(5620,	1128,	NULL,	NULL),
(5621,	1128,	NULL,	NULL),
(5622,	1128,	NULL,	NULL),
(5623,	1128,	NULL,	NULL),
(5624,	1128,	NULL,	NULL),
(5625,	1128,	NULL,	NULL),
(5626,	1128,	NULL,	NULL),
(5627,	1128,	NULL,	NULL),
(5628,	1128,	NULL,	NULL),
(5629,	1128,	NULL,	NULL),
(5630,	1128,	NULL,	NULL),
(5631,	1128,	NULL,	NULL),
(5632,	1128,	NULL,	NULL),
(5633,	1128,	NULL,	NULL),
(5634,	1129,	NULL,	NULL),
(5635,	1129,	NULL,	NULL),
(5636,	1129,	NULL,	NULL),
(5637,	1129,	NULL,	NULL),
(5638,	1129,	NULL,	NULL),
(5639,	1129,	NULL,	NULL),
(5640,	1129,	NULL,	NULL),
(5641,	1129,	NULL,	NULL),
(5642,	1129,	NULL,	NULL),
(5643,	1129,	NULL,	NULL),
(5644,	1129,	NULL,	NULL),
(5645,	1129,	NULL,	NULL),
(5646,	1129,	NULL,	NULL),
(5647,	1129,	NULL,	NULL),
(5648,	1129,	NULL,	NULL),
(5649,	1129,	NULL,	NULL),
(5650,	1129,	NULL,	NULL),
(5651,	1129,	NULL,	NULL),
(5652,	1129,	NULL,	NULL),
(5653,	1129,	NULL,	NULL),
(5654,	1129,	NULL,	NULL),
(5655,	1129,	NULL,	NULL),
(5656,	1129,	NULL,	NULL),
(5657,	1129,	NULL,	NULL),
(5658,	1129,	NULL,	NULL),
(5659,	1129,	NULL,	NULL),
(5660,	1129,	NULL,	NULL),
(5661,	1129,	NULL,	NULL),
(5662,	1129,	NULL,	NULL),
(5663,	1129,	NULL,	NULL),
(5664,	1129,	NULL,	NULL),
(5665,	1129,	NULL,	NULL),
(5666,	1129,	NULL,	NULL),
(5667,	1129,	NULL,	NULL),
(5668,	1129,	NULL,	NULL),
(5669,	1125,	44,	0),
(5670,	1125,	43,	1),
(5671,	1129,	NULL,	NULL),
(5672,	1129,	NULL,	NULL),
(5673,	1129,	NULL,	NULL),
(5674,	1129,	NULL,	NULL),
(5675,	1129,	NULL,	NULL),
(5676,	1129,	NULL,	NULL),
(5677,	1129,	NULL,	NULL),
(5678,	1129,	NULL,	NULL),
(5679,	1129,	NULL,	NULL),
(5680,	1129,	NULL,	NULL),
(5681,	1129,	NULL,	NULL),
(5682,	1129,	NULL,	NULL),
(5683,	1129,	NULL,	NULL),
(5684,	1129,	NULL,	NULL),
(5685,	1129,	NULL,	NULL),
(5686,	1129,	NULL,	NULL),
(5687,	1129,	NULL,	NULL),
(5688,	1129,	NULL,	NULL),
(5689,	1129,	NULL,	NULL),
(5690,	1129,	NULL,	NULL),
(5691,	1129,	NULL,	NULL),
(5692,	1129,	NULL,	NULL),
(5693,	1129,	NULL,	NULL),
(5694,	1129,	NULL,	NULL),
(5695,	1129,	NULL,	NULL),
(5696,	1129,	NULL,	NULL),
(5697,	1129,	NULL,	NULL),
(5698,	1129,	NULL,	NULL),
(5699,	1129,	NULL,	NULL),
(5700,	1129,	NULL,	NULL),
(5701,	1129,	NULL,	NULL),
(5702,	1129,	NULL,	NULL),
(5703,	1129,	NULL,	NULL),
(5704,	1129,	NULL,	NULL),
(5705,	1129,	NULL,	NULL),
(5706,	1130,	51,	0),
(5707,	1130,	50,	0),
(5708,	1130,	49,	0),
(5709,	1130,	43,	1),
(5710,	1125,	49,	0),
(5711,	1125,	50,	0),
(5712,	1125,	51,	0),
(5713,	1125,	43,	1),
(5714,	1125,	49,	0),
(5715,	1125,	50,	0),
(5716,	1125,	51,	0),
(5717,	1125,	43,	1),
(5785,	1135,	43,	1),
(5786,	1136,	51,	0),
(5787,	1136,	50,	0),
(5788,	1136,	43,	1),
(5789,	1137,	43,	1),
(5790,	1138,	43,	1),
(5797,	1136,	51,	0),
(5798,	1136,	50,	0),
(5799,	1136,	43,	1),
(5800,	1136,	51,	0),
(5801,	1136,	50,	0),
(5802,	1136,	43,	1),
(5803,	1139,	51,	0),
(5804,	1139,	50,	0),
(5805,	1139,	45,	0),
(5806,	1139,	43,	1),
(5807,	1140,	54,	0),
(5808,	1140,	40,	0),
(5809,	1140,	43,	1),
(5810,	1141,	54,	0),
(5811,	1141,	40,	0),
(5812,	1141,	43,	1),
(5813,	1142,	43,	1),
(5814,	1143,	1,	0),
(5815,	1143,	2,	1),
(5816,	1144,	1,	0),
(5817,	1144,	2,	1),
(5821,	1145,	43,	1),
(5822,	1146,	44,	1),
(5823,	1146,	40,	1),
(5824,	1146,	47,	1),
(5825,	1146,	28,	1),
(5826,	1146,	43,	1),
(5827,	1147,	25,	1),
(5841,	1149,	51,	0),
(5842,	1149,	50,	0),
(5843,	1149,	49,	0),
(5844,	1149,	43,	1),
(5845,	1150,	51,	0),
(5846,	1150,	50,	0),
(5847,	1150,	43,	1),
(5848,	1151,	43,	1),
(5861,	1153,	51,	0),
(5862,	1153,	50,	0),
(5863,	1153,	43,	1),
(5864,	1153,	49,	0),
(5881,	1154,	50,	0),
(5882,	1154,	43,	1),
(5883,	1154,	44,	0),
(5884,	1154,	42,	0),
(5885,	1155,	51,	0),
(5886,	1155,	50,	0),
(5887,	1155,	49,	0),
(5888,	1155,	43,	1),
(5889,	1156,	51,	0),
(5890,	1156,	50,	0),
(5891,	1156,	49,	0),
(5892,	1156,	43,	1),
(5896,	1158,	51,	0),
(5897,	1158,	50,	0),
(5898,	1158,	43,	1),
(5919,	1160,	49,	0),
(5920,	1160,	51,	0),
(5921,	1160,	50,	0),
(5922,	1160,	43,	1),
(5941,	1161,	50,	0),
(5942,	1161,	49,	0),
(5943,	1161,	51,	0),
(5944,	1161,	45,	0),
(5945,	1161,	43,	1),
(6007,	1164,	51,	0),
(6008,	1164,	44,	1),
(6049,	1162,	51,	0),
(6050,	1162,	50,	0),
(6051,	1162,	49,	0),
(6052,	1162,	45,	0),
(6053,	1162,	43,	1),
(6097,	1165,	51,	0),
(6098,	1165,	50,	0),
(6099,	1165,	43,	1),
(6105,	1167,	40,	0),
(6106,	1167,	43,	1),
(6113,	1168,	40,	0),
(6114,	1168,	44,	0),
(6115,	1168,	43,	1),
(6119,	1170,	54,	0),
(6120,	1170,	43,	1),
(6121,	1171,	54,	0),
(6122,	1171,	43,	1),
(6131,	1174,	54,	0),
(6132,	1174,	43,	1),
(6133,	1169,	50,	1),
(6134,	1169,	54,	0),
(6135,	1169,	49,	1),
(6139,	1176,	54,	0),
(6140,	1176,	53,	1),
(6141,	1177,	51,	0),
(6142,	1177,	50,	1),
(6152,	1179,	54,	0),
(6154,	1179,	52,	0),
(6155,	1179,	43,	1),
(6156,	1131,	50,	0),
(6157,	1131,	49,	0),
(6158,	1131,	43,	1),
(6159,	1172,	54,	0),
(6160,	1172,	44,	1),
(6161,	1180,	51,	0),
(6162,	1180,	49,	1),
(6166,	1182,	51,	0),
(6167,	1182,	49,	1),
(6168,	973,	0,	0),
(6169,	973,	0,	0),
(6170,	979,	0,	0),
(6172,	1183,	50,	1),
(6173,	1183,	49,	1),
(6174,	1037,	44,	0),
(6175,	1037,	50,	0),
(6176,	1037,	49,	1),
(6177,	1184,	49,	0),
(6178,	1184,	50,	1),
(6179,	1185,	49,	0),
(6180,	1185,	50,	1),
(6181,	1186,	45,	0),
(6182,	1186,	51,	1),
(6183,	1025,	28,	1),
(6193,	1188,	55,	0),
(6194,	1188,	56,	0),
(6195,	1188,	49,	0),
(6196,	1188,	40,	0),
(6197,	1188,	43,	1),
(6202,	1191,	50,	0),
(6203,	1191,	43,	1),
(6204,	1192,	44,	0),
(6205,	1192,	50,	1),
(6206,	1193,	50,	0),
(6207,	1193,	49,	0),
(6208,	1193,	43,	1),
(6226,	1148,	47,	0),
(6227,	1148,	51,	0),
(6228,	1148,	50,	0),
(6229,	1148,	49,	0),
(6230,	1148,	25,	1),
(6238,	1189,	28,	1),
(6239,	1133,	55,	0),
(6240,	1133,	54,	0),
(6241,	1133,	28,	1),
(6242,	1134,	56,	0),
(6243,	1134,	55,	0),
(6244,	1134,	54,	0),
(6245,	1134,	28,	1),
(6253,	1201,	51,	0),
(6254,	1201,	43,	1),
(6453,	1209,	28,	1),
(6465,	1205,	25,	1),
(6466,	1205,	28,	1),
(6471,	1211,	40,	0),
(6472,	1211,	43,	1),
(6473,	1211,	44,	1),
(6477,	1047,	28,	1),
(6508,	1213,	51,	0),
(6509,	1213,	50,	0),
(6510,	1213,	49,	0),
(6511,	1213,	44,	1),
(6524,	1214,	49,	0),
(6525,	1214,	43,	1),
(6554,	1208,	54,	0),
(6555,	1208,	56,	0),
(6556,	1208,	55,	0),
(6558,	1208,	52,	0),
(6559,	1208,	28,	1),
(6565,	1220,	54,	0),
(6566,	1220,	43,	1),
(6570,	1222,	44,	1),
(6571,	1223,	55,	0),
(6572,	1223,	54,	0),
(6573,	1223,	53,	0),
(6574,	1223,	50,	0),
(6575,	1223,	43,	1),
(6576,	1224,	55,	0),
(6577,	1224,	54,	0),
(6578,	1224,	53,	0),
(6579,	1224,	51,	0),
(6580,	1224,	43,	1),
(6581,	1225,	50,	0),
(6582,	1225,	45,	0),
(6583,	1225,	44,	0),
(6584,	1225,	40,	1),
(6585,	1225,	33,	0),
(6586,	1225,	54,	0),
(6587,	1225,	49,	0),
(6588,	1225,	51,	0),
(6589,	1226,	60,	0),
(6590,	1226,	59,	0),
(6591,	1226,	58,	0),
(6592,	1226,	55,	0),
(6593,	1226,	43,	1),
(6604,	1227,	54,	0),
(6605,	1227,	51,	0),
(6606,	1227,	49,	0),
(6607,	1227,	45,	0),
(6608,	1227,	43,	1),
(6609,	1227,	40,	0),
(6610,	1227,	33,	0),
(6611,	1227,	50,	0),
(6612,	1227,	43,	1),
(6613,	1227,	44,	0),
(6614,	1228,	49,	0),
(6615,	1228,	50,	0),
(6616,	1228,	51,	1),
(6617,	1228,	44,	1),
(6618,	1228,	40,	0),
(6619,	1228,	16,	0),
(6620,	1228,	43,	1),
(6621,	1229,	36,	1),
(6622,	1230,	57,	1),
(6633,	1231,	62,	0),
(6634,	1231,	65,	0),
(6635,	1231,	64,	0),
(6636,	1231,	63,	0),
(6637,	1231,	67,	0),
(6638,	1231,	51,	0),
(6639,	1231,	43,	1),
(6640,	1232,	67,	0),
(6641,	1232,	65,	0),
(6642,	1232,	64,	0),
(6643,	1232,	63,	0),
(6644,	1232,	43,	1),
(6648,	1233,	49,	0),
(6649,	1233,	44,	0),
(6650,	1233,	43,	1),
(6651,	1234,	44,	0),
(6652,	1234,	43,	1),
(6655,	1236,	68,	0),
(6656,	1236,	43,	1),
(6694,	1242,	68,	0),
(6695,	1242,	67,	0),
(6696,	1242,	65,	0),
(6697,	1242,	64,	0),
(6698,	1242,	43,	1),
(6738,	1243,	51,	0),
(6739,	1243,	50,	0),
(6740,	1243,	49,	0),
(6741,	1243,	44,	0),
(6742,	1244,	49,	0),
(6743,	1244,	50,	0),
(6744,	1244,	43,	0),
(6747,	1237,	68,	0),
(6748,	1237,	43,	1),
(6753,	1238,	68,	0),
(6754,	1238,	43,	1),
(6760,	1159,	40,	0),
(6761,	1159,	44,	0),
(6762,	1159,	43,	1),
(6763,	1157,	40,	0),
(6764,	1157,	44,	0),
(6765,	1157,	43,	1),
(6766,	1163,	44,	0),
(6767,	1163,	49,	0),
(6768,	1163,	50,	0),
(6769,	1163,	51,	0),
(6770,	1163,	43,	1),
(6771,	1166,	40,	0),
(6772,	1166,	44,	0),
(6773,	1166,	45,	0),
(6774,	1166,	50,	0),
(6775,	1166,	43,	1),
(6782,	1245,	50,	0),
(6783,	1245,	49,	0),
(6784,	1245,	43,	1),
(6785,	1246,	40,	0),
(6786,	1246,	43,	1),
(6787,	1247,	68,	0),
(6788,	1247,	67,	0),
(6789,	1247,	65,	0),
(6790,	1247,	43,	1),
(6791,	1248,	68,	0),
(6792,	1248,	67,	0),
(6793,	1248,	65,	0),
(6794,	1248,	43,	1),
(6795,	1173,	54,	0),
(6796,	1173,	43,	1),
(6797,	1249,	68,	0),
(6798,	1249,	43,	1),
(6799,	1250,	68,	0),
(6800,	1250,	67,	0),
(6801,	1250,	43,	1),
(6802,	1251,	68,	0),
(6803,	1251,	67,	0),
(6804,	1251,	43,	1),
(6815,	1254,	71,	1),
(6816,	1254,	72,	1),
(6860,	1253,	67,	0),
(6861,	1253,	68,	0),
(6862,	1253,	65,	0),
(6863,	1253,	43,	1),
(6864,	1252,	67,	0),
(6865,	1252,	68,	0),
(6866,	1252,	43,	1),
(6872,	1257,	71,	1),
(6873,	1257,	72,	1),
(6876,	1255,	71,	1),
(6877,	1255,	70,	0),
(6878,	1255,	72,	1),
(6879,	1255,	72,	1),
(6880,	1258,	71,	1),
(6881,	1258,	70,	1),
(6882,	1258,	69,	0),
(6883,	1258,	72,	1),
(6884,	1259,	40,	0),
(6885,	1259,	49,	1),
(6886,	1260,	40,	0),
(6887,	1260,	44,	1),
(6888,	1261,	40,	0),
(6889,	1261,	50,	1),
(6890,	1262,	40,	0),
(6891,	1262,	51,	1),
(6892,	1263,	40,	0),
(6893,	1263,	51,	1),
(6894,	1264,	40,	0),
(6895,	1264,	51,	1),
(6896,	1265,	40,	0),
(6897,	1265,	51,	1),
(6898,	1266,	71,	1),
(6899,	1266,	72,	1),
(6900,	1267,	40,	0),
(6901,	1267,	44,	1),
(6902,	1268,	40,	0),
(6903,	1268,	44,	1),
(6904,	1269,	40,	0),
(6905,	1269,	44,	1),
(6906,	1270,	40,	0),
(6907,	1270,	44,	1),
(6908,	1271,	50,	0),
(6909,	1271,	49,	1),
(6910,	1272,	49,	0),
(6911,	1272,	51,	0),
(6912,	1272,	44,	0),
(6913,	1272,	43,	0),
(6914,	1272,	50,	1),
(6915,	1273,	49,	0),
(6916,	1273,	48,	0),
(6917,	1273,	45,	0),
(6918,	1273,	44,	0),
(6919,	1273,	51,	1),
(6920,	1274,	40,	0),
(6921,	1274,	51,	1),
(6922,	1275,	43,	0),
(6923,	1275,	51,	1),
(6924,	1276,	43,	1),
(6925,	1276,	49,	1),
(6926,	1277,	43,	1),
(6927,	1277,	49,	1),
(6928,	1278,	43,	1),
(6929,	1278,	49,	1),
(6930,	1279,	43,	0),
(6931,	1279,	49,	1),
(6934,	1281,	43,	1),
(6935,	1281,	44,	1),
(6936,	1282,	43,	0),
(6937,	1282,	50,	1),
(6938,	1283,	43,	0),
(6939,	1283,	50,	1),
(6940,	1284,	43,	1),
(6941,	1284,	51,	1),
(6949,	1288,	49,	1),
(6950,	1288,	44,	1),
(6951,	1288,	51,	1),
(6952,	1288,	43,	1),
(6958,	1290,	50,	0),
(6959,	1290,	44,	1),
(6960,	1291,	44,	0),
(6961,	1291,	50,	1),
(6965,	1293,	49,	1),
(6966,	1293,	50,	1),
(6969,	1294,	50,	0),
(6970,	1294,	49,	1),
(6971,	1295,	44,	0),
(6972,	1295,	45,	0),
(6973,	1295,	50,	1),
(6974,	1295,	49,	1),
(6975,	1296,	44,	0),
(6976,	1296,	49,	1),
(6977,	1296,	50,	1),
(6978,	1296,	51,	0),
(6979,	1296,	43,	0),
(6981,	1297,	49,	1),
(6982,	1298,	71,	0),
(6983,	1298,	70,	0),
(6984,	1298,	69,	0),
(6985,	1298,	66,	0),
(6986,	1298,	72,	1),
(6987,	1299,	44,	0),
(6988,	1299,	49,	0),
(6989,	1299,	50,	0),
(6990,	1299,	51,	0),
(6991,	1299,	43,	1),
(6997,	1280,	49,	0),
(6998,	1280,	43,	1),
(7004,	1289,	44,	0),
(7005,	1289,	49,	0),
(7006,	1289,	50,	0),
(7007,	1289,	51,	0),
(7008,	1289,	43,	1),
(7011,	1287,	49,	0),
(7012,	1287,	43,	1),
(7025,	1300,	51,	0),
(7026,	1300,	44,	0),
(7027,	1300,	43,	1),
(7028,	1301,	71,	0),
(7029,	1301,	70,	0),
(7030,	1301,	69,	0),
(7031,	1301,	66,	0),
(7032,	1301,	72,	1),
(7033,	1302,	50,	1),
(7034,	1302,	51,	1),
(7035,	1302,	49,	1),
(7036,	1303,	43,	1),
(7037,	1303,	49,	1),
(7038,	1304,	44,	0),
(7039,	1304,	49,	0),
(7040,	1304,	50,	1),
(7041,	1305,	51,	0),
(7042,	1305,	49,	0),
(7043,	1305,	50,	1),
(7047,	1306,	51,	0),
(7048,	1306,	44,	0),
(7049,	1306,	43,	1),
(7053,	1307,	70,	0),
(7054,	1307,	71,	0),
(7055,	1307,	72,	1),
(7058,	1308,	51,	0),
(7059,	1308,	43,	1),
(7060,	1309,	51,	0),
(7061,	1309,	50,	0),
(7062,	1309,	43,	1),
(7063,	1309,	44,	0),
(7064,	1309,	40,	0),
(7065,	1309,	49,	1),
(7066,	1310,	57,	1),
(7067,	1311,	68,	0),
(7068,	1311,	67,	0),
(7069,	1311,	43,	1),
(7070,	1312,	68,	0),
(7071,	1312,	67,	0),
(7072,	1312,	43,	1),
(7073,	1313,	68,	0),
(7074,	1313,	67,	0),
(7075,	1313,	43,	1),
(7076,	1314,	68,	0),
(7077,	1314,	67,	0),
(7078,	1314,	43,	1),
(7079,	1315,	51,	0),
(7080,	1315,	50,	0),
(7081,	1315,	49,	0),
(7082,	1315,	45,	0),
(7083,	1315,	44,	0),
(7084,	1315,	40,	0),
(7085,	1315,	43,	1),
(7100,	1316,	51,	0),
(7101,	1316,	44,	0),
(7102,	1316,	43,	1),
(7103,	1317,	67,	0),
(7104,	1317,	25,	1),
(7105,	1318,	25,	1),
(7106,	1318,	67,	0),
(7112,	1320,	50,	0),
(7113,	1320,	49,	0),
(7114,	1320,	44,	0),
(7115,	1320,	43,	1),
(7116,	1319,	71,	0),
(7117,	1319,	66,	0),
(7118,	1319,	70,	0),
(7119,	1319,	69,	0),
(7120,	1319,	72,	1);

CREATE TABLE `task_group` (
  `id` int NOT NULL AUTO_INCREMENT,
  `title` varchar(150) NOT NULL,
  `description` varchar(255) DEFAULT NULL,
  `organizer_id` int NOT NULL,
  `status` int DEFAULT NULL,
  `group_id` int DEFAULT NULL,
  `date` date DEFAULT NULL,
  `created_at` timestamp NULL DEFAULT CURRENT_TIMESTAMP,
  `approved_status` int DEFAULT NULL,
  `updated_at` timestamp NULL DEFAULT CURRENT_TIMESTAMP,
  PRIMARY KEY (`id`)
) ENGINE=InnoDB DEFAULT CHARSET=utf8mb4 COLLATE=utf8mb4_0900_ai_ci;

INSERT INTO `task_group` (`id`, `title`, `description`, `organizer_id`, `status`, `group_id`, `date`, `created_at`, `approved_status`, `updated_at`) VALUES
(963,	'task without subtasks gg 21 276 26/02/2021',	'lorem ipsum',	57,	2,	211,	'2020-12-01',	'2021-08-02 04:24:23',	NULL,	'2021-08-02 04:24:23'),
(964,	'Test Task 0002',	'a test task desc for Test Task 0002, Group Test Group 001 MOBILE',	43,	0,	528,	'2021-08-20',	'2021-08-02 04:51:49',	NULL,	'2021-08-02 04:51:49'),
(965,	'Task for JP user',	'<span>It is a long established fact that a reader will be distracted by the readable content of a page when looking at its layout. The point of using Lorem Ipsum is that it has a more-or-less normal distribution of letters, as opposed to using \'Content he',	44,	0,	0,	'2021-08-05',	'2021-08-02 05:02:11',	NULL,	'2021-08-02 05:02:11'),
(967,	'Task to approve from admin',	'Test',	28,	1,	0,	'2021-08-16',	'2021-08-03 12:05:18',	NULL,	'2021-08-03 12:05:18'),
(968,	'Task with helge',	'test',	25,	1,	0,	'2021-08-03',	'2021-08-03 12:07:34',	NULL,	'2021-08-03 12:07:34'),
(973,	'Threshold taskkk',	'<font face=\"Arial\" size=\"2\">This is a test task created for checking whether it is listed or not</font>',	43,	0,	573,	'2021-08-04',	'2021-08-04 13:54:59',	NULL,	'2021-08-04 13:54:59'),
(974,	'personal task',	'<font face=\"Arial\" size=\"2\">Test task for personal use</font>',	43,	1,	0,	'2021-08-05',	'2021-08-04 17:55:11',	NULL,	'2021-08-04 17:55:11'),
(975,	'personal yu',	'<font face=\"Arial\" size=\"2\">kjbajkna</font>',	43,	1,	0,	'2021-08-04',	'2021-08-04 17:56:30',	NULL,	'2021-08-04 17:56:30'),
(976,	'tasks I have created',	'<font face=\"Arial\" size=\"2\">hbajha jhab jhab jhabjh abhjbs jhab</font>',	43,	1,	0,	'2021-08-04',	'2021-08-04 18:01:22',	NULL,	'2021-08-04 18:01:22'),
(977,	'duplicated tasks',	'<font face=\"Arial\" size=\"2\">test duplicate tasks</font>',	43,	1,	0,	'2021-08-04',	'2021-08-04 18:17:49',	NULL,	'2021-08-04 18:17:49'),
(978,	'personal task',	'<font face=\"Arial\" size=\"2\">Test task for personal use</font>',	43,	0,	0,	'2021-08-05',	'2021-08-04 18:29:01',	NULL,	'2021-08-04 18:29:01'),
(979,	'Group taskkkkkk',	'<font face=\"Arial\" size=\"2\">bhbhjjhb bhjbjhbjhb jhbjhbjhbjh</font>',	43,	0,	575,	'2021-08-05',	'2021-08-04 19:45:24',	NULL,	'2021-08-04 19:45:24'),
(980,	'test g',	'<font face=\"Arial\" size=\"2\">hbjhbjhbjh</font>',	43,	0,	0,	'2021-08-05',	'2021-08-04 19:46:23',	NULL,	'2021-08-04 19:46:23'),
(981,	'test individual',	'<font face=\"Arial\" size=\"2\">hkbajhbjab</font>',	43,	0,	0,	'2021-08-05',	'2021-08-04 19:51:55',	NULL,	'2021-08-04 19:51:55'),
(983,	'Test task created by Tarun',	'<font face=\"Arial\" size=\"2\">Test task created by Tarun</font>',	43,	0,	0,	'2021-08-06',	'2021-08-05 14:50:48',	NULL,	'2021-08-05 14:50:48'),
(984,	'Task approved test',	'testtre',	36,	0,	0,	'2021-08-05',	'2021-08-05 14:57:44',	NULL,	'2021-08-05 14:57:44'),
(986,	'Test task',	'<font face=\"Arial\" size=\"2\">this is a test task</font>',	40,	0,	0,	'2021-08-06',	'2021-08-06 05:07:12',	NULL,	'2021-08-06 05:07:12'),
(987,	'Wichtige Aufgabe für ein paar Mitglieder',	'Dies muss erledigt werden ',	28,	1,	0,	'2021-08-17',	'2021-08-06 05:51:32',	NULL,	'2021-08-06 05:51:32'),
(991,	'test 10 august',	'<font face=\"Arial\" size=\"2\">This is a test task</font>',	43,	0,	0,	'2021-08-10',	'2021-08-10 10:44:54',	NULL,	'2021-08-10 10:44:54'),
(992,	'Admin created task',	'<font face=\"Arial\" size=\"2\">Admin created task</font>',	43,	0,	0,	'2021-08-12',	'2021-08-11 05:50:33',	NULL,	'2021-08-11 05:50:33'),
(993,	'Task for aditya',	'<font face=\"Arial\" size=\"2\">Task for aditya</font>',	43,	0,	0,	'2021-08-13',	'2021-08-11 06:12:55',	NULL,	'2021-08-11 06:12:55'),
(994,	'Test 1 for aditya',	'<font face=\"Arial\" size=\"2\">Test 1 for aditya</font>',	43,	0,	0,	'2021-08-12',	'2021-08-11 06:15:37',	NULL,	'2021-08-11 06:15:37'),
(997,	'tyt task',	'test <font face=\"Arial\" size=\"2\">description</font>',	43,	0,	0,	'2021-08-17',	'2021-08-16 16:07:33',	NULL,	'2021-08-16 16:07:33'),
(998,	'New d Task',	'T<font face=\"Arial\" size=\"2\">est description</font>',	43,	0,	0,	'2021-08-16',	'2021-08-16 16:14:07',	NULL,	'2021-08-16 16:14:07'),
(1000,	'Asdasdasda',	'Asdasdadad',	28,	1,	0,	'2021-08-17',	'2021-08-17 11:38:36',	NULL,	'2021-08-17 11:38:36'),
(1002,	'Hellowjtsfjaruaruqrwfjwfjafjwfjwfksgksgksgksvksgksg tung',	'Asbdasdhhshshshshshshshshshshsshshshshshsbsb',	28,	1,	0,	'2021-09-03',	'2021-08-18 08:22:53',	NULL,	'2021-08-18 08:22:53'),
(1003,	'bsbshshshshshshshshshshshshshshshshhsshshhshehshehehehehehehehehehehehehehehe',	'Bjhhahahahahahahahahahahahahahahahahabahahahahahahahahahahhahahahahahahahahahaahahhashhsbsbsshshshhshshshs',	28,	1,	0,	'2021-08-18',	'2021-08-18 14:04:55',	NULL,	'2021-08-18 14:04:55'),
(1004,	'cvbhb ',	'V ',	28,	1,	575,	'2021-08-20',	'2021-08-20 14:16:18',	NULL,	'2021-08-20 14:16:18'),
(1005,	'Neue Aufgabe',	'Adadaadaa',	28,	0,	0,	'2021-08-18',	'2021-08-25 13:21:03',	NULL,	'2021-08-25 13:21:03'),
(1006,	'Task 0001 edit',	'<font face=\"Arial\" size=\"2\">A test task desc for Task 0001 without any sub-tasks. Participants Aditya and JP</font>',	43,	0,	0,	'2021-08-15',	'2021-08-25 13:54:55',	NULL,	'2021-08-25 13:54:55'),
(1008,	'Zelt abholen für Sommerfest',	'Zelt holen ',	33,	0,	0,	'2021-09-03',	'2021-08-27 13:11:12',	NULL,	'2021-08-27 13:11:12'),
(1009,	'Getränke holen ',	'Test ',	33,	0,	0,	'2021-09-03',	'2021-08-27 13:11:35',	NULL,	'2021-08-27 13:11:35'),
(1010,	'Kasse organisieren ',	'Test ',	33,	0,	0,	'2021-09-02',	'2021-08-27 13:12:04',	NULL,	'2021-08-27 13:12:04'),
(1011,	'Rexha task test',	'Test task',	36,	0,	0,	'2021-09-09',	'2021-08-31 12:16:50',	NULL,	'2021-08-31 12:16:50'),
(1012,	'Ideali',	'Test Test',	36,	0,	0,	'2021-09-29',	'2021-09-02 09:31:18',	NULL,	'2021-09-02 09:31:18'),
(1013,	'Private Task',	'Test test',	48,	0,	0,	'2021-09-04',	'2021-09-02 09:35:21',	NULL,	'2021-09-02 09:35:21'),
(1014,	'Public task',	'Test test',	48,	0,	0,	'2021-09-02',	'2021-09-02 09:35:47',	NULL,	'2021-09-02 09:35:47'),
(1015,	'Task with subtask',	'Twst',	48,	0,	0,	'2021-09-02',	'2021-09-02 09:36:52',	NULL,	'2021-09-02 09:36:52'),
(1016,	'Testi 40ahahahahahahahhaahahajxlhlridjdvdhssjsjsjshshshshshshaahahshahahahahahajaajjajaajajajajajajaja',	'123erwsjsjsjsjsjsjsjsjsshahahahahajajajajajajahahahahahahahahahajajajaaj',	28,	1,	0,	'2021-09-16',	'2021-09-02 14:38:49',	NULL,	'2021-09-02 14:38:49'),
(1017,	'Testi 41',	'Testi 41',	36,	0,	527,	'2021-09-02',	'2021-09-02 14:39:40',	NULL,	'2021-09-02 14:39:40'),
(1018,	'Testi 42',	'Testi 42 - Group Collaborator',	36,	0,	527,	'2021-09-02',	'2021-09-02 14:41:56',	NULL,	'2021-09-02 14:41:56'),
(1019,	'Test task',	'Test test',	25,	1,	0,	'2021-09-03',	'2021-09-03 12:34:05',	NULL,	'2021-09-03 12:34:05'),
(1020,	'test task 6 sept',	'<font face=\"Arial\" size=\"2\">test description</font>',	43,	0,	0,	'2021-09-06',	'2021-09-06 06:56:10',	NULL,	'2021-09-06 06:56:10'),
(1021,	'test me',	'<font face=\"Arial\" size=\"2\">test me</font>',	43,	1,	0,	'2021-09-06',	'2021-09-06 06:57:09',	NULL,	'2021-09-06 06:57:09'),
(1024,	'prova',	' Add asd asd ads asd asd ads asdadada sdadasda dadsadsdaad asdasdasd da ddasdasdas aadsdas asd ad asda ds asdasd asda sdasda as asda ds asda sdasd asd',	28,	0,	0,	'2021-09-29',	'2021-09-16 13:52:41',	NULL,	'2021-09-16 13:52:41'),
(1025,	'Dfgdfggdggddfgdfgdfgfgddfgfgdfgfgdfggdgfgdffgdfgfgddgffgdfdggfgfdgfdd test',	'Add Task Description',	28,	1,	NULL,	'2021-10-01',	'2021-09-20 12:41:17',	NULL,	'2021-09-20 12:41:17'),
(1027,	' 4:13 PM 4:13 PM 4:13 PM 4:13 PM 4:13 PM 4:13 PM 4:13 PM 4:13 PM 4:13 PM ',	'Adadau hauhdau hahuadhduadhau udahdauhdauh uadhudauh hudahuadhuad huadhudahuaduh uhduhaduhad huaduhadhuad huahudahuaduh hudauhaduhaduh hudauadhuaduh d',	28,	1,	0,	'2021-09-20',	'2021-09-20 14:13:39',	NULL,	'2021-09-20 14:13:39'),
(1029,	'oijfdsodijf',	'osidjfoi jsdoi jsodijf oisdj foidsj foidsj ofijdsof ijsdiof jsdoifj soidj osdij fiosdjf oisdj osidjf',	36,	0,	0,	'2021-09-25',	'2021-09-23 11:16:44',	NULL,	'2021-09-23 11:16:44'),
(1030,	'Group Task',	'Tested a dead’s ads asd ads asd asa d ads sdasda sda sda ad d',	28,	1,	0,	'2021-09-28',	'2021-09-23 11:19:52',	NULL,	'2021-09-23 11:19:52'),
(1033,	'Approval Task',	'<font face=\"Arial\" size=\"2\">a test task for testing approval of a task notification in admin</font>',	44,	0,	0,	'2021-09-27',	'2021-09-27 04:57:31',	NULL,	'2021-09-27 04:57:31'),
(1034,	'njnj tsk',	'<font face=\"Arial\" size=\"2\">jknjknjkkjn</font>',	44,	0,	0,	'2021-09-27',	'2021-09-27 11:03:05',	NULL,	'2021-09-27 11:03:05'),
(1035,	'a test notification',	'<font face=\"Arial\" size=\"2\">a test task to check the notification in the admin. Admin is not included in participant</font>',	49,	0,	0,	'2021-09-30',	'2021-09-27 14:56:30',	NULL,	'2021-09-27 14:56:30'),
(1036,	'a test task023',	'<font face=\"Arial\" size=\"2\">a test task desc for notification, approval including admin</font>',	49,	1,	0,	'2021-09-30',	'2021-09-27 15:16:00',	NULL,	'2021-09-27 15:16:00'),
(1037,	'testtt task notification mob',	'a test task created by mobile to check admin notifications without admin in participant',	49,	0,	0,	'2021-09-30',	'2021-09-28 04:09:56',	NULL,	'2021-09-28 04:09:56'),
(1040,	'Help adausdhausd asdhauhuhas ha sdhadh Aisha audshuadhuah fetes refs fads 1',	'Add Task Description',	28,	1,	0,	'2021-09-29',	'2021-09-28 08:53:33',	NULL,	'2021-09-28 08:53:33'),
(1041,	'HhHhHhHhHhHjjajahahahhahahahahahahhah',	'Test',	28,	0,	0,	'2021-09-29',	'2021-09-28 11:43:29',	NULL,	'2021-09-28 11:43:29'),
(1044,	'for approval',	'preview',	48,	1,	551,	'2021-09-30',	'2021-09-28 15:25:19',	NULL,	'2021-09-28 15:25:19'),
(1047,	'T A S K  rexha',	'ahhahahahhahahhahahahyayayaayayhahahahahhahahahahhshshahahahhahsysyysysyyssysyysysususuussuususuusus',	28,	0,	NULL,	'2021-09-30',	'2021-09-29 15:32:57',	NULL,	'2021-09-29 15:32:57'),
(1050,	'Yes',	'test',	25,	1,	0,	'2021-09-30',	'2021-09-30 09:41:19',	NULL,	'2021-09-30 09:41:19'),
(1051,	'NOO',	'TEST',	25,	0,	0,	'2021-10-06',	'2021-09-30 09:41:44',	NULL,	'2021-09-30 09:41:44'),
(1052,	'Hej',	'test',	25,	0,	0,	'2021-09-30',	'2021-09-30 09:45:49',	NULL,	'2021-09-30 09:45:49'),
(1053,	'yesrrr',	'jjj',	25,	1,	0,	'2021-10-02',	'2021-09-30 09:46:23',	NULL,	'2021-09-30 09:46:23'),
(1054,	'aaaaaaa',	'asdasd',	25,	0,	0,	'2021-10-03',	'2021-09-30 10:54:10',	NULL,	'2021-09-30 10:54:10'),
(1055,	'bbbbbb',	'asdasdads',	25,	0,	0,	'2021-10-08',	'2021-09-30 10:54:29',	NULL,	'2021-09-30 10:54:29'),
(1057,	'Rexha task',	'test test test test test test test test test ',	28,	1,	0,	'2021-10-03',	'2021-09-30 11:37:57',	NULL,	'2021-09-30 11:37:57'),
(1058,	'test',	'fsfdsdffdsfs fs f sf s fs f sf s fs  zana test rexha trexha ahahahhahahahahhahahahhahahhahaahahhahahahahahahahaha1',	25,	0,	0,	'2021-10-01',	'2021-10-01 13:07:15',	NULL,	'2021-10-01 13:07:15'),
(1059,	'bjb jbjbj',	'<font face=\"Arial\" size=\"2\">bj jhb jh jhbjhbjhb jhbjh</font>',	43,	1,	0,	'2021-10-07',	'2021-10-06 21:04:50',	NULL,	'2021-10-06 21:04:50'),
(1093,	'Ideal Tasks',	'Hello Everyone',	0,	0,	0,	'2021-10-19',	'2021-10-07 14:06:03',	NULL,	'2021-10-07 14:06:03'),
(1094,	'Ideal Tasks',	'Hello Everyone',	0,	0,	0,	'2021-10-19',	'2021-10-07 14:06:06',	NULL,	'2021-10-07 14:06:06'),
(1095,	'Ideal Tasks',	'Hello Everyone',	0,	0,	0,	'2021-10-19',	'2021-10-07 14:06:10',	NULL,	'2021-10-07 14:06:10'),
(1096,	'Ideal Tasks',	'Hello Everyone',	0,	0,	0,	'2021-10-19',	'2021-10-07 14:06:11',	NULL,	'2021-10-07 14:06:11'),
(1097,	'Ideal Tasks',	'Hello Everyone',	0,	0,	0,	'2021-10-19',	'2021-10-07 14:06:11',	NULL,	'2021-10-07 14:06:11'),
(1098,	'Ideal Tasks',	'Hello Everyone',	0,	0,	0,	'2021-10-19',	'2021-10-07 14:06:11',	NULL,	'2021-10-07 14:06:11'),
(1099,	'Ideal Task oct 7',	'Asdhausdahsu',	0,	0,	0,	'2021-10-07',	'2021-10-07 14:18:03',	NULL,	'2021-10-07 14:18:03'),
(1100,	'Ideal Task oct 7',	'Asdhausdahsu',	0,	0,	0,	'2021-10-07',	'2021-10-07 14:18:06',	NULL,	'2021-10-07 14:18:06'),
(1101,	'Ideal Task',	'Asduahsdhaduahsuh',	0,	0,	0,	'2021-10-19',	'2021-10-07 14:27:19',	NULL,	'2021-10-07 14:27:19'),
(1102,	'Hello	',	'Bye bye ',	0,	0,	0,	'2021-10-25',	'2021-10-07 14:50:47',	NULL,	'2021-10-07 14:50:47'),
(1103,	'Hello	',	'Bye bye ',	0,	0,	0,	'2021-10-25',	'2021-10-07 14:50:59',	NULL,	'2021-10-07 14:50:59'),
(1104,	'Hello	',	'Bye bye ',	0,	0,	0,	'2021-10-25',	'2021-10-07 14:50:59',	NULL,	'2021-10-07 14:50:59'),
(1105,	'Hello	',	'Bye bye ',	0,	0,	0,	'2021-10-25',	'2021-10-07 15:05:33',	NULL,	'2021-10-07 15:05:33'),
(1106,	'Ideal I Tasks 7 oct	',	'Hello',	0,	0,	0,	'2021-10-13',	'2021-10-07 15:08:34',	NULL,	'2021-10-07 15:08:34'),
(1108,	'Ideal Task oct 7',	'Hello',	0,	0,	0,	'2021-10-18',	'2021-10-07 15:33:33',	NULL,	'2021-10-07 15:33:33'),
(1109,	'Ideal Task 0ct 7',	'Hello',	0,	1,	0,	'2021-10-27',	'2021-10-07 15:37:32',	NULL,	'2021-10-07 15:37:32'),
(1112,	'test task 1234',	'<font face=\"Arial\" size=\"2\">test yask 1234</font>',	43,	0,	625,	'2021-10-08',	'2021-10-07 20:01:08',	NULL,	'2021-10-07 20:01:08'),
(1115,	'Task created by Tarun using Mobile',	'this is for testing',	43,	1,	0,	'2021-10-15',	'2021-10-13 04:56:06',	NULL,	'2021-10-13 04:56:06'),
(1116,	'Task created by Tarun Using web App',	'<font face=\"Arial\" size=\"2\">Task created by Tarun Using web App</font>',	43,	1,	0,	'2021-10-18',	'2021-10-13 05:04:13',	NULL,	'2021-10-13 05:04:13'),
(1117,	'Task created by 21 Octo 21',	'<font face=\"Arial\" size=\"2\">Task created by</font>',	43,	1,	0,	'2021-10-21',	'2021-10-18 04:15:10',	NULL,	'2021-10-18 04:15:10'),
(1118,	'Task on date 19 Octo 21',	'<font face=\"Arial\" size=\"2\">Task on date 19 Octo 21</font>',	43,	0,	0,	'2021-10-20',	'2021-10-19 11:48:36',	NULL,	'2021-10-19 11:48:36'),
(1119,	'Task 19 Octo 21 -2',	'<font face=\"Arial\" size=\"2\">Task 19 Octo 21 -2</font>',	43,	0,	0,	'2021-10-21',	'2021-10-19 12:03:47',	NULL,	'2021-10-19 12:03:47'),
(1120,	'task created on 19 Octo 21 -03',	'<font face=\"Arial\" size=\"2\">task created on 19 Octo 21 -03</font>',	43,	0,	0,	'2021-10-22',	'2021-10-19 12:06:05',	NULL,	'2021-10-19 12:06:05'),
(1121,	'Task 0n date 19 Octo 21 -04',	'lorem ipsum',	43,	0,	0,	'0000-00-00',	'2021-10-19 12:08:24',	NULL,	'2021-10-19 12:08:24'),
(1122,	'Task 22 Octo 22',	'<font face=\"Arial\" size=\"2\">Task 22 Octo 22</font>',	43,	0,	0,	'2021-10-22',	'2021-10-21 12:43:51',	NULL,	'2021-10-21 12:43:51'),
(1123,	'Task created by 23 Octo 21',	'Task created by 23 Octo 21',	43,	0,	621,	'2021-10-25',	'2021-10-23 12:49:55',	NULL,	'2021-10-23 12:49:55'),
(1124,	'test teask',	'Test dec',	43,	0,	0,	'2021-10-25',	'2021-10-25 06:38:54',	NULL,	'2021-10-25 06:38:54'),
(1125,	'Task createdddd by 27 Octo 21',	'2021-10-26T08:34:13.000Z',	43,	0,	0,	'2020-12-01',	'2021-10-25 10:06:17',	NULL,	'2021-10-25 10:06:17'),
(1127,	'task without subtasks gg 21 276 25/02/2021',	'<font face=\"Arial\" size=\"2\">lorem ipsum</font>',	43,	0,	0,	'2021-10-25',	'2021-10-25 10:35:26',	NULL,	'2021-10-25 10:35:26'),
(1128,	'case 4 task that have multiple sub-task and collaborators.',	'lorem ipsum',	43,	0,	630,	'2021-10-26',	'2021-10-25 10:37:59',	NULL,	'2021-10-25 10:37:59'),
(1129,	'case 4 task that have multiple sub-task and collaborators.',	'lorem ipsum',	43,	0,	630,	'2021-10-26',	'2021-10-25 12:17:27',	NULL,	'2021-10-25 12:17:27'),
(1130,	'123',	'Task createdddd by 27 Octo 21',	43,	0,	0,	'2020-12-01',	'2021-10-26 08:34:13',	NULL,	'2021-10-26 08:34:13'),
(1131,	'Test task rr created by Tarun 28 Octo 21',	'Test task created by Tarun 28 Octo 21',	43,	1,	NULL,	'2021-11-28',	'2021-10-26 10:02:42',	NULL,	'2021-10-26 10:02:42'),
(1132,	'Health Group Task for testing',	'<font face=\"Arial\" size=\"2\">Health Group Task</font><br>',	43,	0,	626,	'2021-10-28',	'2021-10-26 10:34:11',	NULL,	'2021-10-26 10:34:11'),
(1133,	'task created on mobile',	'testinggggh',	28,	1,	529,	'2021-10-27',	'2021-10-26 10:42:24',	NULL,	'2021-10-26 10:42:24'),
(1134,	'Health Group Task for testing',	'Health Group Task\n',	28,	1,	521,	'2021-10-28',	'2021-10-26 10:44:46',	NULL,	'2021-10-26 10:44:46'),
(1135,	'sdfghsdfg',	'f<font face=\"Arial\" size=\"2\">gsdfgsdfgsdfgdf</font>',	43,	0,	628,	'2021-10-26',	'2021-10-26 11:29:19',	NULL,	'2021-10-26 11:29:19'),
(1136,	'Task And 2222222 sub task testing1234',	'<font face=\"Arial\" size=\"2\">Task And sub task testing</font>',	43,	0,	0,	'2021-10-28',	'2021-10-26 11:29:25',	NULL,	'2021-10-26 11:29:25'),
(1137,	'tjtyktyhjdghjhgj',	'f<font face=\"Arial\" size=\"2\">ghjfghjfghjfhjfghjfghj</font>',	43,	0,	627,	'2021-10-27',	'2021-10-26 11:29:44',	NULL,	'2021-10-26 11:29:44'),
(1138,	'rdghfhfdh',	'<font face=\"Arial\" size=\"2\">4643646436mbnjmgnfjmn</font>',	43,	0,	630,	'2021-10-27',	'2021-10-26 11:34:44',	NULL,	'2021-10-26 11:34:44'),
(1139,	'test task 333012',	'<font face=\"Arial\" size=\"2\">test task 333012</font>',	43,	0,	0,	'2021-10-29',	'2021-10-27 04:53:00',	NULL,	'2021-10-27 04:53:00'),
(1140,	'creating task by Desktop',	'<font face=\"Arial\" size=\"2\">checking of creating task</font>',	43,	0,	0,	'2021-10-27',	'2021-10-27 05:46:00',	NULL,	'2021-10-27 05:46:00'),
(1141,	' creating task by mobile ',	'checking of creating task ',	43,	0,	0,	'2021-10-27',	'2021-10-27 05:46:02',	NULL,	'2021-10-27 05:46:02'),
(1142,	' grp task desktop',	'<font face=\"Arial\" size=\"2\">checking grp task</font>',	43,	0,	627,	'2021-10-27',	'2021-10-27 05:56:58',	NULL,	'2021-10-27 05:56:58'),
(1143,	'task without subtasks gg 21 276 26/02/2021',	'lorem ipsum',	2,	0,	211,	'2020-12-01',	'2021-10-27 09:04:30',	NULL,	'2021-10-27 09:04:30'),
(1144,	'task without subtasks gg 21 276 26/02/2021',	'lorem ipsum',	2,	0,	211,	'2020-12-01',	'2021-10-27 09:04:58',	NULL,	'2021-10-27 09:04:58'),
(1145,	'TEst task 123',	'<font face=\"Arial\" size=\"2\">testig</font>',	43,	0,	628,	'2021-10-28',	'2021-10-27 09:14:11',	NULL,	'2021-10-27 09:14:11'),
(1146,	'test tarun 23167',	'testing',	43,	0,	529,	'2021-10-28',	'2021-10-27 09:16:47',	NULL,	'2021-10-27 09:16:47'),
(1147,	'hej',	'1',	25,	0,	434,	'2021-10-27',	'2021-10-27 09:17:08',	NULL,	'2021-10-27 09:17:08'),
(1148,	'gh',	'gjj',	25,	0,	452,	'2021-10-27',	'2021-10-27 09:20:27',	NULL,	'2021-10-27 09:20:27'),
(1149,	'Task created by tarun 123456 27 octo 21',	'<font face=\"Arial\" size=\"2\">Task created by tarun 27 octo 21</font>',	43,	0,	0,	'2021-10-29',	'2021-10-27 09:28:21',	NULL,	'2021-10-27 09:28:21'),
(1150,	'Task created by Tarun 009',	'<font face=\"Arial\" size=\"2\">Task created by Tarun 009</font>',	43,	0,	0,	'2021-10-29',	'2021-10-27 13:17:29',	NULL,	'2021-10-27 13:17:29'),
(1151,	'Testing task ',	'<font face=\"Arial\" size=\"2\">Testing task&#160;</font>',	43,	0,	627,	'2021-10-29',	'2021-10-27 13:18:34',	NULL,	'2021-10-27 13:18:34'),
(1152,	'Test task rrrrrr created by Tarun 28 Octo 21',	'Test task created by Tarun 28 Octo 21',	43,	0,	0,	'2021-11-28',	'2021-10-28 06:10:40',	NULL,	'2021-10-28 06:10:40'),
(1153,	'Task 28 octo0000',	'<font face=\"Arial\" size=\"2\">Task 28 octo 21</font>',	43,	0,	0,	'2021-10-28',	'2021-10-28 08:10:05',	NULL,	'2021-10-28 08:10:05'),
(1154,	'Task for 29 octo 2021',	'<font face=\"Arial\" size=\"2\">2021 Octo testing&#160;</font>',	43,	0,	0,	'2021-10-29',	'2021-10-29 04:50:41',	NULL,	'2021-10-29 04:50:41'),
(1155,	'Simple Task with participants',	'<font face=\"Arial\" size=\"2\">Simple Task with participants</font>',	43,	0,	0,	'2021-10-30',	'2021-10-29 12:10:52',	NULL,	'2021-10-29 12:10:52'),
(1156,	'Test simple task 001',	'<font face=\"Arial\" size=\"2\">Test simple task 001</font>',	43,	0,	0,	'2021-10-30',	'2021-10-29 12:14:08',	NULL,	'2021-10-29 12:14:08'),
(1157,	'Simple Group task',	'<font face=\"Arial\" size=\"2\">Simple group task</font>',	43,	1,	632,	'2021-10-28',	'2021-10-29 12:15:00',	NULL,	'2021-10-29 12:15:00'),
(1158,	'Simple subtask ',	'<font face=\"Arial\" size=\"2\">Simple subtask&#160;</font>',	43,	0,	0,	'2021-10-30',	'2021-10-29 12:19:14',	NULL,	'2021-10-29 12:19:14'),
(1159,	'Simple task with group ',	'<font face=\"Arial\" size=\"2\">Simple task with group&#160;</font>',	43,	1,	632,	'2021-10-29',	'2021-10-29 12:20:38',	NULL,	'2021-10-29 12:20:38'),
(1160,	'Task 01 November 2021',	'<font face=\"Arial\" size=\"2\">Task 01 November 2021</font><br>',	43,	0,	0,	'2021-11-01',	'2021-11-01 05:07:41',	NULL,	'2021-11-01 05:07:41'),
(1161,	'Group Task 01 November 2021-01',	'<font face=\"Arial\" size=\"2\">Group Task 01 Nov 2021-01</font>',	43,	0,	628,	'2021-11-01',	'2021-11-01 05:08:24',	NULL,	'2021-11-01 05:08:24'),
(1162,	'sub Task update 01 Nov 2021-02-01',	'<font face=\"Arial\" size=\"2\">Task 01 Nov 2021-02</font>',	43,	0,	0,	'2021-11-01',	'2021-11-01 05:09:16',	NULL,	'2021-11-01 05:09:16'),
(1163,	'Task 01 Nov 2021-03',	'<font face=\"Arial\" size=\"2\">Task 01 Nov 2021-03</font>',	43,	1,	0,	'2021-10-31',	'2021-11-01 05:10:32',	NULL,	'2021-11-01 05:10:32'),
(1164,	'task 009123',	'teet',	44,	0,	0,	'2021-11-01',	'2021-11-01 10:26:33',	NULL,	'2021-11-01 10:26:33'),
(1165,	'testing',	'c<font face=\"Arial\" size=\"2\">vxcvxc</font>',	43,	0,	0,	'2021-11-09',	'2021-11-08 06:24:33',	NULL,	'2021-11-08 06:24:33'),
(1166,	'Test task for all people who are added',	'<span>This is the test description for the tasks.&#160;</span><span>This is the test description for the tasks.&#160;</span><span>This is the test description for the tasks.&#160;</span><span>This is the test description for the tasks.&#160;</span><span>T',	43,	1,	0,	'2021-11-07',	'2021-11-08 06:24:58',	NULL,	'2021-11-08 06:24:58'),
(1167,	'mobile task',	'this is the testing of task creation by mobile',	43,	1,	0,	'2021-11-08',	'2021-11-08 06:51:45',	NULL,	'2021-11-08 06:51:45'),
(1168,	'desk task ',	'<font face=\"Arial\" size=\"2\">this is the testing of task creation by desktop</font>',	43,	0,	632,	'2021-11-08',	'2021-11-08 06:51:47',	NULL,	'2021-11-08 06:51:47'),
(1169,	'desk individual task as a memberrrr',	'<font face=\"Arial\" size=\"2\">adrfasdfadsfadsf</font>',	49,	0,	0,	'2021-11-08',	'2021-11-08 11:16:41',	NULL,	'2021-11-08 11:16:41'),
(1170,	'desk group task as a member',	'<font face=\"Arial\" size=\"2\">dfadsfasdfadsfadsf</font>',	43,	0,	635,	'2021-11-08',	'2021-11-08 11:27:04',	NULL,	'2021-11-08 11:27:04'),
(1171,	'desk grp task by member',	'<font face=\"Arial\" size=\"2\">asdfgadfadf</font>',	49,	0,	635,	'2021-11-08',	'2021-11-08 11:28:58',	NULL,	'2021-11-08 11:28:58'),
(1172,	'deskkkk task by seretary individualll',	'<font face=\"Arial\" size=\"2\">sdfasdfasdfasdfdsaf</font>',	44,	0,	0,	'2021-11-08',	'2021-11-08 12:24:25',	NULL,	'2021-11-08 12:24:25'),
(1173,	'group task by secretaryyyy',	'<font face=\"Arial\" size=\"2\">asdfadsfasdfsadfasdfasdf</font>',	43,	0,	635,	'2021-11-04',	'2021-11-08 12:26:18',	NULL,	'2021-11-08 12:26:18'),
(1174,	'grouppppp task secretary',	'<font face=\"Arial\" size=\"2\">dasdsadsadfadsfad</font>',	44,	0,	635,	'2021-11-08',	'2021-11-08 12:32:32',	NULL,	'2021-11-08 12:32:32'),
(1176,	'test',	'<font size=\"2\"><font face=\"Arial\">ASFavavfASVSAFaS asfCFSAF 12451251224 !&#34;&#167;$%&amp;/()=?`<br></font></font>',	53,	1,	0,	'2021-11-27',	'2021-11-11 09:21:56',	NULL,	'2021-11-11 09:21:56'),
(1177,	'Task 19 Nov',	'<font face=\"Arial\" size=\"2\">Task 19 Nov</font>',	50,	0,	0,	'2021-11-19',	'2021-11-17 09:25:30',	NULL,	'2021-11-17 09:25:30'),
(1179,	'task testtt00111',	'<font face=\"Arial\" size=\"2\">testing of subtask</font>',	43,	1,	0,	'2021-11-20',	'2021-11-20 09:44:15',	NULL,	'2021-11-20 09:44:15'),
(1180,	'task created by yash 29 Nov 21',	'this is for testinh',	49,	0,	0,	'2021-11-30',	'2021-11-29 12:23:11',	NULL,	'2021-11-29 12:23:11'),
(1182,	'task testing 29',	'testing of creating task',	49,	0,	0,	'2021-11-30',	'2021-11-29 12:30:18',	NULL,	'2021-11-29 12:30:18'),
(1183,	'30 nov  member task',	'urzt8zigzigz8tzt',	49,	0,	0,	'2021-11-30',	'2021-11-30 04:59:59',	NULL,	'2021-11-30 04:59:59'),
(1184,	'30 nov functionary task',	'y8dy8x8x88yx8ts8ts8tz8xgxgztisxgxiyxiys',	50,	0,	0,	'2021-12-01',	'2021-11-30 05:51:04',	NULL,	'2021-11-30 05:51:04'),
(1185,	'30 nov functionary task',	'y8dy8x8x88yx8ts8ts8tz8xgxgztisxgxiyxiys',	50,	0,	0,	'2021-12-01',	'2021-11-30 05:51:06',	NULL,	'2021-11-30 05:51:06'),
(1186,	'30 nov 21 editor taskk',	'<font face=\"Arial\" size=\"2\">werqerew</font>',	51,	0,	0,	'2021-12-01',	'2021-11-30 06:21:08',	NULL,	'2021-11-30 06:21:08'),
(1188,	'17 jan task',	'<font face=\"Arial\" size=\"2\">sdfsdfasdf</font>',	43,	1,	0,	'2022-01-16',	'2022-01-17 13:41:44',	NULL,	'2022-01-17 13:41:44'),
(1189,	'Zana task',	'Text Text Text Text Text Text Text Text Text Text Text Text Text Text Text Text Text Text Text Text ',	28,	1,	NULL,	'2022-03-31',	'2022-02-22 12:33:35',	NULL,	'2022-02-22 12:33:35'),
(1191,	'taskNotify',	'<font face=\"Arial\" size=\"2\">taskNotify</font>',	43,	1,	0,	'2022-03-01',	'2022-03-01 09:00:59',	NULL,	'2022-03-01 09:00:59'),
(1192,	'taskAdminNotify',	'<font face=\"Arial\" size=\"2\">taskAdminNotify</font>',	50,	0,	0,	'2022-03-01',	'2022-03-01 09:03:34',	NULL,	'2022-03-01 09:03:34'),
(1193,	'testTaskAD',	'testTaskAD',	43,	1,	0,	'2022-03-01',	'2022-03-01 10:12:55',	NULL,	'2022-03-01 10:12:55'),
(1201,	'testing the task for the updateseses',	'<font face=\"Arial\" size=\"2\">testing the task for the updates</font>',	43,	1,	0,	'2022-03-19',	'2022-03-17 12:14:20',	NULL,	'2022-03-17 12:14:20'),
(1205,	'Depeche mode',	'Enjoy the weekend ',	28,	1,	681,	'2022-03-26',	'2022-03-22 10:22:15',	NULL,	'2022-03-22 10:22:15'),
(1208,	'Serious task',	'Hsshhsh',	28,	0,	682,	'2022-03-31',	'2022-03-22 13:45:47',	NULL,	'2022-03-22 13:45:47'),
(1209,	'Atdhevi',	'oisjdfsdf',	28,	0,	NULL,	'2022-03-22',	'2022-03-22 13:51:22',	NULL,	'2022-03-22 13:51:22'),
(1211,	'test task mob 23 ',	'geieeieje8eheieheir',	44,	1,	632,	'2022-03-31',	'2022-03-23 09:00:33',	NULL,	'2022-03-23 09:00:33'),
(1213,	'testing the task ',	'testing the task ',	44,	0,	0,	'2022-03-26',	'2022-03-24 05:28:01',	NULL,	'2022-03-24 05:28:01'),
(1214,	'testing task 24',	's<font face=\"Arial\" size=\"2\">dfgsdfgsfg</font>',	43,	1,	0,	'2022-03-27',	'2022-03-24 05:39:58',	NULL,	'2022-03-24 05:39:58'),
(1220,	'5thApril2022 Task',	'<font face=\"Arial\" size=\"2\">5th April 2022 task</font>',	43,	1,	0,	'2022-04-15',	'2022-04-05 08:16:56',	NULL,	'2022-04-05 08:16:56'),
(1222,	'tesing 6thApril2022',	'<font face=\"Arial\" size=\"2\">testing</font>',	44,	0,	0,	'2022-04-10',	'2022-04-06 11:48:17',	NULL,	'2022-04-06 11:48:17'),
(1223,	'Aditya1',	'<font face=\"Arial\" size=\"2\">test description</font>',	43,	1,	0,	'2022-04-08',	'2022-04-08 09:54:40',	NULL,	'2022-04-08 09:54:40'),
(1224,	'Aditya 2',	'<font face=\"Arial\" size=\"2\">Test Description</font>',	43,	1,	0,	'2022-04-08',	'2022-04-08 10:14:13',	NULL,	'2022-04-08 10:14:13'),
(1225,	'Ty',	'<font face=\"Arial\" size=\"2\">Test ty</font>',	43,	0,	700,	'2022-04-12',	'2022-04-11 06:14:51',	NULL,	'2022-04-11 06:14:51'),
(1226,	'RRR',	'<font face=\"Arial\" size=\"2\">This is test task</font>',	43,	1,	0,	'2022-04-11',	'2022-04-11 06:26:56',	NULL,	'2022-04-11 06:26:56'),
(1227,	'test task 11ap 2022',	'<font face=\"Arial\" size=\"2\">test&#160;</font>',	43,	1,	702,	'2022-04-15',	'2022-04-11 07:40:17',	NULL,	'2022-04-11 07:40:17'),
(1228,	'checking working of task ',	'<font face=\"Arial\" size=\"2\">8oiktuyoit</font>',	43,	1,	0,	'2022-04-14',	'2022-04-11 08:47:21',	NULL,	'2022-04-11 08:47:21'),
(1229,	'Task for approval ',	'Admin should approve ',	36,	2,	595,	'2022-04-30',	'2022-04-12 10:59:06',	NULL,	'2022-04-12 10:59:06'),
(1230,	'Task from another club ',	'Text',	57,	0,	698,	'2022-04-28',	'2022-04-12 11:04:08',	NULL,	'2022-04-12 11:04:08'),
(1231,	'title joe',	'&#160;Test text doe hhe testing papose. Test text doe hhe testing papose. Test text doe hhe testing papose. Test text doe hhe testing papose&lt;Test text doe hhe testing papose. Test text doe hhe testing papose. Test text doe hhe testing papose. Test text',	43,	1,	0,	'2022-04-13',	'2022-04-15 12:46:40',	NULL,	'2022-04-15 12:46:40'),
(1232,	'Priyanka task one',	'<font face=\"Arial\" size=\"2\">task 1</font>',	43,	1,	713,	'2022-04-16',	'2022-04-15 13:30:38',	NULL,	'2022-04-15 13:30:38'),
(1233,	'task 1 priyanka sharma',	'<font face=\"Arial\" size=\"2\">task 1 priyanka sharma</font>',	43,	1,	712,	'2022-04-16',	'2022-04-15 13:33:28',	NULL,	'2022-04-15 13:33:28'),
(1234,	'task 2 test',	'<font face=\"Arial\" size=\"2\">task 2 test</font>',	43,	1,	0,	'2022-04-16',	'2022-04-15 13:55:46',	NULL,	'2022-04-15 13:55:46'),
(1236,	'svfvds',	'<font face=\"Arial\" size=\"2\">csdcsd</font>',	43,	1,	0,	'2022-04-15',	'2022-04-15 14:47:45',	NULL,	'2022-04-15 14:47:45'),
(1237,	'check task 16 april ',	'c<font face=\"Arial\" size=\"2\">ascas</font>',	43,	1,	0,	'2022-04-21',	'2022-04-15 14:48:19',	NULL,	'2022-04-15 14:48:19'),
(1238,	'fvvdfvdf',	'vvdfvdfv<font face=\"Arial\" size=\"2\">dfvvdfv</font>fvdfv<font face=\"Arial\" size=\"2\">dfvvdfv</font>fvdfv<font face=\"Arial\" size=\"2\">dfvvdfv</font>fvdfv<font face=\"Arial\" size=\"2\">dfvvdfv</font>dfvdfvvdfvdfvdfvvdfvdfvdfvvvvdfvdfvdfvvdfvdfvdfvvdfvdfvdfvvdfvdf',	43,	1,	0,	'2022-04-05',	'2022-04-15 14:48:54',	NULL,	'2022-04-15 14:48:54'),
(1242,	'89',	'<font face=\"Arial\" size=\"2\">890560230450780980565</font>',	43,	1,	714,	'2022-04-16',	'2022-04-16 11:37:25',	NULL,	'2022-04-16 11:37:25'),
(1243,	'test task one 2 3 4',	'<font face=\"Arial\" size=\"2\">test 2 3 4 5</font>',	43,	0,	690,	'2022-04-12',	'2022-04-16 11:59:11',	NULL,	'2022-04-16 11:59:11'),
(1244,	'Created task of user',	'<font face=\"Arial\" size=\"2\">test user task</font>',	44,	0,	711,	'2022-04-20',	'2022-04-18 04:56:47',	NULL,	'2022-04-18 04:56:47'),
(1245,	'angular task 2022',	'<font face=\"Arial\" size=\"2\">adsfasdfasdfasdfasdf</font>',	43,	0,	0,	'2022-04-21',	'2022-04-18 11:50:36',	NULL,	'2022-04-18 11:50:36'),
(1246,	'mob task 18',	'haivaucaivva',	43,	0,	0,	'2022-04-22',	'2022-04-18 12:04:05',	NULL,	'2022-04-18 12:04:05'),
(1247,	'decode',	'decode&#160;<br>',	43,	1,	0,	'2022-04-18',	'2022-04-18 12:05:44',	NULL,	'2022-04-18 12:05:44'),
(1248,	'task main',	'<font face=\"Arial\" size=\"2\">task main</font>',	43,	1,	0,	'2022-04-21',	'2022-04-18 12:14:07',	NULL,	'2022-04-18 12:14:07'),
(1249,	'test',	'<font face=\"Arial\" size=\"2\">ddddddddddddd</font>',	43,	0,	716,	'2022-04-19',	'2022-04-18 14:17:54',	NULL,	'2022-04-18 14:17:54'),
(1250,	'xx',	'x<font face=\"Arial\" size=\"2\">xxx</font>',	43,	0,	0,	'2022-04-20',	'2022-04-19 06:31:24',	NULL,	'2022-04-19 06:31:24'),
(1251,	'xxx',	'<font face=\"Arial\" size=\"2\">xxxx</font>',	43,	0,	0,	'2022-04-20',	'2022-04-19 06:32:00',	NULL,	'2022-04-19 06:32:00'),
(1252,	'lll',	'<font face=\"Arial\" size=\"2\">mmmmmmmmmm</font>',	43,	0,	0,	'2022-04-19',	'2022-04-19 06:51:31',	NULL,	'2022-04-19 06:51:31'),
(1253,	'xxx',	'<font face=\"Arial\" size=\"2\">ssssssssss</font>',	43,	0,	723,	'2022-04-18',	'2022-04-19 06:57:50',	NULL,	'2022-04-19 06:57:50'),
(1254,	'test',	'<font face=\"Arial\" size=\"2\">testttt</font>',	72,	1,	0,	'2022-04-21',	'2022-04-21 09:39:24',	NULL,	'2022-04-21 09:39:24'),
(1255,	'test  space issue',	'<font face=\"Arial\" size=\"2\">test&#160; space issue</font>',	72,	1,	0,	'2022-04-16',	'2022-04-21 10:04:56',	NULL,	'2022-04-21 10:04:56'),
(1257,	'ddddddd',	'<font face=\"Arial\" size=\"2\">ddd</font>',	72,	1,	0,	'2022-04-21',	'2022-04-21 11:17:29',	NULL,	'2022-04-21 11:17:29'),
(1258,	'pop',	'<font face=\"Arial\" size=\"2\">bjhbjhbjhb</font>',	72,	1,	0,	'2022-04-21',	'2022-04-21 11:41:24',	NULL,	'2022-04-21 11:41:24'),
(1259,	'member user creating a task adding admin',	'<font face=\"Arial\" size=\"2\">member user creating a task adding admin</font>',	49,	0,	0,	'2022-04-21',	'2022-04-21 12:13:20',	NULL,	'2022-04-21 12:13:20'),
(1260,	'secretary task',	'<font face=\"Arial\" size=\"2\">secretary task</font>',	44,	0,	0,	'2022-04-22',	'2022-04-21 12:28:05',	NULL,	'2022-04-21 12:28:05'),
(1261,	'Create task',	'<font face=\"Arial\" size=\"2\">Create task</font>',	50,	0,	0,	'2022-04-22',	'2022-04-21 14:08:36',	NULL,	'2022-04-21 14:08:36'),
(1262,	'Editor adding admin task',	'<font face=\"Arial\" size=\"2\">Editor adding admin task</font>',	51,	2,	0,	'2022-04-23',	'2022-04-22 04:45:50',	NULL,	'2022-04-22 04:45:50'),
(1263,	'Editor adding admin task',	'<font face=\"Arial\" size=\"2\">Editor adding admin task</font>',	51,	2,	0,	'2022-04-24',	'2022-04-22 04:47:17',	NULL,	'2022-04-22 04:47:17'),
(1264,	'Editor adding admin task',	'<font face=\"Arial\" size=\"2\">Editor adding admin task</font>',	51,	2,	0,	'2022-04-23',	'2022-04-22 04:49:58',	NULL,	'2022-04-22 04:49:58'),
(1265,	'Editor adding admin task',	'<font face=\"Arial\" size=\"2\">Editor adding admin task</font>',	51,	2,	0,	'2022-04-23',	'2022-04-22 04:50:51',	NULL,	'2022-04-22 04:50:51'),
(1266,	'Admin adding individual',	'<font face=\"Arial\" size=\"2\">Admin adding editor</font>',	72,	1,	0,	'2022-04-24',	'2022-04-22 04:54:49',	NULL,	'2022-04-22 04:54:49'),
(1267,	'task by secretary',	'<font face=\"Arial\" size=\"2\">task by secretary</font>',	44,	2,	0,	'2022-04-23',	'2022-04-22 04:59:36',	NULL,	'2022-04-22 04:59:36'),
(1268,	'task creates by Secretary',	'<font face=\"Arial\" size=\"2\">task creates by Secretary</font>',	44,	2,	0,	'2022-04-24',	'2022-04-22 05:08:01',	NULL,	'2022-04-22 05:08:01'),
(1269,	'task created by Secretary',	'<font face=\"Arial\" size=\"2\">task creates by Secretary</font>',	44,	2,	0,	'2022-04-23',	'2022-04-22 05:17:29',	NULL,	'2022-04-22 05:17:29'),
(1270,	'task creates by Secretary',	'<font face=\"Arial\" size=\"2\">task creates by Secretary</font>',	44,	2,	0,	'2022-04-25',	'2022-04-22 05:20:54',	NULL,	'2022-04-22 05:20:54'),
(1271,	'member creating task',	'<font face=\"Arial\" size=\"2\">member creating task</font>',	49,	2,	0,	'2022-04-25',	'2022-04-22 05:25:34',	NULL,	'2022-04-22 05:25:34'),
(1272,	'test task',	'df<font face=\"Arial\" size=\"2\">ghdfghdfgh</font>',	50,	2,	0,	'2022-04-22',	'2022-04-22 05:30:42',	NULL,	'2022-04-22 05:30:42'),
(1273,	'test task editor',	'<font face=\"Arial\" size=\"2\">sdfgsdfgsdfg</font>',	51,	0,	0,	'2022-04-22',	'2022-04-22 05:31:44',	NULL,	'2022-04-22 05:31:44'),
(1274,	'creating task as editor',	'<font face=\"Arial\" size=\"2\">creating task as editor</font>',	51,	0,	0,	'2022-04-23',	'2022-04-22 05:33:38',	NULL,	'2022-04-22 05:33:38'),
(1275,	'test task -test',	'<font face=\"Arial\" size=\"2\">test task admin as tarun</font>',	51,	0,	0,	'2022-04-23',	'2022-04-22 05:44:10',	NULL,	'2022-04-22 05:44:10'),
(1276,	'Create task by member',	'<font face=\"Arial\" size=\"2\">Create task by member</font>',	49,	0,	0,	'2022-04-23',	'2022-04-22 05:58:28',	NULL,	'2022-04-22 05:58:28'),
(1277,	'test task one created as member',	'<font face=\"Arial\" size=\"2\">test task one created</font>',	49,	0,	0,	'2022-04-23',	'2022-04-22 06:07:15',	NULL,	'2022-04-22 06:07:15'),
(1278,	'ddd',	'<font face=\"Arial\" size=\"2\">cccccccccccc</font>',	49,	1,	0,	'2022-04-23',	'2022-04-22 06:09:43',	NULL,	'2022-04-22 06:09:43'),
(1279,	'eee',	'<font face=\"Arial\" size=\"2\">eee</font>',	49,	0,	0,	'2022-04-29',	'2022-04-22 06:11:35',	NULL,	'2022-04-22 06:11:35'),
(1280,	'test member task repeat',	'<font face=\"Arial\" size=\"2\">test member task repeat</font>',	43,	0,	0,	'2022-04-22',	'2022-04-22 06:18:04',	NULL,	'2022-04-22 06:18:04'),
(1281,	'create task as secretary',	'<font face=\"Arial\" size=\"2\">create task as secretary</font>',	44,	1,	0,	'2022-04-24',	'2022-04-22 06:25:51',	NULL,	'2022-04-22 06:25:51'),
(1282,	'create task as functionary',	'<font face=\"Arial\" size=\"2\">create task as functionary</font>',	50,	0,	0,	'2022-04-24',	'2022-04-22 06:38:50',	NULL,	'2022-04-22 06:38:50'),
(1283,	'secret task',	'<font face=\"Arial\" size=\"2\">secret</font>',	50,	0,	0,	'2022-04-23',	'2022-04-22 06:41:33',	NULL,	'2022-04-22 06:41:33'),
(1284,	'create task as editor',	'<font face=\"Arial\" size=\"2\">create task as editor</font>',	51,	0,	0,	'2022-04-24',	'2022-04-22 06:46:36',	NULL,	'2022-04-22 06:46:36'),
(1287,	'admin task for member',	'<font face=\"Arial\" size=\"2\">admin task for member</font>',	43,	0,	0,	'2022-04-29',	'2022-04-22 07:12:31',	NULL,	'2022-04-22 07:12:31'),
(1288,	'Created task as admin',	'<font face=\"Arial\" size=\"2\">Created task as admin</font>',	43,	1,	0,	'2022-04-25',	'2022-04-22 07:31:16',	NULL,	'2022-04-22 07:31:16'),
(1289,	'Adding all types of users as a group',	'<font face=\"Arial\" size=\"2\">Adding all types of users as a group</font>',	43,	0,	731,	'2022-04-20',	'2022-04-22 08:37:56',	NULL,	'2022-04-22 08:37:56'),
(1290,	'creating group task by secretary adding functionary',	'<font face=\"Arial\" size=\"2\">creating group task by secretary</font>',	44,	2,	0,	'2022-04-24',	'2022-04-22 09:20:33',	NULL,	'2022-04-22 09:20:33'),
(1291,	'functionary creating a task adding secretary',	'<font face=\"Arial\" size=\"2\">functionary creating a task adding secretary</font>',	50,	2,	0,	'2022-04-23',	'2022-04-22 09:29:50',	NULL,	'2022-04-22 09:29:50'),
(1293,	'member secretary',	'<font face=\"Arial\" size=\"2\">member secretary</font>',	50,	0,	0,	'2022-04-24',	'2022-04-22 09:32:34',	NULL,	'2022-04-22 09:32:34'),
(1294,	'member editor task',	'<font face=\"Arial\" size=\"2\">member editor task</font>',	49,	0,	0,	'2022-04-22',	'2022-04-22 09:45:31',	NULL,	'2022-04-22 09:45:31'),
(1295,	'task by yashhh',	'<font face=\"Arial\" size=\"2\">dfgsdfgsdfgsfgsdfg</font>',	49,	0,	0,	'2022-04-23',	'2022-04-22 10:04:38',	NULL,	'2022-04-22 10:04:38'),
(1296,	'creating task for group test',	'<font face=\"Arial\" size=\"2\">creating task for group test</font>',	49,	0,	731,	'2022-04-24',	'2022-04-22 10:10:10',	NULL,	'2022-04-22 10:10:10'),
(1297,	'member+sec',	'<font face=\"Arial\" size=\"2\">member+sec</font>',	49,	0,	0,	'2022-04-23',	'2022-04-22 10:25:11',	NULL,	'2022-04-22 10:25:11'),
(1298,	'create task event 1',	'<font face=\"Arial\" size=\"2\">create task event 1</font>',	72,	1,	0,	'2022-04-26',	'2022-04-25 08:02:09',	NULL,	'2022-04-25 08:02:09'),
(1299,	'admin 2 task',	'<font face=\"Arial\" size=\"2\">admin 2 task</font>',	43,	0,	731,	'2022-04-26',	'2022-04-25 08:03:59',	NULL,	'2022-04-25 08:03:59'),
(1300,	'testing of task',	'asdfadsfaf<font face=\"Arial\" size=\"2\">adsasdfadsfafadsasdfadsfafadsasdfadsfafadsasdfadsfafadsasdfadsfafadsasdfadsfafadsasdfadsfafadsasdfadsfafadsasdfadsfafadsasdfad</font>adsfafadsasdfadsfafadsasdfadsfafadsasdfadsfafadsasdfadsfafadsasdfadsfafadsasdfadsfaf',	43,	1,	735,	'2022-04-19',	'2022-04-25 08:53:46',	NULL,	'2022-04-25 08:53:46'),
(1301,	'test task',	'<font face=\"Arial\" size=\"2\">test task</font>',	72,	1,	0,	'2022-04-26',	'2022-04-25 10:13:09',	NULL,	'2022-04-25 10:13:09'),
(1302,	'task created by yash 25',	'<font face=\"Arial\" size=\"2\">sdfgsdfgfgsdfsdfgdfsg</font>',	49,	0,	0,	'2022-04-30',	'2022-04-25 10:58:06',	NULL,	'2022-04-25 10:58:06'),
(1303,	'react task ',	'<font face=\"Arial\" size=\"2\">hgjghjfghjfghjfghj</font>',	49,	1,	0,	'2022-04-30',	'2022-04-25 11:07:27',	NULL,	'2022-04-25 11:07:27'),
(1304,	'test func user auth',	'asd<font face=\"Arial\" size=\"2\">fasdfasdf</font>',	50,	2,	0,	'2022-04-30',	'2022-04-25 11:26:54',	NULL,	'2022-04-25 11:26:54'),
(1305,	'test task mob 25 for auth',	'kgxigxigxiyxoyzitz',	50,	2,	0,	'2022-04-30',	'2022-04-25 11:42:11',	NULL,	'2022-04-25 11:42:11'),
(1306,	'check dat 02',	'<font face=\"Arial\" size=\"2\">uygugjh</font>',	43,	0,	735,	'2022-05-05',	'2022-05-02 05:59:21',	NULL,	'2022-05-02 05:59:21'),
(1307,	'Neue Aufgabe',	'<font face=\"Arial\" size=\"2\">This is the test text. This is the test text. This is the test text. This is the test text. This is the test text. This is the test text. This is the test text. This is the test text. This is the test text. This is the test tex',	72,	1,	0,	'2022-05-04',	'2022-05-04 06:36:29',	NULL,	'2022-05-04 06:36:29'),
(1308,	'Task created by admin',	'<font face=\"Arial\" size=\"2\">Task created by adminn ffffffffffff</font>',	43,	0,	739,	'2022-05-05',	'2022-05-05 13:30:27',	NULL,	'2022-05-05 13:30:27'),
(1309,	'test task notify',	'<font face=\"Arial\" size=\"2\">test task notify</font>',	49,	0,	0,	'2022-05-06',	'2022-05-06 06:29:00',	NULL,	'2022-05-06 06:29:00'),
(1310,	'Test',	'<font face=\"Arial\" size=\"2\">Bitte Platz reinigen</font>',	57,	0,	697,	'2022-05-10',	'2022-05-06 09:45:46',	NULL,	'2022-05-06 09:45:46'),
(1311,	'task1',	'<font face=\"Arial\" size=\"2\">task1 done</font>',	43,	0,	750,	'2022-07-13',	'2022-07-13 09:15:50',	NULL,	'2022-07-13 09:15:50'),
(1312,	'task2',	'<font face=\"Arial\" size=\"2\">task2</font>',	43,	0,	747,	'2022-07-13',	'2022-07-13 09:18:03',	NULL,	'2022-07-13 09:18:03'),
(1313,	'task3',	'<font face=\"Arial\" size=\"2\">task3 description</font>',	43,	0,	747,	'2022-07-13',	'2022-07-13 09:19:42',	NULL,	'2022-07-13 09:19:42'),
(1314,	'dedfsds',	'<font face=\"Arial\" size=\"2\">sfsdfsdf</font>',	43,	0,	747,	'2022-07-14',	'2022-07-14 04:40:44',	NULL,	'2022-07-14 04:40:44'),
(1315,	'coding task ',	'<font face=\"Arial\" size=\"2\">this is the testing of the individual&#160; task</font>',	43,	0,	0,	'2022-07-15',	'2022-07-14 06:12:45',	NULL,	'2022-07-14 06:12:45'),
(1316,	'coding task 011',	'<font face=\"Arial\" size=\"2\">this is the testing of group task</font>',	43,	0,	735,	'2022-07-15',	'2022-07-14 06:15:04',	NULL,	'2022-07-14 06:15:04'),
(1317,	'Test task',	'Hn',	25,	1,	0,	'2022-07-14',	'2022-07-14 13:11:04',	NULL,	'2022-07-14 13:11:04'),
(1318,	'Task new',	'Test',	25,	1,	0,	'2022-07-22',	'2022-07-14 13:26:16',	NULL,	'2022-07-14 13:26:16'),
(1319,	'Task-90',	'<font face=\"Arial\" size=\"2\">task detail</font>',	72,	1,	732,	'2022-07-27',	'2022-07-15 07:02:16',	NULL,	'2022-07-15 07:02:16'),
(1320,	'angular task',	'<font face=\"Arial\" size=\"2\">gfjfhjfghjfhgj</font>',	43,	0,	0,	'2022-07-31',	'2022-07-25 06:02:42',	NULL,	'2022-07-25 06:02:42');

CREATE TABLE `team_details` (
  `id` int NOT NULL AUTO_INCREMENT,
  `team_id` int NOT NULL,
  `description` varchar(255) DEFAULT NULL,
  `History_link` varchar(255) DEFAULT NULL,
  `city` varchar(255) DEFAULT NULL,
  `country` varchar(255) DEFAULT NULL,
  `phone_number` varchar(255) DEFAULT NULL,
  `street` varchar(255) DEFAULT NULL,
  `created_at` timestamp NULL DEFAULT CURRENT_TIMESTAMP,
  `updated_at` datetime DEFAULT CURRENT_TIMESTAMP ON UPDATE CURRENT_TIMESTAMP,
  `birthday` datetime DEFAULT NULL,
  PRIMARY KEY (`id`)
) ENGINE=InnoDB DEFAULT CHARSET=utf8mb4 COLLATE=utf8mb4_0900_ai_ci;


CREATE TABLE `team_documents` (
  `id` int NOT NULL AUTO_INCREMENT,
  `created_at` timestamp NULL DEFAULT CURRENT_TIMESTAMP,
  `updated_at` datetime DEFAULT CURRENT_TIMESTAMP ON UPDATE CURRENT_TIMESTAMP,
  `team_id` int NOT NULL,
  `document_id` int NOT NULL,
  PRIMARY KEY (`id`)
) ENGINE=InnoDB DEFAULT CHARSET=utf8mb4 COLLATE=utf8mb4_0900_ai_ci;


CREATE TABLE `team_event_type` (
  `id` int NOT NULL AUTO_INCREMENT,
  `type` varchar(255) NOT NULL,
  `title` varchar(255) NOT NULL,
  `description` varchar(255) DEFAULT NULL,
  `created_at` timestamp NULL DEFAULT CURRENT_TIMESTAMP,
  `updated_at` datetime DEFAULT CURRENT_TIMESTAMP ON UPDATE CURRENT_TIMESTAMP,
  `team_id` int NOT NULL,
  PRIMARY KEY (`id`)
) ENGINE=InnoDB DEFAULT CHARSET=utf8mb4 COLLATE=utf8mb4_0900_ai_ci;


CREATE TABLE `team_events` (
  `id` int NOT NULL AUTO_INCREMENT,
  `title` varchar(255) NOT NULL,
  `description` varchar(255) DEFAULT NULL,
  `event_date` datetime NOT NULL,
  `created_at` timestamp NULL DEFAULT CURRENT_TIMESTAMP,
  `updated_at` datetime DEFAULT CURRENT_TIMESTAMP ON UPDATE CURRENT_TIMESTAMP,
  `start_date` datetime NOT NULL,
  `end_date` datetime NOT NULL,
  `team_id` int NOT NULL,
  PRIMARY KEY (`id`)
) ENGINE=InnoDB DEFAULT CHARSET=utf8mb4 COLLATE=utf8mb4_0900_ai_ci;


CREATE TABLE `teams` (
  `id` int NOT NULL AUTO_INCREMENT,
  `name` varchar(45) DEFAULT NULL,
  `fullname` varchar(45) DEFAULT NULL,
  PRIMARY KEY (`id`)
) ENGINE=InnoDB DEFAULT CHARSET=latin1;

INSERT INTO `teams` (`id`, `name`, `fullname`) VALUES
(1,	'FC Tineon',	'FC Tineon'),
(2,	'Schalke',	'Schalke 04'),
(3,	'Leipzig',	'Leipzig'),
(4,	'Sttutgart',	'Stutgart'),
(5,	'Koln',	'Koln'),
(6,	'Dortmund',	'Dortmund');

CREATE TABLE `user_details` (
  `id` int NOT NULL AUTO_INCREMENT,
  `user_id` int NOT NULL,
  `street` varchar(255) DEFAULT NULL,
  `city` varchar(255) DEFAULT NULL,
  `country` varchar(255) DEFAULT NULL,
  `house_number` int DEFAULT NULL,
  `phone` varchar(255) DEFAULT NULL,
  `birthday` date DEFAULT NULL,
  `zip_code` int DEFAULT NULL,
  `platz` varchar(255) DEFAULT NULL,
  `sharebirthday` int DEFAULT NULL,
  `bd_notification` varchar(45) DEFAULT NULL,
  `more_info` varchar(500) DEFAULT NULL,
  PRIMARY KEY (`id`)
) ENGINE=InnoDB DEFAULT CHARSET=utf8mb4 COLLATE=utf8mb4_0900_ai_ci;

INSERT INTO `user_details` (`id`, `user_id`, `street`, `city`, `country`, `house_number`, `phone`, `birthday`, `zip_code`, `platz`, `sharebirthday`, `bd_notification`, `more_info`) VALUES
(6,	16,	'',	'Saarbrücken',	'Germany',	1,	'jdd',	'1990-05-19',	66113,	'ndbd',	2,	'05-19',	'bd'),
(36,	18,	'Rruga',	'Pristina',	'Kosovo',	100,	'+3536221644',	'1990-06-08',	5000,	'1100',	1,	'06-08',	'I\'m on vacation.'),
(37,	19,	'Street',	'Berlin',	'Germany',	100,	'+491122112211',	'1990-05-20',	1000,	'Platz',	1,	'05-20',	'Heii'),
(39,	23,	'',	'Berlin oo',	'Germany',	1,	'+491122112211',	'1994-05-24',	4000,	'Platz 4',	1,	'05-24',	'Hello'),
(40,	25,	'Street Name',	'Berlin',	'Germany',	1,	'+491122112211',	'1990-07-13',	4000,	'Platz 4',	1,	'07-13',	'Hello'),
(41,	26,	'Street Name',	'Berlin',	'Germany',	1,	'+491122112211',	'1990-05-23',	4000,	'Platz 4',	1,	'05-23',	'Hello'),
(42,	27,	'Street Name',	'Berlin',	'Germany',	1,	'+491122112211',	'1990-05-24',	4000,	'Platz 4',	1,	'05-24',	'Hello'),
(43,	28,	'Hauptstraße ',	'546',	'Germany',	1,	'+491122112211',	'1990-06-09',	40,	'4',	2,	'06-09',	'floor0'),
(44,	29,	'Street Name',	'Berlin',	'Germany',	1,	'+491122112211',	'1990-05-25',	4000,	'Platz 4',	1,	'05-25',	'Hello'),
(45,	32,	'Street Name',	'Berlin',	'Germany',	1,	'+491122112211',	'1990-05-27',	4000,	'Platz 4',	1,	'05-27',	'Hello'),
(46,	33,	'Street Name',	'Berlin',	'Germany',	1,	'+491122112211',	'1990-05-28',	4000,	'Platz 4',	1,	'05-28',	'Hello'),
(47,	34,	'Street Name',	'Berlin',	'Germany',	1,	'+491122112211',	'1990-06-04',	4000,	'Platz 4',	1,	'06-04',	'Hello'),
(48,	35,	'Street Name',	'Berlin',	'Germany',	1,	'+491122112211',	'1990-06-30',	10000,	'Platz 4',	2,	'06-30',	'blabla'),
(49,	36,	'Street Name',	'Berlin',	'Germany',	1,	'+491122112211',	'1990-07-07',	10000,	'Platz 4',	1,	'07-07',	'blabla'),
(63,	500,	'user',	'user',	NULL,	NULL,	'user',	'0000-00-00',	0,	'user',	0,	'undefined-undefined',	'gggg'),
(64,	500,	'user',	'user',	NULL,	NULL,	'user',	'0000-00-00',	0,	'user',	0,	'undefined-undefined',	'gggg'),
(65,	500,	'user',	'user',	NULL,	NULL,	'user',	'1990-06-30',	0,	'user',	0,	'06-30',	'gggg'),
(66,	500,	'user',	'user',	NULL,	NULL,	'user',	'1990-06-30',	0,	'user',	0,	'06-30',	'gggg'),
(67,	500,	'user',	'user',	NULL,	NULL,	'user',	'1990-06-30',	0,	'user',	1,	'06-30',	'gggg');

CREATE TABLE `user_groups` (
  `id` int NOT NULL AUTO_INCREMENT,
  `user_id` int NOT NULL,
  `group_id` int NOT NULL,
  `approved_status` int DEFAULT NULL,
  PRIMARY KEY (`id`)
) ENGINE=InnoDB DEFAULT CHARSET=utf8mb4 COLLATE=utf8mb4_0900_ai_ci;

INSERT INTO `user_groups` (`id`, `user_id`, `group_id`, `approved_status`) VALUES
(2740,	30,	367,	0),
(2741,	29,	367,	1),
(2743,	30,	368,	0),
(2744,	29,	368,	0),
(2745,	27,	368,	0),
(2746,	28,	368,	1),
(2747,	30,	369,	0),
(2748,	29,	369,	0),
(2749,	27,	369,	0),
(2750,	28,	369,	1),
(2751,	30,	370,	0),
(2752,	29,	370,	0),
(2753,	27,	370,	0),
(2754,	28,	370,	1),
(2755,	30,	371,	0),
(2756,	29,	371,	0),
(2757,	27,	371,	0),
(2758,	28,	371,	1),
(2759,	30,	372,	0),
(2760,	29,	372,	0),
(2761,	27,	372,	0),
(2762,	28,	372,	1),
(2763,	30,	373,	0),
(2764,	29,	373,	0),
(2765,	27,	373,	0),
(2766,	28,	373,	1),
(2767,	30,	374,	0),
(2768,	29,	374,	0),
(2769,	27,	374,	0),
(2770,	28,	374,	1),
(2771,	30,	375,	0),
(2772,	29,	375,	0),
(2773,	27,	375,	0),
(2774,	28,	375,	1),
(2775,	30,	376,	0),
(2776,	29,	376,	0),
(2777,	27,	376,	0),
(2778,	28,	376,	1),
(2779,	30,	377,	0),
(2780,	29,	377,	0),
(2781,	27,	377,	0),
(2782,	28,	377,	1),
(2783,	30,	378,	0),
(2784,	29,	378,	0),
(2785,	27,	378,	0),
(2786,	28,	378,	1),
(2787,	30,	379,	0),
(2788,	29,	379,	0),
(2789,	27,	379,	0),
(2790,	28,	379,	1),
(2791,	30,	380,	0),
(2792,	29,	380,	0),
(2793,	27,	380,	0),
(2794,	28,	380,	1),
(2795,	30,	381,	0),
(2796,	29,	381,	0),
(2797,	27,	381,	0),
(2798,	28,	381,	1),
(2799,	30,	382,	0),
(2800,	29,	382,	0),
(2801,	27,	382,	0),
(2802,	28,	382,	1),
(2803,	30,	383,	0),
(2804,	29,	383,	0),
(2805,	27,	383,	0),
(2806,	28,	383,	1),
(2807,	30,	384,	0),
(2808,	29,	384,	0),
(2809,	27,	384,	0),
(2810,	28,	384,	1),
(2811,	30,	385,	0),
(2812,	29,	385,	0),
(2813,	27,	385,	0),
(2814,	28,	385,	1),
(2815,	30,	386,	0),
(2816,	29,	386,	0),
(2817,	27,	386,	0),
(2818,	28,	386,	1),
(2819,	30,	387,	0),
(2820,	29,	387,	0),
(2821,	27,	387,	0),
(2822,	28,	387,	1),
(2823,	31,	388,	0),
(2824,	30,	388,	0),
(2825,	29,	388,	0),
(2826,	28,	388,	1),
(2827,	31,	389,	0),
(2828,	30,	389,	0),
(2829,	29,	389,	0),
(2830,	28,	389,	1),
(2831,	31,	390,	0),
(2832,	30,	390,	0),
(2833,	29,	390,	0),
(2834,	28,	390,	1),
(2835,	31,	391,	0),
(2836,	30,	391,	0),
(2837,	29,	391,	0),
(2838,	28,	391,	1),
(2855,	30,	395,	1),
(2856,	31,	395,	0),
(2858,	24,	395,	0),
(2987,	31,	425,	0),
(2988,	30,	425,	0),
(3024,	29,	436,	1),
(3026,	27,	436,	1),
(3042,	18,	441,	1),
(3082,	18,	444,	0),
(3085,	19,	445,	0),
(3417,	32,	483,	0),
(3418,	27,	483,	0),
(3419,	26,	483,	0),
(3455,	32,	487,	0),
(3456,	29,	487,	0),
(3457,	27,	487,	0),
(3480,	35,	495,	0),
(3481,	28,	495,	1),
(3493,	34,	498,	1),
(3529,	35,	503,	0),
(3530,	23,	503,	1),
(3532,	36,	504,	1),
(3533,	35,	504,	0),
(3534,	23,	504,	1),
(3586,	40,	509,	1),
(3587,	36,	509,	1),
(3588,	35,	509,	0),
(3589,	34,	509,	0),
(3590,	33,	509,	0),
(3591,	32,	509,	0),
(3592,	29,	509,	0),
(3593,	26,	509,	0),
(3595,	19,	509,	0),
(3597,	27,	509,	1),
(3598,	23,	509,	1),
(3601,	40,	510,	1),
(3602,	36,	510,	1),
(3603,	33,	510,	0),
(3604,	34,	510,	0),
(3605,	35,	510,	0),
(3606,	32,	510,	0),
(3607,	29,	510,	0),
(3608,	27,	510,	1),
(3609,	26,	510,	0),
(3610,	25,	510,	1),
(3611,	23,	510,	1),
(3612,	19,	510,	0),
(3614,	18,	510,	0),
(3617,	26,	488,	0),
(3618,	27,	488,	0),
(3619,	29,	488,	0),
(3622,	40,	511,	1),
(3623,	35,	511,	0),
(3624,	34,	511,	0),
(3625,	33,	511,	0),
(3626,	36,	511,	1),
(3628,	35,	512,	0),
(3629,	34,	512,	0),
(3630,	36,	512,	1),
(3631,	25,	513,	1),
(3632,	23,	513,	0),
(3633,	28,	513,	1),
(3634,	25,	514,	1),
(3635,	23,	514,	0),
(3636,	28,	514,	1),
(3638,	23,	515,	0),
(3639,	19,	515,	0),
(3641,	28,	515,	1),
(3645,	28,	512,	1),
(3646,	28,	511,	1),
(3655,	23,	516,	1),
(3659,	23,	510,	1),
(3660,	23,	515,	1),
(3661,	23,	514,	1),
(3666,	28,	510,	1),
(3670,	28,	509,	1),
(3674,	36,	518,	1),
(3675,	23,	518,	1),
(3685,	36,	517,	1),
(3686,	28,	517,	1),
(3688,	34,	517,	0),
(3689,	29,	517,	0),
(3690,	32,	517,	0),
(3691,	33,	517,	0),
(3692,	35,	517,	0),
(3693,	27,	517,	0),
(3694,	26,	517,	0),
(3695,	25,	517,	1),
(3696,	18,	517,	0),
(3697,	19,	517,	0),
(3698,	23,	517,	1),
(3705,	29,	520,	0),
(3706,	27,	520,	1),
(3707,	36,	520,	1),
(3709,	28,	520,	1),
(3710,	23,	367,	1),
(3714,	28,	518,	1),
(3715,	28,	504,	1),
(3716,	28,	498,	1),
(3720,	40,	520,	1),
(3736,	36,	521,	1),
(3737,	23,	521,	1),
(3766,	25,	367,	1),
(3767,	25,	395,	1),
(3768,	25,	425,	1),
(3778,	26,	522,	0),
(3779,	25,	522,	1),
(3780,	25,	522,	1),
(3781,	36,	522,	1),
(3783,	25,	436,	1),
(3814,	28,	395,	1),
(3817,	28,	441,	1),
(3820,	28,	436,	1),
(3821,	28,	521,	1),
(3822,	28,	522,	1),
(3823,	28,	503,	1),
(3824,	28,	444,	1),
(3826,	28,	445,	1),
(3831,	40,	367,	1),
(3832,	40,	395,	1),
(3833,	40,	516,	1),
(3837,	40,	425,	1),
(3843,	40,	367,	1),
(3847,	44,	529,	1),
(3848,	43,	529,	1),
(3849,	40,	529,	1),
(3871,	0,	539,	NULL),
(3872,	0,	539,	NULL),
(3880,	48,	395,	1),
(3884,	47,	529,	1),
(3892,	43,	367,	1),
(3934,	25,	441,	1),
(3935,	25,	504,	1),
(3951,	18,	545,	0),
(3952,	19,	545,	0),
(3959,	44,	525,	1),
(3960,	42,	525,	0),
(3961,	35,	525,	0),
(3962,	36,	525,	1),
(3963,	28,	525,	1),
(3971,	0,	546,	NULL),
(3972,	0,	546,	NULL),
(3973,	0,	546,	NULL),
(3974,	0,	547,	NULL),
(3975,	0,	547,	NULL),
(3976,	0,	547,	NULL),
(3977,	1,	548,	1),
(3978,	2,	548,	0),
(3979,	28,	529,	1),
(3987,	48,	551,	1),
(3988,	44,	551,	1),
(3989,	47,	551,	0),
(3990,	43,	551,	1),
(3991,	42,	551,	0),
(3992,	40,	551,	0),
(3994,	28,	551,	1),
(3995,	28,	483,	1),
(4030,	28,	516,	1),
(4031,	28,	425,	1),
(4032,	28,	367,	1),
(4034,	47,	554,	0),
(4035,	46,	554,	1),
(4036,	42,	554,	0),
(4038,	35,	554,	0),
(4039,	34,	554,	0),
(4040,	33,	554,	0),
(4042,	28,	554,	1),
(4043,	0,	555,	NULL),
(4044,	0,	555,	NULL),
(4045,	0,	556,	NULL),
(4046,	0,	556,	NULL),
(4047,	48,	557,	1),
(4048,	47,	557,	1),
(4050,	44,	557,	1),
(4051,	0,	558,	NULL),
(4052,	0,	558,	NULL),
(4053,	0,	558,	NULL),
(4054,	0,	558,	NULL),
(4055,	0,	559,	NULL),
(4056,	0,	559,	NULL),
(4057,	0,	559,	NULL),
(4064,	35,	417,	0),
(4065,	26,	417,	0),
(4066,	32,	417,	0),
(4067,	33,	417,	0),
(4068,	40,	417,	1),
(4069,	27,	417,	0),
(4070,	28,	417,	1),
(4071,	34,	417,	0),
(4072,	25,	417,	1),
(4083,	40,	562,	1),
(4084,	36,	562,	1),
(4085,	35,	562,	0),
(4086,	44,	562,	1),
(4087,	34,	562,	0),
(4088,	33,	562,	0),
(4089,	48,	562,	1),
(4090,	47,	562,	1),
(4092,	43,	562,	1),
(4094,	28,	562,	1),
(4123,	36,	562,	1),
(4170,	28,	559,	1),
(4172,	0,	570,	NULL),
(4173,	0,	570,	NULL),
(4174,	0,	571,	NULL),
(4175,	0,	572,	NULL),
(4176,	0,	572,	NULL),
(4177,	0,	572,	NULL),
(4178,	43,	395,	1),
(4179,	0,	573,	NULL),
(4180,	0,	573,	NULL),
(4181,	0,	574,	NULL),
(4182,	0,	574,	NULL),
(4183,	0,	575,	NULL),
(4184,	28,	575,	1),
(4185,	0,	576,	NULL),
(4186,	0,	576,	NULL),
(4187,	0,	577,	NULL),
(4193,	28,	576,	1),
(4194,	0,	580,	NULL),
(4195,	0,	581,	NULL),
(4196,	0,	581,	NULL),
(4197,	0,	582,	NULL),
(4198,	0,	582,	NULL),
(4199,	0,	582,	NULL),
(4201,	44,	583,	0),
(4202,	40,	583,	0),
(4203,	43,	583,	1),
(4204,	0,	584,	NULL),
(4205,	0,	584,	NULL),
(4206,	0,	584,	NULL),
(4207,	0,	584,	NULL),
(4208,	0,	585,	NULL),
(4209,	0,	585,	NULL),
(4210,	0,	585,	NULL),
(4211,	0,	585,	NULL),
(4212,	0,	586,	NULL),
(4213,	0,	586,	NULL),
(4214,	0,	586,	NULL),
(4215,	0,	587,	NULL),
(4216,	0,	587,	NULL),
(4217,	0,	587,	NULL),
(4218,	0,	588,	NULL),
(4219,	0,	588,	NULL),
(4220,	0,	588,	NULL),
(4221,	44,	589,	1),
(4222,	40,	589,	1),
(4223,	43,	589,	1),
(4227,	40,	593,	0),
(4228,	44,	593,	0),
(4229,	43,	593,	1),
(4247,	34,	598,	0),
(4248,	19,	598,	0),
(4249,	25,	598,	1),
(4251,	43,	598,	1),
(4252,	46,	599,	1),
(4253,	47,	599,	0),
(4254,	44,	599,	0),
(4255,	43,	599,	1),
(4256,	42,	599,	0),
(4257,	48,	599,	1),
(4258,	28,	598,	1),
(4259,	42,	595,	0),
(4260,	43,	595,	1),
(4261,	40,	595,	0),
(4262,	47,	595,	1),
(4263,	36,	595,	1),
(4264,	48,	595,	1),
(4265,	25,	595,	1),
(4282,	28,	599,	1),
(4289,	48,	604,	0),
(4290,	47,	604,	0),
(4291,	44,	604,	0),
(4292,	43,	604,	1),
(4297,	45,	606,	0),
(4298,	44,	606,	0),
(4299,	40,	606,	0),
(4300,	43,	606,	1),
(4301,	47,	607,	0),
(4302,	45,	607,	0),
(4303,	44,	607,	0),
(4304,	40,	607,	0),
(4305,	43,	607,	1),
(4310,	48,	608,	0),
(4311,	47,	608,	0),
(4312,	46,	608,	1),
(4313,	45,	608,	0),
(4314,	43,	608,	1),
(4316,	43,	609,	1),
(4320,	40,	592,	0),
(4321,	44,	592,	0),
(4322,	43,	592,	1),
(4337,	35,	500,	0),
(4338,	34,	500,	0),
(4339,	28,	500,	1),
(4340,	33,	500,	1),
(4341,	27,	452,	0),
(4342,	26,	452,	0),
(4344,	32,	452,	0),
(4345,	19,	452,	0),
(4346,	18,	452,	0),
(4347,	43,	452,	1),
(4349,	33,	452,	1),
(4351,	27,	458,	1),
(4352,	25,	458,	1),
(4353,	28,	458,	1),
(4354,	32,	434,	0),
(4355,	27,	434,	0),
(4356,	25,	434,	1),
(4357,	28,	434,	1),
(4358,	44,	434,	1),
(4359,	33,	434,	1),
(4366,	25,	603,	1),
(4367,	48,	603,	1),
(4368,	34,	603,	0),
(4386,	34,	614,	0),
(4387,	25,	614,	1),
(4388,	28,	614,	1),
(4394,	43,	615,	1),
(4397,	28,	615,	1),
(4419,	52,	616,	0),
(4420,	50,	616,	1),
(4421,	51,	616,	0),
(4422,	43,	616,	1),
(4423,	28,	616,	1),
(4424,	28,	616,	1),
(4426,	28,	555,	1),
(4428,	28,	608,	1),
(4429,	28,	609,	1),
(4430,	28,	604,	1),
(4445,	44,	611,	0),
(4447,	43,	611,	1),
(4448,	44,	528,	0),
(4449,	40,	528,	0),
(4451,	43,	528,	1),
(4452,	50,	612,	0),
(4453,	51,	612,	0),
(4455,	52,	612,	0),
(4457,	34,	612,	0),
(4458,	48,	612,	0),
(4459,	43,	612,	1),
(4460,	54,	619,	0),
(4461,	44,	619,	1),
(4462,	42,	619,	0),
(4463,	40,	619,	1),
(4464,	43,	619,	1),
(4486,	36,	527,	1),
(4487,	42,	527,	0),
(4488,	54,	527,	0),
(4489,	28,	527,	1),
(4491,	54,	619,	1),
(4494,	16,	619,	1),
(4498,	25,	618,	1),
(4499,	54,	618,	0),
(4500,	33,	618,	0),
(4501,	28,	618,	1),
(4503,	54,	621,	0),
(4504,	33,	621,	0),
(4505,	27,	621,	0),
(4506,	32,	621,	0),
(4507,	46,	621,	1),
(4508,	54,	620,	0),
(4509,	48,	620,	0),
(4510,	47,	620,	0),
(4511,	46,	620,	1),
(4512,	45,	620,	0),
(4513,	42,	620,	0),
(4514,	27,	620,	0),
(4515,	26,	620,	0),
(4516,	19,	620,	0),
(4517,	25,	620,	1),
(4518,	44,	620,	0),
(4520,	43,	620,	1),
(4534,	54,	623,	0),
(4536,	52,	623,	0),
(4537,	43,	623,	1),
(4538,	54,	623,	0),
(4540,	52,	623,	0),
(4541,	27,	623,	0),
(4542,	26,	623,	0),
(4543,	25,	623,	1),
(4544,	42,	623,	0),
(4545,	44,	623,	0),
(4546,	43,	623,	1),
(4547,	54,	623,	0),
(4549,	52,	623,	0),
(4550,	27,	623,	0),
(4551,	26,	623,	0),
(4552,	25,	623,	1),
(4553,	42,	623,	0),
(4554,	44,	623,	0),
(4555,	43,	623,	1),
(4556,	54,	622,	0),
(4557,	53,	622,	1),
(4558,	52,	622,	0),
(4559,	54,	622,	0),
(4560,	53,	622,	1),
(4561,	52,	622,	0),
(4562,	27,	622,	0),
(4563,	26,	622,	0),
(4564,	25,	622,	1),
(4565,	42,	622,	0),
(4566,	44,	622,	0),
(4567,	43,	622,	1),
(4568,	54,	624,	0),
(4569,	44,	624,	0),
(4570,	43,	624,	1),
(4571,	43,	516,	1),
(4580,	54,	617,	0),
(4581,	52,	617,	0),
(4582,	51,	617,	0),
(4583,	50,	617,	0),
(4584,	25,	617,	1),
(4585,	28,	617,	1),
(4586,	54,	617,	0),
(4587,	43,	617,	1),
(4588,	54,	625,	0),
(4589,	53,	625,	1),
(4590,	52,	625,	0),
(4591,	43,	625,	1),
(4592,	54,	625,	0),
(4593,	53,	625,	1),
(4594,	52,	625,	0),
(4595,	54,	625,	0),
(4596,	53,	625,	1),
(4597,	52,	625,	0),
(4598,	51,	625,	0),
(4599,	43,	625,	1),
(4600,	53,	613,	1),
(4601,	51,	613,	0),
(4602,	52,	613,	0),
(4603,	48,	613,	0),
(4604,	28,	613,	1),
(4605,	45,	613,	0),
(4606,	43,	613,	1),
(4684,	50,	626,	0),
(4685,	49,	626,	0),
(4686,	45,	626,	0),
(4687,	44,	626,	0),
(4688,	51,	626,	0),
(4689,	43,	626,	1),
(4690,	51,	627,	0),
(4691,	50,	627,	0),
(4692,	49,	627,	0),
(4693,	45,	627,	0),
(4694,	43,	627,	1),
(4714,	50,	628,	0),
(4715,	49,	628,	0),
(4716,	51,	628,	0),
(4717,	45,	628,	0),
(4718,	43,	628,	1),
(4719,	51,	630,	0),
(4720,	43,	630,	1),
(4735,	40,	632,	0),
(4736,	44,	632,	1),
(4737,	43,	632,	1),
(4739,	43,	621,	1),
(4740,	43,	556,	1),
(4743,	40,	633,	1),
(4744,	49,	633,	1),
(4745,	43,	633,	1),
(4764,	54,	635,	0),
(4765,	43,	635,	1),
(4770,	48,	594,	0),
(4771,	25,	594,	1),
(4772,	36,	594,	0),
(4773,	43,	594,	1),
(4787,	54,	636,	0),
(4788,	49,	636,	0),
(4789,	43,	636,	1),
(4792,	50,	638,	1),
(4793,	49,	638,	1),
(4794,	43,	638,	1),
(4795,	43,	618,	1),
(4797,	45,	639,	0),
(4798,	50,	639,	0),
(4799,	51,	639,	1),
(4800,	50,	640,	0),
(4801,	51,	640,	1),
(4802,	51,	641,	0),
(4803,	50,	641,	1),
(4804,	49,	641,	1),
(4815,	51,	645,	0),
(4816,	50,	645,	1),
(4817,	49,	645,	0),
(4818,	43,	645,	1),
(4819,	50,	646,	0),
(4820,	49,	646,	0),
(4821,	44,	646,	0),
(4822,	43,	646,	1),
(4823,	50,	647,	0),
(4824,	43,	647,	1),
(4825,	49,	648,	0),
(4826,	50,	648,	0),
(4827,	43,	648,	1),
(4828,	56,	649,	0),
(4829,	55,	649,	0),
(4836,	56,	651,	0),
(4837,	55,	651,	0),
(4839,	55,	652,	0),
(4840,	54,	652,	0),
(4842,	43,	652,	1),
(4843,	56,	653,	0),
(4844,	55,	653,	0),
(4845,	54,	653,	0),
(4846,	53,	653,	1),
(4847,	43,	653,	1),
(4852,	28,	653,	1),
(4853,	28,	651,	1),
(4855,	52,	655,	0),
(4856,	43,	655,	1),
(4857,	43,	651,	1),
(4858,	51,	656,	0),
(4859,	50,	656,	0),
(4860,	43,	656,	1),
(4861,	50,	657,	0),
(4862,	51,	657,	1),
(4863,	43,	657,	1),
(4864,	50,	657,	0),
(4865,	51,	657,	1),
(4866,	51,	657,	1),
(4867,	50,	657,	0),
(4868,	43,	657,	1),
(4869,	51,	658,	0),
(4870,	50,	658,	1),
(4871,	43,	658,	1),
(4872,	51,	659,	0),
(4873,	50,	659,	0),
(4874,	43,	659,	1),
(4875,	51,	660,	0),
(4876,	50,	660,	0),
(4877,	43,	660,	1),
(4878,	51,	661,	0),
(4879,	50,	661,	0),
(4880,	43,	661,	1),
(4881,	51,	661,	0),
(4882,	50,	661,	0),
(4883,	43,	661,	1),
(4885,	51,	663,	0),
(4886,	50,	663,	0),
(4888,	51,	664,	0),
(4889,	43,	664,	1),
(4893,	51,	665,	0),
(4894,	50,	665,	1),
(4895,	45,	665,	0),
(4896,	43,	665,	1),
(4897,	50,	665,	1),
(4900,	44,	569,	0),
(4901,	49,	569,	0),
(4902,	43,	569,	1),
(4904,	40,	596,	0),
(4905,	48,	596,	0),
(4906,	28,	596,	1),
(4907,	44,	596,	1),
(4908,	49,	666,	0),
(4909,	45,	666,	0),
(4910,	44,	666,	0),
(4911,	50,	666,	1),
(4912,	49,	667,	0),
(4913,	45,	667,	0),
(4914,	44,	667,	0),
(4915,	50,	667,	1),
(4916,	50,	668,	0),
(4917,	51,	668,	0),
(4918,	49,	668,	0),
(4919,	43,	668,	1),
(4920,	51,	669,	0),
(4921,	49,	669,	0),
(4922,	50,	669,	1),
(4923,	51,	670,	1),
(4924,	50,	670,	0),
(4925,	49,	670,	0),
(4926,	43,	670,	1),
(4927,	50,	671,	0),
(4928,	49,	671,	0),
(4929,	45,	671,	0),
(4930,	44,	671,	0),
(4931,	40,	671,	0),
(4932,	43,	671,	1),
(4934,	28,	672,	1),
(4935,	25,	672,	1),
(4936,	25,	673,	1),
(4942,	28,	673,	1),
(4955,	57,	679,	1),
(4956,	35,	680,	0),
(4957,	25,	680,	0),
(4958,	34,	680,	0),
(4959,	54,	680,	0),
(4960,	48,	680,	0),
(4962,	49,	678,	0),
(4963,	50,	678,	0),
(4964,	51,	678,	0),
(4965,	43,	678,	1),
(4988,	25,	681,	1),
(4989,	28,	681,	1),
(4990,	50,	686,	0),
(4991,	55,	686,	0),
(4992,	49,	686,	0),
(4993,	48,	686,	0),
(4994,	51,	686,	1),
(4995,	56,	686,	0),
(4996,	54,	686,	0),
(4997,	52,	686,	0),
(4999,	47,	686,	0),
(5000,	28,	686,	1),
(5007,	51,	688,	0),
(5008,	50,	688,	0),
(5009,	49,	688,	0),
(5010,	44,	688,	1),
(5011,	51,	689,	1),
(5012,	50,	689,	0),
(5013,	49,	689,	0),
(5014,	43,	689,	1),
(5015,	51,	690,	0),
(5016,	50,	690,	0),
(5017,	49,	690,	0),
(5018,	44,	690,	1),
(5019,	51,	691,	0),
(5020,	49,	691,	0),
(5021,	50,	691,	0),
(5022,	44,	691,	1),
(5023,	51,	692,	1),
(5024,	50,	692,	0),
(5025,	49,	692,	0),
(5026,	44,	692,	1),
(5027,	51,	692,	1),
(5028,	50,	692,	0),
(5029,	49,	692,	0),
(5030,	44,	692,	1),
(5074,	49,	695,	1),
(5075,	48,	695,	0),
(5076,	43,	695,	1),
(5101,	43,	614,	1),
(5103,	57,	697,	1),
(5104,	57,	698,	1),
(5105,	55,	699,	0),
(5106,	54,	699,	0),
(5107,	53,	699,	0),
(5108,	51,	699,	1),
(5109,	50,	699,	0),
(5110,	49,	699,	0),
(5111,	47,	699,	0),
(5112,	48,	699,	0),
(5113,	46,	699,	0),
(5114,	45,	699,	0),
(5115,	44,	699,	1),
(5116,	42,	699,	0),
(5117,	40,	699,	0),
(5118,	36,	699,	0),
(5119,	35,	699,	0),
(5120,	26,	699,	0),
(5121,	27,	699,	0),
(5122,	16,	699,	0),
(5123,	43,	699,	1),
(5125,	50,	700,	0),
(5127,	45,	700,	0),
(5128,	44,	700,	1),
(5129,	40,	700,	0),
(5130,	33,	700,	0),
(5131,	54,	700,	0),
(5134,	49,	700,	1),
(5137,	51,	700,	1),
(5153,	54,	702,	0),
(5154,	51,	702,	0),
(5155,	49,	702,	0),
(5156,	45,	702,	0),
(5158,	43,	702,	1),
(5159,	40,	702,	0),
(5160,	33,	702,	0),
(5161,	50,	702,	1),
(5162,	43,	702,	1),
(5164,	44,	702,	1),
(5166,	50,	703,	1),
(5167,	49,	703,	0),
(5168,	45,	703,	0),
(5169,	44,	703,	0),
(5170,	40,	703,	0),
(5171,	43,	703,	1),
(5176,	51,	704,	0),
(5177,	50,	704,	0),
(5179,	44,	704,	1),
(5180,	40,	704,	0),
(5181,	43,	704,	1),
(5183,	49,	704,	1),
(5184,	50,	703,	1),
(5186,	51,	705,	0),
(5187,	50,	705,	0),
(5188,	49,	705,	0),
(5189,	45,	705,	0),
(5191,	43,	705,	1),
(5193,	51,	706,	0),
(5194,	50,	706,	0),
(5195,	49,	706,	0),
(5196,	45,	706,	0),
(5197,	44,	706,	0),
(5198,	43,	706,	1),
(5199,	50,	707,	0),
(5200,	51,	707,	0),
(5201,	49,	707,	0),
(5202,	45,	707,	0),
(5203,	43,	707,	0),
(5204,	44,	707,	1),
(5205,	50,	708,	0),
(5206,	49,	708,	0),
(5207,	43,	708,	1),
(5211,	49,	710,	0),
(5212,	50,	710,	0),
(5213,	43,	710,	1),
(5214,	49,	711,	0),
(5215,	50,	711,	0),
(5216,	43,	711,	1),
(5217,	49,	712,	0),
(5218,	44,	712,	0),
(5219,	43,	712,	1),
(5220,	67,	713,	0),
(5221,	65,	713,	0),
(5222,	64,	713,	0),
(5223,	63,	713,	0),
(5225,	43,	713,	1),
(5226,	43,	707,	1),
(5237,	68,	714,	0),
(5238,	67,	714,	0),
(5239,	65,	714,	0),
(5240,	64,	714,	0),
(5241,	43,	714,	1),
(5242,	50,	715,	0),
(5243,	49,	715,	0),
(5244,	51,	715,	0),
(5245,	44,	715,	0),
(5246,	45,	715,	0),
(5247,	43,	715,	1),
(5248,	68,	716,	0),
(5249,	43,	716,	1),
(5250,	68,	717,	0),
(5251,	67,	717,	0),
(5252,	65,	717,	0),
(5253,	64,	717,	0),
(5254,	43,	717,	1),
(5259,	68,	709,	0),
(5260,	67,	709,	0),
(5261,	65,	709,	0),
(5262,	43,	709,	1),
(5263,	68,	718,	0),
(5264,	67,	718,	0),
(5265,	43,	718,	1),
(5266,	68,	719,	0),
(5267,	67,	719,	0),
(5268,	65,	719,	0),
(5269,	43,	719,	1),
(5270,	67,	720,	0),
(5271,	65,	720,	0),
(5272,	43,	720,	1),
(5301,	68,	701,	0),
(5302,	67,	701,	0),
(5303,	26,	701,	0),
(5304,	27,	701,	0),
(5305,	25,	701,	0),
(5306,	19,	701,	0),
(5307,	43,	701,	1),
(5312,	68,	722,	0),
(5313,	67,	722,	0),
(5314,	65,	722,	0),
(5315,	43,	722,	1),
(5319,	68,	721,	0),
(5322,	43,	700,	1),
(5323,	67,	723,	0),
(5324,	68,	723,	0),
(5325,	65,	723,	0),
(5326,	43,	723,	1),
(5329,	43,	721,	1),
(5336,	54,	696,	0),
(5337,	55,	696,	0),
(5338,	67,	696,	0),
(5339,	43,	696,	1),
(5342,	43,	691,	1),
(5343,	68,	725,	0),
(5344,	67,	725,	0),
(5345,	65,	725,	0),
(5346,	54,	725,	0),
(5347,	35,	725,	0),
(5348,	33,	725,	0),
(5349,	43,	725,	1),
(5365,	68,	726,	0),
(5366,	54,	726,	0),
(5367,	35,	726,	0),
(5368,	33,	726,	0),
(5369,	43,	726,	1),
(5370,	49,	727,	0),
(5371,	50,	727,	1),
(5372,	51,	727,	0),
(5373,	43,	727,	1),
(5382,	54,	728,	0),
(5383,	53,	728,	0),
(5384,	51,	728,	0),
(5385,	43,	728,	1),
(5386,	43,	692,	1),
(5387,	43,	690,	1),
(5392,	49,	729,	0),
(5393,	50,	729,	1),
(5394,	43,	729,	1),
(5396,	71,	730,	1),
(5397,	69,	730,	0),
(5398,	66,	730,	0),
(5399,	70,	730,	1),
(5401,	72,	730,	1),
(5405,	55,	687,	0),
(5406,	28,	687,	0),
(5407,	43,	687,	1),
(5413,	54,	682,	0),
(5414,	55,	682,	0),
(5415,	53,	682,	0),
(5416,	28,	682,	0),
(5417,	43,	682,	1),
(5418,	44,	731,	1),
(5419,	49,	731,	1),
(5420,	50,	731,	1),
(5421,	51,	731,	1),
(5422,	43,	731,	1),
(5428,	51,	733,	0),
(5429,	44,	733,	0),
(5430,	50,	733,	1),
(5431,	50,	734,	0),
(5432,	44,	734,	1),
(5433,	43,	734,	1),
(5434,	51,	735,	0),
(5435,	44,	735,	1),
(5442,	43,	681,	1),
(5458,	51,	736,	0),
(5459,	49,	736,	0),
(5460,	44,	736,	0),
(5461,	50,	736,	0),
(5463,	43,	736,	1),
(5465,	43,	735,	1),
(5467,	43,	673,	1),
(5469,	51,	737,	0),
(5470,	50,	737,	0),
(5471,	49,	737,	0),
(5472,	45,	737,	0),
(5473,	44,	737,	0),
(5474,	40,	737,	0),
(5475,	43,	737,	1),
(5476,	50,	738,	0),
(5477,	51,	738,	0),
(5478,	43,	738,	1),
(5479,	51,	739,	0),
(5480,	43,	739,	1),
(5482,	43,	686,	1),
(5500,	51,	740,	1),
(5501,	50,	740,	1),
(5502,	43,	740,	1),
(5503,	43,	680,	1),
(5508,	43,	672,	1),
(5509,	43,	667,	1),
(5510,	51,	741,	0),
(5511,	49,	741,	1),
(5512,	44,	741,	1),
(5513,	71,	732,	0),
(5514,	66,	732,	0),
(5515,	70,	732,	1),
(5516,	69,	732,	0),
(5517,	72,	732,	1),
(5518,	50,	742,	0),
(5519,	51,	742,	0),
(5520,	49,	742,	0),
(5521,	44,	742,	0),
(5522,	43,	742,	1),
(5523,	45,	743,	0),
(5524,	44,	743,	1),
(5525,	40,	743,	0),
(5526,	43,	743,	1),
(5531,	44,	744,	1),
(5532,	40,	744,	0),
(5533,	33,	744,	0),
(5534,	50,	744,	1),
(5535,	43,	744,	1),
(5536,	43,	741,	1),
(5537,	43,	745,	1),
(5538,	44,	745,	0),
(5539,	49,	745,	0),
(5540,	50,	745,	1),
(5541,	50,	746,	1),
(5542,	49,	746,	1),
(5543,	43,	746,	1),
(5548,	68,	747,	0),
(5549,	67,	747,	0),
(5551,	68,	748,	0),
(5552,	49,	748,	0),
(5553,	50,	748,	0),
(5559,	68,	750,	0),
(5560,	67,	750,	0),
(5561,	43,	750,	1),
(5562,	43,	747,	1),
(5565,	43,	666,	1),
(5567,	43,	639,	1),
(5568,	43,	663,	1),
(5573,	43,	748,	1),
(5574,	44,	751,	1),
(5575,	49,	751,	0),
(5576,	43,	751,	1),
(5585,	70,	753,	0),
(5586,	71,	753,	0),
(5587,	72,	753,	1),
(5588,	43,	669,	1),
(5589,	50,	754,	1),
(5590,	51,	754,	0),
(5591,	43,	754,	1),
(5592,	44,	755,	1),
(5593,	50,	755,	0),
(5594,	51,	755,	0),
(5595,	43,	755,	1),
(5604,	51,	756,	0),
(5605,	50,	756,	0),
(5606,	49,	756,	0),
(5607,	43,	756,	1),
(5622,	55,	650,	0),
(5623,	54,	650,	0),
(5624,	51,	650,	0),
(5625,	28,	650,	0),
(5626,	43,	650,	1),
(5632,	72,	759,	1),
(5633,	71,	759,	0),
(5634,	69,	759,	0),
(5635,	70,	759,	1);

-- 2022-08-25 08:27:36
