[encoded data, 88402 characters]','2023-08-07 05:44:22',NULL),
(10,15,'[encoded data, 46336 characters]','2023-08-07 05:44:22',NULL),
(11,14,'[encoded data, 45348 characters]','2023-08-07 05:44:22',NULL);

--
-- Table structure for table `team_details`
--

CREATE TABLE `team_details` (
  `id` int(10) unsigned NOT NULL AUTO_INCREMENT,
  `team_id` int(11) NOT NULL,
  `description` text DEFAULT NULL,
  `History_link` varchar(255) DEFAULT NULL,
  `city` varchar(255) DEFAULT NULL,
  `country` varchar(255) DEFAULT NULL,
  `phone_number` varchar(255) DEFAULT NULL,
  `street` varchar(255) DEFAULT NULL,
  `created_at` timestamp NOT NULL DEFAULT current_timestamp(),
  `updated_at` datetime DEFAULT current_timestamp(),
  `birthday` datetime DEFAULT NULL,
  PRIMARY KEY (`id`)
) ENGINE=InnoDB DEFAULT CHARSET=utf8mb4;

--
-- Dumping data for table `team_details`
--


--
-- Table structure for table `team_documents`
--

CREATE TABLE `team_documents` (
  `id` int(10) unsigned NOT NULL AUTO_INCREMENT,
  `created_at` timestamp NOT NULL DEFAULT current_timestamp(),
  `updated_at` datetime DEFAULT current_timestamp(),
  `team_id` int(11) NOT NULL,
  `document_id` int(11) NOT NULL,
  PRIMARY KEY (`id`)
) ENGINE=InnoDB DEFAULT CHARSET=utf8mb4;

--
-- Dumping data for table `team_documents`
--


--
-- Table structure for table `team_event_type`
--

CREATE TABLE `team_event_type` (
  `id` int(10) unsigned NOT NULL AUTO_INCREMENT,
  `type` varchar(255) NOT NULL,
  `title` varchar(255) NOT NULL,
  `description` text DEFAULT NULL,
  `created_at` timestamp NOT NULL DEFAULT current_timestamp(),
  `updated_at` datetime DEFAULT current_timestamp(),
  `team_id` int(11) NOT NULL,
  PRIMARY KEY (`id`)
) ENGINE=InnoDB DEFAULT CHARSET=utf8mb4;

--
-- Dumping data for table `team_event_type`
--


--
-- Table structure for table `team_events`
--

CREATE TABLE `team_events` (
  `id` int(10) unsigned NOT NULL AUTO_INCREMENT,
  `title` varchar(255) NOT NULL,
  `description` text DEFAULT NULL,
  `event_date` datetime NOT NULL,
  `created_at` timestamp NOT NULL DEFAULT current_timestamp(),
  `updated_at` datetime DEFAULT current_timestamp(),
  `start_date` datetime NOT NULL,
  `end_date` datetime NOT NULL,
  `team_id` int(11) NOT NULL,
  PRIMARY KEY (`id`)
) ENGINE=InnoDB DEFAULT CHARSET=utf8mb4;

--
-- Dumping data for table `team_events`
--


--
-- Table structure for table `teams`
--

CREATE TABLE `teams` (
  `id` int(10) unsigned NOT NULL AUTO_INCREMENT,
  `name` varchar(155) DEFAULT NULL,
  `fullname` varchar(155) DEFAULT NULL,
  PRIMARY KEY (`id`)
) ENGINE=InnoDB DEFAULT CHARSET=utf8mb4;

--
-- Dumping data for table `teams`
--


--
-- Table structure for table `user_details`
--

CREATE TABLE `user_details` (
  `id` int(10) unsigned NOT NULL AUTO_INCREMENT,
  `user_id` int(11) NOT NULL,
  `street` varchar(255) DEFAULT NULL,
  `city` varchar(255) DEFAULT NULL,
  `country` varchar(255) DEFAULT NULL,
  `house_number` int(11) DEFAULT NULL,
  `phone` varchar(255) DEFAULT NULL,
  `birthday` date DEFAULT NULL,
  `zip_code` int(11) DEFAULT NULL,
  `platz` varchar(255) DEFAULT NULL,
  `sharebirthday` int(11) DEFAULT NULL,
  `bd_notification` varchar(45) DEFAULT NULL,
  `more_info` varchar(500) DEFAULT NULL,
  PRIMARY KEY (`id`)
) ENGINE=InnoDB DEFAULT CHARSET=utf8mb4;

--
-- Dumping data for table `user_details`
--


--
-- Table structure for table `user_groups`
--

CREATE TABLE `user_groups` (
  `id` int(10) unsigned NOT NULL AUTO_INCREMENT,
  `user_id` int(11) DEFAULT NULL,
  `group_id` int(11) DEFAULT NULL,
  `approved_status` int(11) DEFAULT NULL,
  `read_status` int(11) NOT NULL DEFAULT 1,
  `group_updated_status` int(11) NOT NULL DEFAULT 0,
  PRIMARY KEY (`id`)
) ENGINE=InnoDB AUTO_INCREMENT=86 DEFAULT CHARSET=utf8mb4;

--
-- Dumping data for table `user_groups`
--

INSERT INTO `user_groups` VALUES
(3,2,2,0,1,0),
(4,1,2,1,1,0),
(7,2,3,0,1,0),
(9,1,3,1,1,0),
(14,4,3,1,1,0),
(17,6,3,1,1,0),
(23,1,6,1,1,0),
(24,6,6,1,1,0),
(25,8,6,1,1,0),
(26,9,6,1,1,0),
(27,7,6,1,1,0),
(28,4,6,1,1,0),
(29,9,7,0,1,0),
(30,8,7,0,1,0),
(31,1,7,1,1,0),
(32,7,7,0,1,0),
(33,6,7,0,1,0),
(34,4,7,1,1,0),
(35,6,8,0,1,0),
(36,7,8,0,1,0),
(37,8,8,0,1,0),
(38,9,8,0,1,0),
(39,1,8,1,1,0),
(48,4,4,0,1,0),
(49,1,4,1,1,0),
(50,4,4,0,1,0),
(51,6,4,0,1,0),
(58,7,11,1,1,0),
(59,8,11,1,1,0),
(61,7,12,0,1,1),
(62,6,12,0,1,1),
(64,9,12,1,1,1),
(65,1,11,1,1,0),
(67,32,13,1,1,1),
(69,32,14,1,1,0),
(70,9,15,1,1,0),
(71,8,15,1,1,0),
(72,7,15,0,1,0),
(73,1,15,1,1,0),
(74,34,16,1,1,0),
(75,33,16,1,1,0),
(76,34,17,0,1,0),
(77,33,17,1,1,0),
(80,19,14,0,1,0);

--
-- Table structure for table `users`
--

CREATE TABLE `users` (
  `id` int(10) unsigned NOT NULL AUTO_INCREMENT,
  `keycloak_id` longtext DEFAULT NULL,
  `username` varchar(155) DEFAULT NULL,
  `password` varchar(155) DEFAULT NULL,
  `firstname` varchar(155) DEFAULT NULL,
  `lastname` varchar(155) DEFAULT NULL,
  `team_id` varchar(155) DEFAULT NULL,
  `database_id` int(11) DEFAULT NULL,
  `clubName` varchar(255) DEFAULT NULL,
  `bd_notification` varchar(155) DEFAULT NULL,
  `role` varchar(155) DEFAULT NULL,
  `email` varchar(155) DEFAULT NULL,
  `share_birthday` tinyint(4) DEFAULT 1,
  `allowAdvertis` int(11) NOT NULL DEFAULT 0 COMMENT '0 -> show advertisement, 1-> No advertisement',
  `headlineOption` int(11) NOT NULL DEFAULT 0 COMMENT '0 -> Standard, 1 -> Unternehmen',
  `member_id` varchar(255) DEFAULT NULL,
  `qrcode_url` varchar(500) DEFAULT NULL,
  `old_keyclock_id` longtext DEFAULT NULL,
  `created_at` timestamp NOT NULL DEFAULT current_timestamp(),
  PRIMARY KEY (`id`)
) ENGINE=InnoDB AUTO_INCREMENT=46 DEFAULT CHARSET=utf8mb4;

--
-- Dumping data for table `users`
--

INSERT INTO `users` VALUES
(1,'32075938-e3fc-48aa-b114-e5d13cf8601d','helge',NULL,'Helge-Frank','Zimpel','141',21,'FC Tineon DEVELOPMENT','2020-09-09','admin','info@helge-zimpel.de',1,0,0,'17147','https://minio.staging.verein.cloud/tineon/Leipzig/2022/December/Images/696311f0-c372-45bd-a0e5-9a2eb34c0c24.png','2ac7c84b-079e-4980-8bd8-0f0fee692f59','2022-09-26 08:24:29'),
(2,'9f3d9604-8206-4974-abf9-1dfbddd362ea','test@test.de',NULL,'Testbenutzer','Designer','141',NULL,NULL,NULL,'other','test@test.de',0,0,0,'347589',NULL,NULL,'2022-09-26 18:07:50'),
(3,'37c767b8-18c1-4cb0-9bec-d5563158fb86','achim.altschaeffl@orc.dexx',NULL,'Achim','Altschäffl','1690',NULL,NULL,'1970-05-31','admin','achim.altschaeffl@orc.dexx',0,0,0,'301751',NULL,NULL,'2022-09-29 13:23:33'),
(4,'5f1a4bd8-747e-46b1-ab87-8a0b90540492','aditya.bhawsar@mangoitsolutions.in',NULL,'Aditya','Bhawsar','141',21,'FC Tineon DEVELOPMENT','1995-02-14','admin','aditya.bhawsar@mangoitsolutions.in',0,0,0,'347629','https://minio.staging.verein.cloud/tineon/Leipzig/2022/December/Images/39601540-c2aa-45f1-b3eb-dcb1772cc34e.png','39601540-c2aa-45f1-b3eb-dcb1772cc34e','2022-10-05 13:14:12'),
(5,'104a972f-33b8-4bf2-830e-70ce81ab0d4d','jp@mangoitsolutions.com',NULL,'JP','Tiwari','141',21,'FC Tineon DEVELOPMENT',NULL,'guest','jp@mangoitsolutions.com',0,0,0,'347649','https://minio.staging.verein.cloud/tineon/Leipzig/2022/December/Images/8ca5336b-b513-458c-887c-501d5fb9d961.png','8ca5336b-b513-458c-887c-501d5fb9d961','2022-10-05 13:19:48'),
(6,'a984aff0-3742-4a7f-9865-4172bfb95b53','tarun@mangoitsolutions.in',NULL,'Tarun','Pasangya','141',21,'FC Tineon DEVELOPMENT','1994-03-11','other','tarun@mangoitsolutions.in',0,0,0,'347669','https://minio.staging.verein.cloud/tineon/Leipzig/2022/December/Images/afe62f14-b2a7-4539-875f-9a054382dcd1.png','afe62f14-b2a7-4539-875f-9a054382dcd1','2022-10-05 13:24:02'),
(7,'bd51fd80-cfa5-4982-b4ce-b8daac672a85','heleuprotizo-3262@yopmail.com',NULL,'MangoIT','Functionary','141',21,'FC Tineon DEVELOPMENT',NULL,'other','heleuprotizo-3262@yopmail.com',0,0,0,'347749','https://minio.staging.verein.cloud/tineon/Leipzig/2022/December/Images/4e462b4b-f909-4cf6-a9a9-c73c228e120f.png','4e462b4b-f909-4cf6-a9a9-c73c228e120f','2022-11-03 20:27:08'),
(8,'e7639b9f-0117-4665-980e-6bd074126f69','segremmibegroi-9817@yopmail.com',NULL,'MangoIT','Secretary','141',21,'FC Tineon DEVELOPMENT','1990-04-01','other','segremmibegroi-9817@yopmail.com',0,0,0,'347769','https://minio.staging.verein.cloud/tineon/Leipzig/2022/December/Images/5afe824d-d11c-445a-9f05-a575ccc57ba3.png','5afe824d-d11c-445a-9f05-a575ccc57ba3','2022-11-03 20:28:07'),
(9,'b4cc9955-aa3a-42bc-b31d-bb252946b658','jinnukikajoi-7835@yopmail.com',NULL,'MangoIT','Editor','141',21,'FC Tineon DEVELOPMENT','1990-11-15','other','jinnukikajoi-7835@yopmail.com',0,0,0,'347770','https://minio.staging.verein.cloud/tineon/Leipzig/2022/December/Images/d15ea5df-9c4e-4bb5-b5c6-f7b877646d9b.png','d15ea5df-9c4e-4bb5-b5c6-f7b877646d9b','2022-11-03 20:33:49'),
(17,'74235845-f198-443d-baab-33c013d2cfd7','xonnavidepei-4406@yopmail.com',NULL,'MangoIT','Member','141',NULL,NULL,NULL,'member_light','xonnavidepei-4406@yopmail.com',0,0,0,'348649','https://minio.staging.verein.cloud/tineon/Leipzig/2023/January/Images/74235845-f198-443d-baab-33c013d2cfd7.png',NULL,'2023-01-05 15:54:07'),
(18,'3df77a87-077a-49f9-bac5-ee4f7701cde5','quacroweloilla-3775@yopmail.com',NULL,'Tineon','Member Light Admin','141',21,'FC Tineon DEVELOPMENT',NULL,'member_light_admin','quacroweloilla-3775@yopmail.com',0,0,0,'348669','https://minio.staging.verein.cloud/tineon/Leipzig/2023/January/Images/3df77a87-077a-49f9-bac5-ee4f7701cde5.png',NULL,'2023-01-10 12:00:56'),
(19,'96339522-66e6-4221-b454-9fd7035b8993','member_light_admin@yopmail.com',NULL,'Aditya','Bhawsar','2830',21,'FC Tineon DEVELOPMENT 2','1999-01-01','member_light_admin','member_light_admin@yopmail.com',0,0,0,'346971','https://minio.staging.verein.cloud/tineon/Leipzig/2023/January/Images/96339522-66e6-4221-b454-9fd7035b8993.png',NULL,'2023-01-12 20:03:05'),
(20,'c3049144-813b-467c-ad22-852920dea1b3','member_light@yopmail.com',NULL,'Tarun','Pasangya','2830',21,'FC Tineon DEVELOPMENT 2','1999-01-01','member_light','member_light@yopmail.com',0,0,0,'346969','https://minio.staging.verein.cloud/tineon/Leipzig/2023/January/Images/c3049144-813b-467c-ad22-852920dea1b3.png',NULL,'2023-01-12 20:04:42'),
(21,'45e2fcab-1fe4-4aad-b9c2-315d078fb596','sascha.steiger@tineon.de',NULL,'Sascha','Steiger','2810',NULL,NULL,'1990-01-01','admin','sascha.steiger@tineon.de',0,0,0,'347249','https://minio.staging.verein.cloud/tineon/Leipzig/2023/January/Images/45e2fcab-1fe4-4aad-b9c2-315d078fb596.png',NULL,'2023-01-22 17:54:38'),
(22,'69f8b609-2746-4737-a8de-dce93f42cf07','jean-claude.parent@tineon.de',NULL,'Jean-Claude','Parent','2810',21,'Demo Aktionäre','1954-05-05','admin','jean-claude.parent@tineon.de',0,0,0,'348751','https://minio.staging.verein.cloud/tineon/Leipzig/2023/January/Images/69f8b609-2746-4737-a8de-dce93f42cf07.png',NULL,'2023-01-22 17:56:41'),
(23,'0c2991cb-00bf-43fd-9e4b-b27a38a31fc3','basil.martin@interpares.ch',NULL,'Basil','Martin','2810',NULL,NULL,'1999-01-01','admin','basil.martin@interpares.ch',0,0,0,'348750','https://minio.staging.verein.cloud/tineon/Leipzig/2023/January/Images/0c2991cb-00bf-43fd-9e4b-b27a38a31fc3.png',NULL,'2023-01-22 18:03:37'),
(24,'5fe866eb-aa0c-4148-84e9-dc64ec562fbd','petra-kolb@outlook.com',NULL,'Petra','Kolb','2810',NULL,NULL,'1999-01-01','admin','petra-kolb@outlook.com',0,0,0,'348749','https://minio.staging.verein.cloud/tineon/Leipzig/2023/January/Images/5fe866eb-aa0c-4148-84e9-dc64ec562fbd.png',NULL,'2023-01-22 18:05:32'),
(25,'f4b105be-76bd-4235-b64f-64e7207e674e','hanspeter.kolb@koco.ch',NULL,'Hans-Peter','','2810',NULL,NULL,'1999-01-01','admin','hanspeter.kolb@koco.ch',0,0,0,'348732','https://minio.staging.verein.cloud/tineon/Leipzig/2023/January/Images/f4b105be-76bd-4235-b64f-64e7207e674e.png',NULL,'2023-01-22 18:06:55'),
(26,'88b331e5-bc0a-47d9-89cc-c292612fca53','j.gonet@mac.com',NULL,'Jörn','Gonet','2810',NULL,NULL,'1999-01-01','admin','j.gonet@mac.com',0,0,0,'347029','https://minio.staging.verein.cloud/tineon/Leipzig/2023/January/Images/88b331e5-bc0a-47d9-89cc-c292612fca53.png',NULL,'2023-01-22 18:08:36'),
(27,'0c430506-08e9-4a30-a4ba-f270ad335bbf','eugen@eugenschindler.de',NULL,'Eugen','','2810',NULL,NULL,'1999-01-01','admin','eugen@eugenschindler.de',0,0,0,'348731','https://minio.staging.verein.cloud/tineon/Leipzig/2023/January/Images/0c430506-08e9-4a30-a4ba-f270ad335bbf.png',NULL,'2023-01-22 21:16:18'),
(28,'f01395b6-b1a5-44b9-83db-c467f682e2e5','alexander.nothdurft@tac-holding.de',NULL,'Alexander','','2810',NULL,NULL,'1999-01-01','admin','alexander.nothdurft@tac-holding.de',0,0,0,'348730','https://minio.staging.verein.cloud/tineon/Leipzig/2023/January/Images/f01395b6-b1a5-44b9-83db-c467f682e2e5.png',NULL,'2023-01-22 21:18:16'),
(29,'78da8c8d-f62e-47f6-ba98-ff962afda3a0','hans-peter.haubold@tac-holding.com',NULL,'Hans-Peter','','2810',NULL,NULL,'1999-01-01','admin','hans-peter.haubold@tac-holding.com',0,0,0,'348729','https://minio.staging.verein.cloud/tineon/Leipzig/2023/January/Images/78da8c8d-f62e-47f6-ba98-ff962afda3a0.png',NULL,'2023-01-22 21:20:04'),
(30,'a7e8e166-b946-4d53-a736-5304f1664998','steffen.schmitz96@googlemail.com',NULL,'Steffen','Schmitz','2810',21,'Demo Aktionäre','1999-01-01','admin','steffen.schmitz96@googlemail.com',0,0,0,'347129','https://minio.staging.verein.cloud/tineon/Leipzig/2023/January/Images/a7e8e166-b946-4d53-a736-5304f1664998.png',NULL,'2023-01-23 07:36:14'),
(31,'1558d3b6-07b4-45ea-b34d-c3c8c502e96c','steffen01011999',NULL,'Steffen','Schmitz','2830',21,'FC Tineon DEVELOPMENT 2','1999-01-01','other','steffen.schmitz@tineon.de',0,0,0,'346849','https://minio.staging.verein.cloud/tineon/Leipzig/2023/March/Images/d1dcaf17-dfb2-4a63-becb-313049c6feb0.png','d1dcaf17-dfb2-4a63-becb-313049c6feb0','2023-03-19 11:41:29'),
(32,'cda7313d-3176-4995-ab1d-dca22d39d79c','maxmustertineon@yopmail.com',NULL,'Max','Mustermann','2830',21,'FC Tineon DEVELOPMENT 2','1999-01-01','admin','maxmustertineon@yopmail.com',0,0,0,'348829','https://minio.staging.verein.cloud/tineon/Leipzig/2023/March/Images/cda7313d-3176-4995-ab1d-dca22d39d79c.png',NULL,'2023-03-20 07:29:24'),
(33,'4f467dc9-2923-4346-b353-0515e711c135','joern.gonet@dwerk.de',NULL,'Jörn','Gonet','2684',41,'SC Beispiel 06','1999-01-01','admin','joern.gonet@dwerk.de',0,0,1,'336369','https://minio.staging.verein.cloud/tineon/Leipzig/2023/April/Images/4f467dc9-2923-4346-b353-0515e711c135.png',NULL,'2023-04-24 08:21:31'),
(34,'059f56d6-29f3-4033-a9b1-87cc4b903556','tb@dwerk.de',NULL,'Torsten ','Burkart','2684',41,NULL,NULL,'admin','tb@dwerk.de',0,0,1,'336370','https://minio.staging.verein.cloud/tineon/Leipzig/2023/April/Images/059f56d6-29f3-4033-a9b1-87cc4b903556.png',NULL,'2023-04-24 16:45:03'),
(35,'4b6f4df0-9217-44ee-a9bb-90c4fa1063e1','rebecca.zipfel@dwerk.de',NULL,'Rebecca','Zipfel','2684',41,'SC Beispiel 06','1999-01-01','admin','rebecca.zipfel@dwerk.de',0,0,0,'336372','https://minio.staging.verein.cloud/tineon/Leipzig/2023/May/Images/4b6f4df0-9217-44ee-a9bb-90c4fa1063e1.png',NULL,'2023-05-29 19:45:41'),
(36,'e6f6bf41-1d95-44e1-bcbc-de9e524d24e1','alex.tetzke@dwerk.de',NULL,'Alex','Tetzke','2684',41,'SC Beispiel 06','1999-01-01','admin','alex.tetzke@dwerk.de',0,0,0,'336373','https://minio.staging.verein.cloud/tineon/Leipzig/2023/May/Images/e6f6bf41-1d95-44e1-bcbc-de9e524d24e1.png',NULL,'2023-05-29 19:47:52'),
(37,'0073bcdc-1442-49f9-ab37-43dc248791f1','dirk.stern-vonderlippe@dwerk.de',NULL,'Dirk Stern','Von der Lippe','2684',41,'SC Beispiel 06','1999-01-01','admin','dirk.stern-vonderlippe@dwerk.de',0,0,0,'336374','https://minio.staging.verein.cloud/tineon/Leipzig/2023/May/Images/5cd3d4a1-81f5-4302-8424-8efbe9a664d5.png','5cd3d4a1-81f5-4302-8424-8efbe9a664d5','2023-05-29 19:52:39'),
(38,'96597c7f-526e-47ec-b6a7-46a04c19235f','fabian.wenzel@dwerk.de',NULL,'Fabian','Wenzel','2684',41,'SC Beispiel 06','1999-01-01','admin','fabian.wenzel@dwerk.de',0,0,0,'336375','https://minio.staging.verein.cloud/tineon/Leipzig/2023/May/Images/96597c7f-526e-47ec-b6a7-46a04c19235f.png',NULL,'2023-05-29 19:56:54'),
(39,'9da292ef-d868-4497-8a86-11529e4188b0','patrick.stross@sap.com',NULL,'Patrick','Stross','2684',41,'SC Beispiel 06','1999-01-01','admin','patrick.stross@sap.com',0,0,0,'336376','https://minio.staging.verein.cloud/tineon/Leipzig/2023/May/Images/9da292ef-d868-4497-8a86-11529e4188b0.png',NULL,'2023-05-29 19:59:04'),
(40,'8412374a-fb2f-4804-a628-d13e5a286dbf','kai.herrmann@de.ibm.com',NULL,'Kai','Herrmann','2684',41,'SC Beispiel 06','1999-01-01','admin','kai.herrmann@de.ibm.com',0,0,0,'336377','https://minio.staging.verein.cloud/tineon/Leipzig/2023/May/Images/8412374a-fb2f-4804-a628-d13e5a286dbf.png',NULL,'2023-05-29 20:00:58'),
(41,'67d4f566-ec74-470e-939e-3b8ed405251d','felix.zirpel@dvc.ventures',NULL,'Felix','Zirpel','2684',41,'SC Beispiel 06','1999-01-01','admin','felix.zirpel@dvc.ventures',0,0,1,'336378','https://minio.staging.verein.cloud/tineon/Leipzig/2023/May/Images/67d4f566-ec74-470e-939e-3b8ed405251d.png',NULL,'2023-05-29 20:02:46'),
(42,'a4335ae4-1b57-4fc4-8f63-e71bab39aa1e','felix.zirpel@dvc.ventures22',NULL,'Felix','Zirpel','2712',41,'FC Tineon','1999-01-01','admin','felix.zirpel@dvc.ventures22',0,0,0,'336380','https://minio.staging.verein.cloud/tineon/Leipzig/2023/June/Images/a4335ae4-1b57-4fc4-8f63-e71bab39aa1e.png',NULL,'2023-06-12 13:26:56'),
(43,'e2e4f830-8cdb-4016-baa0-a2047e97dad3','matthias.ratzel@dfb.de',NULL,'Matthias','Ratzel','2661',41,'TSV Tineon e.V.','1990-01-01','admin','matthias.ratzel@dfb.de',0,0,0,'336381','https://minio.staging.verein.cloud/tineon/Leipzig/2023/June/Images/e2e4f830-8cdb-4016-baa0-a2047e97dad3.png',NULL,'2023-06-21 07:53:46'),
(44,'f2e10fc9-d6af-4f99-a015-bf33e6d391c1','matthias.ratzel@me.com',NULL,'Tom','Testermann','2661',41,'TSV Tineon e.V.','2000-01-01','other','matthias.ratzel@me.com',0,0,0,'336382','https://minio.staging.verein.cloud/tineon/Leipzig/2023/June/Images/f2e10fc9-d6af-4f99-a015-bf33e6d391c1.png',NULL,'2023-06-22 09:15:29'),
(45,'004903f9-8673-42fd-819f-921f02190239','testtesttesttesttest1@yopmail.com',NULL,'Test','Test','6930',21,'THIS IS A TEST','1999-01-01','other','testtesttesttesttest1@yopmail.com',0,0,0,'348949','https://minio.staging.verein.cloud/tineon/Leipzig/2023/June/Images/004903f9-8673-42fd-819f-921f02190239.png',NULL,'2023-06-30 10:21:26');

--
-- Table structure for table `users_qrcodeurl`
--

CREATE TABLE `users_qrcodeurl` (
  `id` int(10) unsigned NOT NULL AUTO_INCREMENT,
  `user_id` int(11) NOT NULL,
  `user_qrcode` longtext NOT NULL,
  `created_at` timestamp NOT NULL DEFAULT current_timestamp(),
  `updated_at` timestamp NULL DEFAULT NULL ON UPDATE current_timestamp(),
  PRIMARY KEY (`id`)
) ENGINE=InnoDB AUTO_INCREMENT=3 DEFAULT CHARSET=utf8mb4;

--
-- Dumping data for table `users_qrcodeurl`
--

INSERT INTO `users_qrcodeurl` VALUES
(1,1,'x3xsNDL4S5cmeWLpt3I5iVBORw0KGgoAAAANSUhEUgAAAMQAAADECAYAAADApo5rAAAACXBIWXMAAAsTAAALEwEAmpwYAAAH3ElEQVR4nO2c0Y7kNgwE+f8/PXk4JKfxAla43STlmSpggQC2ZZlWuanFZeMFAP8Rf/8TABACYAEhABYQAmABIQAWEAJgASEAFhACYAEhABYQAmABIQAWEAJgASEAFhACYAEhAJxCRETrT3Y+7uPq+VnU8bP1DPH809fHtl7yAIc9MELk3k/2fV5BiE1BEMILCREkBAmBEPEpLdPpX0j1uNrCuVuY6QR5+vr4Md5pE3KPjxC5+gRCaCCEtuBICA0SwlwwWiYSorVlcn8h3fd3n38a088fw+sjC0IkX1D1C3GDEDkQ4loQhHiREALTkUjLlHs/tEz3fH1CVLc82Q9Cd0Jlrw/z+dPP/2O8b08IhECIFYQgIUiIBYRACIT4ZiGq51/d01f3/NPvjz3EYQtefWEI8Q5CbApCQtxDQoQ1gbLQMpEQKUGDlilXMDfVX0z3j/t5p1u+KG5JVR6XENXjIwRCBEIgxG8/GCTEPSQELRMt0yf9GRqOP6s+cfoeTh4AIY5acKcfD4QgIU5akNPHAyEQ4qQFOX08Pl2IabIFyRbU/UKqF5D6vFe6F+Q0j38ChEAIJwhBQtwvkCAhHgUJQUI4Oe4f97l71O7x7Js884JXj2eZfv/p+coDIARC3IAQhxWEhLivx65eKtPvPz1feQASgoS44euEkCdgToDu890fhOz1KtX3j8MSfns/+4jZCSAEQtyAEElICA0S4h0SYgMtU9AyPWmTXd3Dq5yWYO76Xql+P9Xvz74CECJXj2z9puu9AyE2BckWzP3Cur8w2XpUn48QOUgIhCAhJjfV2S9a9XjdLYR6fzfd9b5S/XxZEAIhEGIBIRACIRYQAiEQYnJTPd3Dqz19dT1O21Ndqa6/+/osCFH8AhAiEIKEQIh/ISFomd4gIeK7E6K6J83ez72H6J5v9nr1eaJ7ARaPn55P+Q0QIlUfhJgFIa4FISFeJESlcSREqj4kxCz2PzLgFqD6fPf16vjdPbw63+49XfZ4FoQoLnB2fIR4ByGaz3dfr46PEO8gRPP57uvV8RHi4UKc/nvv6oKqPXH3/bPXR3P9pkEIhECIBYRACIRYQAiEQIjJX7tmr6/ucbv3MNU987TgKuP3lwdAiNL6qO9DvT4QoraA2etJCO19ZAmE0ECI2vqo70O9PkiI2QKqPX/3C3Xfv/p6t5BRnPDZ+8nPIw+AEAgRCIEQ//ODQEIECUHLhBBBy1TT47q/uNXnZ6+vPt493g73HsKNfQ+xO44QCBEIgRC//YC4P0DV4+0gIUiI2wVRfRwhDvu1a3nPV/yFc7eE3de763G64CoIsSsQQtyCEJuCkBAkxAoJQctEy7SAEOae3Z1A1XsKlafvceKwej5+D4EQCDEJQhz2RSMhZkEIhKBlOlkI9/267199fvfzXXG3wO7zVRAiWzCEeCGEsEBICBIiSAiEqEoUWqaHtUzu6909pXuBdffw2edxj++mevz0fOQBEAIhBBAiWRASIregSAgNEoKW6X6BBC2TZljxprD6C1jdY7vnX00070mq1892fvII1wERIlWf7PFuAiG8BSQhahdYNYEQ3gIiRO0CqyYQoreAp+0JsqjP091Td9c7moU6fg+xO44QCBEIgRAkxB9ICBKClumThVAn6H7A6p66+2e6XjG8R+kGIRACIRYQAiEQYgEhEAIhJn/tmj2/+9ey7j2Re37u5/+2978DIRDCSiDEswpCQpAQd5AQJMRXfRCP21SrX2j3F/608dTn7663e4F2C/BjfHkAhLitB0LkQAgSQloQJIQXEoKWiZap809Z7s7Pjp+9/3QP3d1zu1vYHe5678bPHs+CEAiBEAsIgRAIsYAQCIEQk38Ov/rXku7nUZ/XfX+V6j1LFO8RyusjD4AQCBEIgRAkxIuEICFomYKWKdUyZY+rLZm7hauej3u+3Xue6O7pi8f/cT95AIRAiEAIhCAhXiQECUHLFLRM1pbJ3dNW4+7Z3fPJ3n96/lfUPczj9xAIcVa9s9e7QQgSonQBIYQGCbEr0GFfWISIZ7dM6vXV41dfr+JO1Orrw9wid3cUCJFcAN0gRCCEc0FOX6+CEIEQzgU5fb0KQsSzhJjG3aOq93eP/zTBskxf/2O818NBiN56nbagEWJTEBIit4AQ4h0SgpaJhHjS/0LaHeHu8dwJptbH/bwh7qGqnycLQuwKhBC3IMSmICSEVh+1vipBQngLiBBafdT6qgRC9BbQPb66wLLjuRdkd/2e9vzR/UGQB0AIhAiEQAgS4kVCkBC0TEHLJLVM7k2lOr76Qqs3ne76qOdX17v7fWzHkwdAiKPro55/BSEOf+Gnf5Gm66OefwUhDn/hCIEQQcvkE0IVXhW4+wPgno87gbK47/f1ewh3wREiEOLJLRNCkBArJMQGEiJomT5pU52dv9qTnp5I1fUK849anywfnxDZ+SPEPQiRLJBaQPf42fkjxD0IkSyQWkD3+Nn5I8Q9CJEskJvTF2j1eOoHpboeYf6guOebvp88AEIgRCAEQvzyg0BC5CAhNgXJQstUW4+gZdIK5O6Rq1u2bmHV4+7x3Ey/r4//u0zTBUaIHNPvawdCqAUkIVIgBAkhLRBapl7OyyyAQRACYAEhABYQAmABIQAWEAJgASEAFhACYAEhABYQAmABIQAWEAJgASEAFhACYAEhABYQAuD1l38AqBpMFXfZm3AAAAAASUVORK5CYII=','2023-08-14 12:34:57','2023-08-16 06:20:42'),
(2,32,'nqkpmzbmlsVDQamQeuQMiVBORw0KGgoAAAANSUhEUgAAANQAAADUCAYAAADk3g0YAAAACXBIWXMAAAsTAAALEwEAmpwYAAAJa0lEQVR4nO2d0W7cOgwF+f8/nT5c4BbroFKYc0jR9gywT/ZSEqURpTRt4wsAbIQvFAAgFIARhAIwglAARhAKwAhCARhBKAAjCAVgBKEAjCAUgBGEAjCCUABGEArACEIBGEEogElCRUTrp7s/avxsf7ufV49vhzvf1etrOx45wLABI9Q6H+78qQRC1S5ghOp9vnsfoXJQoZI7cPUG0P28enw7qFDJhKhUL9BpC/K00O58VM+nin2DmNYhNT5CIVQGhBITRIXqzccVKtQGKtQ6Hxz5PkGoDdVn/uo7jtrf6XcWtT/V+Z2+vsbdoRAql49sft3zh1AaCHVNCBWKCiWAUNeEIBRCCTxOqOojkpvuI+DpO180x+MOVTxB00CoQKjVgsguGCoUFSqoUAhFheLI98o7VPWdIUu2v93jmzY/wR3qXgnNxlNBqBg1//b5lQPcfIfKxlNBqBg1/whlTmg2ngpCBUJlFogb9w5VvWOpAt+9vSjegNzcrkJVx0cohFJAqE1CqFC1C4gKtYYK9fAjWHd7wZFv9iVbnUCePys/0by+XvevHvH8XfkJhEKoSQvy7s8DoRBq0oK8+/N4ulCnUROSTbB9Asz93z1Xx+vOT5jzeZrbjwChEGoSCEWFokIZQSiEQigj437bXL00VvdHbb86P6ePwGHu7+l8pPMnBxiWEIRCqEAohKJCxYgNWYUKxZEvtYC7F3y8XSg1Ydn2qvujTog6vuoFWj2eLKfzrYJQmwSfnmCEyoFQVKjlgkCoHAiFUMsFgVAvF2r33H0Hci84d3+685V9Xj3+aM6Xe/xZEGqXIIRCqAQItUsQQiFUAoTaJQihECqB/VB5+syc7c/p8WbH587n6fGFOX51/7ftyRGuAREKoRYgVBKEQqgVCJUEoRBqBUJtOH2GPn1HUsfn7p/63B2vez1Vt7eNJwdAqGU+ECoHQiHUckEgVA6EQqjlgkCoHAhlPoOqCXffcbrHp/a3O757Q+3+vpv2O1R1ewil5ROhNBCKCoVQRhAKoRDKSPuvHrnjVR8Bs/Hc7bvHp/Y3+/04HK/9SmIPiFDLfGTzhVCBUFQohAoqFBWKIx9Hvtf9UOJ0f7JHtOo7QPWdYtr4Ytid8Vs8OQBCjVpw7vlCqBwIlU0YFYoKtQChkiAUQj3qx+bu/mXfrz6Cdd8B3OOL4ivA6Xxt49sDIhRCBUIhlGmDoEIFFYoK5au4CBUIVYn7x67TFvjp8XS/3z0/Udy+m/IWEGq2IOp8udu7glDJhJyesOoJPL1g7jaeKwiVTMjpCauewNML5m7jufJ6oaonsFootX8q7gXW3X4Mz3d5/uQI14AIZc2fmt/u9gOhvCCUN39qfrvbD4TyglDe/Kn57W4/EGqWUNn4avvq+E6Pv/qjjv9u+X3cHSobX21fHZ/aPkLNyq8KQmUThlBUqAUIlQShEKr1LxiqJXn6nWDaeLr7785fFI9/h/r9b/HkAAgl5QOhAqEQas6OTIUKKtTJBbgTICsIQs3Kx+uOfN0JqW7f3T81vnuDqZ7PaJ5/d/vf4skBECqVn+zz6vyfns9AqLMTkJ2Q6vbd/VPjI9QnVKgkCIVQwZHv90eQ3fPp8bqfdxPD8qe+/7g71GkBTi8IhAqEQiiEiiEbkvp+FirU8AVBhYp3CSV3QBygeoSr3gGrhXCPL/v9bP9Ojx+hkglVE65OOEJ9glDNUKGoUEGFQqifbhDTdmj397P9u8KRL5kQ9Yxb/cn2d/r4qxdsdfwwj18dXzqeHGDYgkKo3Py45zcLQm0SUp0whKJCBRXqvDg/PSKo75/eULL920GFutmRT20vG09tP9ufbiHcgqv9uVI9X93r8Vt8OQBCIZRxvVxBqE1CqFBUqECof0OFokJlCCrUrDP7tDN89Z2uu6K734/D+VPfv90dCqEQKhAKoX66Ybg3JHXDo0IFFYojH0L9i9cf+abv2GrFUdtX+/u09nd0z9+2P3IAswAItc4HQn2CUBsQqnbBUKFqoUJx5OPIdyeh1O+rO6q7v1mq7wzu9rtPCNXrIRtfBaGKQahPEGoDFSqXHypUUKEQ6vcg1CdUKJHspV89Q3efsd3jcfcv29/q9qs3nGx8e3tyhF0DCIVQCxAqCUIh1AqESoJQCLUCoTYJyT7f4b5jTRuPGt99Z3Mv8Gi+w+zaf91vSuy+j1De/Kj5VucvEEqbIPeEqO9n+0uF8s5fINTZBYhQ3vyo+VbnLxDKm7BpCVXfVz/Z+O58uPsXzeM/vt7kAAg1akFl50ttD6E+QahrQqhQCCWAUNeEIBRC3Umo6iNEtr/Z9rvzkeV0PsLcfvf7Kgi1mQCEQqgMCHVNCEJJ+YhhFYcKxZFPgiPfw4Vyo95Jqnfc6f11t5cd/92+n25PDoBQUn4Qag1CUaGWCwKhciAUQi0XBELleJ1QcgeK7xDq+9V3juo7i3qnUtuL5vGp+VdBKIRCqEAoKtQvd3D3Dk2F+oQKRYVCqBhcobp3rF373f13j8c9vtPjjWEV1A1CJScAoRBqBUJdE4JQVCgBhLomBKEQ6k7/nY16hq5ub9r4uo+cp+9I0fxxg1DJBXK3BZVeEAglgVC7BCHUrTeUoEKdnWCE4sh36z/YVXHvgOr31fju8VePp7v/pzfMbbyvm4NQCBUIhVA/3RDUDWX3PhUqqFBUKIR67JGvesdzD/hu41OPtNnxufN1pXr8O6rXE0IlJwChcvm6glDDF1w1p8dHhQoqFEIhVFChPDu4m9Nn6Or21fyp8ar7s6N6/I//1SN3fIRCqEAohKJC/QcV6gIVatYRiyNfPPvIp55p3Ue+7HjU8antnb4jVOc/ho1XBaGuCUGoZT52+cqCUJuEqAlT46sgVG/+gwqlJRyhahcUR76zPP7Il11g3RXR3V93xXATzf1r34DkAAhlBaHWIBQVKgVCrUEohEqBUGsQaphQ1fGm3UGq7yzdd9wr3fnf8bo7FELVzu8VhEqCUFQohPoLFeoCRz4tH1eoUEnedmeobk/9VLef/b7KtP5s+ysHQCiEQqj/QagLVKhZFSGG9WfbXzkAFYoKhVDP+WfE1B2pe0er3sGr28/Ox+55dX/U99P9kQMglJQvd/6r20eoNQhFhUqBUGsQCqFSINSa838JH+BBIBSAEYQCMIJQAEYQCsAIQgEYQSgAIwgFYAShAIwgFIARhAIwglAARhAKwAhCARhBKAAjCAXw5eMP+4reFI++AkUAAAAASUVORK5CYII=','2023-08-14 13:00:59','2023-08-16 06:21:07');

--
-- Table structure for table `vcloud_push_notification`
--

CREATE TABLE `vcloud_push_notification` (
  `id` int(10) unsigned NOT NULL AUTO_INCREMENT,
  `survey_id` int(11) NOT NULL,
  `survey` varchar(264) NOT NULL,
  `author` int(11) NOT NULL,
  `to_user` longtext NOT NULL,
  `timestamp` timestamp NOT NULL DEFAULT current_timestamp(),
  PRIMARY KEY (`id`)
) ENGINE=InnoDB AUTO_INCREMENT=15 DEFAULT CHARSET=utf8mb4;

--
-- Dumping data for table `vcloud_push_notification`
--

INSERT INTO `vcloud_push_notification` VALUES
(1,0,'Festival survey',4,'[{\"userId\":1,\"status\":1},{\"userId\":2,\"status\":1},{\"userId\":4,\"status\":1},{\"userId\":5,\"status\":1},{\"userId\":6,\"status\":1}]','2022-10-21 08:05:09'),
(2,0,'Holiday survey',4,'[{\"userId\":1,\"status\":1},{\"userId\":2,\"status\":1},{\"userId\":4,\"status\":1},{\"userId\":5,\"status\":1},{\"userId\":6,\"status\":1}]','2022-10-21 08:09:26'),
(3,8,'Test Survey123',1,'[{\"userId\":1,\"status\":1},{\"userId\":2,\"status\":1},{\"userId\":4,\"status\":1},{\"userId\":5,\"status\":1},{\"userId\":6,\"status\":1},{\"userId\":7,\"status\":0},{\"userId\":8,\"status\":1},{\"userId\":9,\"status\":1}]','2022-11-16 13:38:44'),
(4,9,'Customer satisfaction survey',1,'[{\"userId\":1,\"status\":1},{\"userId\":2,\"status\":0},{\"userId\":4,\"status\":1},{\"userId\":5,\"status\":1},{\"userId\":6,\"status\":1},{\"userId\":7,\"status\":1},{\"userId\":8,\"status\":1},{\"userId\":9,\"status\":1}]','2022-11-21 11:28:02'),
(5,10,'test1234',4,'[{\"userId\":1,\"status\":1},{\"userId\":2,\"status\":0},{\"userId\":4,\"status\":1},{\"userId\":5,\"status\":1},{\"userId\":6,\"status\":1},{\"userId\":7,\"status\":1},{\"userId\":8,\"status\":1},{\"userId\":9,\"status\":1}]','2022-11-21 13:17:37'),
(6,13,'Testumfrage ',1,'[]','2023-03-15 08:27:45'),
(9,14,' Employee satisfaction survey updated',9,'[{\"userId\":6,\"status\":1},{\"userId\":7,\"status\":1},{\"userId\":8,\"status\":1},{\"userId\":9,\"status\":1},{\"userId\":1,\"status\":1}]','2023-03-17 05:36:07'),
(11,15,'What is your age range?',8,'[{\"userId\":1,\"status\":1},{\"userId\":2,\"status\":0},{\"userId\":4,\"status\":1},{\"userId\":5,\"status\":1},{\"userId\":6,\"status\":0},{\"userId\":7,\"status\":1},{\"userId\":8,\"status\":1},{\"userId\":9,\"status\":1},{\"userId\":17,\"status\":0},{\"userId\":18,\"status\":0}]','2023-03-17 06:16:06'),
(13,16,'Participants ready for Marathon',8,'[{\"userId\":1,\"status\":1},{\"userId\":2,\"status\":0},{\"userId\":4,\"status\":1},{\"userId\":5,\"status\":1},{\"userId\":6,\"status\":0},{\"userId\":7,\"status\":1},{\"userId\":8,\"status\":0},{\"userId\":9,\"status\":0},{\"userId\":17,\"status\":0},{\"userId\":18,\"status\":0}]','2023-03-20 05:05:06'),
(14,17,'Neue Trikotfarbe  ',32,'[{\"userId\":31,\"status\":0},{\"userId\":32,\"status\":0}]','2023-03-20 12:34:23');


