-- Table structure for table `images_news`
--

CREATE TABLE `images_news` (
  `id` int(10) unsigned NOT NULL AUTO_INCREMENT,
  `image` varchar(255) DEFAULT NULL,
  `created_at` timestamp NOT NULL DEFAULT current_timestamp(),
  `updated_at` datetime DEFAULT current_timestamp(),
  PRIMARY KEY (`id`)
) ENGINE=InnoDB DEFAULT CHARSET=utf8mb4;

--
-- Dumping data for table `images_news`
--


--
-- Table structure for table `instructor`
--

CREATE TABLE `instructor` (
  `id` int(10) unsigned NOT NULL AUTO_INCREMENT,
  `team_id` int(11) DEFAULT NULL,
  `first_name` varchar(255) DEFAULT NULL,
  `last_name` varchar(255) DEFAULT NULL,
  `emaill` varchar(255) DEFAULT NULL,
  `phone_no` varchar(20) DEFAULT NULL,
  `address` varchar(255) DEFAULT NULL,
  `courses_type` varchar(255) DEFAULT NULL,
  `add_img` text DEFAULT NULL,
  `author` varchar(155) DEFAULT NULL,
  `active_from` varchar(255) DEFAULT NULL,
  `active_to` varchar(255) DEFAULT NULL,
  `approved_status` tinyint(4) DEFAULT NULL,
  `approved_by` int(11) DEFAULT NULL,
  `updated_record` longtext DEFAULT NULL,
  `update_image_url` varchar(500) DEFAULT NULL,
  `update_approved_status` tinyint(4) DEFAULT NULL,
  `deny_reason` text DEFAULT NULL,
  `deny_by_id` int(11) DEFAULT NULL,
  `is_read` tinyint(4) DEFAULT 0,
  `is_image_converted` int(11) NOT NULL DEFAULT 0,
  `created_at` timestamp NOT NULL DEFAULT current_timestamp(),
  `updated_at` timestamp NOT NULL DEFAULT current_timestamp() ON UPDATE current_timestamp(),
  PRIMARY KEY (`id`)
) ENGINE=InnoDB AUTO_INCREMENT=29 DEFAULT CHARSET=utf8mb4;

--
-- Dumping data for table `instructor`
--

INSERT INTO `instructor` VALUES
(1,141,'Max','Maier','max@maier.de','0152413251','Musterstraße 45a, 73577 Musterdorf',NULL,'https://minio.staging.verein.cloud/tineon/Leipzig/2022/September/Images/TrainerFussball-1664268484634.jpg',NULL,'2023-06-21','2024-06-21',NULL,NULL,NULL,NULL,NULL,NULL,NULL,0,0,'2022-09-27 08:48:04','2023-06-21 10:09:13'),
(2,141,'Peter','Müller','peter@mueller.de','0151845873','Musterweg 66a, 34774 Musterstadt',NULL,'https://minio.staging.verein.cloud/tineon/Leipzig/2022/September/Images/Fotograf-1664268710864.jpg',NULL,'2023-06-21','2024-06-21',NULL,NULL,NULL,NULL,NULL,NULL,NULL,0,0,'2022-09-27 08:51:50','2023-06-21 10:09:13'),
(5,141,'pasangya1','tarun','tarun@mangoitsolutions.in','4565544563','indore',NULL,'https://minio.staging.verein.cloud/tineon/Leipzig/2022/September/Images/ayo-ogunseinde-2-1664448999831.jpg',NULL,'2023-06-21','2024-06-21',NULL,NULL,NULL,NULL,NULL,NULL,NULL,0,0,'2022-09-29 10:56:39','2023-06-21 10:09:13'),
(6,141,'jonthan','byerss','jonthanbyres@gmail.com','8976789871','indore',NULL,'https://minio.staging.verein.cloud/tineon/Leipzig/2022/October/Images/kaci-baum-2-1664873620340.jpg',NULL,'2023-06-21','2024-06-21',NULL,NULL,NULL,NULL,NULL,NULL,NULL,0,0,'2022-10-04 08:53:40','2023-06-21 10:09:13'),
(7,141,'john','steves','john@gmail.com','8909876789','indore',NULL,'https://minio.staging.verein.cloud/tineon/Leipzig/2022/October/Images/joe-gardner-2-1664886447258.jpg',NULL,'2023-06-21','2024-06-21',NULL,NULL,NULL,NULL,NULL,NULL,NULL,0,0,'2022-10-04 12:27:27','2023-06-21 10:09:13'),
(8,1690,'Aditya','Bhawsar','bhawsaraditya77@gmail.com','7987494050','test',NULL,'https://minio.staging.verein.cloud/tineon/Leipzig/2022/October/Images/download-1664950131560.jpg',NULL,'2023-06-21','2024-06-21',NULL,NULL,NULL,NULL,NULL,NULL,NULL,0,0,'2022-10-05 06:08:51','2023-06-21 10:09:13'),
(9,1690,'Aditya','Bhawsar','bhawsaraditya88@gmail.com','7987494055','Test',NULL,'https://minio.staging.verein.cloud/tineon/Leipzig/2022/October/Images/download-1664950309805.jpg',NULL,'2023-06-21','2024-06-21',NULL,NULL,NULL,NULL,NULL,NULL,NULL,0,0,'2022-10-05 06:11:49','2023-06-21 10:09:13'),
(10,141,'Johan','Clarek','clarek@mailinator.com','9876543100','test',NULL,'https://minio.staging.verein.cloud/tineon/Leipzig/2022/October/Images/clem-onojeghuo-2-1664953250360.jpg',NULL,'2023-06-21','2024-06-21',NULL,NULL,NULL,NULL,NULL,NULL,NULL,0,0,'2022-10-05 07:00:50','2023-06-21 10:09:13'),
(11,141,'dustin','Henderson','dustin12@mailinator.com','8765678987','indore',NULL,'https://minio.staging.verein.cloud/tineon/Leipzig/2022/October/Images/clem-onojeghuo-4-1665045442132.jpg',NULL,'2023-06-21','2024-06-21',NULL,NULL,NULL,NULL,NULL,NULL,NULL,0,0,'2022-10-06 08:37:22','2023-06-21 10:09:13'),
(12,1690,'jim','hopper','jim@mailinator.com','4543233232','indore',NULL,'https://minio.staging.verein.cloud/tineon/Leipzig/2022/October/Images/kaci-baum-2-1665047425667.jpg',NULL,'2023-06-21','2024-06-21',NULL,NULL,NULL,NULL,NULL,NULL,NULL,0,0,'2022-10-06 09:10:25','2023-06-21 10:09:13'),
(13,141,'Smith','John','smith@mailinator.com','9988665544','Indore',NULL,'https://minio.staging.verein.cloud/tineon/Leipzig/2022/October/Images/logo-1666329793275.png',NULL,'2023-06-21','2024-06-21',NULL,NULL,NULL,NULL,NULL,NULL,NULL,0,0,'2022-10-21 05:23:13','2023-06-21 10:09:13'),
(14,141,'willam','john','willam@mailinator.com','8899665321','test',NULL,'https://minio.staging.verein.cloud/tineon/Leipzig/2022/October/Images/logo-1666330077521.png',NULL,'2023-06-21','2024-06-21',NULL,NULL,NULL,NULL,NULL,NULL,NULL,0,0,'2022-10-21 05:27:57','2023-06-21 10:09:13'),
(15,141,'sandy','sandy','sandy@yopmail.com','9966553245','indore',NULL,'https://minio.staging.verein.cloud/tineon/Leipzig/2022/October/Images/logo-1666339122513.png',NULL,'2023-06-21','2024-06-21',NULL,NULL,NULL,NULL,NULL,NULL,NULL,0,0,'2022-10-21 07:58:42','2023-06-21 10:09:13'),
(16,141,'Sam','Karun','sam@mailinator.com','5458451526','berlin',NULL,'https://minio.staging.verein.cloud/tineon/Leipzig/2022/November/Images/mike-1669027667114.jpg','1','2023-06-21','2024-06-21',1,NULL,NULL,NULL,NULL,NULL,NULL,0,0,'2022-11-21 10:47:47','2023-06-21 10:09:13'),
(17,141,'Christinea','Dunnn','christine@mailinator.com','8545251220','724 Logan Lane Westminster',NULL,'https://minio.staging.verein.cloud/tineon/Leipzig/2023/January/Images/joe-gardner-2-1674823505193.jpg','8','2023-06-21','2024-06-21',1,1,NULL,NULL,1,NULL,NULL,1,0,'2023-01-27 12:45:05','2023-06-21 10:09:13'),
(19,141,'Frederick','Douglass','Douglass@mailinator.com','8965784526','A B street',NULL,'https://minio.staging.verein.cloud/tineon/Leipzig/2023/February/Images/clem-onojeghuo-2-1677066977253.jpg','1','2023-06-21','2024-06-21',1,NULL,NULL,NULL,NULL,NULL,NULL,0,0,'2023-02-22 11:56:17','2023-06-21 10:09:13'),
(20,141,'Friedrich','Froebel','Froebel@mailinator.com','9865452365','A B road',NULL,'https://minio.staging.verein.cloud/tineon/Leipzig/2023/March/Documents/Bildschirm_foto%202023-03-18%20um%2009-1679473387245.39.46.png','9','2023-06-21','2024-06-21',1,1,NULL,NULL,0,NULL,NULL,1,0,'2023-02-22 11:59:58','2023-06-21 10:09:13'),
(22,141,'Conny','Schaich','conny@mailinator.com','9856324170','India',NULL,'https://minio.staging.verein.cloud/tineon/Leipzig/2023/March/Images/pexels-rodnae-productions-5778264-1679030090321.jpg','8','2023-06-21','2024-06-21',1,1,NULL,NULL,0,NULL,NULL,0,0,'2023-03-17 05:14:52','2023-06-21 10:09:13'),
(23,2830,'Externer','Trainer','externer.trainer@yopmail.com','0157777777','Musterstraße 3, Musterhausen',NULL,'https://minio.staging.verein.cloud/tineon/Leipzig/2023/March/Documents/Bildschirm%C2%ADfoto%202023-03-18%20um%2009-1679304261591.39.46.png','32','2023-06-21','2024-06-21',1,NULL,NULL,NULL,0,NULL,NULL,0,1,'2023-03-20 08:07:50','2023-08-04 17:49:34'),
(25,141,'Christan','McAuliffe','McAuliffe@mailinator.com','9988653623','M.G road',NULL,'https://minio.staging.verein.cloud/tineon/Leipzig/2023/April/Images/ayo-ogunseinde-2-1681819384186.jpg','1','2023-06-09','2024-06-09',1,NULL,NULL,NULL,0,NULL,NULL,0,1,'2023-04-18 12:03:08','2023-08-04 17:49:33'),
(26,141,'Carlo','Gambino','carlo.gambina@mailinator.com','9753124680','001, New York, USA',NULL,'https://minio.staging.verein.cloud/tineon/Leipzig/2023/June/Images/pexels-beyzaa-yurtkuran-15976700-1686546525645.jpg','1','2023-06-12','2024-12-30',1,NULL,NULL,NULL,NULL,NULL,NULL,0,1,'2023-06-12 05:08:45','2023-08-04 17:49:33');

--
-- Table structure for table `instructor_availablity`
--

CREATE TABLE `instructor_availablity` (
  `id` int(10) unsigned NOT NULL AUTO_INCREMENT,
  `instructor_id` int(11) NOT NULL,
  `weekday` varchar(255) DEFAULT NULL,
  `time_from` time DEFAULT NULL,
  `time_to` time DEFAULT NULL,
  `created_at` timestamp NOT NULL DEFAULT current_timestamp(),
  `updated_at` timestamp NOT NULL DEFAULT current_timestamp(),
  PRIMARY KEY (`id`)
) ENGINE=InnoDB AUTO_INCREMENT=61 DEFAULT CHARSET=utf8mb4;

--
-- Dumping data for table `instructor_availablity`
--

INSERT INTO `instructor_availablity` VALUES
(1,1,'Donnerstag','15:00:00','22:00:00','2022-09-27 08:48:04','2022-09-27 08:48:04'),
(2,2,'D','17:00:00','22:00:00','2022-09-27 08:51:50','2022-09-27 08:51:50'),
(3,2,'D','17:00:00','22:00:00','2022-09-27 08:51:50','2022-09-27 08:51:50'),
(7,5,'Friday','19:24:00','20:24:00','2022-09-29 10:56:39','2022-09-29 10:56:39'),
(9,6,'Tuesday','16:22:00','18:22:00','2022-10-04 09:29:31','2022-10-04 09:29:31'),
(11,8,'Monday','12:00:00','14:00:00','2022-10-05 06:08:51','2022-10-05 06:08:51'),
(12,9,'T','12:00:00','16:00:00','2022-10-05 06:11:49','2022-10-05 06:11:49'),
(13,7,'Donnerstag','18:57:00','20:57:00','2022-10-05 06:59:06','2022-10-05 06:59:06'),
(14,10,'Monday','12:30:00','15:30:00','2022-10-05 07:00:50','2022-10-05 07:00:50'),
(15,11,'Monday','15:06:00','17:06:00','2022-10-06 08:37:22','2022-10-06 08:37:22'),
(16,12,'Monday','15:39:00','18:40:00','2022-10-06 09:10:25','2022-10-06 09:10:25'),
(20,13,'Tuesday','11:53:00','13:55:00','2022-10-21 05:26:33','2022-10-21 05:26:33'),
(21,13,'Wednesday','00:55:00','14:57:00','2022-10-21 05:26:33','2022-10-21 05:26:33'),
(22,14,'Monday','11:00:00','16:00:00','2022-10-21 05:27:57','2022-10-21 05:27:57'),
(23,15,'Tuesday','13:28:00','15:28:00','2022-10-21 07:58:42','2022-10-21 07:58:42'),
(24,16,'Monday','16:15:00','22:21:00','2022-11-21 10:47:47','2022-11-21 10:47:47'),
(28,19,'Monday','17:26:00','18:26:00','2023-02-22 11:56:17','2023-02-22 11:56:17'),
(31,17,'Wednesday','19:00:00','20:00:00','2023-02-28 08:37:11','2023-02-28 08:37:11'),
(35,22,'Monday','12:00:00','19:20:00','2023-03-17 05:14:52','2023-03-17 05:14:52'),
(37,23,'Donnerstag','18:00:00','21:00:00','2023-03-20 09:24:21','2023-03-20 09:24:21'),
(39,20,'Monday','17:29:00','19:29:00','2023-03-22 08:23:09','2023-03-22 08:23:09'),
(46,26,'Saturday','11:00:00','21:45:00','2023-06-12 05:08:45','2023-06-12 05:08:45'),
(47,26,'Sunday','12:00:00','22:15:00','2023-06-12 05:08:45','2023-06-12 05:08:45'),
(48,25,'Monday','10:00:00','15:00:00','2023-07-06 05:36:15','2023-07-06 05:36:15');

--
-- Table structure for table `instructor_booking`
--

CREATE TABLE `instructor_booking` (
  `id` int(10) unsigned NOT NULL AUTO_INCREMENT,
  `ex_instructor_id` int(11) NOT NULL,
  `course_id` int(11) NOT NULL,
  `date_from` varchar(255) NOT NULL,
  `start_time` time NOT NULL,
  `end_time` time NOT NULL,
  PRIMARY KEY (`id`)
) ENGINE=InnoDB AUTO_INCREMENT=32 DEFAULT CHARSET=utf8mb4;

--
-- Dumping data for table `instructor_booking`
--

INSERT INTO `instructor_booking` VALUES
(1,26,29,'2024-01-06','14:00:00','18:30:00'),
(2,26,29,'2024-01-13','14:00:00','18:30:00'),
(3,26,29,'2024-01-20','14:00:00','18:30:00'),
(4,26,29,'2024-01-27','14:00:00','18:30:00'),
(5,26,29,'2024-02-03','14:00:00','18:30:00'),
(6,26,29,'2024-02-10','14:00:00','18:30:00'),
(7,26,29,'2024-02-17','14:00:00','18:30:00'),
(8,26,29,'2024-02-24','14:00:00','18:30:00'),
(9,26,29,'2024-03-02','14:00:00','18:30:00'),
(10,26,29,'2024-03-09','14:00:00','18:30:00'),
(11,26,29,'2024-03-16','14:00:00','18:30:00'),
(12,26,29,'2024-03-23','14:00:00','18:30:00');

--
-- Table structure for table `instructor_email`
--

CREATE TABLE `instructor_email` (
  `id` int(10) unsigned NOT NULL AUTO_INCREMENT,
  `subject` varchar(255) DEFAULT NULL,
  `body` text DEFAULT NULL,
  `send_date` timestamp NOT NULL DEFAULT current_timestamp() ON UPDATE current_timestamp(),
  `receiver_id` int(11) NOT NULL,
  `sender_id` int(11) NOT NULL,
  `sender_email` varchar(255) DEFAULT NULL,
  `receiver_email` varchar(255) DEFAULT NULL,
  `created_at` timestamp NOT NULL DEFAULT current_timestamp(),
  `updated_at` timestamp NOT NULL DEFAULT current_timestamp(),
  PRIMARY KEY (`id`)
) ENGINE=InnoDB DEFAULT CHARSET=utf8mb4;

--
-- Dumping data for table `instructor_email`
--


--
-- Table structure for table `instructor_image`
--

CREATE TABLE `instructor_image` (
  `id` int(10) unsigned NOT NULL AUTO_INCREMENT,
  `instructor_id` int(11) NOT NULL,
  `instructor_image` longtext NOT NULL,
  `created_at` timestamp NOT NULL DEFAULT current_timestamp(),
  `updated_at` timestamp NULL DEFAULT NULL ON UPDATE current_timestamp(),
  PRIMARY KEY (`id`)
) ENGINE=InnoDB AUTO_INCREMENT=6 DEFAULT CHARSET=utf8mb4;

--
-- Dumping data for table `instructor_image`
--

INSERT INTO `instructor_image` VALUES
(1,26,'[BLOB]','2023-08-04 17:49:33',NULL),
(2,25,'[BLOB]','2023-08-04 17:49:33',NULL),
(3,23,'[BLOB]','2023-08-04 17:49:34',NULL);

--
-- Table structure for table `instructor_qualification`
--

CREATE TABLE `instructor_qualification` (
  `id` int(10) unsigned NOT NULL AUTO_INCREMENT,
  `instructor_id` int(11) NOT NULL,
  `qualification` varchar(255) DEFAULT NULL,
  `created_at` timestamp NOT NULL DEFAULT current_timestamp(),
  `updated_at` timestamp NOT NULL DEFAULT current_timestamp(),
  PRIMARY KEY (`id`)
) ENGINE=InnoDB AUTO_INCREMENT=51 DEFAULT CHARSET=utf8mb4;

--
-- Dumping data for table `instructor_qualification`
--

INSERT INTO `instructor_qualification` VALUES
(1,1,'Fussball-Lehrer Lizenz','2022-09-27 08:48:04','2022-09-27 08:48:04'),
(2,2,'Ausgebildeter Fotograf','2022-09-27 08:51:50','2022-09-27 08:51:50'),
(8,5,'B.Tech','2022-09-29 10:56:39','2022-09-29 10:56:39'),
(10,6,'B.tech','2022-10-04 09:29:31','2022-10-04 09:29:31'),
(12,8,'test','2022-10-05 06:08:51','2022-10-05 06:08:51'),
(13,9,'BE','2022-10-05 06:11:49','2022-10-05 06:11:49'),
(14,7,'MCA','2022-10-05 06:59:06','2022-10-05 06:59:06'),
(15,10,'MCA','2022-10-05 07:00:50','2022-10-05 07:00:50'),
(16,11,'MCA','2022-10-06 08:37:22','2022-10-06 08:37:22'),
(17,12,'Mca','2022-10-06 09:10:25','2022-10-06 09:10:25'),
(20,13,'Mcs','2022-10-21 05:26:33','2022-10-21 05:26:33'),
(21,14,'BBA','2022-10-21 05:27:57','2022-10-21 05:27:57'),
(22,15,'MSC','2022-10-21 07:58:42','2022-10-21 07:58:42'),
(23,16,'B.E','2022-11-21 10:47:47','2022-11-21 10:47:47'),
(27,19,'MBA','2023-02-22 11:56:17','2023-02-22 11:56:17'),
(30,17,'B.tech','2023-02-28 08:37:11','2023-02-28 08:37:11'),
(33,22,'Aviation academy ','2023-03-17 05:14:52','2023-03-17 05:14:52'),
(34,22,'CPL','2023-03-17 05:14:52','2023-03-17 05:14:52'),
(36,23,'Fußball','2023-03-20 09:24:21','2023-03-20 09:24:21'),
(38,20,'MBA','2023-03-22 08:23:09','2023-03-22 08:23:09'),
(45,26,'MS (Automobile)','2023-06-12 05:08:45','2023-06-12 05:08:45'),
(46,25,'MBA','2023-07-06 05:36:15','2023-07-06 05:36:15');

--
-- Table structure for table `internal_instructor_booking`
--

CREATE TABLE `internal_instructor_booking` (
  `id` int(10) unsigned NOT NULL AUTO_INCREMENT,
  `in_instructor_id` int(11) NOT NULL,
  `course_id` int(11) NOT NULL,
  `date_from` varchar(255) NOT NULL,
  `start_time` time NOT NULL,
  `end_time` time NOT NULL,
  PRIMARY KEY (`id`)
) ENGINE=InnoDB AUTO_INCREMENT=15 DEFAULT CHARSET=utf8mb4;

--
-- Dumping data for table `internal_instructor_booking`
--

INSERT INTO `internal_instructor_booking` VALUES
(1,8,28,'2023-06-12','13:00:00','20:00:00'),
(2,8,28,'2023-06-19','13:00:00','20:00:00'),
(3,8,28,'2023-06-26','13:00:00','20:00:00'),
(4,20,24,'2023-06-22','18:00:00','20:00:00'),
(5,43,30,'2023-07-04','18:15:00','19:15:00'),
(6,43,30,'2023-07-11','18:15:00','19:15:00'),
(7,43,30,'2023-07-18','18:15:00','19:15:00'),
(8,43,30,'2023-07-25','18:15:00','19:15:00'),
(9,43,30,'2023-08-01','18:15:00','19:15:00'),
(10,43,30,'2023-08-08','18:15:00','19:15:00'),
(11,43,30,'2023-08-15','18:15:00','19:15:00'),
(12,43,30,'2023-08-22','18:15:00','19:15:00'),
(13,43,30,'2023-08-29','18:15:00','19:15:00'),
(14,6,31,'2023-08-30','12:00:00','18:00:00');

--
-- Table structure for table `knex_migrations`
--

CREATE TABLE `knex_migrations` (
  `id` int(10) unsigned NOT NULL AUTO_INCREMENT,
  `name` varchar(255) DEFAULT NULL,
  `batch` int(11) DEFAULT NULL,
  `migration_time` timestamp NOT NULL DEFAULT current_timestamp() ON UPDATE current_timestamp(),
  PRIMARY KEY (`id`)
) ENGINE=InnoDB AUTO_INCREMENT=176 DEFAULT CHARSET=utf8mb4;

--
-- Dumping data for table `knex_migrations`
--

INSERT INTO `knex_migrations` VALUES
(1,'20211001151104_user_groups.js',1,'2022-09-26 08:14:37'),
(2,'20211001154131_task_group.js',1,'2022-09-26 08:14:37'),
(3,'20211001154507_task_collaborators.js',1,'2022-09-26 08:14:37'),
(4,'20211001154607_subtask_group.js',1,'2022-09-26 08:14:37'),
(5,'20211001154824_p_messages.js',1,'2022-09-26 08:14:37'),
(6,'20211001155202_news_users.js',1,'2022-09-26 08:14:37'),
(7,'20211001155547_news_group.js',1,'2022-09-26 08:14:38'),
(8,'20211001155638_news.js',1,'2022-09-26 08:14:38'),
(9,'20220407135054_users.js',1,'2022-09-26 08:14:38'),
(10,'20220407135614_survey_users.js',1,'2022-09-26 08:14:38'),
(11,'20220407135746_survey_type.js',1,'2022-09-26 08:14:38'),
(12,'20220407135850_survey_result.js',1,'2022-09-26 08:14:38'),
(13,'20220407140034_survey_cron_mail.js',1,'2022-09-26 08:14:38'),
(14,'20220407140135_survey_answer.js',1,'2022-09-26 08:14:38'),
(15,'20220407140624_rooms_availability.js',1,'2022-09-26 08:14:38'),
(16,'20220407140747_rooms.js',1,'2022-09-26 08:14:38'),
(17,'20220407141037_news_tags.js',1,'2022-09-26 08:14:38'),
(18,'20220407141148_news_category.js',1,'2022-09-26 08:14:38'),
(19,'20220407141225_news_category_tbl.js',1,'2022-09-26 08:14:38'),
(20,'20220407141623_message_cc.js',1,'2022-09-26 08:14:38'),
(21,'20220407141716_groups.js',1,'2022-09-26 08:14:38'),
(22,'20220407141849_group_tasks.js',1,'2022-09-26 08:14:38'),
(23,'20220407141943_events.js',1,'2022-09-26 08:14:39'),
(24,'20220407142511_event_users.js',1,'2022-09-26 08:14:39'),
(25,'20220407142542_event_groups.js',1,'2022-09-26 08:14:39'),
(26,'20220407142628_documents.js',1,'2022-09-26 08:14:39'),
(27,'20220408164023_survey.js',1,'2022-09-26 08:14:39'),
(28,'20220408164451_instructor_availablity.js',1,'2022-09-26 08:14:39'),
(29,'20220408164558_instructor_email.js',1,'2022-09-26 08:14:39'),
(30,'20220408164735_instructor_qualification.js',1,'2022-09-26 08:14:39'),
(31,'20220408164830_instructor.js',1,'2022-09-26 08:14:39'),
(32,'20220408165007_faq.js',1,'2022-09-26 08:14:39'),
(33,'20220408165201_faq_category.js',1,'2022-09-26 08:14:39'),
(34,'20220408165601_crm_news_received.js',1,'2022-09-26 08:14:39'),
(35,'20220408165652_crm_news_visibility.js',1,'2022-09-26 08:14:39'),
(36,'20220408170057_courses.js',1,'2022-09-26 08:14:39'),
(37,'20220408170248_course_users.js',1,'2022-09-26 08:14:39'),
(38,'20220408170346_course_internal_instructor.js',1,'2022-09-26 08:14:39'),
(39,'20220408170412_course_group.js',1,'2022-09-26 08:14:39'),
(40,'20220408170448_course_external_instructor.js',1,'2022-09-26 08:14:39'),
(41,'20220614165009_club_wise_theme.js',1,'2022-09-26 08:14:39'),
(42,'20220614171750_appointment.js',1,'2022-09-26 08:14:40'),
(43,'20220614172435_appointment_groups.js',1,'2022-09-26 08:14:40'),
(44,'20220614172832_birthdays.js',1,'2022-09-26 08:14:40'),
(45,'20220614175217_club_folder.js',1,'2022-09-26 08:14:40'),
(46,'20220614175623_crm_survey_received.js',1,'2022-09-26 08:14:40'),
(47,'20220614175836_crm_survey_visibility.js',1,'2022-09-26 08:14:40'),
(48,'20220614180022_email_template.js',1,'2022-09-26 08:14:40'),
(49,'20220614180506_family_group.js',1,'2022-09-26 08:14:40'),
(50,'20220614180649_organizer.js',1,'2022-09-26 08:14:40'),
(51,'20220614182718_organizer_group.js',1,'2022-09-26 08:14:40'),
(52,'20220614183009_private_appointment.js',1,'2022-09-26 08:14:40'),
(53,'20220614183211_role.js',1,'2022-09-26 08:14:41'),
(54,'20220614183453_team_details.js',1,'2022-09-26 08:14:41'),
(55,'20220614184332_team_documents.js',1,'2022-09-26 08:14:41'),
(56,'20220614185106_team_event_type.js',1,'2022-09-26 08:14:41'),
(57,'20220614185319_team_events.js',1,'2022-09-26 08:14:41'),
(58,'20220614185633_teams.js',1,'2022-09-26 08:14:41'),
(59,'20220614185747_user_details.js',1,'2022-09-26 08:14:41'),
(60,'20220614190234_kuser_int.js',1,'2022-09-26 08:14:41'),
(61,'20220614190605_images_news.js',1,'2022-09-26 08:14:41'),
(62,'20220801110945_chat.js',1,'2022-09-26 08:14:41'),
(63,'20220930164309_alert_set_approve_status_for_group_table.js',2,'2022-10-03 12:02:52'),
(64,'20220930164858_alert_set_guests_column_for_News_table.js',2,'2022-10-03 12:02:52'),
(65,'20220930170339_alert_column_p_messages_table.js',2,'2022-10-03 12:02:52'),
(66,'20220930172017_alert_table_name_rooms_availablity.js',2,'2022-10-03 12:02:52'),
(67,'20220930175832_alert_column_survey_status_of_survey_table.js',3,'2022-10-03 13:48:15'),
(68,'20220930180813_alert_table_renamecolumn_of_survey_answer_table.js',3,'2022-10-03 13:48:16'),
(69,'20220930181932_alert_renamecolumn_of_survey_users_table.js',3,'2022-10-03 13:48:16'),
(70,'20220930182740_alert_table_add_column_to_task_group.js',3,'2022-10-03 13:48:16'),
(71,'20220930185820_alert_tbale_drop_column_from_users_table.js',3,'2022-10-03 13:48:16'),
(72,'20221008173452_vcloud_push_notification.js',4,'2022-10-20 22:50:16'),
(73,'20221018142613_alter_table_news.js',4,'2022-10-20 22:50:17'),
(74,'20221018150105_alter_table_appointment.js',4,'2022-10-20 22:50:17'),
(75,'20221018150355_alter_table_appointment_groups.js',4,'2022-10-20 22:50:17'),
(76,'20221018150747_alter_table_club_folder.js',4,'2022-10-20 22:50:17'),
(77,'20221018151521_alter_table_courses.js',4,'2022-10-20 22:50:17'),
(78,'20221018152457_alter_table_documents.js',4,'2022-10-20 22:50:17'),
(79,'20221018152852_alter_table_family_group.js',4,'2022-10-20 22:50:17'),
(80,'20221018160759_alter_table_groups.js',4,'2022-10-20 22:50:17'),
(81,'20221018161604_alter_table_images_news.js',4,'2022-10-20 22:50:17'),
(82,'20221018162007_alter_table_organizer.js',4,'2022-10-20 22:50:17'),
(83,'20221018162243_alter_table_organizer_group.js',4,'2022-10-20 22:50:17'),
(84,'20221018162438_alter_table_private_appointment.js',4,'2022-10-20 22:50:18'),
(85,'20221018164524_alter_table_survey.js',4,'2022-10-20 22:50:18'),
(86,'20221018165119_alter_table_task_group.js',4,'2022-10-20 22:50:18'),
(87,'20221018165513_alter_table_team_details.js',4,'2022-10-20 22:50:18'),
(88,'20221018165834_alter_table_team_events.js',4,'2022-10-20 22:50:18'),
(89,'20221018172145_alter_table_team_event_type.js',4,'2022-10-20 22:50:18'),
(90,'20221018174547_alter_table_subtask_group.js',4,'2022-10-20 22:50:18'),
(91,'20221018175125_alter_table_teams.js',4,'2022-10-20 22:50:18'),
(92,'20221018175450_alter_table_users.js',4,'2022-10-20 22:50:18'),
(93,'20221104165915_alter_table_vcloud_push_notification.js',5,'2022-11-07 08:21:35'),
(94,'20221108163906_alter_table_instructor.js',6,'2022-11-18 08:27:01'),
(95,'20221108165055_alter_table_rooms.js',6,'2022-11-18 08:27:01'),
(96,'20221116152143_add_column_image_task_group_table.js',6,'2022-11-18 08:27:01'),
(97,'20221116152503_add_column_faq_table.js',6,'2022-11-18 08:27:01'),
(98,'20221116153008_add_column_to_faq_category_table.js',6,'2022-11-18 08:27:01'),
(99,'20221116153347_add_column_to_survey_table.js',6,'2022-11-18 08:27:01'),
(100,'20221124161657_alter_table_news.js',7,'2022-11-25 09:24:44'),
(101,'20221124162447_alter_table_subtask_group.js',7,'2022-11-25 09:24:44'),
(102,'20221124163121_alter_table_task_collaborators.js',7,'2022-11-25 09:24:44'),
(103,'20221124163643_alter_table_survey_users.js',7,'2022-11-25 09:24:44'),
(104,'20221124164503_create_table_subtask_group_user.js',7,'2022-11-25 09:24:44'),
(105,'20221130180830_alter_table_group.js',8,'2022-12-09 09:04:37'),
(106,'20221130181625_alter_table_faq_category.js',8,'2022-12-09 09:04:37'),
(107,'20221130181932_alter_table_user_groups.js',8,'2022-12-09 09:04:37'),
(108,'20221130182412_alter_table_rooms.js',8,'2022-12-09 09:04:37'),
(109,'20221130183037_alter_table_courses.js',8,'2022-12-09 09:04:37'),
(110,'20221130184027_alter_table_task_group.js',8,'2022-12-09 09:04:37'),
(111,'20221130184932_alter_table_faq.js',8,'2022-12-09 09:04:37'),
(112,'20221130185316_alter_table_instructor.js',8,'2022-12-09 09:04:37'),
(113,'20221206115441_add_column_task_collaborators_table.js',8,'2022-12-09 09:04:37'),
(114,'20221206121537_add_columns_events_table.js',8,'2022-12-09 09:04:37'),
(115,'20221206123000_add_columns_event_users.js',8,'2022-12-09 09:04:37'),
(116,'20221206131736_add_columns_course_internal_instructor_table.js',8,'2022-12-09 09:04:37'),
(117,'20221206133349_add_columns_course_users_table.js',8,'2022-12-09 09:04:37'),
(118,'20221206134132_add_columns_survey_table.js',8,'2022-12-09 09:04:37'),
(119,'20221209131129_add_column_users_table.js',8,'2022-12-09 09:04:37'),
(120,'20221214161639_add_column_news_table.js',9,'2022-12-16 11:58:54'),
(121,'20221219185625_club_wise_theme.js',10,'2022-12-21 08:44:57'),
(122,'20221221095950_chat_delete.js',10,'2022-12-21 08:44:57'),
(123,'20221226131152_alter_table_documents.js',11,'2022-12-27 13:36:39'),
(124,'20230103103423_alter_table_event.js',12,'2023-01-05 15:19:52'),
(125,'20230103103852_alter_table_courses.js',12,'2023-01-05 15:19:52'),
(126,'20230105174650_alter_addColumn_table_users.js',12,'2023-01-05 15:19:52'),
(127,'20230125185519_alter_table_task_group.js',13,'2023-02-09 14:25:24'),
(128,'20230201181743_alter_add_column_survey_table.js',13,'2023-02-09 14:25:24'),
(129,'20230213183114_create_table_banner.js',14,'2023-02-21 13:53:27'),
(130,'20230224094350_create_table_banner_statistics.js',15,'2023-02-27 08:26:58'),
(131,'20230317152806_alter_table_users_add_column.js',16,'2023-03-17 21:18:12'),
(132,'20230321141700_alter_user_table.js',17,'2023-03-21 21:20:04'),
(133,'20230420101603_add_column_table_instructor.js',18,'2023-06-07 13:31:53'),
(134,'20230420102000_add_column_table_rooms.js',18,'2023-06-07 13:31:53'),
(135,'20230420102239_add_column_table_events.js',18,'2023-06-07 13:31:53'),
(136,'20230420102948_create_table_instructor_booking.js',18,'2023-06-07 13:31:53'),
(137,'20230420110035_create_table_internal_instructor_booking.js',18,'2023-06-07 13:31:53'),
(138,'20230420110259_create_table_room_booking.js',18,'2023-06-07 13:31:53'),
(139,'20230425165607_add_column_users_table.js',18,'2023-06-07 13:31:54'),
(140,'20230505145012_create_table_mobile_theme.js',18,'2023-06-07 13:31:54'),
(141,'20230509112717_alter_column_allowed_person_events_table.js',18,'2023-06-07 13:31:54'),
(142,'20230522113103_alter_table_news.js',18,'2023-06-07 13:31:54'),
(143,'20230522133656_alter_table_faq.js',18,'2023-06-07 13:31:54'),
(144,'20230522141138_alter_table_groups.js',18,'2023-06-07 13:31:54'),
(145,'20230522150252_alter_table_rooms.js',18,'2023-06-07 13:31:54'),
(146,'20230522152453_alter_table_events.js',18,'2023-06-07 13:31:54'),
(147,'20230522153547_alter_table_instructor.js',18,'2023-06-07 13:31:54'),
(148,'20230522154429_alter_table_courses.js',18,'2023-06-07 13:31:54'),
(149,'20230522161632_alter_table_task_group.js',18,'2023-06-07 13:31:54'),
(150,'20230522164707_alter_table_survey.js',18,'2023-06-07 13:31:54'),
(151,'20230731122110_create_table_banner_image.js',19,'2023-08-04 14:27:26'),
(152,'20230731140628_create_table_club_theme_images.js',19,'2023-08-04 14:27:26'),
(153,'20230731143113_alter_table_banner.js',19,'2023-08-04 14:27:27'),
(154,'20230801190127_create_table_course_images.js',19,'2023-08-04 14:27:27'),
(155,'20230803133305_alter_table_club_wise_theme.js',19,'2023-08-04 14:27:27'),
(156,'20230803133607_create_table_group_image.js',19,'2023-08-04 14:27:27'),
(157,'20230803133838_alter_table_groups.js',19,'2023-08-04 14:27:27'),
(158,'20230803134334_alter_table_courses.js',19,'2023-08-04 14:27:27'),
(159,'20230803134514_create_table_task_image.js',19,'2023-08-04 14:27:27'),
(160,'20230803134747_alter_table_task_group.js',19,'2023-08-04 14:27:27'),
(161,'20230803135024_create_table_faq_image.js',19,'2023-08-04 14:27:27'),
(162,'20230803141019_alter_table_faq.js',19,'2023-08-04 14:27:27'),
(163,'20230803141203_create_table_instructor_image.js',19,'2023-08-04 14:27:27'),
(164,'20230803141925_alter_table_instructor.js',19,'2023-08-04 14:27:27'),
(165,'20230803142151_create_table_survey_image.js',19,'2023-08-04 14:27:27'),
(166,'20230803142348_alter_table_survey.js',19,'2023-08-04 14:27:27'),
(167,'20230803142537_create_table_email_template_image.js',19,'2023-08-04 14:27:27'),
(168,'20230803142740_alter_table_email_template.js',19,'2023-08-04 14:27:27'),
(169,'20230803142932_create_table_event_images.js',19,'2023-08-04 14:27:27'),
(170,'20230803143151_alter_table_events.js',19,'2023-08-04 14:27:27'),
(171,'20230803143335_create_table_room_images.js',19,'2023-08-04 14:27:27'),
(172,'20230803143639_alter_table_rooms.js',19,'2023-08-04 14:27:27'),
(173,'20230803143836_create_table_news_image.js',19,'2023-08-04 14:27:27'),
(174,'20230803144042_alter_table_news.js',19,'2023-08-04 14:27:27'),
(175,'20230811152714_create_table_users_qrcodeurl.js',20,'2023-08-14 12:30:13');

--
-- Table structure for table `knex_migrations_lock`
--

CREATE TABLE `knex_migrations_lock` (
  `index` int(10) unsigned NOT NULL AUTO_INCREMENT,
  `is_locked` int(11) DEFAULT NULL,
  PRIMARY KEY (`index`)
) ENGINE=InnoDB AUTO_INCREMENT=2 DEFAULT CHARSET=utf8mb4;

--
-- Dumping data for table `knex_migrations_lock`
--

INSERT INTO `knex_migrations_lock` VALUES
(1,0);

--
-- Table structure for table `kuser_int`
--

CREATE TABLE `kuser_int` (
  `id` int(10) unsigned NOT NULL AUTO_INCREMENT,
  `keycloak_id` text DEFAULT NULL,
  `username` varchar(255) DEFAULT NULL,
  `firstname` text DEFAULT NULL,
  `lastname` text DEFAULT NULL,
  `team_id` varchar(45) DEFAULT NULL,
  `email` text DEFAULT NULL,
  `created_at` timestamp NOT NULL DEFAULT current_timestamp(),
  PRIMARY KEY (`id`)
) ENGINE=InnoDB DEFAULT CHARSET=utf8mb4;

--
-- Dumping data for table `kuser_int`
--


--
-- Table structure for table `message_cc`
--

CREATE TABLE `message_cc` (
  `id` int(10) unsigned NOT NULL AUTO_INCREMENT,
  `message_id` int(11) DEFAULT NULL,
  `cc` varchar(255) DEFAULT NULL,
  PRIMARY KEY (`id`)
) ENGINE=InnoDB DEFAULT CHARSET=utf8mb4;

--
-- Dumping data for table `message_cc`
--


--
-- Table structure for table `mobile_theme`
--

CREATE TABLE `mobile_theme` (
  `id` int(10) unsigned NOT NULL AUTO_INCREMENT,
  `team_id` varchar(155) NOT NULL,
  `user_id` int(11) NOT NULL,
  `theme_colour` varchar(155) NOT NULL,
  `created_at` timestamp NOT NULL DEFAULT current_timestamp(),
  `updated_at` timestamp NULL DEFAULT current_timestamp() ON UPDATE current_timestamp(),
  PRIMARY KEY (`id`)
) ENGINE=InnoDB AUTO_INCREMENT=3 DEFAULT CHARSET=utf8mb4;

--
-- Dumping data for table `mobile_theme`
--

INSERT INTO `mobile_theme` VALUES
(1,'141',1,'mobile-green','2023-06-08 13:44:06','2023-06-08 13:44:06'),
(2,'2661',43,'mobile-green','2023-06-21 09:34:34','2023-06-21 09:34:34');

--
-- Table structure for table `news`
--

CREATE TABLE `news` (
  `id` int(10) unsigned NOT NULL AUTO_INCREMENT,
  `team_id` varchar(45) DEFAULT NULL,
  `title` text DEFAULT NULL,
  `headline` text DEFAULT NULL,
  `text` text DEFAULT NULL,
  `author` varchar(255) DEFAULT NULL,
  `priority` int(11) DEFAULT NULL,
  `publication_date_from` varchar(255) DEFAULT NULL,
  `publication_date_to` varchar(255) DEFAULT NULL,
  `imageUrls` text DEFAULT NULL,
  `attachment` varchar(500) DEFAULT NULL,
  `tags` varchar(45) DEFAULT NULL,
  `audience` varchar(45) DEFAULT NULL,
  `approved_status` tinyint(4) DEFAULT NULL,
  `approved_by` int(11) DEFAULT NULL,
  `is_read` tinyint(4) NOT NULL DEFAULT 0,
  `guests` tinyint(4) DEFAULT 0,
  `show_guest_list` varchar(6) DEFAULT NULL,
  `updated_record` longtext DEFAULT NULL,
  `update_image_url` varchar(500) DEFAULT NULL,
  `update_approved_status` tinyint(4) DEFAULT NULL,
  `deny_reason` text DEFAULT NULL,
  `deny_by_id` int(11) DEFAULT NULL,
  `is_image_converted` int(11) NOT NULL DEFAULT 0,
  `updated_at` timestamp NULL DEFAULT current_timestamp() ON UPDATE current_timestamp(),
  `created_at` timestamp NOT NULL DEFAULT current_timestamp(),
  PRIMARY KEY (`id`)
) ENGINE=InnoDB AUTO_INCREMENT=38 DEFAULT CHARSET=utf8mb4;

--
-- Dumping data for table `news`
--

INSERT INTO `news` VALUES
(1,'141','Bericht zum Jugendtag','<font size=\"2\"><font face=\"Arial\">Der Jugendtag war ein voller Erfolg!<br></font></font>','<font size=\"2\"><font face=\"Arial\">Der Jugendtag war ein voller Erfolg!<br></font></font>','1',1,'2022-09-27T08:40:11.895Z','2022-09-27T08:40:11.895Z','https://minio.staging.verein.cloud/tineon/Leipzig/2022/September/Images/Jugendtag.jpg','null','null','0',1,NULL,0,NULL,'false',NULL,NULL,NULL,NULL,NULL,1,'2023-08-04 17:47:26','2022-09-27 08:40:11'),
(2,'141','What to expect at the Allianz FC Bayern  Team Presentation','<span></span><span></span><span>Inullore porem. Ovid ut lament fugitiost in preheni minverit as magni namentiur re nesto officipiciis ea pore se</span><br>','<span></span><span></span><span>Inullore porem. Ovid ut lament fugitiost in preheni minverit as magni namentiur re nesto officipiciis ea pore se</span><br>','1',1,'2022-11-16T04:35:48.100Z','2022-11-16T04:35:48.100Z','https://minio.staging.verein.cloud/tineon/Leipzig/2022/November/Images/event-img-1668573324495.png','null','null','0',1,NULL,0,NULL,'false',NULL,NULL,NULL,NULL,NULL,1,'2023-08-04 17:47:26','2022-09-27 08:41:54'),
(3,'141','Wir suchen dringend einen neuen Vorstand','<font size=\"2\"><font face=\"Arial\">Hiermit suchen wir neue Kandidaten f&#252;r das Amt des Vorstandes.<br></font></font>','<font size=\"2\"><font face=\"Arial\">Hiermit suchen wir neue Kandidaten f&#252;r das Amt des Vorstandes.<br></font></font>','1',1,'2022-09-27T08:43:01.631Z','2022-09-27T08:43:01.631Z','https://minio.staging.verein.cloud/tineon/Leipzig/2022/September/Images/Vorstandschaft.jpg','null','null','2',1,NULL,0,NULL,'false',NULL,NULL,NULL,NULL,NULL,1,'2023-08-04 17:47:26','2022-09-27 08:43:01'),
(4,'141','What to expect at the Allianz FC Bayern  Team Presentation','<span></span><span></span><span>Inullore porem. Ovid ut lament fugitiost in preheni minverit as magni namentiur re nesto officipiciis ea pore se</span><br>','<span></span><span></span><span>Inullore porem. Ovid ut lament fugitiost in preheni minverit as magni namentiur re nesto officipiciis ea pore se</span><br>','1',1,'2022-11-16T04:35:05.065Z','2022-11-16T04:35:05.065Z','https://minio.staging.verein.cloud/tineon/Leipzig/2022/November/Images/news-sm-3-1668573280231.png','null','null','0',1,NULL,0,NULL,'true',NULL,NULL,NULL,NULL,NULL,1,'2023-08-04 17:47:26','2022-09-29 09:26:27'),
(5,'141','TOLLER ABEND IM SEEPARK','<span></span><span></span><span>Inullore porem. Ovid ut lament fugitiost in preheni minverit as magni namentiur re nesto officipiciis ea pore se</span><br>','<span></span><span></span><span>Inullore porem. Ovid ut lament fugitiost in preheni minverit as magni namentiur re nesto officipiciis ea pore se</span><br>','1',1,'2022-11-30T10:55:41.642Z','2022-11-30T10:55:41.642Z','https://minio.staging.verein.cloud/tineon/Leipzig/2022/November/Images/news-sm-2-1668573224355.png','null','null','0',1,NULL,0,NULL,'false',NULL,NULL,0,NULL,NULL,1,'2023-08-04 17:47:26','2022-09-29 11:57:55'),
(6,'1690','INDUSTRY news','<font face=\"Arial\" size=\"2\">testing</font>','<font face=\"Arial\" size=\"2\">testing</font>','3',1,'2022-09-30T06:48:52.796Z','2022-09-30T06:48:52.796Z','https://minio.staging.verein.cloud/tineon/Leipzig/2022/September/Images/bg5.jpg','null','null','0',0,NULL,0,NULL,'true',NULL,NULL,NULL,NULL,NULL,1,'2023-08-04 17:47:24','2022-09-30 06:49:04'),
(7,'141','EIN NEUER VORSTAND WIRD GEWÄHLT','<span></span><span></span><span>Inullore porem. Ovid ut lament fugitiost in preheni minverit as magni namentiur re nesto officipiciis ea pore se</span><br>','<span></span><span></span><span>Inullore porem. Ovid ut lament fugitiost in preheni minverit as magni namentiur re nesto officipiciis ea pore se</span><br>','1',1,'2022-11-16T04:33:29.497Z','2022-11-16T04:33:29.497Z','https://minio.staging.verein.cloud/tineon/Leipzig/2022/November/Images/news-sm-1-1668573182470.png','null','null','0',1,NULL,0,0,'true',NULL,NULL,NULL,NULL,NULL,1,'2023-08-04 17:47:24','2022-10-04 09:40:07'),
(8,'1690','Hello World','<font face=\"Arial\" size=\"2\">Content for the news</font>','<font face=\"Arial\" size=\"2\">Content for the news</font>','3',1,'2022-10-05T06:00:00.448Z','2022-10-05T06:00:00.448Z','https://minio.staging.verein.cloud/tineon/Leipzig/2022/October/Images/download.jpg','null','null','0',1,NULL,0,0,'false',NULL,NULL,NULL,NULL,NULL,1,'2023-08-04 17:47:24','2022-10-05 05:57:02'),
(9,'1690','news testing 06','<font face=\"Arial\" size=\"2\">testing</font>','<font face=\"Arial\" size=\"2\">testing</font>','3',1,'2022-10-06T10:14:47.300Z','2022-10-06T10:14:47.300Z','https://minio.staging.verein.cloud/tineon/Leipzig/2022/October/Images/jan-sendereks.jpg','null','null','0',1,NULL,0,0,'true',NULL,NULL,NULL,NULL,NULL,1,'2023-08-04 17:47:24','2022-10-06 10:14:47'),
(10,'141','Test action news','<div><p><strong>Lorem Ipsum</strong>&#160;is simply dummy text of the printing and typesetting industry. Lorem Ipsum has been the industry\'s standard dummy text ever since the 1500s, when an unknown printer took a galley of type and scrambled it to make a type specimen book. It has survived not only five centuries, but also the leap into electronic typesetting, remaining essentially unchanged. It was popularised in the 1960s with the release of Letraset sheets containing Lorem Ipsum passages, and more recently with desktop publishing software like Aldus PageMaker including versions of Lorem Ipsum.</p><p><br></p></div><div></div>','<div><p><strong>Lorem Ipsum</strong>&#160;is simply dummy text of the printing and typesetting industry. Lorem Ipsum has been the industry\'s standard dummy text ever since the 1500s, when an unknown printer took a galley of type and scrambled it to make a type specimen book. It has survived not only five centuries, but also the leap into electronic typesetting, remaining essentially unchanged. It was popularised in the 1960s with the release of Letraset sheets containing Lorem Ipsum passages, and more recently with desktop publishing software like Aldus PageMaker including versions of Lorem Ipsum.</p><p><br></p></div><div></div>','4',1,'2023-06-13T08:33:00.831Z','2023-06-13T08:33:00.831Z','https://minio.staging.verein.cloud/tineon/Leipzig/2023/March/Documents/Bildschirm_foto%202023-03-18%20um%2009.38.40.png','null','null','2',1,NULL,0,0,'false',NULL,NULL,NULL,NULL,NULL,1,'2023-08-04 17:47:24','2022-10-11 06:53:14'),
(12,'141','news created to check count','<font face=\"Arial\" size=\"2\">news created to check count</font>','<font face=\"Arial\" size=\"2\">news created to check count</font>','1',1,'2022-11-30T10:13:58.260Z','2022-11-30T10:13:58.260Z','https://minio.staging.verein.cloud/tineon/Leipzig/2022/November/Images/nature-3082832__480.jpg','null','null','2',1,NULL,0,0,'true',NULL,NULL,0,NULL,NULL,1,'2023-08-04 17:47:23','2022-11-22 05:20:12'),
(13,'141','What to expect at the Allianz FC Bayern Team Presentation','<div class=\"news_content_text\">Inullore porem. Ovid ut lament fugitiost in preheni minverit as magni namentiur re nesto officipiciis ea pore se<font size=\"2\"><font face=\"Arial\">123 567</font></font><br></div>','<div class=\"news_content_text\">Inullore porem. Ovid ut lament fugitiost in preheni minverit as magni namentiur re nesto officipiciis ea pore se<font size=\"2\"><font face=\"Arial\">123 567</font></font><br></div>','1',1,'2023-07-06T04:20:13.771Z','2023-07-06T04:20:13.771Z','https://minio.staging.verein.cloud/tineon/Leipzig/2022/November/Images/news-lg-img.png','null','null','0',1,NULL,0,0,'true',NULL,NULL,NULL,NULL,NULL,1,'2023-08-04 17:47:23','2022-11-22 06:37:31'),
(18,'2810','Herzlich Willkommen!','<font face=\"Arial\" size=\"2\">Herzlich Willkommen, in der Aktion&#228;rsumgebung der Tineon AG.</font>','<font face=\"Arial\" size=\"2\">Herzlich Willkommen, in der Aktion&#228;rsumgebung der Tineon AG.</font>','30',1,'2023-01-27T09:48:59.696Z','2023-01-27T09:48:59.696Z','https://minio.staging.verein.cloud/tineon/Leipzig/2023/January/Images/willkommen-lettering-watercolor-splash-welcome-german-language-handwritten-modern-calligraphy-colorful-paint-splashes-purple-170091058-1674812937493.jpg','null','null','0',1,NULL,0,0,'false',NULL,NULL,0,NULL,NULL,1,'2023-08-04 17:47:23','2023-01-27 09:46:57'),
(20,'141','Hardik ends \'Kishan vs Rahul\' debate as IND captain names Gill\'s opening partners 17/03','<span>Hosts Team India will miss the services of their charismatic leader in the 1st One Day International (ODI) against Australia as&#160;</span><a target=\"_blank\" href=\"https://www.hindustantimes.com/topic/rohit-sharma\">Rohit Sharma</a><span>&#160;is unavailable for the series opener due to family commitments. In the absence of the veteran opener Rohit, vice-captain&#160;</span><a target=\"_blank\" href=\"https://www.hindustantimes.com/topic/hardik-pandya\">Hardik Pandya</a><span>&#160;will lead the Virat Kohli-starrer side as India are all set to resume its preparations for the ODI World Cup</span>','<span>Hosts Team India will miss the services of their charismatic leader in the 1st One Day International (ODI) against Australia as&#160;</span><a target=\"_blank\" href=\"https://www.hindustantimes.com/topic/rohit-sharma\">Rohit Sharma</a><span>&#160;is unavailable for the series opener due to family commitments. In the absence of the veteran opener Rohit, vice-captain&#160;</span><a target=\"_blank\" href=\"https://www.hindustantimes.com/topic/hardik-pandya\">Hardik Pandya</a><span>&#160;will lead the Virat Kohli-starrer side as India are all set to resume its preparations for the ODI World Cup</span>','8',1,'2023-03-22T06:08:49.867Z','2023-03-22T06:08:49.867Z','https://minio.staging.verein.cloud/tineon/Leipzig/2023/March/Documents/Bildschirm_foto%202023-03-18%20um%2009.37.50.png','null','null','0',1,1,0,0,'true',NULL,NULL,0,NULL,NULL,1,'2023-08-04 17:47:23','2023-03-17 04:10:49'),
(22,'2830','Renovierung des Sportheims','<span>In der Winterpause haben wir erfolgreich unser Sportheim Renoviert und modernisiert. Wir wollen uns &#252;ber diesen Weg noch einmal bei allen helfenden Mitgliedern, sowie den Zahlreichenden Sponsoren bedanken.</span><span></span>','<span>In der Winterpause haben wir erfolgreich unser Sportheim Renoviert und modernisiert. Wir wollen uns &#252;ber diesen Weg noch einmal bei allen helfenden Mitgliedern, sowie den Zahlreichenden Sponsoren bedanken.</span><span></span>','32',1,'2023-03-20T07:34:49.937Z','2023-03-20T07:34:49.937Z','https://minio.staging.verein.cloud/tineon/Leipzig/2023/March/Documents/Bildschirm%C2%ADfoto%202023-03-18%20um%2009.38.48.png','null','null','0',1,NULL,0,0,'false',NULL,NULL,NULL,NULL,NULL,1,'2023-08-04 17:47:23','2023-03-20 07:34:50'),
(23,'2830','Informationen rund um das anstehende Fußballturnier ','<p class=\"MsoNormal\">Am 04.06.2023 findet wie jedes Jahr unser traditionelles kleines Fu&#223;ballturnier statt.</p><p class=\"MsoNormal\">Die Spiele finden mit 4 Feldspielern + 1 Torwart statt, es werden 7 Minuten gespielt. Bei einem Unentschieden geht das Spiel direkt in ein Elfmeterschie&#223;en &#252;ber.</p><p class=\"MsoNormal\">&#160;</p><p class=\"MsoNormal\">&#160;</p><p class=\"MsoNormal\">Anmeldungen k&#246;nnen telefonisch oder per Mail bei Max Mustermann eingereicht werden.</p><p class=\"MsoNormal\">&#160;</p><p class=\"MsoNormal\">Anmeldeschluss ist der 28.05.2023.</p>','<p class=\"MsoNormal\">Am 04.06.2023 findet wie jedes Jahr unser traditionelles kleines Fu&#223;ballturnier statt.</p><p class=\"MsoNormal\">Die Spiele finden mit 4 Feldspielern + 1 Torwart statt, es werden 7 Minuten gespielt. Bei einem Unentschieden geht das Spiel direkt in ein Elfmeterschie&#223;en &#252;ber.</p><p class=\"MsoNormal\">&#160;</p><p class=\"MsoNormal\">&#160;</p><p class=\"MsoNormal\">Anmeldungen k&#246;nnen telefonisch oder per Mail bei Max Mustermann eingereicht werden.</p><p class=\"MsoNormal\">&#160;</p><p class=\"MsoNormal\">Anmeldeschluss ist der 28.05.2023.</p>','32',1,'2023-03-20T07:36:38.399Z','2023-03-20T07:36:38.399Z','https://minio.staging.verein.cloud/tineon/Leipzig/2023/March/Documents/Bildschirm%C2%ADfoto%202023-03-18%20um%2009.37.50.png','null','null','0',1,NULL,0,0,'false',NULL,NULL,NULL,NULL,NULL,1,'2023-08-04 17:47:20','2023-03-20 07:36:38'),
(24,'2830','Ergebnisse des Jugendspieltages','<p class=\"MsoNormal\">Unser Jugendspieltag war ein voller Erfolg, nachfolgend die Platzierungen unserer Teilnehmer:</p><p class=\"MsoNormal\">&#160;</p><p class=\"MsoNormal\">1.Platz - 1.FC Musterhausen</p><p class=\"MsoNormal\">&#160;</p><p class=\"MsoNormal\">2.Platz - SpVgg Dorfmuster</p><p class=\"MsoNormal\">&#160;</p><p class=\"MsoNormal\">3.Platz - 1.SV Musterstadt</p><p class=\"MsoNormal\">&#160;</p><p class=\"MsoNormal\">4.Platz - SG Stadt-Dorf</p><p class=\"MsoNormal\">&#160;</p><p class=\"MsoNormal\">5.Platz - 1.FC Musterdorf</p>','<p class=\"MsoNormal\">Unser Jugendspieltag war ein voller Erfolg, nachfolgend die Platzierungen unserer Teilnehmer:</p><p class=\"MsoNormal\">&#160;</p><p class=\"MsoNormal\">1.Platz - 1.FC Musterhausen</p><p class=\"MsoNormal\">&#160;</p><p class=\"MsoNormal\">2.Platz - SpVgg Dorfmuster</p><p class=\"MsoNormal\">&#160;</p><p class=\"MsoNormal\">3.Platz - 1.SV Musterstadt</p><p class=\"MsoNormal\">&#160;</p><p class=\"MsoNormal\">4.Platz - SG Stadt-Dorf</p><p class=\"MsoNormal\">&#160;</p><p class=\"MsoNormal\">5.Platz - 1.FC Musterdorf</p>','32',1,'2023-03-20T13:02:24.252Z','2023-03-20T13:02:24.252Z','https://minio.staging.verein.cloud/tineon/Leipzig/2023/March/Documents/Bildschirm%C2%ADfoto%202023-03-18%20um%2009.37.56.png','null','null','0',1,NULL,0,0,'false',NULL,NULL,0,NULL,NULL,1,'2023-08-04 17:47:20','2023-03-20 07:37:10'),
(25,'2830','Spielbericht der 1.Mannschaft','<p class=\"MsoNormal\">Unsere erste Mannschaft hat am vergangenen Freitag ihr erstes R&#252;ckrundenspiel erfolgreich gegen den 1.FC Musterhausen bestritten. Das Spiel endete mit einem 3:1 f&#252;r unsere Mannschaft.</p><p class=\"MsoNormal\">Es folgen die Torsch&#252;tzen unserer Mannschaft:</p><p class=\"MsoNormal\">&#160;</p><p class=\"MsoNormal\">21\' - Max Mustermann</p><p class=\"MsoNormal\">&#160;</p><p class=\"MsoNormal\">65\' - Peter Meier</p><p class=\"MsoNormal\">&#160;</p><p class=\"MsoNormal\">90\'+3 - Max Mustermann</p>','<p class=\"MsoNormal\">Unsere erste Mannschaft hat am vergangenen Freitag ihr erstes R&#252;ckrundenspiel erfolgreich gegen den 1.FC Musterhausen bestritten. Das Spiel endete mit einem 3:1 f&#252;r unsere Mannschaft.</p><p class=\"MsoNormal\">Es folgen die Torsch&#252;tzen unserer Mannschaft:</p><p class=\"MsoNormal\">&#160;</p><p class=\"MsoNormal\">21\' - Max Mustermann</p><p class=\"MsoNormal\">&#160;</p><p class=\"MsoNormal\">65\' - Peter Meier</p><p class=\"MsoNormal\">&#160;</p><p class=\"MsoNormal\">90\'+3 - Max Mustermann</p>','32',1,'2023-03-20T07:37:35.258Z','2023-03-20T07:37:35.258Z','https://minio.staging.verein.cloud/tineon/Leipzig/2023/March/Documents/Bildschirm%C2%ADfoto%202023-03-18%20um%2009.39.01.png','null','null','0',1,NULL,0,0,'false',NULL,NULL,NULL,NULL,NULL,1,'2023-08-04 17:47:20','2023-03-20 07:37:35'),
(26,'141','What is Lorem Ipsum?','<div><p><strong>Lorem Ipsum</strong>&#160;is simply dummy text of the printing and typesetting industry. Lorem Ipsum has been the industry\'s standard dummy text ever since the 1500s, when an unknown printer took a galley of type and scrambled it to make a type specimen book. It has survived not only five centuries, but also the leap into electronic typesetting, remaining essentially unchanged. It was popularised in the 1960s with the release of Letraset sheets containing Lorem Ipsum passages, and more recently with desktop publishing software like Aldus PageMaker including versions of Lorem Ipsum.</p><p><br></p></div><div></div>','<div><p><strong>Lorem Ipsum</strong>&#160;is simply dummy text of the printing and typesetting industry. Lorem Ipsum has been the industry\'s standard dummy text ever since the 1500s, when an unknown printer took a galley of type and scrambled it to make a type specimen book. It has survived not only five centuries, but also the leap into electronic typesetting, remaining essentially unchanged. It was popularised in the 1960s with the release of Letraset sheets containing Lorem Ipsum passages, and more recently with desktop publishing software like Aldus PageMaker including versions of Lorem Ipsum.</p><p><br></p></div><div></div>','1',1,'2023-04-03T04:43:09.641Z','2023-04-03T04:43:09.641Z','https://minio.staging.verein.cloud/tineon/Leipzig/2023/April/Images/pexels-carlos-oliva-3586966.jpg','null','null','0',1,NULL,0,0,'false',NULL,NULL,0,NULL,NULL,1,'2023-08-04 17:47:20','2023-04-03 04:39:23'),
(28,'2684','dBAV Projekt Bechtle steht kurz vor der Umsetzung','<font face=\"Arial\" size=\"2\">Geplanter Start ist 01 Juni 2023.&#160;</font>','<font face=\"Arial\" size=\"2\">Geplanter Start ist 01 Juni 2023.&#160;</font>','33',1,'2023-05-07T16:37:04.086Z','2023-05-07T16:37:04.086Z','https://minio.staging.verein.cloud/tineon/Leipzig/2023/April/Documents/Bildschirmfoto%202023-04-24%20um%2019.45.07.png','null','null','0',1,NULL,0,0,'false',NULL,NULL,0,NULL,NULL,1,'2023-08-04 17:47:19','2023-04-24 16:55:50'),
(29,'2684','Warum die betriebliche Altersvorsorge so wichtig für die Absicherung im Alter ist','<p>Aktuelle Studien zeigen, dass die betriebliche Altersvorsorge (bAV) eine der wichtigsten S&#228;ulen der Absicherung im Alter ist. Immer mehr Arbeitnehmerinnen und Arbeitnehmer setzen auf eine betriebliche Altersvorsorge, um im Ruhestand finanziell abgesichert zu sein.</p><p>Die Gr&#252;nde hierf&#252;r sind vielf&#228;ltig: Zum einen wird die gesetzliche Rente in den kommenden Jahren immer weiter sinken, weshalb eine zus&#228;tzliche private Vorsorge immer wichtiger wird. Zum anderen bietet die betriebliche Altersvorsorge zahlreiche Vorteile, die andere Formen der Altersvorsorge nicht bieten.</p><p>So ist die bAV in der Regel sehr sicher, da sie aufgrund der betrieblichen Einbindung eine hohe Stabilit&#228;t aufweist. Zudem ist sie oft steuerlich beg&#252;nstigt, was eine h&#246;here Rendite als bei anderen Vorsorgeformen erm&#246;glicht. Auch k&#246;nnen Arbeitgeber und Arbeitnehmer durch die bAV flexibler auf individuelle Bed&#252;rfnisse eingehen und die Altersvorsorge anpassen.</p><p>Es lohnt sich also, sich mit der betrieblichen Altersvorsorge auseinanderzusetzen und sich fr&#252;hzeitig abzusichern. Experten empfehlen, bereits ab dem Einstieg ins Berufsleben &#252;ber eine bAV nachzudenken und sich entsprechend beraten zu lassen. Eine fr&#252;hzeitige Planung und Umsetzung sorgt f&#252;r eine optimale Absicherung im Alter.</p>','<p>Aktuelle Studien zeigen, dass die betriebliche Altersvorsorge (bAV) eine der wichtigsten S&#228;ulen der Absicherung im Alter ist. Immer mehr Arbeitnehmerinnen und Arbeitnehmer setzen auf eine betriebliche Altersvorsorge, um im Ruhestand finanziell abgesichert zu sein.</p><p>Die Gr&#252;nde hierf&#252;r sind vielf&#228;ltig: Zum einen wird die gesetzliche Rente in den kommenden Jahren immer weiter sinken, weshalb eine zus&#228;tzliche private Vorsorge immer wichtiger wird. Zum anderen bietet die betriebliche Altersvorsorge zahlreiche Vorteile, die andere Formen der Altersvorsorge nicht bieten.</p><p>So ist die bAV in der Regel sehr sicher, da sie aufgrund der betrieblichen Einbindung eine hohe Stabilit&#228;t aufweist. Zudem ist sie oft steuerlich beg&#252;nstigt, was eine h&#246;here Rendite als bei anderen Vorsorgeformen erm&#246;glicht. Auch k&#246;nnen Arbeitgeber und Arbeitnehmer durch die bAV flexibler auf individuelle Bed&#252;rfnisse eingehen und die Altersvorsorge anpassen.</p><p>Es lohnt sich also, sich mit der betrieblichen Altersvorsorge auseinanderzusetzen und sich fr&#252;hzeitig abzusichern. Experten empfehlen, bereits ab dem Einstieg ins Berufsleben &#252;ber eine bAV nachzudenken und sich entsprechend beraten zu lassen. Eine fr&#252;hzeitige Planung und Umsetzung sorgt f&#252;r eine optimale Absicherung im Alter.</p>','33',1,'2023-04-24T17:51:29.927Z','2023-04-24T17:51:29.927Z','https://minio.staging.verein.cloud/tineon/Leipzig/2023/April/Documents/Bildschirmfoto%202023-04-24%20um%2019.51.02.png','null','null','0',1,NULL,0,0,'true',NULL,NULL,NULL,NULL,NULL,1,'2023-08-04 17:47:19','2023-04-24 17:51:30'),
(30,'2684','bAV: Was Mitarbeiter wollen und Unternehmen nützt (Studie) Bester personalwirtschaftlicher Effekt durch optimierte bAV-Gestaltung','<p>Was f&#252;r eine betriebliche Altersversorgung w&#252;nschen sich Mitarbeiter? Und warum lohnt es sich f&#252;r Arbeitgeber, darauf einzugehen? Diesen Fragen ist Willis Towers Watson in einer repr&#228;sentativen Studie, dem Global Benefits Attitudes Survey 2019/20, nachgegangen.</p><p>Die Studie zeigt, dass die Bedeutung der Alterssicherung unabh&#228;ngig von Alter und Besch&#228;ftigungsgruppe der Befragten gro&#223; ist. Dabei sind sich die meisten Befragten bewusst, dass sie im Ruhestand wahrscheinlich wesentlich schlechter dastehen werden als die Generation ihrer Eltern. Besonders die junge Generation stellt sich auf einen Ruhestand nach dem 67. Lebensjahr ein.</p><h3>Hohe Sparbereitschaft f&#252;rs Alter</h3><p>Die betriebliche Altersvorsorge (bAV) wird dabei als das Mittel der Wahl gesehen, um f&#252;r das Alter vorzusorgen, wobei die meisten Mitarbeiter in ihr ein besseres Preis-Leistungsverh&#228;ltnis sehen als in der privaten Altersvorsorge.</p><p>Dabei besteht eine hohe Sparbereitschaft. So legten 39 Prozent im letzten Jahr mehr als zehn Prozent ihres Gehalts f&#252;r das Alter zur&#252;ck. Unter den Befragten mit einer gemischt finanzierten bAV sind es sogar 50 Prozent. Mitarbeiter, die &#252;ber eine bAV verf&#252;gen, machen sich grunds&#228;tzlich mehr Gedanken um ihre Altersvorsorge und zahlen auch eher Beitr&#228;ge in einen privaten Vorsorgeplan ein.</p><h3>Gefragt: Flexible bAV mit Invalidit&#228;tsschutz und Unterst&#252;tzung bei bAV-Entscheidungen</h3><p>Von ihrer bAV erwarten Mitarbeiter vor allem Flexibilit&#228;t bei der Wahl der Auszahlungsoptionen. Daneben sch&#228;tzen sie auch solide Risikoleistungen und eine individuelle Beratung. Einer sicheren bAV geben die Befragten weiterhin den Vorzug vor einer Altersvorsorge mit mehr Renditechancen, aber h&#246;herem Risiko (wenn auch etwas weniger ausgepr&#228;gt als in den Jahren zuvor).</p><h3>Engagement, Motivation und Weiterempfehlung dank optimal gestalteter bAV</h3><p>Gehen Arbeitgeber auf diese Pr&#228;ferenzen ein, k&#246;nnen sie besonders stark bei ihren Mitarbeitern punkten. Dar&#252;ber hinaus zeigen die Studienergebnisse, dass es sinnvoll ist, die Mitarbeiter bei der Finanzierung einzubinden (zum Beispiel mithilfe von Matching-Modellen) und den Vorsorgeplan frisch und verst&#228;ndlich zu kommunizieren.</p><div class=\"\"><div class=\"card inline-media sr-reveal\"><img src=\"https://media.wtwco.com/-/media/WTW/Insights/2020/06/WTW-02684-Infografik-GBAS-2019-2020-Grafik-1.svg?modified=20200603110450&amp;imgeng=meta_true&amp;la=de-DE&amp;hash=712F89AC6AA63BE1474AFA322CF44856\" class=\"card-img-top\" alt=\"http://www.willistowerswatson.com/assets/bild_gbas/Banner.jpg\"><div class=\"card-body\"><div class=\"card-title mb-0 font-weight-semibold font-mono\">&#8222;Meine bAV ist ein wichtiger Grund f&#252;r meine Entscheidung, bei diesem Arbeitgeber zu bleiben&#8220;</div><p class=\"card-text font-p-small\">Quelle: Willis Towers Watson Global Benefits Attitudes Survey 2019/20 (Deutschland)</p></div></div></div>','<p>Was f&#252;r eine betriebliche Altersversorgung w&#252;nschen sich Mitarbeiter? Und warum lohnt es sich f&#252;r Arbeitgeber, darauf einzugehen? Diesen Fragen ist Willis Towers Watson in einer repr&#228;sentativen Studie, dem Global Benefits Attitudes Survey 2019/20, nachgegangen.</p><p>Die Studie zeigt, dass die Bedeutung der Alterssicherung unabh&#228;ngig von Alter und Besch&#228;ftigungsgruppe der Befragten gro&#223; ist. Dabei sind sich die meisten Befragten bewusst, dass sie im Ruhestand wahrscheinlich wesentlich schlechter dastehen werden als die Generation ihrer Eltern. Besonders die junge Generation stellt sich auf einen Ruhestand nach dem 67. Lebensjahr ein.</p><h3>Hohe Sparbereitschaft f&#252;rs Alter</h3><p>Die betriebliche Altersvorsorge (bAV) wird dabei als das Mittel der Wahl gesehen, um f&#252;r das Alter vorzusorgen, wobei die meisten Mitarbeiter in ihr ein besseres Preis-Leistungsverh&#228;ltnis sehen als in der privaten Altersvorsorge.</p><p>Dabei besteht eine hohe Sparbereitschaft. So legten 39 Prozent im letzten Jahr mehr als zehn Prozent ihres Gehalts f&#252;r das Alter zur&#252;ck. Unter den Befragten mit einer gemischt finanzierten bAV sind es sogar 50 Prozent. Mitarbeiter, die &#252;ber eine bAV verf&#252;gen, machen sich grunds&#228;tzlich mehr Gedanken um ihre Altersvorsorge und zahlen auch eher Beitr&#228;ge in einen privaten Vorsorgeplan ein.</p><h3>Gefragt: Flexible bAV mit Invalidit&#228;tsschutz und Unterst&#252;tzung bei bAV-Entscheidungen</h3><p>Von ihrer bAV erwarten Mitarbeiter vor allem Flexibilit&#228;t bei der Wahl der Auszahlungsoptionen. Daneben sch&#228;tzen sie auch solide Risikoleistungen und eine individuelle Beratung. Einer sicheren bAV geben die Befragten weiterhin den Vorzug vor einer Altersvorsorge mit mehr Renditechancen, aber h&#246;herem Risiko (wenn auch etwas weniger ausgepr&#228;gt als in den Jahren zuvor).</p><h3>Engagement, Motivation und Weiterempfehlung dank optimal gestalteter bAV</h3><p>Gehen Arbeitgeber auf diese Pr&#228;ferenzen ein, k&#246;nnen sie besonders stark bei ihren Mitarbeitern punkten. Dar&#252;ber hinaus zeigen die Studienergebnisse, dass es sinnvoll ist, die Mitarbeiter bei der Finanzierung einzubinden (zum Beispiel mithilfe von Matching-Modellen) und den Vorsorgeplan frisch und verst&#228;ndlich zu kommunizieren.</p><div class=\"\"><div class=\"card inline-media sr-reveal\"><img src=\"https://media.wtwco.com/-/media/WTW/Insights/2020/06/WTW-02684-Infografik-GBAS-2019-2020-Grafik-1.svg?modified=20200603110450&amp;imgeng=meta_true&amp;la=de-DE&amp;hash=712F89AC6AA63BE1474AFA322CF44856\" class=\"card-img-top\" alt=\"http://www.willistowerswatson.com/assets/bild_gbas/Banner.jpg\"><div class=\"card-body\"><div class=\"card-title mb-0 font-weight-semibold font-mono\">&#8222;Meine bAV ist ein wichtiger Grund f&#252;r meine Entscheidung, bei diesem Arbeitgeber zu bleiben&#8220;</div><p class=\"card-text font-p-small\">Quelle: Willis Towers Watson Global Benefits Attitudes Survey 2019/20 (Deutschland)</p></div></div></div>','33',1,'2023-05-07T16:35:22.672Z','2023-05-07T16:35:22.672Z','https://minio.staging.verein.cloud/tineon/Leipzig/2023/May/Documents/Bildschirmfoto%202023-05-07%20um%2018.33.05.png','null','null','0',1,NULL,0,0,'true',NULL,NULL,NULL,NULL,NULL,1,'2023-08-04 17:47:19','2023-05-07 16:35:28'),
(31,'2684','DIE DIGITALE BAV-BERATUNG Bring Deine bAV-Geschäftsabwicklung auf ein neues, digitales Level! Unser kostenloses Whitepaper erklärt Dir alles, was Du wissen musst. Jetzt anfordern!','<span>Bisher war eine bAV-Mitarbeiterberatung ein umfangreiches, komplexes, kostspieliges und zeitintensives Unterfangen f&#252;r alle Beteiligten &#8211; bisher! Der bAV-Berater der Zukunft nutzt digitale L&#246;sungen f&#252;r die bAV-Mitarbeiterberatung und profitiert dabei auf allen Ebenen!<br></span><br><span>Erfahre, wie Du eine Aufwands- und Kostensenkung von bis zu 90 % der bisherigen Beratungs- und Reisekosten bei erh&#246;hter Durchdringungs- und Weiterempfehlungsquote erreichst!<br><br></span><strong>Das erwartet Dich in unserem Whitepaper:</strong><br><ul><li>Herk&#246;mmliche Beratung oder digitale L&#246;sung?</li><li>Die Vorteile einer digitalen bAV-L&#246;sung</li><li>Die richtige Umsetzung einer digitalen bAV-L&#246;sung</li><li>90 % Zeit- und Kosteneinsparung bei erh&#246;hter Durchdringungsquote</li></ul><p><br><strong>Hol Dir jetzt unser Whitepaper und profitiere von den vielen Vorteilen der digitalen bAV-Gesch&#228;ftsabwicklung!</strong>&#160;</p>','<span>Bisher war eine bAV-Mitarbeiterberatung ein umfangreiches, komplexes, kostspieliges und zeitintensives Unterfangen f&#252;r alle Beteiligten &#8211; bisher! Der bAV-Berater der Zukunft nutzt digitale L&#246;sungen f&#252;r die bAV-Mitarbeiterberatung und profitiert dabei auf allen Ebenen!<br></span><br><span>Erfahre, wie Du eine Aufwands- und Kostensenkung von bis zu 90 % der bisherigen Beratungs- und Reisekosten bei erh&#246;hter Durchdringungs- und Weiterempfehlungsquote erreichst!<br><br></span><strong>Das erwartet Dich in unserem Whitepaper:</strong><br><ul><li>Herk&#246;mmliche Beratung oder digitale L&#246;sung?</li><li>Die Vorteile einer digitalen bAV-L&#246;sung</li><li>Die richtige Umsetzung einer digitalen bAV-L&#246;sung</li><li>90 % Zeit- und Kosteneinsparung bei erh&#246;hter Durchdringungsquote</li></ul><p><br><strong>Hol Dir jetzt unser Whitepaper und profitiere von den vielen Vorteilen der digitalen bAV-Gesch&#228;ftsabwicklung!</strong>&#160;</p>','33',1,'2023-05-07T16:42:42.708Z','2023-05-07T16:42:42.708Z','https://minio.staging.verein.cloud/tineon/Leipzig/2023/May/Documents/Bildschirmfoto%202023-05-07%20um%2018.40.35.png','null','null','2',1,NULL,0,0,'false',NULL,NULL,NULL,NULL,NULL,1,'2023-08-04 17:47:19','2023-05-07 16:42:44'),
(33,'141','UCL 2022/23 Finall | Manchester City win first Champions League title after Rodri’s goal seals victory over Inter Milan','<span>In being crowned champions of Europe, they matched the treble achieved by Manchester United in 1999 of lifting the Premier League, FA Cup and Champions League crowns.</span><p>City manager Pep Guardiola has now won the Champions League three times and took his trophy count with City to 12.</p><p>It was far from a fluent City performance, however, against a tireless Inter side who looked capable of causing a shock.</p><p>City were stifled in the first half and their fans were reduced to near silence at times as the nerves became frayed.</p><p>With Kevin de Bruyne off injured, City struggled to create chances and were wobbly at the back but in the end the ever-reliable Rodri came to the rescue.</p><p>For once Inter could not close down the spaces and Bernardo Silva&#8217;s cutback was swept home by the Spaniard.<font face=\"Arial\" size=\"2\">...</font></p>','<span>In being crowned champions of Europe, they matched the treble achieved by Manchester United in 1999 of lifting the Premier League, FA Cup and Champions League crowns.</span><p>City manager Pep Guardiola has now won the Champions League three times and took his trophy count with City to 12.</p><p>It was far from a fluent City performance, however, against a tireless Inter side who looked capable of causing a shock.</p><p>City were stifled in the first half and their fans were reduced to near silence at times as the nerves became frayed.</p><p>With Kevin de Bruyne off injured, City struggled to create chances and were wobbly at the back but in the end the ever-reliable Rodri came to the rescue.</p><p>For once Inter could not close down the spaces and Bernardo Silva&#8217;s cutback was swept home by the Spaniard.<font face=\"Arial\" size=\"2\">...</font></p>','1',1,'2023-08-08T12:28:25.795Z','2023-08-08T12:28:25.795Z','https://minio.staging.verein.cloud/tineon/Leipzig/2023/June/Images/pexels-pixabay-262524.jpg','null','null','0',1,NULL,0,0,'false',NULL,NULL,NULL,NULL,NULL,1,'2023-08-08 12:28:28','2023-06-12 04:22:14'),
(34,'141','WTC final 2023','<p>A livid Sunil Gavaskar on Sunday (June 11) hit out at the Indian players and did not spare Virat Kohli after the<span>&#160;</span><a href=\"https://www.thehindu.com/sport/cricket/world-test-championship-2023-final-india-vs-australia-209-runs-victory-for-australia-as-india-loses-second-consecutive-world-test-championship-final/article66957564.ece\" target=\"_self\">team\'s meek surrender in the World Test Championship final against Australia</a>, saying the batting was &#34;ridiculous&#34;.</p><p>Australia crushed India by 209 runs on the fifth and final day of a game that was mostly dominated by the team from Down Under.</p><p>&#34;The batting was shambles today. It was just ridiculous what we saw today. Especially the shot making. We saw some ordinary shots yesterday from (Cheteshwar) Pujara, somebody you never expect to play that shot.</p><p>&#34;Maybe somebody has gone into his head and said \'strike rate, strike rate\'. You have not even lasted a session. Eight wickets have not lasted a session? Come on,&#34; Gavaskar told broadcaster Star Sports.</p><p></p><div class=\"\"><br class=\"Apple-interchange-newline\"><br></div>','<p>A livid Sunil Gavaskar on Sunday (June 11) hit out at the Indian players and did not spare Virat Kohli after the<span>&#160;</span><a href=\"https://www.thehindu.com/sport/cricket/world-test-championship-2023-final-india-vs-australia-209-runs-victory-for-australia-as-india-loses-second-consecutive-world-test-championship-final/article66957564.ece\" target=\"_self\">team\'s meek surrender in the World Test Championship final against Australia</a>, saying the batting was &#34;ridiculous&#34;.</p><p>Australia crushed India by 209 runs on the fifth and final day of a game that was mostly dominated by the team from Down Under.</p><p>&#34;The batting was shambles today. It was just ridiculous what we saw today. Especially the shot making. We saw some ordinary shots yesterday from (Cheteshwar) Pujara, somebody you never expect to play that shot.</p><p>&#34;Maybe somebody has gone into his head and said \'strike rate, strike rate\'. You have not even lasted a session. Eight wickets have not lasted a session? Come on,&#34; Gavaskar told broadcaster Star Sports.</p><p></p><div class=\"\"><br class=\"Apple-interchange-newline\"><br></div>','8',1,'2023-07-04T08:46:49.177Z','2023-07-04T08:46:49.177Z','https://minio.staging.verein.cloud/tineon/Leipzig/2023/June/Images/pexels-patrick-case-3800517.jpg','null','null','2',1,1,1,0,'true',NULL,NULL,NULL,NULL,NULL,1,'2023-08-04 17:47:19','2023-06-12 04:43:15'),
(37,'2830','Zahlreich Teilnahme beim Grillfest','<font face=\"Gellix\" size=\"2\">Das Grillfest war auch in diesem Jahr wieder sehr gut besucht. Nahezu alle Spieler der ersten Mannschaften waren inklusive ihren Frauen und Kinder anwesend. Vielen Dank.</font>','<font face=\"Gellix\" size=\"2\">Das Grillfest war auch in diesem Jahr wieder sehr gut besucht. Nahezu alle Spieler der ersten Mannschaften waren inklusive ihren Frauen und Kinder anwesend. Vielen Dank.</font>','32',1,'2023-08-09T04:40:06.036Z','2023-08-09T04:40:06.036Z','https://minio.staging.verein.cloud/tineon/Leipzig/2023/August/Images/2308_VC_Event_Grillfest.jpg','null','null','2',1,NULL,0,0,'false',NULL,NULL,NULL,NULL,NULL,0,'2023-08-09 04:40:05','2023-08-09 04:40:05');

--
-- Table structure for table `news_category`
--

CREATE TABLE `news_category` (
  `id` int(10) unsigned NOT NULL AUTO_INCREMENT,
  `title` varchar(255) NOT NULL,
  `description` text DEFAULT NULL,
  `created_at` timestamp NOT NULL DEFAULT current_timestamp(),
  `updated_at` timestamp NOT NULL DEFAULT current_timestamp(),
  PRIMARY KEY (`id`)
) ENGINE=InnoDB DEFAULT CHARSET=utf8mb4;

--
-- Dumping data for table `news_category`
--


--
-- Table structure for table `news_category_tbl`
--

CREATE TABLE `news_category_tbl` (
  `id` int(10) unsigned NOT NULL AUTO_INCREMENT,
  `news_id` int(11) DEFAULT NULL,
  `category_id` int(11) DEFAULT NULL,
  PRIMARY KEY (`id`)
) ENGINE=InnoDB DEFAULT CHARSET=utf8mb4;

--
-- Dumping data for table `news_category_tbl`
--


--
-- Table structure for table `news_group`
--

CREATE TABLE `news_group` (
  `id` int(10) unsigned NOT NULL AUTO_INCREMENT,
  `news_id` int(11) DEFAULT NULL,
  `group_id` int(11) DEFAULT NULL,
  PRIMARY KEY (`id`)
) ENGINE=InnoDB AUTO_INCREMENT=18 DEFAULT CHARSET=utf8mb4;

--
-- Dumping data for table `news_group`
--

INSERT INTO `news_group` VALUES
(1,3,2),
(6,12,8),
(13,31,16),
(15,10,4),
(16,34,15),
(17,37,13);

--
-- Table structure for table `news_image`
--

CREATE TABLE `news_image` (
  `id` int(10) unsigned NOT NULL AUTO_INCREMENT,
  `news_id` int(11) NOT NULL,
  `news_image` longtext NOT NULL,
  `created_at` timestamp NOT NULL DEFAULT current_timestamp(),
  `updated_at` timestamp NULL DEFAULT NULL ON UPDATE current_timestamp(),
  PRIMARY KEY (`id`)
) ENGINE=InnoDB AUTO_INCREMENT=29 DEFAULT CHARSET=utf8mb4;

--
-- Dumping data for table `news_image`
--

INSERT INTO `news_image` VALUES
(1,34,'[BLOB]','2023-08-04 17:47:19',NULL),
(2,33,'[BLOB]','2023-08-04 17:47:19',NULL),
(3,31,'[BLOB]','2023-08-04 17:47:19',NULL),
(4,30,'[BLOB]','2023-08-04 17:47:19',NULL),
(5,29,'[BLOB]','2023-08-04 17:47:19',NULL),
(6,28,'[BLOB]','2023-08-04 17:47:19',NULL),
(7,26,'[BLOB]','2023-08-04 17:47:20',NULL),
