-- Table structure for table `family_group`
--

CREATE TABLE `family_group` (
  `id` int UNSIGNED NOT NULL,
  `title` varchar(255) NOT NULL,
  `description` text,
  `organizer_id` int NOT NULL
) ENGINE=InnoDB DEFAULT CHARSET=utf8mb4 COLLATE=utf8mb4_0900_ai_ci;

-- --------------------------------------------------------

--
-- Table structure for table `faq`
--

CREATE TABLE `faq` (
  `id` int UNSIGNED NOT NULL,
  `team_id` int DEFAULT NULL,
  `title` varchar(255) DEFAULT NULL,
  `category` int DEFAULT NULL,
  `position` int DEFAULT NULL,
  `image` varchar(255) DEFAULT NULL,
  `description` text,
  `author` varchar(155) DEFAULT NULL,
  `approved_status` tinyint DEFAULT NULL,
  `approved_by` int DEFAULT NULL,
  `updated_record` longtext,
  `update_image_url` varchar(500) DEFAULT NULL,
  `update_approved_status` tinyint DEFAULT NULL,
  `deny_reason` text,
  `deny_by_id` int DEFAULT NULL,
  `is_read` tinyint DEFAULT '0',
  `is_image_converted` int NOT NULL DEFAULT '0',
  `createdAt` timestamp NOT NULL DEFAULT CURRENT_TIMESTAMP,
  `modifiedAt` timestamp NOT NULL DEFAULT CURRENT_TIMESTAMP ON UPDATE CURRENT_TIMESTAMP
) ENGINE=InnoDB DEFAULT CHARSET=utf8mb4 COLLATE=utf8mb4_0900_ai_ci;

--
-- Dumping data for table `faq`
--

INSERT INTO `faq` (`id`, `team_id`, `title`, `category`, `position`, `image`, `description`, `author`, `approved_status`, `approved_by`, `updated_record`, `update_image_url`, `update_approved_status`, `deny_reason`, `deny_by_id`, `is_read`, `is_image_converted`, `createdAt`, `modifiedAt`) VALUES
(1, 141, 'Do Men and Women Ever Compete in the Same Sport?', 1, 5, 'https://minio.staging.verein.cloud/tineon/Leipzig/2023/November/Images/moto_harley_harley_davidson_883_74175_1024x768.jpg', '<span>Lorem ipsum dolor sit amet. Non asperiores sunt sit ipsam doloremque et animi reiciendis et repudiandae dolorem. Vel ipsa perferendis ex quasi sint ad provident error quo labore eligendi sit odit consectetur est officia voluptas quo nihil temporibus. Qui consequatur harum et distinctio temporibus et alias aliquam sed fugiat aliquid et quia sapiente.</span>', '1', 1, NULL, NULL, NULL, 0, NULL, NULL, 0, 0, '2023-11-18 12:36:01', '2023-11-18 12:49:57'),
(3, 141, 'How does it work?', 3, 2, NULL, '<p>Lorem ipsum dolor sit amet. Non asperiores sunt sit ipsam doloremque et animi reiciendis et repudiandae dolorem. Vel ipsa perferendis ex quasi sint ad provident error quo labore eligendi sit odit consectetur est officia voluptas quo nihil temporibus. Qui consequatur harum et distinctio temporibus et alias aliquam sed fugiat aliquid et quia sapiente.</p>', '1', 1, NULL, NULL, NULL, 0, NULL, NULL, 0, 0, '2023-11-18 12:36:53', '2024-01-13 09:40:33'),
(5, 141, 'My product is not working. What should I do?', 3, 4, NULL, '<p>Lorem ipsum dolor sit amet. Non asperiores sunt sit ipsam doloremque et animi reiciendis et repudiandae dolorem. Vel ipsa perferendis ex quasi sint ad provident error quo labore eligendi sit odit consectetur est officia voluptas quo nihil temporibus. Qui consequatur harum et distinctio temporibus et alias aliquam sed fugiat aliquid et quia sapiente.</p><p><br></p>', '1', 1, NULL, NULL, NULL, 0, NULL, NULL, 0, 0, '2023-11-18 12:37:43', '2023-11-20 09:42:30'),
(6, 141, 'What is the pricing of the product or service?', 3, 1, 'https://minio.staging.verein.cloud/tineon/Leipzig/2023/November/Images/moto_harley_harley_davidson_883_74175_1024x768.jpg', '<p><br></p><p><span>Lorem ipsum dolor sit amet. Ut voluptas quaerat qui autem explicabo est soluta internos est possimus cumque ut recusandae repudiandae est mollitia Quis. Vel doloremque incidunt ad dolorem excepturi aut sequi velit rem temporibus repudiandae aut nisi saepe in perferendis reprehenderit ut quia tenetur.</span><br></p>', '1', 1, NULL, NULL, NULL, 0, NULL, NULL, 0, 0, '2023-11-18 12:41:15', '2023-11-20 10:07:50'),
(10, 141, 'Where can i subscribe to newsletter?', 2, 3, 'https://minio.staging.verein.cloud/tineon/Leipzig/2023/December/Documents/Bildschirm%C2%ADfoto%202023-03-18%20um%2009.39.32.png', '<span>Lorem ipsum dolor sit amet. Et odit facere qui sequi voluptatibus hic placeat fugiat eos beatae saepe.</span>', '1', 1, NULL, NULL, NULL, NULL, NULL, NULL, 0, 0, '2023-12-11 06:53:03', '2023-12-11 06:53:03'),
(13, 141, 'e eu fugiat', 1, 7, NULL, 'voluptate &#10;velit esse cillum dolor<font face=\"Arial\" size=\"2\">e eu fugiat</font> nulla pariatu', '1', 1, NULL, NULL, NULL, NULL, NULL, NULL, 0, 0, '2024-01-12 12:50:28', '2024-01-12 12:50:28'),
(14, 141, 'on proident, sunt in culpa qui officia deserunt mollit anim id est laborum.\"', 3, 8, NULL, 'Lorem ipsum dolor sit amet, consectetur adipiscing elit, sed do eiusmod &#10;tempor incididunt ut labore et dolore magna aliqua. Ut enim ad minim &#10;veniam, quis nostrud exercitation ullamco laboris nisi ut aliquip ex ea &#10;commodo consequat. Duis aute irure dolor in reprehenderit in voluptate &#10;velit esse cillum dolore eu fugiat nulla pariatur. Excepteur sint &#10;occaecat cupidatat non proident, sunt in culpa qui officia deserunt &#10;mollit anim id est laborum.&#34;', '1', 1, NULL, NULL, NULL, NULL, NULL, NULL, 0, 0, '2024-01-12 12:50:57', '2024-01-12 12:50:57'),
(15, 141, 'sint occaecat cupidatat n', 2, 9, NULL, 'Lorem ipsum dolor sit amet, consectetur adipiscing elit, sed do eiusmod &#10;tempor incididunt ut labore et dolore magna aliqua. Ut enim ad minim &#10;veniam, quis nostrud exercitation ullamco laboris nisi ut aliquip ex ea &#10;commodo consequat. Duis aute irure dolor in reprehenderit in voluptate &#10;velit esse cillum dolore eu fugiat nulla pariatur. Excepteur sint &#10;occaecat cupidatat non proident, sunt in culpa qui officia deserunt &#10;mollit anim id est laborum.&#34;', '1', 1, NULL, NULL, NULL, NULL, NULL, NULL, 0, 0, '2024-01-12 12:55:06', '2024-01-12 12:55:06'),
(19, 141, 'when an unknown printer took a galley updated', 3, 9, 'https://minio.staging.verein.cloud/tineon/Leipzig/2024/January/Documents/Bildschirm%C2%ADfoto%202023-03-18%20um%2009.39.55.png', '<strong>Lorem Ipsum</strong><span>&#160;is simply dummy text of the printing and typesetting industry. Lorem Ipsum has been the industry\'s standard dummy text ever since the 1500s, when an unknown printer took a galley of type and scrambled it to make a type specimen book. It has survived not only five centuries, but also the l</span>', '8', 1, 1, NULL, NULL, 0, NULL, NULL, 0, 0, '2024-01-29 13:35:05', '2024-01-29 13:42:07'),
(20, 141, 'Sportes', 1, 8, 'https://minio.staging.verein.cloud/tineon/Leipzig/2024/January/Images/Herren_Meister.jpeg', '<p>Et magni illum et veritatis quia ea aliquid laboriosam non cupiditate voluptas vel voluptas sapiente. Eum consequatur voluptatem qui suscipit tenetur aut optio rerum eos iusto obcaecati nam explicabo labore? Ut praesentium consequatur est facere rerum eos deserunt inventore. Eos omnis rerum ex autem velit cum rerum inventore!</p><p><br></p>', '9', 1, 1, NULL, NULL, NULL, NULL, NULL, 0, 0, '2024-01-30 10:37:38', '2024-01-30 10:41:43'),
(22, 3246, 'FAQ@02', 9, 2, NULL, 'Lorem ipsum dolor sit amet, consectetur adipiscing elit, sed do eiusmod &#10;tempor incididunt ut labore et dolore magna aliqua. Ut enim ad minim &#10;veniam, quis nostrud exercitation ullamco laboris nisi ut aliquip ex ea &#10;commodo consequat. Duis aute irure dolor in reprehenderit in voluptate &#10;velit esse cillum dolore eu fugiat nulla pariatur. Excepteur sint &#10;occaecat cupidatat non proident, sunt in culpa qui officia deserunt &#10;mollit anim id est laborum.', '48', 1, NULL, NULL, NULL, NULL, NULL, NULL, 0, 0, '2024-02-02 08:50:56', '2024-02-02 08:50:56'),
(23, 141, 'c placerat vestibulum lectus', 1, 9, NULL, 'Tristique senectus et netus et malesuada fames ac turpis. Augue neque &#10;gravida in fermentum et sollicitudin ac. Amet consectetur adipiscing &#10;elit duis tristique sollicitudin. Neque laoreet suspendisse interdum &#10;consectetur libero. Ullamcorper eget nulla facilisi etiam dignissim &#10;diam. Tempus iaculis urna id volutpat lacus laoreet non curabitur. &#10;Volutpat est velit egestas dui id ornare arcu odio ut. Gravida in &#10;fermentum et sollicitudin ac orci phasellus egestas tellus. Nunc non &#10;blandit massa enim. Tellus rutrum tellus pellentesque eu tincidunt &#10;tortor aliquam nulla facilisi. Ornare aenean euismod elementum nisi quis&#10; eleifend quam adipiscing vitae. Nisl purus in mollis nunc sed id &#10;semper. Magna fermentum iaculis eu non diam. Tincidunt arcu non sodales &#10;neque sodales ut etiam sit amet. Diam quis enim lobortis scelerisque &#10;fermentum dui. A iaculis at erat pellentesque adipiscing commodo elit at&#10; imperdiet. Nunc mattis enim ut tellus elementum sagittis vitae et leo. &#10;Vel turpis nunc eget lorem dolor sed. Pharetra magna a mauris. Tellus molestie nunc non blandit massa enim.', '1', 1, NULL, NULL, NULL, NULL, NULL, NULL, 0, 0, '2024-02-13 13:17:19', '2024-02-13 13:17:19'),
(25, 141, 'Hic repellendus ', 1, 2, 'https://minio.staging.verein.cloud/tineon/Leipzig/2024/February/Documents/Bildschirm%C2%ADfoto%202023-03-18%20um%2009.39.16.png', '<span>Hic repellendus dolor eos deleniti quae ea accusamus dolor et aspernatur quidem aut eveniet quod. Nam suscipit inventore quo reprehenderit rerum nam quas iusto eos nemo cumque.</span>', '1', 1, NULL, NULL, NULL, NULL, NULL, NULL, 0, 0, '2024-02-13 14:06:17', '2024-02-13 14:06:17'),
(27, 141, 'Got a question?', 1, 3, 'https://minio.staging.verein.cloud/tineon/Leipzig/2024/February/Documents/Bildschirm%C2%ADfoto%202023-03-18%20um%2009.37.56.png', 'Lorem ipsum dolor sit amet. Sit quia saepe vel similique quia qui eaque natus. Ex dolor sequi au', '9', 0, NULL, NULL, NULL, NULL, NULL, NULL, 0, 0, '2024-02-15 08:19:18', '2024-02-15 08:19:18'),
(28, 141, 'About two-step verification', 1, 1, 'https://minio.staging.verein.cloud/tineon/Leipzig/2024/April/Documents/test.pdf', 'Lorem ipsum dolor sit amet. Et molestiae numquam sed laudantium minima &#10;et obcaecati dolore? Et suscipit laudantium qui veritatis nulla ea &#10;perspiciatis ', '9', 1, 1, NULL, NULL, 0, NULL, NULL, 0, 0, '2024-02-15 08:21:10', '2024-04-23 10:53:28'),
(29, 141, 'FAQ for accept update', 2, 8, 'https://minio.staging.verein.cloud/tineon/Leipzig/2024/February/Images/Tennis.jpeg', 'Lorem ipsum dolor sit amet, consectetur adipiscing elit, sed do eiusmod tempor incididunt ut labore et dolore magna aliqua. Ut enim ad minim veniam, quis nostrud exercitation ullamco laboris nisi ut aliquip ex ea commodo consequat. Duis aute irure dolor in reprehenderit in voluptate velit esse cillum dolore eu fugiat nulla pariatur. Excepteur sint occaecat cupidatat non proident, sunt in culpa qui officia deserunt mollit anim id est laborum.', '9', 1, 1, NULL, NULL, 0, NULL, NULL, 0, 0, '2024-02-21 09:08:28', '2024-03-08 12:49:52'),
(30, 141, 'FAQ for deny update', 1, 10, 'https://minio.staging.verein.cloud/tineon/Leipzig/2024/February/Images/Tennis-Minis.jpeg', '<font face=\"Arial\" size=\"2\">Lorem ipsum dolor sit amet, consectetur adipiscing elit, sed do eiusmod tempor incididunt ut labore et dolore magna aliqua. Ut enim ad minim veniam, quis nostrud exercitation ullamco laboris nisi ut aliquip ex ea commodo consequat. Duis aute irure dolor in reprehenderit in voluptate velit esse cillum dolore eu fugiat nulla pariatur. Excepteur sint occaecat cupidatat non proident, sunt in culpa qui officia deserunt mollit anim id est laborum.</font>', '9', 1, 1, NULL, NULL, 0, NULL, NULL, 0, 0, '2024-02-21 09:10:31', '2024-03-11 05:44:26'),
(31, 141, 'vestibulum ', 2, 6, 'https://minio.staging.verein.cloud/tineon/Leipzig/2024/April/Documents/1_8_card.docx', 'Sed lectus mattis ullamcorper velit sed. Quam pellentesque &#10;nec nam aliquam sem et tortor consequat. Ultrices tincidunt arcu non &#10;sodales neque sodales. Vel quam elementum pulvinar etiam non quam lacus &#10;suspendisse faucibus. Nulla facilisi nullam vehicula ipsum a arcu &#10;cursus. Pulvinar etiam non quam lacus suspendisse faucibus. Eu lobortis &#10;elementum nibh tellus molestie nunc non blandit. Nisi lacus sed viverra &#10;tellus in hac. In nibh mauris cursus mattis molestie a iaculis at erat. &#10;Molestie a iaculis at erat.', '1', 1, NULL, NULL, NULL, 0, NULL, NULL, 0, 0, '2024-02-26 08:09:21', '2024-04-18 06:41:23'),
(32, 141, 'Wardrobe Wizards ', 3, 10, 'https://minio.staging.verein.cloud/tineon/Leipzig/2024/February/Images/erik-lucatero-1.jpg', '<strong>Lorem Ipsum</strong><span>&#160;is simply dummy text of the printing and typesetting industry. Lorem Ipsum has been the industry\'s standard dummy text ever since the 1500s, when an unknown printer took a galley of type and scrambled it to make a type specimen book. It has survived not only five centuries, but also the leap into electronic typesetting, remaining essentially unchanged. It was popularised in the 1960s with the release of Letraset sheets containing Lorem Ipsum passages, and more recently with desktop publishing software like Aldus PageMaker including versions of Lorem Ipsum.</span><br>', '8', 1, 1, NULL, NULL, 0, NULL, NULL, 0, 0, '2024-02-29 09:18:30', '2024-02-29 09:39:49'),
(39, 141, 'FAQ by editor for notifications', 2, 4, NULL, 'Lorem ipsum dolor sit amet, consectetur adipiscing elit, sed do eiusmod &#10;tempor incididunt ut labore et dolore magna aliqua. Ut enim ad minim &#10;veniam, quis nostrud exercitation ullamco laboris nisi ut aliquip ex ea &#10;commodo consequat. Duis aute irure dolor in reprehenderit in voluptate &#10;velit esse cillum dolore eu fugiat nulla pariatur. Excepteur sint &#10;occaecat cupidatat non proident, sunt in culpa qui officia deserunt &#10;mollit anim id est laborum.', '9', 1, 1, NULL, NULL, NULL, NULL, NULL, 0, 0, '2024-03-12 07:55:54', '2024-03-12 07:57:01'),
(41, 141, 'FAQ by E', 2, 2, NULL, '<font face=\"Arial\" size=\"2\">lorem</font>', '9', 1, 1, '{\"title\":\"FAQ by E\",\"category\":\"2\",\"position\":\"2\",\"description\":\"<font face=\\\"Arial\\\" size=\\\"2\\\">lorem</font>\",\"approved_status\":\"1\",\"team_id\":\"141\",\"faqCategory\":{\"id\":2,\"team_id\":141,\"category_title\":\"Club Events\",\"category_description\":null,\"category_position\":2,\"author\":\"1\",\"approved_status\":1,\"approved_by\":null,\"is_read\":0,\"updated_record\":null,\"update_approved_status\":null,\"deny_reason\":null,\"deny_by_id\":null,\"createdAt\":\"2023-11-18T12:35:05.000Z\",\"modifiedAt\":\"2023-11-18T12:35:05.000Z\"},\"image\":\"Tennis-Minis.jpeg\",\"document\":\"\"}', 'https://minio.staging.verein.cloud/tineon/Leipzig/2024/April/Images/Tennis-Minis.jpeg', 0, 'Admin deny the FAQs', 1, 0, 0, '2024-03-12 09:11:47', '2024-04-16 05:23:22'),
(42, 141, '13march', 3, 3, NULL, '<font face=\"Arial\" size=\"2\">lorem</font>', '9', 1, 1, NULL, NULL, NULL, NULL, NULL, 0, 0, '2024-03-12 09:14:14', '2024-03-12 09:14:35'),
(45, 141, 'test faq with document', 1, 4, 'https://minio.staging.verein.cloud/tineon/Leipzig/2024/April/Images/S-Verein_01.jpeg', '<font face=\"Arial\" size=\"2\">test faq with document</font>', '9', 1, 1, '{\"title\":\"test faq with document\",\"category\":\"1\",\"position\":\"4\",\"description\":\"<font face=\\\"Arial\\\" size=\\\"2\\\">test faq with document</font>\",\"faq_image\":\"\",\"faq_document\":\"\",\"approved_status\":\"1\",\"team_id\":\"141\",\"faqCategory\":{\"id\":1,\"team_id\":141,\"category_title\":\"Sports\",\"category_description\":null,\"category_position\":3,\"author\":\"1\",\"approved_status\":1,\"approved_by\":null,\"is_read\":0,\"updated_record\":null,\"update_approved_status\":null,\"deny_reason\":null,\"deny_by_id\":null,\"createdAt\":\"2023-11-18T12:34:49.000Z\",\"modifiedAt\":\"2023-11-18T12:34:49.000Z\"}}', NULL, 0, NULL, NULL, 1, 0, '2024-03-28 09:56:07', '2024-04-18 06:47:44'),
(50, 141, 'title', 2, 1, 'https://minio.staging.verein.cloud/tineon/Leipzig/2024/April/Documents/test.pdf', 'dummmmmmymmmy', '1', 1, NULL, NULL, NULL, 0, NULL, NULL, 0, 0, '2024-03-29 19:44:38', '2024-04-08 10:26:09'),
(69, 9533, 'FAQ 1st apr up', 19, 1, 'https://minio.staging.verein.cloud/tineon/Leipzig/2024/April/Images/Turnierinnen.jpeg', '<font size=\"2\" face=\"Arial\">lorem</font>', '49', 1, NULL, NULL, NULL, 0, NULL, NULL, 0, 0, '2024-04-01 06:10:16', '2024-04-08 06:43:21'),
(70, 9533, 'test Faq', 19, 2, 'https://minio.staging.verein.cloud/tineon/Leipzig/2024/April/Documents/output%20%281%29.pdf', '<pre class=\"zcmsgcnt textL\" dir=\"auto\">test Faq</pre>', '49', 1, NULL, NULL, NULL, NULL, NULL, NULL, 0, 0, '2024-04-01 11:17:45', '2024-04-01 11:17:45'),
(71, 9533, 'Sed impedit ut veni', 19, 4, 'https://minio.staging.verein.cloud/tineon/Leipzig/2024/April/Documents/dummy.pdf', 'Id, enim temporibus .<font face=\"Arial\" size=\"2\">tyu</font>', '49', 1, NULL, NULL, NULL, 0, NULL, NULL, 0, 0, '2024-04-02 07:53:44', '2024-04-02 09:09:32'),
(80, 141, 'dolor sit amet', 2, 7, 'https://minio.staging.verein.cloud/tineon/Leipzig/2024/April/Documents/card.docx', '<span>Lorem ipsum dolor sit amet. Et consequuntur accusamus est exercitationem illo vel suscipit voluptates et quisquam rerum ut cumque facere</span>', '1', 1, NULL, NULL, NULL, NULL, NULL, NULL, 0, 0, '2024-04-18 06:37:07', '2024-04-18 06:37:07'),
(81, 141, ' Ea veritatis', 2, 5, 'https://minio.staging.verein.cloud/tineon/Leipzig/2024/April/Documents/Bildschirm%C2%ADfoto%202023-03-18%20um%2009.39.39.png', '<span>Lorem ipsum dolor sit amet. Ea veritatis natus sit autem corrupti ut illum fugiat eos laborum&#160;</span>', '1', 1, NULL, NULL, NULL, NULL, NULL, NULL, 0, 0, '2024-04-23 08:42:21', '2024-04-23 08:42:21'),
(82, 141, 'Ex vero', 3, 7, 'https://minio.staging.verein.cloud/tineon/Leipzig/2024/April/Documents/Bildschirm%C2%ADfoto%202023-03-18%20um%2009.38.06.png', '<span>&#160;Ea veritatis natus sit autem corrupti ut illum fugiat eos laborum necessitatibus ad quam possimus.&#160;</span>', '1', 1, NULL, NULL, NULL, NULL, NULL, NULL, 0, 0, '2024-04-23 08:43:51', '2024-04-23 08:43:51'),
(83, 141, 'Sed eius', 2, 10, 'https://minio.staging.verein.cloud/tineon/Leipzig/2024/April/Documents/Bildschirm%C2%ADfoto%202023-03-18%20um%2009.38.48.png', '<span>Lorem ipsum dolor sit amet. Sed eius vero et quia sunt et rerum expedita aut nihil expedita est minus odit nam dicta totam.&#160;</span>', '1', 1, NULL, NULL, NULL, NULL, NULL, NULL, 0, 0, '2024-04-23 08:45:24', '2024-04-23 08:45:24'),
(84, 141, 'Vel eveniet aut aut', 3, 6, 'https://minio.staging.verein.cloud/tineon/Leipzig/2024/April/Documents/Bildschirm%C2%ADfoto%202023-03-18%20um%2009.39.09.png', 'Dolores fugiat, solu.trg', '1', 1, NULL, NULL, NULL, 0, NULL, NULL, 0, 0, '2024-04-23 09:17:19', '2024-06-22 18:11:18'),
(85, 141, 'Incidunt distinctio', 1, 6, NULL, 'Consequuntur vel sin.ew', '1', 1, NULL, NULL, NULL, NULL, NULL, NULL, 0, 0, '2024-04-23 09:25:18', '2024-04-23 09:25:18'),
(86, 141, 'Faqs for club', 2, NULL, NULL, '<font face=\"Arial\" size=\"2\">This is for testing</font>', '1', 1, NULL, NULL, NULL, NULL, NULL, NULL, 0, 0, '2024-04-23 11:01:50', '2024-04-23 11:01:50'),
(87, 141, 'Faq for test', 2, NULL, NULL, '<span>Lorem ipsum dolor sit amet.&#160;</span>', '1', 1, NULL, NULL, NULL, NULL, NULL, NULL, 0, 0, '2024-04-23 11:03:26', '2024-04-23 11:03:26'),
(88, 141, 'Eum perferendis anim', 21, 8, NULL, 'Et veritatis numquam.<font face=\"Arial\" size=\"2\">&#160;</font>', '8', 1, 1, '{\"team_id\":\"141\",\"approved_status\":\"0\",\"created_by\":\"0\",\"title\":\"Eum perferendis anim\",\"category\":\"21\",\"position\":\"8\",\"description\":\"Et veritatis numquam.<font face=\\\"Arial\\\" size=\\\"2\\\">&#160;</font>\",\"author\":\"8\",\"faqCategory\":{\"id\":21,\"team_id\":141,\"category_title\":\"Group Events\",\"category_description\":null,\"category_position\":6,\"author\":\"1\",\"approved_status\":1,\"approved_by\":null,\"is_read\":0,\"updated_record\":null,\"update_approved_status\":null,\"deny_reason\":null,\"deny_by_id\":null,\"createdAt\":\"2024-05-07T04:50:33.000Z\",\"modifiedAt\":\"2024-05-07T04:50:33.000Z\"},\"image\":\"values-1.png\",\"document\":\"\"}', 'https://minio.staging.verein.cloud/tineon/Leipzig/2024/June/Images/values-1.png', 0, NULL, NULL, 1, 0, '2024-05-10 10:34:05', '2024-06-22 21:01:06'),
(89, 141, 'Doloribus minima acc', 2, NULL, 'https://minio.staging.verein.cloud/tineon/Leipzig/2024/June/Images/tennis-damen.jpeg', 'Tempor cupiditate iu.ds<font face=\"Arial\" size=\"2\">re</font>', '9', 1, 1, '{\"title\":\"Doloribus minima upd\",\"category\":\"2\",\"position\":\"\",\"description\":\"Tempor cupiditate iu.ds<font face=\\\"Arial\\\" size=\\\"2\\\">re</font>\",\"faq_image\":\"\",\"faq_document\":\"\",\"approved_status\":\"1\",\"team_id\":\"141\",\"faqCategory\":{\"id\":2,\"team_id\":141,\"category_title\":\"Club Events\",\"category_description\":null,\"category_position\":2,\"author\":\"1\",\"approved_status\":1,\"approved_by\":null,\"is_read\":0,\"updated_record\":null,\"update_approved_status\":null,\"deny_reason\":null,\"deny_by_id\":null,\"createdAt\":\"2023-11-18T12:35:05.000Z\",\"modifiedAt\":\"2023-11-18T12:35:05.000Z\"}}', NULL, 0, NULL, NULL, 0, 0, '2024-06-20 13:11:26', '2024-06-20 13:13:12'),
(90, 141, 'Aditya delete test FAQ 1', 21, 2, 'https://minio.staging.verein.cloud/tineon/Leipzig/2024/July/Images/Tennisspieler.jpeg', '<div><p><strong>Lorem Ipsum</strong>&#160;is simply dummy text of the printing and typesetting industry. Lorem Ipsum has been the industry\'s standard dummy text ever since the 1500s, when an unknown printer took a galley of type and scrambled it to make a type specimen book. It has survived not only five centuries, but also the leap into electronic typesetting, remaining essentially unchanged. It was popularised in the 1960s with the release of Letraset sheets containing Lorem Ipsum passages, and more recently with desktop publishing software like Aldus PageMaker including versions of Lorem Ipsum.</p><p><br></p></div><div></div>', '4', 1, NULL, NULL, NULL, NULL, NULL, NULL, 0, 0, '2024-07-19 06:45:06', '2024-07-19 06:45:06');

-- --------------------------------------------------------

--
-- Table structure for table `faq_category`
--

CREATE TABLE `faq_category` (
  `id` int UNSIGNED NOT NULL,
  `team_id` int DEFAULT NULL,
  `category_title` varchar(255) DEFAULT NULL,
  `category_description` text,
  `category_position` int DEFAULT NULL,
  `author` varchar(155) DEFAULT NULL,
  `approved_status` tinyint DEFAULT NULL,
  `approved_by` int DEFAULT NULL,
  `is_read` tinyint NOT NULL DEFAULT '0',
  `updated_record` longtext,
  `update_approved_status` tinyint DEFAULT NULL,
  `deny_reason` text,
  `deny_by_id` int DEFAULT NULL,
  `createdAt` timestamp NOT NULL DEFAULT CURRENT_TIMESTAMP,
  `modifiedAt` timestamp NOT NULL DEFAULT CURRENT_TIMESTAMP
) ENGINE=InnoDB DEFAULT CHARSET=utf8mb4 COLLATE=utf8mb4_0900_ai_ci;

--
-- Dumping data for table `faq_category`
--

INSERT INTO `faq_category` (`id`, `team_id`, `category_title`, `category_description`, `category_position`, `author`, `approved_status`, `approved_by`, `is_read`, `updated_record`, `update_approved_status`, `deny_reason`, `deny_by_id`, `createdAt`, `modifiedAt`) VALUES
(1, 141, 'Sports', NULL, 3, '1', 1, NULL, 0, NULL, NULL, NULL, NULL, '2023-11-18 12:34:49', '2023-11-18 12:34:49'),
(2, 141, 'Club Events', NULL, 2, '1', 1, NULL, 0, NULL, NULL, NULL, NULL, '2023-11-18 12:35:05', '2023-11-18 12:35:05'),
(3, 141, 'Worldcup', NULL, 4, '1', 1, NULL, 0, NULL, NULL, NULL, NULL, '2023-11-18 12:35:18', '2023-11-18 12:35:18'),
(9, 3246, 'Category202', NULL, 1, '48', 1, NULL, 0, NULL, NULL, NULL, NULL, '2024-02-02 08:50:36', '2024-02-02 08:50:36'),
(19, 9533, 'Club FAQ\'s', NULL, 1, '49', 1, NULL, 0, NULL, NULL, NULL, NULL, '2024-04-01 06:09:50', '2024-04-01 06:09:50'),
(20, 9533, 'Sports', NULL, 7, '49', 1, NULL, 0, NULL, NULL, NULL, NULL, '2024-05-06 06:08:58', '2024-05-06 06:08:58'),
(21, 141, 'Group Events', NULL, 6, '1', 1, NULL, 0, NULL, NULL, NULL, NULL, '2024-05-07 04:50:33', '2024-05-07 04:50:33');

-- --------------------------------------------------------

--
-- Table structure for table `groups`
--

CREATE TABLE `groups` (
  `id` int UNSIGNED NOT NULL,
  `name` varchar(255) DEFAULT NULL,
  `description` text,
  `image` varchar(255) DEFAULT NULL,
  `created_by` int DEFAULT NULL,
  `team_id` int DEFAULT NULL,
  `approved_status` tinyint DEFAULT '1',
  `approved_by` int DEFAULT NULL,
  `is_read` tinyint NOT NULL DEFAULT '0',
  `updated_record` longtext,
  `update_image_url` varchar(500) DEFAULT NULL,
  `update_approved_status` tinyint DEFAULT NULL,
  `deny_reason` text,
  `deny_by_id` int DEFAULT NULL,
  `is_image_converted` int NOT NULL DEFAULT '0',
  `isPrivate` int NOT NULL DEFAULT '0',
  `created_at` timestamp NOT NULL DEFAULT CURRENT_TIMESTAMP,
  `updated_at` timestamp NOT NULL DEFAULT CURRENT_TIMESTAMP ON UPDATE CURRENT_TIMESTAMP,
  `group_creator` int DEFAULT NULL
) ENGINE=InnoDB DEFAULT CHARSET=utf8mb4 COLLATE=utf8mb4_0900_ai_ci;

--
-- Dumping data for table `groups`
--

INSERT INTO `groups` (`id`, `name`, `description`, `image`, `created_by`, `team_id`, `approved_status`, `approved_by`, `is_read`, `updated_record`, `update_image_url`, `update_approved_status`, `deny_reason`, `deny_by_id`, `is_image_converted`, `isPrivate`, `created_at`, `updated_at`, `group_creator`) VALUES
(11, 'Master Minds', '<span>A mastermind is&#160;</span><b>a brilliant thinker with original ideas</b><span>. You might be a chess mastermind or a criminal mastermind: either way, people will not want to oppose you. Inventors, intellectuals, and famous geniuses call all be called masterminds, from Albert Einstein to theoretical physicist Dr. Shirley Jackson.</span>', 'https://minio.staging.verein.cloud/tineon/Leipzig/2023/March/Images/pexels-anete-lusina-4792503.jpg', 8, 141, 1, 1, 0, NULL, NULL, 0, NULL, NULL, 1, 0, '2023-03-17 06:52:31', '2024-03-20 12:29:52', NULL),
(13, 'Fußball 1. Manschaft', '<font face=\"Arial\" size=\"2\">Fu&#223;ball, Training Donnerstags ab 18 Uhr</font>', 'https://minio.staging.verein.cloud/tineon/Leipzig/2023/March/Images/S-Verein_01.jpeg', 32, 2830, 1, NULL, 0, NULL, NULL, 0, NULL, NULL, 1, 0, '2023-03-20 09:23:55', '2023-08-04 10:08:21', NULL),
(14, 'Tennis Damen', '<font face=\"Arial\" size=\"2\">Tennis</font>', 'https://minio.staging.verein.cloud/tineon/Leipzig/2023/March/Images/tennis-damen.jpeg', 32, 2830, 1, NULL, 0, NULL, NULL, 0, NULL, NULL, 1, 0, '2023-03-20 11:37:13', '2023-08-04 10:08:20', NULL),
(16, 'AXA Makler - dWERK', '<font face=\"Arial\" size=\"2\">Informationen f&#252;r AXA Makler &#252;ber dWERK</font>', 'https://minio.staging.verein.cloud/tineon/Leipzig/2023/April/Documents/Bildschirmfoto%202023-04-24%20um%2018.46.38.png', 33, 2684, 1, NULL, 0, NULL, NULL, NULL, NULL, NULL, 1, 0, '2023-04-24 16:46:49', '2023-08-04 10:08:17', NULL),
(17, 'AXA Makler', '<font face=\"Arial\" size=\"2\">Launch der dWERK - Akademie f&#252;r Makler&#160;</font>', 'https://minio.staging.verein.cloud/tineon/Leipzig/2023/May/Documents/Bildschirmfoto%202023-05-07%20um%2018.49.04.png', 33, 2684, 1, NULL, 0, NULL, NULL, NULL, NULL, NULL, 1, 0, '2023-05-07 16:54:09', '2023-08-04 10:08:15', NULL),
(31, 'TPS reporters', '<span>Lorem ipsum dolor sit amet. Ea nihil accusamus sed beatae vero sit praesentium laudantium et molestiae quibusdam sed dignissimos galisum sed repellat recusandae.&#160;</span>', 'https://minio.staging.verein.cloud/tineon/Leipzig/2023/August/Documents/Bildschirm%C2%ADfoto%202023-03-18%20um%2009.39.46.png', 9, 141, 1, 1, 0, NULL, NULL, 1, NULL, NULL, 0, 0, '2023-08-17 12:09:00', '2024-03-08 13:35:45', NULL),
(33, 'Bacon Water', '<span>Lorem ipsum dolor sit amet. Ut voluptas ipsum ut velit veritatis qui quod ipsam aut assumenda neque sed nisi illo rem reprehenderit incidunt.&#160;</span>', 'https://minio.staging.verein.cloud/tineon/Leipzig/2023/August/Documents/Bildschirm%C2%ADfoto%202023-03-18%20um%2009.39.01.png', 6, 141, 0, NULL, 0, NULL, NULL, 0, 'no', 1, 0, 0, '2023-08-17 12:15:53', '2024-02-20 13:35:05', NULL),
(34, 'Pulverizers', '<span>Lorem ipsum dolor sit amet. Est praesentium perferendis ut modi sequi et exercitationem quisquam. Non officia galisum vel ratione dignissimos ea incidunt sunt qui assumenda doloremque vel voluptatem consequatur et voluptatibus tempore. Nam magni praesentium</span>', 'https://minio.staging.verein.cloud/tineon/Leipzig/2023/August/Images/S-Verein_01.jpeg', 9, 141, 1, 1, 1, NULL, 'https://minio.staging.verein.cloud/tineon/Leipzig/2023/August/Documents/Bildschirm%C2%ADfoto%202023-03-18%20um%2009.39.32.png', 0, NULL, NULL, 0, 0, '2023-08-18 11:25:32', '2023-10-23 10:54:15', NULL),
(37, 'The Chamber of Secrets', '<strong>Lorem Ipsum</strong><span>&#160;is simply dummy text of the printing and typesetting industry. Lorem Ipsum has been the industry\'s standard dummy text ever since the 1500s, when an unknown printer took a galley of type and scrambled it to make a&#160;</span>', 'https://minio.staging.verein.cloud/tineon/Leipzig/2023/August/Images/city_street_buildings_160238_1280x800.jpg', 7, 141, 1, NULL, 0, NULL, NULL, NULL, NULL, NULL, 0, 0, '2023-08-21 06:31:51', '2023-08-21 06:31:51', NULL),
(40, 'Crash Test Dummies', '<span>Lorem ipsum dolor sit amet. Ut delectus autem ut incidunt eius sit quasi assumenda cum reiciendis molestiae. Qui doloremque internos et consectetur praesentium hic enim voluptatem non sunt saepe. Est velit voluptas et odio beatae id veniam maiores.</span>', 'https://minio.staging.verein.cloud/tineon/Leipzig/2023/September/Documents/Bildschirm%C2%ADfoto%202023-03-18%20um%2009.39.01.png', 9, 141, 1, 1, 1, NULL, NULL, NULL, NULL, NULL, 0, 0, '2023-09-01 04:35:32', '2023-09-01 04:39:09', NULL),
(42, 'Twizzle Fizzlers', '<span>Lorem ipsum dolor sit amet. Ea suscipit blanditiis eos officiis ratione non consequatur velit aut deleniti magnam ad provident fugiat. Et inventore tempore ut obcaecati sunt a libero dolores est sunt dolores ab omnis dolore est aperiam maxime in eius neque. Nam aliquam omnis sed incidunt temporibus ut repellendus dolor est necessitatibus amet et voluptatum rerum.</span>', 'https://minio.staging.verein.cloud/tineon/Leipzig/2023/September/Images/logo1.jpeg', 8, 141, 1, 1, 1, NULL, NULL, NULL, NULL, NULL, 0, 0, '2023-09-01 04:50:39', '2023-09-01 04:51:30', NULL);
INSERT INTO `groups` (`id`, `name`, `description`, `image`, `created_by`, `team_id`, `approved_status`, `approved_by`, `is_read`, `updated_record`, `update_image_url`, `update_approved_status`, `deny_reason`, `deny_by_id`, `is_image_converted`, `isPrivate`, `created_at`, `updated_at`, `group_creator`) VALUES
(43, 'Inevitable Trades-UPDATE', '<span>Lorem ipsum dolor sit amet. Qui velit omnis et minus dolor cum possimus nobis et voluptas explicabo. Ex sint consequatur vel asperiores sint At rerum laborum a deleniti officiis. Et molestiae commodi vel repellat molestiae qui error reprehenderit aut officiis ipsam a dolores quia et nisi expedita est nostrum enim.</span>', 'https://minio.staging.verein.cloud/tineon/Leipzig/2023/October/Images/kitten_lying_striped_102741_1280x720.jpg', 6, 141, 1, 1, 0, '{\"name\":\"Inevitable Trades\",\"description\":\"<span>Lorem ipsum dolor sit amet. Qui velit omnis et minus dolor cum possimus nobis et voluptas explicabo. Ex sint consequatur vel asperiores sint At rerum laborum a deleniti officiis. Et molestiae commodi vel repellat molestiae qui error reprehenderit aut officiis ipsam a dolores quia et nisi expedita est nostrum enim.</span>\",\"file\":\"[BLOB]\",\"created_by\":\"6\",\"team_id\":\"141\",\"approved_status\":\"1\",\"participants\":\"[{\\\"user_id\\\":9,\\\"approved_status\\\":0},{\\\"user_id\\\":7,\\\"approved_status\\\":0},{\\\"user_id\\\":4,\\\"approved_status\\\":0},{\\\"user_id\\\":1,\\\"approved_status\\\":0},{\\\"user_id\\\":6,\\\"approved_status\\\":1},{\\\"user_id\\\":8,\\\"approved_status\\\":0}]\"}', NULL, 0, 'Lorem Ipsum is simply dummy text of the printing and typesetting industry. Lorem Ipsum has been the industry\'s standard dummy text ever since the 1500s, when an unknown printer took a galley of type and scrambled it to make a type specimen book. It has survived not only five centuries, but also the leap into electronic typesetting, remaining essentially unchanged. It was popularised in the 1960s with the release of Letraset sheets containing Lorem Ipsum passages, and more recently with desktop publis', 1, 0, 0, '2023-10-23 08:45:32', '2024-01-30 04:38:33', NULL);
INSERT INTO `groups` (`id`, `name`, `description`, `image`, `created_by`, `team_id`, `approved_status`, `approved_by`, `is_read`, `updated_record`, `update_image_url`, `update_approved_status`, `deny_reason`, `deny_by_id`, `is_image_converted`, `isPrivate`, `created_at`, `updated_at`, `group_creator`) VALUES
(45, 'The Fortune  update', '<span>Lorem ipsum dolor sit amet. Est enim architecto quo eius asperiores et quis porro. Qui sunt illo rem autem consequatur et architecto illum ea iste aspernatur qui laboriosam voluptas.</span>', 'https://minio.staging.verein.cloud/tineon/Leipzig/2023/October/Images/moto_harley_harley_davidson_883_74175_1024x768.jpg', 6, 141, 1, 1, 0, NULL, NULL, 1, NULL, NULL, 0, 0, '2023-10-23 10:56:02', '2024-01-29 13:20:57', NULL),
(50, 'A Shot', '<span>Lorem ipsum dolor sit amet. Id odit saepe id omnis dignissimos id beatae sequi. Non blanditiis commodi vel adipisci libero in omnis laborum. Aut laborum aliquid ut quia quaerat ut eligendi numquam ea doloribus autem aut reprehenderit commodi in officia tenetur ad ratione dolore.</span>', 'https://minio.staging.verein.cloud/tineon/Leipzig/2023/October/Images/stream_waterfall_stones_609621_1280x720.jpg', 6, 141, 0, NULL, 0, NULL, NULL, NULL, '', 1, 0, 0, '2023-10-23 12:24:30', '2023-10-23 13:16:18', NULL),
(51, 'Foreshadowed', '<span>Lorem ipsum dolor sit amet. In nemo quia qui nihil illum est internos quibusdam sed dicta velit qui rerum natus cum placeat tempora. Qui fugiat ipsam aut quod quos qui accusamus dolores ea deleniti similique! Hic culpa sapiente est iure laudantium qui consequuntur enim ab officiis dolorem ut voluptates ipsa aut galisum similique. Et dolorum adipisci vel facilis iure non rerum nihil eos quidem consequuntur aut sint iste.</span>', 'https://minio.staging.verein.cloud/tineon/Leipzig/2023/October/Images/new_year_christmas_cat_98535_1280x720.jpg', 9, 141, 1, 1, 1, NULL, NULL, NULL, NULL, NULL, 0, 0, '2023-10-23 12:58:35', '2023-10-23 12:59:17', NULL),
(52, 'Guide To Core', '<p>Lorem ipsum dolor sit amet. Eum doloremque eius eum saepe adipisci sed nisi quia et itaque modi. Non iusto voluptate et itaque harum ut autem cumque a minus doloribus ut dicta ipsam eos numquam ratione. Est voluptatem incidunt et tempore mollitia et adipisci voluptatem aut quisquam sapiente quo incidunt galisum aut quasi quia et dicta ratione. Sed aperiam corporis rem aspernatur error id dolore rerum qui optio voluptatem ut laboriosam culpa qui cumque pariatur 33 cupiditate quis.</p>', NULL, 6, 141, 1, 1, 1, NULL, NULL, NULL, NULL, NULL, 0, 0, '2023-10-23 13:02:59', '2023-10-23 13:04:26', NULL),
(54, 'Cosmosicks-upd', '<span>Lorem ipsum dolor sit amet. Eos accusantium tempora aut dolor amet ut natus tempora ad possimus atque? Quo exercitationem quos et perspiciatis aliquid non nulla error et dolorum sint quo maxime Quis. Et perspiciatis amet ea asperiores ducimus ea eveniet quos non magnam nemo. Sit repellat aperiam et quis molestias quo quae galisum qui ducimus deserunt ea quam temporibus</span>', 'https://minio.staging.verein.cloud/tineon/Leipzig/2023/October/Images/logo3.png', 9, 141, 1, 1, 1, NULL, NULL, 1, NULL, NULL, 0, 0, '2023-10-24 09:08:23', '2023-10-24 09:10:29', NULL),
(55, 'Cosmetest', '<span>Lorem ipsum dolor sit amet. Aut cumque quasi qui eaque impedit id quisquam quis ea libero sunt eum quas expedita! Et ducimus rerum aut officia omnis id cupiditate voluptatem et nostrum expedita ea unde veritatis non sunt laudantium qui laudantium soluta.</span>', 'https://minio.staging.verein.cloud/tineon/Leipzig/2023/October/Images/v-logo.png', 9, 141, 1, 1, 1, NULL, NULL, NULL, NULL, NULL, 0, 0, '2023-10-24 09:13:42', '2023-10-24 09:14:07', NULL),
(58, 'Crazy world', 'gdrtgggrrtfrghtyyfyxcccccccccccc', 'https://minio.staging.verein.cloud/tineon/Leipzig/2023/October/Images/brazuca_2014_world_cup_95821_1024x768.jpg', 9, 141, 1, 1, 1, NULL, NULL, 0, NULL, NULL, 0, 0, '2023-10-27 12:44:45', '2023-11-02 12:38:27', NULL),
(59, 'Mind Benders. Update', '<span>Lorem ipsum dolor sit amet. Et vitae cumque eos aliquid ducimus quo expedita voluptatem ea officiis nemo hic tempore repellendus ut eveniet omnis non laudantium inventore! Et quidem deserunt est animi voluptas ut perspiciatis minima ut aperiam eveniet aut harum reprehenderit.</span>', 'https://minio.staging.verein.cloud/tineon/Leipzig/2023/November/Images/echeveria_succulent_pot_120694_1024x768.jpg', 1, 141, 1, NULL, 0, NULL, NULL, 0, NULL, NULL, 0, 0, '2023-11-01 11:10:35', '2023-11-22 04:56:33', NULL),
(60, 'Oral-B Endkonsumenten', '<font face=\"Arial\" size=\"2\">Zielgruppe f&#252;r elektronische Zahnb&#252;rste</font>', 'https://minio.staging.verein.cloud/tineon/Leipzig/2023/November/Documents/Bildschirmfoto%202023-11-09%20um%2011.04.18.png', 1, 141, 1, NULL, 0, NULL, NULL, 0, NULL, NULL, 0, 0, '2023-11-09 10:05:37', '2023-12-01 08:54:11', NULL),
(62, 'test group', '<font face=\"Arial\" size=\"2\">gfh hgfygjn hdvb snfbvn tykiu kaqwn2hgnr&#160;</font>Esse, in explicabo. .', 'https://minio.staging.verein.cloud/tineon/Leipzig/2023/December/Documents/Bildschirm%C2%ADfoto%202023-03-18%20um%2009.38.13.png', 1, 141, 1, NULL, 0, NULL, NULL, NULL, NULL, NULL, 0, 0, '2023-12-14 09:31:39', '2023-12-14 09:31:39', NULL),
(63, 'tempora soluta ', '<span>Lorem ipsum dolor sit amet. Hic incidunt labore non facere quidem qui dolores deserunt id tempora soluta ab sapiente dolor. Et dicta labore 33 ipsa commodi et enim dolorem aut odit iusto et odit velit non ducimus velit rem rerum ducimus.</span>', 'https://minio.staging.verein.cloud/tineon/Leipzig/2024/January/Documents/Bildschirm%C2%ADfoto%202023-03-18%20um%2009.38.48.png', 9, 141, 1, 1, 1, NULL, NULL, NULL, NULL, NULL, 0, 0, '2024-01-11 09:31:16', '2024-01-12 13:12:26', NULL),
(64, 'dolor sit amet', '<span>Lorem ipsum dolor sit amet. Rem optio sapiente vel voluptatum reprehenderit aut praesentium</span>', 'https://minio.staging.verein.cloud/tineon/Leipzig/2024/January/Documents/Bildschirm%C2%ADfoto%202023-03-18%20um%2009.38.55.png', 9, 141, 1, 1, 1, NULL, NULL, NULL, NULL, NULL, 0, 0, '2024-01-11 09:34:02', '2024-01-11 12:34:04', NULL),
(65, 'Test Group name', '<font face=\"Arial\" size=\"2\">This is for testing</font>', 'https://minio.staging.verein.cloud/tineon/Leipzig/2024/January/Images/Tennis-Minis.jpeg', 1, 141, 1, NULL, 0, NULL, NULL, NULL, NULL, NULL, 0, 0, '2024-01-11 10:20:29', '2024-01-11 10:20:29', NULL),
(66, 'Admin Groip 11 jam', '<font face=\"Arial\" size=\"2\">This is for testing</font>', 'https://minio.staging.verein.cloud/tineon/Leipzig/2024/January/Images/Hockeydamen.jpeg', 1, 141, 1, NULL, 0, NULL, NULL, NULL, NULL, NULL, 0, 0, '2024-01-11 10:23:12', '2024-01-11 10:23:12', NULL),
(67, 'Dolor incidunt in e', 'Velit, tempor volupt.<font face=\"Arial\" size=\"2\">&#160;</font>', 'https://minio.staging.verein.cloud/tineon/Leipzig/2024/January/Images/Tennis.jpeg', 9, 141, 1, 1, 0, NULL, NULL, NULL, NULL, NULL, 0, 0, '2024-01-16 09:53:34', '2024-02-21 04:52:57', NULL),
(68, 'Group 16th jan', '<font face=\"Arial\" size=\"2\">this is for testing</font>', 'https://minio.staging.verein.cloud/tineon/Leipzig/2024/January/Images/Tennis.jpeg', 9, 141, 1, 49, 1, NULL, NULL, NULL, NULL, NULL, 0, 0, '2024-01-16 09:55:37', '2024-03-20 05:29:01', NULL),
(70, 'Selfie Squad', '<span>Lorem Ipsum</span><span>&#160;is simply dummy text of the printing and typesetting industry. Lorem Ipsum has been the industry\'s standard dummy text ever since the 1500s, when an unknown printer took a galley of type and scrambled it to make a type specimen book. It has survived not only five centuries, but also the leap into electronic typesetting, remaining essentially unchanged</span>', 'https://minio.staging.verein.cloud/tineon/Leipzig/2024/January/Images/camera_retro_old_419273_1024x768.jpg', 8, 141, 0, NULL, 0, NULL, NULL, NULL, NULL, NULL, 0, 0, '2024-01-24 10:35:13', '2024-01-24 10:35:13', NULL),
(71, ' dolor sit amet, consectetur', 'Lorem ipsum adipiscing elit, sed do eiusmod &#10;tempor incididunt ut labore et dolore magna aliqua. Ut enim ad minim &#10;veniam, quis nostrud exercitation ullamco laboris nisi ut aliquip ex ea &#10;commodo consequat. Duis aute irure dolor in reprehenderit in voluptate &#10;velit esse cillum dolore eu fugiat nulla pariatur. Excepteur sint &#10;occaecat cupidatat non proident, sunt in culpa qui officia deseru est laborunt &#10;mollit anim idm', NULL, 1, 141, 1, NULL, 0, NULL, NULL, NULL, NULL, NULL, 0, 0, '2024-01-25 06:24:21', '2024-01-25 06:24:21', NULL),
(72, 'SmartTask Solutions', '<strong>Lorem Ipsum</strong><span>&#160;is simply dummy text of the printing and typesetting industry. Lorem Ipsum has been the industry\'s standard dummy text ever since the 1500s, when an unknown printer took a galley of type and scrambled it to make a type specimen</span>', 'https://minio.staging.verein.cloud/tineon/Leipzig/2024/January/Documents/Bildschirm%C2%ADfoto%202023-03-18%20um%2009.39.32.png', 6, 141, 1, 1, 1, NULL, NULL, NULL, NULL, NULL, 0, 0, '2024-01-29 13:15:19', '2024-01-29 13:47:25', NULL),
(76, 'GroupQA', 'Lorem ipsum dolor sit amet, consectetur adipiscing elit, sed do eiusmod &#10;tempor incididunt ut labore et dolore magna aliqua. Ut enim ad minim &#10;veniam, quis nostrud exercitation ullamco laboris nisi ut aliquip ex ea &#10;commodo consequat. Duis aute irure dolor in reprehenderit in voluptate &#10;velit esse cillum dolore eu fugiat nulla pariatur. Excepteur sint &#10;occaecat cupidatat non proident, sunt in culpa qui officia deserunt &#10;mollit anim id est laborum.', NULL, 48, 3246, 1, NULL, 0, NULL, NULL, NULL, NULL, NULL, 0, 0, '2024-02-02 08:44:18', '2024-02-02 08:44:18', NULL),
(77, 'GroupQA1', 'Lorem ipsum dolor sit amet, consectetur adipiscing elit, sed do eiusmod &#10;tempor incididunt ut labore et dolore magna aliqua. Ut enim ad minim &#10;veniam, quis nostrud exercitation ullamco laboris nisi ut aliquip ex ea &#10;commodo consequat. Duis aute irure dolor in reprehenderit in voluptate &#10;velit esse cillum dolore eu fugiat nulla pariatur. Excepteur sint &#10;occaecat cupidatat non proident, sunt in culpa qui officia deserunt &#10;mollit anim id est laborum.', NULL, 48, 3246, 1, NULL, 0, NULL, NULL, NULL, NULL, NULL, 0, 0, '2024-02-02 08:45:00', '2024-02-02 08:45:00', NULL),
(78, 'GroupQA2', 'Lorem ipsum dolor sit amet, consectetur adipiscing elit, sed do eiusmod &#10;tempor incididunt ut labore et dolore magna aliqua. Ut enim ad minim &#10;veniam, quis nostrud exercitation ullamco laboris nisi ut aliquip ex ea &#10;commodo consequat. Duis aute irure dolor in reprehenderit in voluptate &#10;velit esse cillum dolore eu fugiat nulla pariatur. Excepteur sint &#10;occaecat cupidatat non proident, sunt in culpa qui officia deserunt &#10;mollit anim id est laborum.Error fetching group details', 'https://minio.staging.verein.cloud/tineon/Leipzig/2024/February/Images/Tennis-Minis.jpeg', 48, 3246, 1, NULL, 0, NULL, NULL, NULL, NULL, NULL, 0, 0, '2024-02-02 08:46:53', '2024-02-02 08:46:53', NULL),
(82, 'GROUP 21st feb for accept', 'Lorem ipsum dolor sit amet, consectetur adipiscing elit, sed do eiusmod &#10;tempor incididunt ut labore et dolore magna aliqua. Ut enim ad minim &#10;veniam, quis nostrud exercitation ullamco laboris nisi ut aliquip ex ea &#10;commodo consequat. Duis aute irure dolor in reprehenderit in voluptate &#10;velit esse cillum dolore eu fugiat nulla pariatur. Excepteur sint &#10;occaecat cupidatat non proident, sunt in culpa qui officia deserunt &#10;mollit anim id est laborum.', 'https://minio.staging.verein.cloud/tineon/Leipzig/2024/February/Images/Tennis.jpeg', 6, 141, 0, NULL, 0, NULL, NULL, NULL, 'lorem', 1, 0, 0, '2024-02-21 06:19:58', '2024-02-21 07:54:21', NULL),
(83, 'd', 'Lorem ipsum dolor sit amet, consectetur adipiscing elit, sed do eiusmod &#10;tempor incididunt ut labore et dolore magna aliqua. Ut enim ad minim &#10;veniam, quis nostrud exercitation ullamco laboris nisi ut aliquip ex ea &#10;commodo consequat. Duis aute irure dolor in reprehenderit in voluptate &#10;velit esse cillum dolore eu fugiat nulla pariatur. Excepteur sint &#10;occaecat cupidatat non proident, sunt in culpa qui officia deserunt &#10;mollit anim id est laborum.', NULL, 6, 141, 1, 1, 0, NULL, NULL, NULL, NULL, NULL, 0, 0, '2024-02-21 06:23:25', '2024-03-12 09:43:34', NULL),
(85, 'Lorem ipsum dolor sit amet', '<span>Lorem ipsum dolor sit amet. Est unde magni et consequuntur Quis non dolorem quos 33 dolores quam et rerum omnis sit quia modi ut repellat quisquam. Id molestias quis est esse rerum qui temporibus optio et quisquam ratione aut consequatur rerum qui sint asperiores. Et nesciunt doloremque in fugiat vero est blanditiis tenetur qui galisum molestias ut autem velit in maxime ipsa.</span>', 'https://minio.staging.verein.cloud/tineon/Leipzig/2024/February/Images/Tennis.jpeg', 6, 141, 1, 1, 1, NULL, NULL, NULL, NULL, NULL, 0, 0, '2024-02-21 06:55:08', '2024-03-07 09:06:00', NULL),
(100, 'Variations of passages ', 'There are many variations of passages of Lorem Ipsum available, but the &#10;majority have suffered alteration in some form, by injected humour, or &#10;randomised words which don\'t look even slightly believable. If you are &#10;going to use a passage of Lorem Ipsum, you need to be sure there isn\'t &#10;anything embarrassing hidden in the middle of text. All the Lorem Ipsum &#10;generators on the Internet tend to repeat predefined chunks as &#10;necessary, making this the first true generator on the Internet. It uses&#10; a dictionary of over 200 Latin words, combined with a handful of model &#10;sentence structures, to generate Lorem Ipsum which looks reasonable. The&#10; generated Lorem Ipsum is therefore always free from repetition, &#10;injected humour, or non-characteristic words etc.', 'https://minio.staging.verein.cloud/tineon/Leipzig/2024/March/Images/Turnierinnen.jpeg', 8, 141, 1, 1, 1, NULL, NULL, NULL, NULL, NULL, 0, 0, '2024-03-01 06:59:25', '2024-03-04 10:09:51', NULL),
(108, 'elementum ', 'Pellentesque id nibh tortor id aliquet lectus proin nibh nisl. Proin &#10;nibh nisl condimentum id venenatis. Ut venenatis tellus in metus &#10;vulputate eu scelerisque. Velit scelerisque in dictum non consectetur. &#10;Convallis a cras semper auctor neque vitae tempus quam. Eros in cursus &#10;turpis massa tincidunt dui ut. Duis ut diam quam nulla porttitor massa &#10;id neque. Pulvinar pellentesque habitant morbi tristique senectus et &#10;netus et. Integer eget aliquet nibh praesent tristique magna sit amet &#10;purus. Eleifend quam adipiscing vitae proin sagittis nisl. Purus gravida&#10; quis blandit turpis. Et malesuada fames ac turpis egestas integer eget &#10;aliquet. Scelerisque mauris pellentesque pulvinar pellentesque habitant &#10;morbi tristique senectus. Neque ornare aenean euismod nisi.', 'https://minio.staging.verein.cloud/tineon/Leipzig/2024/March/Documents/Bildschirm%C2%ADfoto%202023-03-18%20um%2009.38.20.png', 6, 141, 0, NULL, 0, NULL, NULL, NULL, 'Massa tincidunt dui ut ornare. Pellentesque sit amet porttitor eget dolor morbi. Libero id faucibus nisl tincidunt eget nullam non nisi est. Arcu dictum varius duis at consectetur. Sagittis id consectetur purus ut faucibus pulvinar elementum integer. Viverra nam libero justo laoreet sit amet. Porta lorem mollis aliquam ut porttitor. Amet mattis vulputate enim nulla. Turpis nunc eget lorem dolor. Ullamcorper a lacus vestibulum sed arcu non odio euismod. At varius vel pharetra vel. Tortor consequat id porta nibh venenatis cras. Sem et tortor consequat id. Eget nullam non nisi est sit amet facilisis. Tellus id interdum velit laoreet id donec. Ultrices mi tempus imperdiet nulla malesuada. Aliquam id diam maecenas ultricies. Mauris vitae ultricies leo integer malesuada nunc. Tortor at auctor urna nunc id cursus metus aliquam. Est placerat in egestas erat.', 1, 0, 0, '2024-03-07 06:29:49', '2024-03-07 06:32:50', NULL),
(125, 'Tgroup 13th', 'lorem', NULL, 6, 141, 1, 49, 1, NULL, NULL, NULL, NULL, NULL, 0, 0, '2024-03-12 10:11:36', '2024-03-20 05:18:03', NULL),
(138, ' Ut aperiam', '<span>Lorem ipsum dolor sit amet. Ut aperiam doloribus aut omnis incidunt quo reiciendis deserunt est corrupti excepturi eos ipsum modi. Qui officiis debitis qui veritatis quisquam et voluptatem laboriosam a modi ipsum.</span>', 'https://minio.staging.verein.cloud/tineon/Leipzig/2024/March/Documents/Bildschirm%C2%ADfoto%202023-03-18%20um%2009.38.06.png', 9, 141, 0, NULL, 0, NULL, NULL, NULL, NULL, NULL, 0, 0, '2024-03-13 04:40:46', '2024-03-13 04:40:46', NULL),
(161, 'Incidunt facilis ne', 'Ut laboris accusamus.&#160;', 'https://minio.staging.verein.cloud/tineon/Leipzig/2024/March/Images/Bogenschie%C3%9Fen.jpeg', 9, 141, 0, NULL, 0, NULL, NULL, NULL, NULL, NULL, 0, 1, '2024-03-15 04:40:39', '2024-03-15 04:40:39', NULL),
(163, ' deserunt mollit anim id est laborum.', 'Lorem ipsum dolor sit amet, consectetur adipiscing elit, sed do eiusmod &#10;tempor incididunt ut labore et dolore magna aliqua. Ut enim ad minim &#10;veniam, quis nostrud exercitation ullamco laboris nisi ut aliquip ex ea &#10;commodo consequat. Duis aute irure dolor in reprehenderit in voluptate &#10;velit esse cillum dolore eu fugiat nulla pariatur. Excepteur sint &#10;occaecat cupidatat non proident, sunt in culpa qui officia deserunt &#10;mollit anim id est laborum.', 'https://minio.staging.verein.cloud/tineon/Leipzig/2024/March/Images/Leichtathetik.jpeg', 6, 141, 1, 1, 1, NULL, NULL, NULL, NULL, NULL, 0, 1, '2024-03-15 05:00:07', '2024-03-15 05:00:16', NULL),
(174, 'private group', '<font size=\"2\" face=\"Arial\">lorem</font>', 'https://minio.staging.verein.cloud/tineon/Leipzig/2024/March/Images/Tennis.jpeg', 49, 9533, 1, NULL, 0, NULL, NULL, NULL, NULL, NULL, 0, 1, '2024-03-22 05:26:55', '2024-03-22 05:26:55', NULL),
(175, 'public group', '<font size=\"2\" face=\"Arial\">lorem</font>', 'https://minio.staging.verein.cloud/tineon/Leipzig/2024/March/Images/tennis-damen.jpeg', 49, 9533, 1, NULL, 0, NULL, NULL, NULL, NULL, NULL, 0, 0, '2024-03-22 05:29:13', '2024-03-22 05:29:13', NULL),
(181, 'group 27th march', '<font size=\"2\" face=\"Arial\">lorem</font>', 'https://minio.staging.verein.cloud/tineon/Leipzig/2024/March/Images/Tennis.jpeg', 1, 141, 1, NULL, 0, NULL, NULL, NULL, NULL, NULL, 0, 1, '2024-03-27 04:29:51', '2024-03-27 04:29:51', NULL),
(186, 'Online jazz', '<span>Lorem ipsum dolor sit amet. Ut eligendi minima aut facilis galisum At laboriosam odit. Ut adipisci nemo est esse galisum aut officiis totam est nihil rerum</span>', 'https://minio.staging.verein.cloud/tineon/Leipzig/2024/April/Documents/Bildschirm%C2%ADfoto%202023-03-18%20um%2009.39.16.png', 9, 141, 1, 1, 1, NULL, NULL, NULL, NULL, NULL, 0, 0, '2024-04-03 06:10:12', '2024-04-03 06:10:49', NULL),
(187, ' sit amet', 'Lorem ipsum dolor sit amet, consectetur adipiscing elit, sed do eiusmod tempor incididunt ut labore et dolore magna aliqua. <br>', 'https://minio.staging.verein.cloud/tineon/Leipzig/2024/April/Documents/Bildschirm%C2%ADfoto%202023-03-18%20um%2009.37.56.png', 6, 141, 1, 1, 1, NULL, NULL, NULL, NULL, NULL, 0, 0, '2024-04-03 07:49:48', '2024-04-03 07:50:34', NULL),
(188, 'group 4th april by ED', 'l<font face=\"Arial\" size=\"2\">orem</font>', 'https://minio.staging.verein.cloud/tineon/Leipzig/2024/April/Images/Bogenschie%C3%9Fen.jpeg', 9, 141, 1, 1, 0, NULL, NULL, NULL, NULL, NULL, 0, 0, '2024-04-03 08:25:17', '2024-04-27 17:46:01', NULL),
(191, 'a new group 5544', '<font face=\"Arial\" size=\"2\">hViverra nibh cras pulvinar mattis. Sit amet risus nullam eget felis eget nunc. Phasellus vestibulum lorem sed risus ultricies tristique nulla aliquet enim. Varius quam quisque id diam vel. Tristique senectus et netus et malesuada. Porttitor massa id neque aliquam vestibulum morbi blandit cursus risus. Gravida rutrum quisque non tellus orci ac auctor. Id eu nisl nunc mi ipsum. Egestas purus viverra accumsan in nisl. Turpis massa tincidunt dui ut. Vitae elementum curabitur vitae nunc sed velit. Adipiscing vitae proin sagittis nisl rhoncus mattis rhoncus. Donec pretium vulputate sapien nec. Viverra mauris in aliquam sem.</font>', 'https://minio.staging.verein.cloud/tineon/Leipzig/2024/April/Documents/Bildschirm%C2%ADfoto%202023-03-18%20um%2009.38.20.png', 1, 141, 1, NULL, 0, NULL, NULL, 0, NULL, NULL, 0, 1, '2024-04-05 06:48:18', '2024-04-19 06:28:01', NULL),
(192, 'private group 2', 'h', 'https://minio.staging.verein.cloud/tineon/Leipzig/2024/April/Images/Leichtathetik.jpeg', 49, 9533, 1, NULL, 0, NULL, NULL, 0, NULL, NULL, 0, 1, '2024-04-05 07:41:56', '2024-04-05 12:44:37', NULL),
(193, 'GroupLorem ipsum dolor sit amet,', 'Lorem ipsum dolor sit amet, consectetur adipiscing elit, sed do eiusmod &#10;tempor incididunt ut labore et dolore magna aliqua. Ut enim ad minim &#10;veniam, quis nostrud exercitation ullamco laboris nisi ut aliquip ex ea &#10;commodo consequat. Duis aute irure dolor in reprehenderit in voluptate &#10;velit esse cillum dolore eu fugiat nulla pariatur. Excepteur sint &#10;occaecat cupidatat non proident, sunt in culpa qui officia deserunt &#10;mollit anim id est laborum.', 'https://minio.staging.verein.cloud/tineon/Leipzig/2024/April/Images/Bogenschie%C3%9Fen.jpeg', 49, 9533, 1, NULL, 0, NULL, NULL, NULL, NULL, NULL, 0, 1, '2024-04-05 09:31:42', '2024-04-05 09:31:42', NULL),
(197, 'group lorem', '<font size=\"2\" face=\"Arial\">lorem</font>', 'https://minio.staging.verein.cloud/tineon/Leipzig/2024/April/Images/Tennis.jpeg', 49, 9533, 1, NULL, 0, NULL, NULL, NULL, NULL, NULL, 0, 1, '2024-04-09 04:26:32', '2024-04-09 04:26:32', NULL),
(199, 'public group ', '<font face=\"Arial\" size=\"2\">public group&#160;</font>', 'https://minio.staging.verein.cloud/tineon/Leipzig/2024/April/Images/Volleyball%20M%C3%A4dels.jpeg', 9, 141, 1, 1, 1, NULL, NULL, NULL, NULL, NULL, 0, 0, '2024-04-10 05:36:26', '2024-04-10 06:01:55', NULL),
(200, 'group 10th april', 'lo<font face=\"Arial\" size=\"2\">rem</font>', 'https://minio.staging.verein.cloud/tineon/Leipzig/2024/April/Images/tennis-damen.jpeg', 9, 141, 1, 1, 1, NULL, NULL, 1, NULL, NULL, 0, 1, '2024-04-10 07:50:21', '2024-04-10 07:58:32', NULL),
(201, 'Group created by Editor', '<font face=\"Arial\" size=\"2\">This is for testing</font>', 'https://minio.staging.verein.cloud/tineon/Leipzig/2024/April/Images/Tennis-Minis.jpeg', 9, 141, 1, 1, 1, NULL, NULL, 1, NULL, NULL, 0, 0, '2024-04-10 07:53:33', '2024-04-17 10:56:07', NULL),
(203, 'group lorem opi', 'Quibusdam fugit, ips.&#160;', NULL, 49, 9533, 1, NULL, 0, NULL, NULL, NULL, NULL, NULL, 0, 0, '2024-04-10 11:10:26', '2024-04-10 11:10:26', NULL),
(204, 'morbi group 15th april ', '<font size=\"2\" face=\"Arial\">lorem</font>', NULL, 6, 141, 1, 1, 1, NULL, NULL, NULL, NULL, NULL, 0, 0, '2024-04-15 10:13:25', '2024-04-15 10:17:35', NULL),
(205, 'group  morbi 15ṭh by T', 'Feugiat vivamus at augue eget arcu. Elit ullamcorper dignissim cras &#10;tincidunt lobortis feugiat. Placerat duis ultricies lacus sed turpis &#10;tincidunt id aliquet. Eu sem integer vitae justo eget magna fermentum. &#10;Varius vel pharetra vel turpis nunc eget lorem. Ut venenatis tellus in &#10;metus. Sit amet purus gravida quis. Pharetra et ultrices neque ornare &#10;aenean euismod elementum nisi. Dictumst vestibulum rhoncus est &#10;pellentesque elit ullamcorper dignissim cras. Risus feugiat in ante &#10;metus. Fringilla est ullamcorper eget nulla facilisi etiam dignissim &#10;diam. Cras semper auctor neque vitae tempus quam pellentesque nec. &#10;Ornare suspendisse sed nisi lacus sed viverra. Egestas maecenas pharetra&#10; convallis posuere morbi leo urna molestie.', 'https://minio.staging.verein.cloud/tineon/Leipzig/2024/April/Images/tennis-damen.jpeg', 6, 141, 1, 1, 0, NULL, NULL, NULL, NULL, NULL, 0, 1, '2024-04-15 12:31:56', '2024-04-15 12:33:36', NULL),
(207, 'Gruop by T 18th apr', '<font face=\"Arial\" size=\"2\">lorem</font><br>', 'https://minio.staging.verein.cloud/tineon/Leipzig/2024/April/Images/Bogenschie%C3%9Fen.jpeg', 6, 141, 1, 1, 1, NULL, NULL, NULL, NULL, NULL, 0, 0, '2024-04-18 04:58:22', '2024-04-18 04:59:01', NULL),
(209, 'Test', 'this is test', NULL, NULL, 141, 1, NULL, 0, NULL, NULL, NULL, NULL, NULL, 0, 0, '2024-04-22 21:49:40', '2024-04-22 21:49:40', NULL),
(219, 'Psychology threads', '<span>Lorem ipsum dolor sit amet. Sit labore vero hic sunt placeat est minima mollitia cum</span>', 'https://minio.staging.verein.cloud/tineon/Leipzig/2024/April/Documents/Bildschirm%C2%ADfoto%202023-03-18%20um%2009.39.39.png', 1, 141, 1, NULL, 0, NULL, NULL, NULL, NULL, NULL, 0, 0, '2024-04-26 12:30:17', '2024-04-26 12:30:17', NULL),
(220, 'Editor Group', '<p><strong>Lorem Ipsum</strong><span>&#160;is simply dummy text of the printing and typesetting industry. Lorem Ipsum has been the industry\'s standard dummy text ever since the 1500s, when an unknown printer took a galley of type and scrambled it to make a type specimen book. It has survived not only five centuries, but also the leap into electronic typesetting, remaining essentially unchanged. It was popularised in the 1960s with the release of Letraset sheets containing Lorem Ipsum passages, and more recently with desktop publishing software like Aldus PageMaker including versions of Lorem Ipsum.</span><br><br></p>', 'https://minio.staging.verein.cloud/tineon/Leipzig/2024/May/Images/hero-img.png', 9, 141, 1, 1, 1, NULL, NULL, NULL, NULL, NULL, 0, 0, '2024-05-27 18:05:21', '2024-06-27 05:51:45', NULL),
(221, 'Testing purpose 03 June', '<strong>Lorem Ipsum</strong><span>&#160;is simply dummy text of the printing and typesetting industry. Lorem Ipsum has been the industry\'s standard dummy text ever since the 1500s, when an unknown printer took a galley of type and scrambled it to make a type specimen book. It has survived not only five centuries, but also the leap into electronic typesetting, remaining essentially unchanged. It was popularised in the 1960s with the release of Letraset sheets containing Lorem Ipsum passages, and more recently with desktop publishing software like Aldus PageMaker including versions of Lorem Ipsum.</span>', 'https://minio.staging.verein.cloud/tineon/Leipzig/2024/June/Images/Volleyball%20M%C3%A4dels.jpeg', 1, 141, 1, NULL, 0, NULL, NULL, NULL, NULL, NULL, 0, 1, '2024-06-03 04:27:40', '2024-06-03 04:27:40', NULL),
(222, 'consectetur', '<span>Lorem ipsum dolor sit amet, consectetur adipiscing elit, sed do eiusmod tempor incididunt ut labore et dolore magna aliqua. Ut enim ad minim veniam, quis nostrud&#160;</span>', 'https://minio.staging.verein.cloud/tineon/Leipzig/2024/July/Documents/Bildschirm%C2%ADfoto%202023-03-18%20um%2009.39.46.png', 9, 141, 1, 1, 1, '{\"name\":\"consectetur upd\",\"description\":\"<span>Lorem ipsum dolor sit amet, consectetur adipiscing elit, sed do eiusmod tempor incididunt ut labore et dolore magna aliqua. Ut enim ad minim veniam, quis nostrud&#160;</span>\",\"file\":\"\",\"created_by\":\"9\",\"team_id\":\"141\",\"approved_status\":\"1\",\"participants\":\"[{\\\"user_id\\\":8,\\\"approved_status\\\":1},{\\\"user_id\\\":7,\\\"approved_status\\\":1},{\\\"user_id\\\":6,\\\"approved_status\\\":1},{\\\"user_id\\\":9,\\\"approved_status\\\":1}]\",\"isPrivate\":\"0\",\"newImage\":\"\"}', NULL, 0, NULL, NULL, 0, 0, '2024-07-01 13:35:50', '2024-07-01 13:39:59', NULL),
(223, 'part of software testing update', '<span>part of software testing</span>', 'https://minio.staging.verein.cloud/tineon/Leipzig/2024/July/Images/Volleyball%20M%C3%A4dels.jpeg', 6, 141, 1, 1, 1, '{\"name\":\"part of software testing update\",\"description\":\"<span>part of software testing</span>\",\"file\":\"\",\"created_by\":\"6\",\"team_id\":\"141\",\"approved_status\":\"1\",\"participants\":\"[{\\\"user_id\\\":9,\\\"approved_status\\\":1},{\\\"user_id\\\":8,\\\"approved_status\\\":1},{\\\"user_id\\\":7,\\\"approved_status\\\":1},{\\\"user_id\\\":6,\\\"approved_status\\\":1}]\",\"isPrivate\":\"0\",\"newImage\":\"\"}', NULL, 0, NULL, NULL, 0, 0, '2024-07-12 10:37:34', '2024-07-12 10:47:21', NULL),
(225, 'test group 123', '<font face=\"Arial\" size=\"2\">test group 123</font>', 'https://minio.staging.verein.cloud/tineon/Leipzig/2024/July/Images/Hockeydamen.jpeg', 6, 141, 0, NULL, 0, NULL, NULL, NULL, NULL, NULL, 0, 0, '2024-07-16 08:14:12', '2024-07-16 08:14:12', NULL),
(226, 'tes group by tarun', '<font face=\"Arial\" size=\"2\">tes group by tarun</font>', 'https://minio.staging.verein.cloud/tineon/Leipzig/2024/July/Images/Herren_Meister.jpeg', 9, 141, 0, NULL, 0, NULL, NULL, NULL, NULL, NULL, 0, 0, '2024-07-16 08:20:31', '2024-07-16 08:20:31', NULL),
(227, 'All friends', '<strong>Lorem Ipsum</strong><span>&#160;is simply dummy text of the printing and typesetting industry. Lorem Ipsum has been the industry\'s standard dummy text ever since the 1500s, when an unknown printer took a galley of type and scrambled it&#160;</span>', 'https://minio.staging.verein.cloud/tineon/Leipzig/2024/July/Images/Tennis-Minis.jpeg', 4, 141, 1, NULL, 0, NULL, NULL, NULL, NULL, NULL, 0, 0, '2024-07-16 08:25:51', '2024-07-18 08:27:45', NULL),
(228, 'Aditya\'s  Group 1', '<p>There are many variations of passages of Lorem Ipsum available, but the majority have suffered alteration in some form, by injected humour, or randomised words which don\'t look even slightly believable. If you are going to use a passage of Lorem Ipsum, you need to be sure there isn\'t anything embarrassing hidden in the middle of text. All the Lorem Ipsum generators on the Internet tend to repeat predefined chunks as necessary, making this the first true generator on the Internet. It uses a dictionary of over 200 Latin words, combined with a handful of model sentence structures, to generate Lorem Ipsum which looks reasonable. The generated Lorem Ipsum is therefore always free from repetition, injected humour, or non-characteristic words etc.</p><p><br></p>', 'https://minio.staging.verein.cloud/tineon/Leipzig/2024/July/Images/Volleyball.jpeg', 4, 141, 1, NULL, 0, NULL, NULL, 0, NULL, NULL, 0, 0, '2024-07-18 11:16:47', '2024-07-18 11:19:02', NULL),
(229, 'Tarun\'s group ', '<p>It is a long established fact that a reader will be distracted by the readable content of a page when looking at its layout. The point of using Lorem Ipsum is that it has a more-or-less normal distribution of letters, as opposed to using \'Content here, content here\', making it look like readable English. Many desktop publishing packages and web page editors now use Lorem Ipsum as their default model text, and a search for \'lorem ipsum\' will uncover many web sites still in their infancy. Various versions have evolved over the years, sometimes by accident, sometimes on purpose (injected humour and the like).</p><p><br></p>', 'https://minio.staging.verein.cloud/tineon/Leipzig/2024/July/Images/Volleyball%20M%C3%A4dels.jpeg', 6, 141, 0, NULL, 0, NULL, NULL, NULL, NULL, NULL, 0, 0, '2024-07-18 13:02:21', '2024-07-18 13:02:21', NULL),
(230, 'Lorem ipsum 23 July', '<span>Lorem ipsum dolor sit amet. Et impedit beatae sed reiciendis sequi eos deleniti aliquam a quae consequatur qui nobis odit hic impedit incidunt. Vel repudiandae voluptas quo quae illo hic incidunt excepturi et pariatur numquam aut repudiandae quia ut doloribus natus id quidem totam. Id voluptatem dolor hic harum magnam est necessitatibus doloremque id perspiciatis quis aut quia blanditiis a aliquid harum in sequi esse testing.</span>', 'https://minio.staging.verein.cloud/tineon/Leipzig/2024/July/Images/Tennis-Minis.jpeg', 9, 141, 1, NULL, 0, NULL, NULL, 0, NULL, NULL, 0, 0, '2024-07-23 06:10:03', '2024-07-23 08:46:35', 1),
(231, 'group 24 july', '<font face=\"Arial\" size=\"2\">group 24 july</font>', 'https://minio.staging.verein.cloud/tineon/Leipzig/2024/July/Images/Leichtathetik.jpeg', 1, 141, 1, NULL, 0, NULL, NULL, 0, NULL, NULL, 0, 0, '2024-07-24 03:48:34', '2024-07-24 05:19:51', 1),
(232, 'research work 24 july', 'research work 24 july', 'https://minio.staging.verein.cloud/tineon/Leipzig/2024/July/Images/Tennis-Minis.jpeg', 9, 141, 1, 1, 1, NULL, NULL, NULL, NULL, NULL, 0, 0, '2024-07-24 04:49:38', '2024-07-24 04:50:55', NULL);

-- --------------------------------------------------------

--
-- Table structure for table `group_tasks`
--

CREATE TABLE `group_tasks` (
  `id` int UNSIGNED NOT NULL,
  `task_id` int DEFAULT NULL,
  `group_id` int DEFAULT NULL
) ENGINE=InnoDB DEFAULT CHARSET=utf8mb4 COLLATE=utf8mb4_0900_ai_ci;

-- --------------------------------------------------------

--
-- Table structure for table `instructor`
--

CREATE TABLE `instructor` (
  `id` int UNSIGNED NOT NULL,
  `team_id` int DEFAULT NULL,
  `type` int NOT NULL DEFAULT '0',
  `internal_id` int DEFAULT NULL,
  `first_name` varchar(255) DEFAULT NULL,
  `last_name` varchar(255) DEFAULT NULL,
  `emaill` varchar(255) DEFAULT NULL,
  `phone_no` varchar(20) DEFAULT NULL,
  `address` varchar(255) DEFAULT NULL,
  `courses_type` varchar(255) DEFAULT NULL,
  `add_img` text,
  `author` varchar(155) DEFAULT NULL,
  `description` longtext NOT NULL,
  `active_from` varchar(255) DEFAULT NULL,
  `active_to` varchar(255) DEFAULT NULL,
  `approved_status` tinyint DEFAULT NULL,
  `approved_by` int DEFAULT NULL,
  `updated_record` longtext,
  `update_image_url` varchar(500) DEFAULT NULL,
  `update_approved_status` tinyint DEFAULT NULL,
  `deny_reason` text,
  `deny_by_id` int DEFAULT NULL,
  `is_read` tinyint DEFAULT '0',
  `is_image_converted` int NOT NULL DEFAULT '0',
  `created_at` timestamp NOT NULL DEFAULT CURRENT_TIMESTAMP,
  `updated_at` timestamp NOT NULL DEFAULT CURRENT_TIMESTAMP ON UPDATE CURRENT_TIMESTAMP
) ENGINE=InnoDB DEFAULT CHARSET=utf8mb4 COLLATE=utf8mb4_0900_ai_ci;

--
-- Dumping data for table `instructor`
--

INSERT INTO `instructor` (`id`, `team_id`, `type`, `internal_id`, `first_name`, `last_name`, `emaill`, `phone_no`, `address`, `courses_type`, `add_img`, `author`, `description`, `active_from`, `active_to`, `approved_status`, `approved_by`, `updated_record`, `update_image_url`, `update_approved_status`, `deny_reason`, `deny_by_id`, `is_read`, `is_image_converted`, `created_at`, `updated_at`) VALUES
(1, 141, 0, NULL, 'Max', 'Maier', 'max@maier.de', '0152413251', 'Musterstraße 45a, 73577 Musterdorf', NULL, 'https://minio.staging.verein.cloud/tineon/Leipzig/2022/September/Images/TrainerFussball-1664268484634.jpg', NULL, '', '2023-06-21', '2024-06-21', NULL, NULL, NULL, NULL, NULL, NULL, NULL, 0, 1, '2022-09-27 08:48:04', '2023-08-10 12:06:27'),
(2, 141, 0, NULL, 'Peter', 'Müller', 'peter@mueller.de', '0151845873', 'Musterweg 66a, 34774 Musterstadt', NULL, 'https://minio.staging.verein.cloud/tineon/Leipzig/2022/September/Images/Fotograf-1664268710864.jpg', NULL, '', '2023-06-21', '2024-06-21', NULL, NULL, NULL, NULL, NULL, NULL, NULL, 0, 1, '2022-09-27 08:51:50', '2023-08-10 12:06:26'),
(5, 141, 0, NULL, 'pasangya1', 'tarun', 'tarun01@mangoitsolutions.in', '4565544563', 'indore', NULL, 'https://minio.staging.verein.cloud/tineon/Leipzig/2022/September/Images/ayo-ogunseinde-2-1664448999831.jpg', NULL, '', '2023-06-21', '2024-06-21', NULL, NULL, NULL, NULL, NULL, NULL, NULL, 0, 1, '2022-09-29 10:56:39', '2023-11-07 10:02:36'),
(6, 141, 0, NULL, 'jonthan', 'byerss', 'jonthanbyres@gmail.com', '8976789871', 'indore', NULL, 'https://minio.staging.verein.cloud/tineon/Leipzig/2022/October/Images/kaci-baum-2-1664873620340.jpg', NULL, '', '2023-06-21', '2024-06-21', NULL, NULL, NULL, NULL, NULL, NULL, NULL, 0, 1, '2022-10-04 08:53:40', '2023-08-10 12:02:39'),
(7, 141, 0, NULL, 'john', 'steves', 'john@gmail.com', '8909876789', 'indore', NULL, 'https://minio.staging.verein.cloud/tineon/Leipzig/2022/October/Images/joe-gardner-2-1664886447258.jpg', NULL, '', '2023-06-21', '2024-06-21', NULL, NULL, NULL, NULL, NULL, NULL, NULL, 0, 1, '2022-10-04 12:27:27', '2023-08-10 12:02:37'),
(8, 1690, 0, NULL, 'Aditya', 'Bhawsar', 'bhawsaraditya77@gmail.com', '7987494050', 'test', NULL, 'https://minio.staging.verein.cloud/tineon/Leipzig/2022/October/Images/download-1664950131560.jpg', NULL, '', '2023-06-21', '2024-06-21', NULL, NULL, NULL, NULL, NULL, NULL, NULL, 0, 1, '2022-10-05 06:08:51', '2023-08-04 10:25:32'),
(9, 1690, 0, NULL, 'Aditya', 'Bhawsar', 'bhawsaraditya88@gmail.com', '7987494055', 'Test', NULL, 'https://minio.staging.verein.cloud/tineon/Leipzig/2022/October/Images/download-1664950309805.jpg', NULL, '', '2023-06-21', '2024-06-21', NULL, NULL, NULL, NULL, NULL, NULL, NULL, 0, 1, '2022-10-05 06:11:49', '2023-08-04 10:25:31'),
(10, 141, 0, NULL, 'Johan', 'Clarek', 'clarek@mailinator.com', '9876543100', 'test', NULL, 'https://minio.staging.verein.cloud/tineon/Leipzig/2022/October/Images/clem-onojeghuo-2-1664953250360.jpg', NULL, '', '2023-06-21', '2024-06-21', NULL, NULL, NULL, NULL, NULL, NULL, NULL, 0, 1, '2022-10-05 07:00:50', '2023-08-04 10:25:30'),
(11, 141, 0, NULL, 'dustin', 'Henderson', 'dustin12@mailinator.com', '8765678987', 'indore', NULL, 'https://minio.staging.verein.cloud/tineon/Leipzig/2022/October/Images/clem-onojeghuo-4-1665045442132.jpg', NULL, '', '2023-06-21', '2024-06-21', NULL, NULL, NULL, NULL, NULL, NULL, NULL, 0, 1, '2022-10-06 08:37:22', '2023-08-04 10:25:28'),
(12, 1690, 0, NULL, 'jim', 'hopper', 'jim@mailinator.com', '4543233232', 'indore', NULL, 'https://minio.staging.verein.cloud/tineon/Leipzig/2022/October/Images/kaci-baum-2-1665047425667.jpg', NULL, '', '2023-06-21', '2024-06-21', NULL, NULL, NULL, NULL, NULL, NULL, NULL, 0, 1, '2022-10-06 09:10:25', '2023-08-04 10:25:27'),
(13, 141, 0, NULL, 'Smith', 'John', 'smith@mailinator.com', '9988665544', 'Indore', NULL, 'https://minio.staging.verein.cloud/tineon/Leipzig/2022/October/Images/logo-1666329793275.png', NULL, '', '2023-06-21', '2024-06-21', NULL, NULL, NULL, NULL, NULL, NULL, NULL, 0, 1, '2022-10-21 05:23:13', '2023-08-04 10:25:26'),
(14, 141, 0, NULL, 'willam', 'john', 'willam@mailinator.com', '8899665321', 'test', NULL, 'https://minio.staging.verein.cloud/tineon/Leipzig/2022/October/Images/logo-1666330077521.png', NULL, '', '2023-06-21', '2024-06-21', NULL, NULL, NULL, NULL, NULL, NULL, NULL, 0, 1, '2022-10-21 05:27:57', '2023-08-04 10:25:25'),
(15, 141, 0, NULL, 'sandy', 'sandy', 'sandy@yopmail.com', '9966553245', 'indore', NULL, 'https://minio.staging.verein.cloud/tineon/Leipzig/2022/October/Images/logo-1666339122513.png', NULL, '', '2023-06-21', '2024-06-21', NULL, NULL, NULL, NULL, NULL, NULL, NULL, 0, 1, '2022-10-21 07:58:42', '2023-08-04 10:24:48'),
(16, 141, 0, NULL, 'Sam', 'Karun', 'sam@mailinator.com', '5458451526', 'berlin', NULL, 'https://minio.staging.verein.cloud/tineon/Leipzig/2022/November/Images/mike-1669027667114.jpg', '1', '', '2023-06-21', '2024-06-21', 1, NULL, NULL, NULL, NULL, NULL, NULL, 0, 1, '2022-11-21 10:47:47', '2023-08-04 10:24:47'),
(17, 141, 0, NULL, 'Christinea', 'Dunnn', 'christine@mailinator.com', '8545251220', '724 Logan Lane Westminster', NULL, 'https://minio.staging.verein.cloud/tineon/Leipzig/2023/January/Images/joe-gardner-2-1674823505193.jpg', '8', '', '2023-06-21', '2024-06-21', 1, 1, NULL, NULL, 1, NULL, NULL, 1, 1, '2023-01-27 12:45:05', '2023-08-04 10:24:46'),
(20, 141, 0, NULL, 'Friedrich', 'Froebel', 'Froebel@mailinator.com', '9865452365', 'A B road', NULL, 'https://minio.staging.verein.cloud/tineon/Leipzig/2023/March/Documents/Bildschirm_foto%202023-03-18%20um%2009-1679473387245.39.46.png', '9', '', '2023-06-21', '2024-06-21', NULL, NULL, NULL, NULL, 0, 'dfdfdf', 1, 1, 1, '2023-02-22 11:59:58', '2024-03-21 05:58:11'),
(22, 141, 0, NULL, 'Conny', 'Schaich', 'conny@mailinator.com', '9856324170', 'India', NULL, 'https://minio.staging.verein.cloud/tineon/Leipzig/2023/March/Images/pexels-rodnae-productions-5778264-1679030090321.jpg', '8', '', '2023-06-21', '2024-06-21', 1, 1, NULL, NULL, 0, NULL, NULL, 0, 1, '2023-03-17 05:14:52', '2023-08-04 10:24:42'),
(23, 2830, 0, NULL, 'Externer', 'Trainer', 'externer.trainer@yopmail.com', '0157777777', 'Musterstraße 3, Musterhausen', NULL, 'https://minio.staging.verein.cloud/tineon/Leipzig/2023/March/Documents/Bildschirm%C2%ADfoto%202023-03-18%20um%2009-1679304261591.39.46.png', '32', '', '2023-06-21', '2024-06-21', 1, NULL, NULL, NULL, 0, NULL, NULL, 0, 1, '2023-03-20 08:07:50', '2023-08-04 10:24:39'),
(26, 141, 0, NULL, 'Carlo', 'Gambino', 'carlo.gambina@mailinator.com', '9753124680', '001, New York, USA', NULL, 'https://minio.staging.verein.cloud/tineon/Leipzig/2023/June/Images/pexels-beyzaa-yurtkuran-15976700-1686546525645.jpg', '1', '', '2023-06-12', '2024-12-30', 1, NULL, NULL, NULL, NULL, NULL, NULL, 0, 1, '2023-06-12 05:08:45', '2023-08-04 10:24:36'),
(27, 141, 0, NULL, 'John', 'Doe', 'johndoe@mailinator.com', '6323987455', 'xyz street', NULL, 'https://minio.staging.verein.cloud/tineon/Leipzig/2023/August/Images/v-logo-1691140311999.png', '1', '', '2023-08-04', '2023-12-31', 1, NULL, NULL, NULL, 0, NULL, NULL, 0, 1, '2023-08-04 09:11:54', '2023-08-14 12:59:29'),
(41, 141, 0, NULL, 'Niya', 'Bronze', 'niya234@mailoinator.com', '7748596345', 'willons street, Melbourne', NULL, 'https://minio.staging.verein.cloud/tineon/Leipzig/2023/September/Images/success_inscription_word_395607_1280x800-1695013613919.jpg', '9', '', '2023-09-18', '2023-09-30', 1, 1, NULL, NULL, 0, NULL, NULL, 1, 0, '2023-09-18 05:06:57', '2023-09-18 05:41:02'),
(42, 141, 0, NULL, 'Kim', 'Clein', 'kimcl11@mailinator.com', '5526369977', '12/5 xyz street', NULL, 'https://minio.staging.verein.cloud/tineon/Leipzig/2023/September/Images/profile3-1695018137078.png', '7', '', '2023-09-18', '2023-09-30', 1, NULL, NULL, NULL, 0, NULL, NULL, 0, 0, '2023-09-18 06:22:19', '2023-09-18 06:22:19'),
(43, 141, 0, NULL, 'rohit', 'roy', 'rohit123@mailinator.com', '5632415632', 'Rou', NULL, 'https://minio.staging.verein.cloud/tineon/Leipzig/2023/October/Images/coffee_book_glasses_140830_1280x800-1696512544291.jpg', '1', '', '2023-10-05', '2023-10-31', 1, NULL, NULL, NULL, 0, NULL, NULL, 0, 0, '2023-10-05 13:29:08', '2023-10-05 13:29:08'),
(44, 141, 0, NULL, 'tarik', 'malik', 'tarik124@mailinator.com', '2254554446', 'Indore', NULL, 'https://minio.staging.verein.cloud/tineon/Leipzig/2023/October/Documents/Bildschirm%C2%ADfoto%202023-03-18%20um%2009-1698235593038.39.55.png', '8', '', '2023-10-25', '2023-11-30', 1, 1, NULL, NULL, 0, NULL, NULL, 1, 0, '2023-10-25 12:06:37', '2023-10-25 12:06:49'),
(46, 141, 0, NULL, 'Rose', 'Joey', 'rose229@mailinator.com', '6697452135', '12/3 Queen Bee Lane', NULL, 'https://minio.staging.verein.cloud/tineon/Leipzig/2023/November/Images/profile3-1698920290038.png', '1', '', '2023-11-05', '2023-11-30', 1, NULL, NULL, NULL, 0, NULL, NULL, 0, 0, '2023-11-02 10:18:12', '2023-11-02 10:18:12'),
(63, 141, 0, NULL, 'Leo', 'Cialo', 'cialo@mailinator.com', '2236547892', '123 Vault street', NULL, 'https://minio.staging.verein.cloud/tineon/Leipzig/2023/November/Images/note_motivation_text_119310_1280x800-1699418107230.jpg', '1', '', '2023-11-10', '2023-11-25', 1, NULL, NULL, NULL, NULL, NULL, NULL, 0, 0, '2023-11-08 04:35:10', '2023-11-08 04:35:10'),
(74, 141, 0, NULL, 'Savinderpal ', ' Vicky', 'savinderpa123@mailinator.com', '5632565425', 'Indore', NULL, NULL, '1', '', '2023-11-10', '2023-11-30', 1, NULL, NULL, NULL, 0, NULL, NULL, 0, 0, '2023-11-08 12:53:13', '2023-11-10 05:32:36'),
(80, 141, 0, NULL, 'Luke', 'Warm', 'luke@mailinator.com', '7744112237', '123 vcx street', NULL, NULL, '1', '<span>Lorem ipsum dolor sit amet. Ex molestias galisum ea alias galisum aut aliquid minima. Est earum quia aut dolores neque ea quasi numquam et harum maiores sit dignissimos quia.</span><span>Lorem ipsum dolor sit amet. Ex molestias galisum ea alias galisum aut aliquid minima. Est earum quia aut dolores neque ea quasi numquam et harum maiores sit dignissimos quia.</span>', '2023-11-12', '2023-11-30', 1, NULL, NULL, NULL, 0, NULL, NULL, 0, 0, '2023-11-09 11:52:54', '2023-11-09 11:52:54'),
(107, 141, 0, NULL, 'Aida', 'Bugg', 'aida@mailinator.com', '7417419636', '456 tny street', NULL, NULL, '1', '<span>Lorem ipsum dolor sit amet. Est ullam soluta et explicabo iure aut architecto rerum aut beatae dolores cum eaque maiores quo esse quasi aut dolorem iure. In consectetur veritatis et dolore dignissimos qui distinctio tenetur. Est cupiditate porro non doloribus quibusdam eum dolore nesciunt sit veritatis nesciunt sit vero quaerat At impedit internos.</span>', '2023-11-19', '2023-11-30', 1, NULL, NULL, NULL, 0, NULL, NULL, 0, 0, '2023-11-16 04:25:55', '2023-11-16 04:25:55'),
(115, 141, 0, NULL, 'test', 'demo', 'test001@mailinator.com', '1589634725', 'Necessitatibus et qu', NULL, NULL, '1', '', '2023-11-18', '2023-11-30', 1, NULL, NULL, NULL, 0, NULL, NULL, 0, 0, '2023-11-18 05:13:24', '2023-11-18 05:13:24'),
(120, 141, 1, 7, 'MangoIT', 'Functionary', 'heleuprotizo-3262@yopmail.com', '5649875485', 'indore', NULL, 'https://minio.staging.verein.cloud/tineon/Leipzig/2023/November/Images/tiger_wild_cat_black_background_74419_1280x720-1700288672660.jpg', '1', '<strong>Lorem Ipsum</strong><span>&#160;is simply dummy text of the printing and typesetting industry. Lorem Ipsum has been the industry\'s standard dummy text ever since the 1500s, when an unknown printer took a galley of type and scrambled it to make a type specimen book. It has survived not only five centuries, but also the leap into electronic typesetting, remaining essentially unchanged. It was popularised in the 1960s with the release of Letraset sheets containing Lorem Ipsum passages, and more recently with desktop publishing software like Aldus PageMaker including versions of Lorem Ipsum.</span>', '2023-11-18', '2023-11-30', 1, NULL, NULL, NULL, NULL, NULL, NULL, 0, 0, '2023-11-18 06:24:36', '2023-11-18 06:24:36'),
(130, 141, 0, NULL, 'arty', 'Lui', 'arty@mailinator.com', '4526398714', 'test', NULL, NULL, '9', '', '2023-11-21', '2023-11-30', 1, 1, NULL, NULL, NULL, NULL, NULL, 1, 0, '2023-11-20 09:11:33', '2024-03-21 06:10:45'),
(131, 141, 0, NULL, 'Dev', 'Day', 'jelafa@mailinator.com', '8528529636', 'Ea maxime in eligend', NULL, 'https://minio.staging.verein.cloud/tineon/Leipzig/2023/November/Images/road_asphalt_marking_130996_1024x768-1700472615759.jpg', '6', 'At dolorem fugiat, d.cvf<font face=\"Arial\" size=\"2\">d</font>', '2023-11-22', '2023-11-30', 1, 4, NULL, NULL, 1, NULL, NULL, 0, 0, '2023-11-20 09:30:18', '2023-11-21 10:05:19'),
(132, 141, 0, NULL, 'Tnoy', 'Liuk', 'tony@mailinator.com', '7418526963', '123 dedcv street', NULL, NULL, '6', '<span>Lorem ipsum dolor sit amet. Vel similique nesciunt et aliquid internos quo illum quos et aspernatur porro. Aut voluptatum veniam et velit laboriosam est exercitationem odit et eveniet itaque eum enim minus. Et voluptas quas sit facere provident et eligendi saepe qui dolores mollitia et sequi voluptatem ut aspernatur dolores et eligendi ratione.</span>', '2023-11-21', '2023-11-30', 1, 1, NULL, NULL, 0, NULL, NULL, 1, 0, '2023-11-20 09:37:43', '2023-11-20 10:36:20'),
(135, 141, 0, NULL, 'Enim quia sunt est ', 'Possimus praesentiu', 'vapipyron@mailinator.com', '5670981234', 'Ut rem cupidatat neq', NULL, 'https://minio.staging.verein.cloud/tineon/Leipzig/2023/November/Images/test-1700485607874.jpg', '9', '', '1997-06-04', '1987-07-19', 1, 1, NULL, NULL, NULL, NULL, NULL, 0, 0, '2023-11-20 13:06:50', '2024-03-12 12:19:19'),
(136, 141, 1, 4, 'Aditya', 'Bhawsar', 'aditya.bhawsar@mangoitsolutions.in', '2589361478', 'test street', NULL, 'https://minio.staging.verein.cloud/tineon/Leipzig/2023/November/Images/Screenshot_3-1700547352648.png', '1', '<font face=\"Arial\" size=\"2\">testing</font>', '2023-11-21', '2023-12-31', 1, NULL, NULL, NULL, NULL, NULL, NULL, 0, 0, '2023-11-21 06:15:55', '2023-11-21 06:15:55'),
(137, 141, 0, NULL, 'Amet non ', 'Dolor nesciunt aute', 'pevu@mailinator.com', '2589631478', 'Ratione sed incidunt', NULL, 'https://minio.staging.verein.cloud/tineon/Leipzig/2023/November/Images/Screenshot_6-1700556233405.png', '1', 'Sunt, quam impedit, .', '2023-11-21', '2023-11-30', 1, NULL, NULL, NULL, NULL, NULL, NULL, 0, 0, '2023-11-21 08:43:57', '2023-11-21 08:43:57'),
(139, 141, 0, NULL, 'Ullam minima eligend', 'Aliquip tempore duc', 'bapona@mailinator.com', '1478523698', 'Ut magna ut dolores ', NULL, 'https://minio.staging.verein.cloud/tineon/Leipzig/2023/November/Images/Screenshot_12-1700562442086.png', '1', 'Lorem ipsum dolor sit amet. Ex molestias galisum ea alias galisum &#10;aut aliquid minima. Est earum quia aut dolores neque ea quasi numquam et&#10; harum maiores sit dignissimos quia.Lorem ipsum dolor sit &#10;amet. Ex molestias galisum ea alias galisum aut aliquid minima. Est &#10;earum quia aut dolores neque ea quasi numquam et harum maiores sit &#10;dignissimos quia', '2023-11-21', '2023-12-30', 1, NULL, NULL, NULL, NULL, NULL, NULL, 0, 0, '2023-11-21 10:27:26', '2023-11-21 10:27:26'),
(140, 141, 0, NULL, 'Non et velit in qui ', 'Esse culpa possimu', 'gylasym@mailinator.com', '4523698741', 'Libero non est adipi', NULL, 'https://minio.staging.verein.cloud/tineon/Leipzig/2023/November/Images/Screenshot_6-1700567958318.png', '1', '<span>Consequatur, in aut .</span><br>', '2023-11-21', '2023-11-30', 1, NULL, NULL, NULL, NULL, NULL, NULL, 0, 0, '2023-11-21 11:59:23', '2023-11-21 11:59:23'),
(141, 141, 0, NULL, 'instructor', 'demo', 'abc@mailinator.com', '7653987356', 'test street', NULL, 'https://minio.staging.verein.cloud/tineon/Leipzig/2023/November/Images/Screenshot_14-1700570851211.png', '8', '', '2023-11-21', '2023-12-31', 1, 1, NULL, NULL, NULL, NULL, NULL, 1, 0, '2023-11-21 12:47:34', '2023-11-21 12:50:08'),
(142, 141, 0, NULL, 'Manish', 'malhotra', 'manish1234.mangoit@gmail.com', '5469854745', 'Indore', NULL, 'https://minio.staging.verein.cloud/tineon/Leipzig/2023/November/Images/ball_smile_happy_123773_1280x720-1700737314870.jpg', '1', '<strong>Lorem Ipsum</strong><span>&#160;is simply dummy text of the printing and typesetting industry. Lorem Ipsum has been the industry\'s standard dummy text ever since the 1500s, when an unknown printer took a galley of type and scrambled it to make a type specimen book. It has survived not only five centuries, but also the leap into electronic typesetting, remaining essentially unchanged. It was popularised in the 1960s with the release of Letraset sheets containing Lorem Ipsum passages, and more recently with desktop publishing software like Aldus PageMaker including versions of Lorem Ipsum.</span>', '2023-11-23', '2023-12-31', 1, NULL, NULL, NULL, NULL, NULL, NULL, 0, 0, '2023-11-23 11:01:58', '2023-11-23 11:01:58'),
(144, 141, 0, NULL, 'jake', 'sully', 'jakesully123@mailinator.com', '5426354125', 'Indore', NULL, 'https://minio.staging.verein.cloud/tineon/Leipzig/2023/November/Images/flower_pink_petals_119905_1280x720-1700813222014.jpg', '1', '<strong>Lorem Ipsum</strong><span>&#160;is simply dummy text of the printing and typesetting industry. Lorem Ipsum has been the industry\'s standard dummy text ever since the 1500s, when an unknown printer took a galley of type and scrambled it to make a type specimen book. It has survived not only five centuries, but also the leap into electronic typesetting, remaining essentially unchanged. It was popularised in the 1960s with the release of Letraset sheets containing Lorem Ipsum passages, and more recently with desktop publishing software like Aldus PageMaker including versions of Lorem Ipsum</span>', NULL, NULL, 1, NULL, NULL, NULL, NULL, NULL, NULL, 0, 0, '2023-11-24 08:07:07', '2023-11-24 08:07:07'),
(145, 141, 0, NULL, 'Rob', 'Perciva', 'perciva@yopmail.com', '6524156325', 'test', NULL, NULL, '1', 'perciva@yopmail.com', NULL, NULL, 1, NULL, NULL, NULL, 0, NULL, NULL, 0, 0, '2024-03-07 06:34:30', '2024-03-07 06:34:30'),
(146, 9533, 0, NULL, 'Lina ', 'Dey', 'lina009@mailinator.com', '6266998521', '123 mg road', NULL, 'https://minio.staging.verein.cloud/tineon/Leipzig/2024/March/Documents/Bildschirm%C2%ADfoto%202023-03-18%20um%2009-1710325211037.39.46.png', '49', '<span>Lorem ipsum dolor sit amet. Est repudiandae earum et veritatis commodi eos maxime minus eum optio quos. Aut laborum pariatur eos itaque alias et vitae alias est molestiae error.</span>', NULL, NULL, 1, NULL, NULL, NULL, NULL, NULL, NULL, 0, 0, '2024-03-13 10:20:14', '2024-03-13 10:20:14'),
(147, 9533, 0, NULL, 'kelvin', 'Rodger', 'kelvin101@yopmail.com', '0220054622', '123 bkyc street', NULL, 'https://minio.staging.verein.cloud/tineon/Leipzig/2024/March/Documents/Bildschirm%C2%ADfoto%202023-03-18%20um%2009-1710325307424.38.40.png', '49', '<span>Lorem ipsum dolor sit amet. Est repudiandae earum et veritatis commodi eos maxime minus eum optio quos. Aut laborum pariatur eos itaque alias et vitae alias est molestiae error.</span>', NULL, NULL, 1, NULL, NULL, NULL, NULL, NULL, NULL, 0, 0, '2024-03-13 10:21:51', '2024-03-13 10:21:51'),
(153, 9533, 0, NULL, 'Enim duis', 'Aliqua Aliqua Debi', 'voceb@mailinator.com', '7418529636', 'Repudiandae at eos ', NULL, 'https://minio.staging.verein.cloud/tineon/Leipzig/2024/March/Images/profile3-1710846558885.png', '49', 'Qui fuga. Enim ad re.dxfv<font face=\"Arial\" size=\"2\">dxvfxd</font>', NULL, NULL, 1, NULL, NULL, NULL, NULL, NULL, NULL, 0, 0, '2024-03-19 11:09:21', '2024-03-19 11:09:21'),
(154, 9533, 0, NULL, 'Ad omnis et cupidita', 'Blanditiis et volupt', 'nimofusyd@mailinator.com', '7896541235', 'Nulla nisi quia faci', NULL, 'https://minio.staging.verein.cloud/tineon/Leipzig/2024/March/Images/logo1-1710846699770.jpeg', '49', 'Sequi voluptatem vel.cxv', NULL, NULL, 1, NULL, NULL, NULL, NULL, NULL, NULL, 0, 0, '2024-03-19 11:11:41', '2024-03-19 11:11:41'),
(156, 9533, 0, NULL, 'Ac tortor dignissim ', 'convallis ', 'test02@yopmai.com', '3334445556', '01, hesse', NULL, NULL, '49', 'aenean et. Accumsan lacus vel facilisis volutpat est velit egestas dui id. Sed euismod nisi porta lorem mollis. Gravida cum sociis natoque penatibus. Sed cras ornare arcu dui vivamus. Justo nec ultrices dui sapien eget mi proin. Malesuada nunc vel risus commodo viverra. Senectus et netus et malesuada. Posuere morbi leo urna molestie at elementum eu facilisis. Mattis nunc sed blandit libero volutpat sed.', NULL, NULL, 1, NULL, NULL, NULL, 0, NULL, NULL, 0, 0, '2024-03-20 04:53:45', '2024-03-20 04:53:45'),
(157, 9533, 0, NULL, 'Totam saepe iusto fu', 'In vel sequi quo ass', 'qova@mailinator.com', '5657777775', 'Non accusantium hic ', NULL, 'https://minio.staging.verein.cloud/tineon/Leipzig/2024/March/Images/Bogenschie%C3%9Fen-1710933155707.jpeg', '51', 'Porro quia ab adipis.<font face=\"Arial\" size=\"2\">&#160;</font>', NULL, NULL, NULL, NULL, NULL, NULL, NULL, 'esddsd', 1, 0, 0, '2024-03-20 11:12:41', '2024-03-21 05:49:46'),
(164, 9533, 0, NULL, 'Quis inventore cillu', 'Officiis sit autem f', 'betaxemu@mailinator.com', '7896785674', 'Lorem minim et rerum', NULL, 'https://minio.staging.verein.cloud/tineon/Leipzig/2024/March/Images/Bogenschie%C3%9Fen-1711083888376.jpeg', '51', 'Quam est in eaque eo.<font face=\"Arial\" size=\"2\">&#160;</font>', NULL, NULL, 0, NULL, NULL, NULL, NULL, NULL, NULL, 0, 0, '2024-03-22 05:04:54', '2024-03-22 05:04:54'),
(166, 9533, 0, NULL, 'Expedita possimus e', 'Aliquid corporis lor', 'letoru@mailinator.com', '2589632589', 'Eos sunt voluptas a', NULL, 'https://minio.staging.verein.cloud/tineon/Leipzig/2024/March/Images/tennis-damen-1711084216594.jpeg', '51', 'Porro possimus, ipsu.<font face=\"Arial\" size=\"2\">&#160;</font>', NULL, NULL, 1, 49, NULL, NULL, NULL, NULL, NULL, 1, 0, '2024-03-22 05:10:20', '2024-04-26 13:10:10'),
(167, 9533, 0, NULL, 'Consectetur voluptat', 'Quia officiis labore', 'lureryco@mailinator.com', '7412589633', 'Sit reprehenderit v', NULL, 'https://minio.staging.verein.cloud/tineon/Leipzig/2024/March/Images/Tennis-1711431473209.jpeg', '51', 'Sunt, laborum tempor.<font face=\"Arial\" size=\"2\">&#160;</font>', NULL, NULL, 0, NULL, NULL, NULL, NULL, NULL, NULL, 0, 0, '2024-03-26 05:37:56', '2024-03-26 05:37:56'),
(168, 9533, 0, NULL, 'Commodi vel ipsum do', 'Id blanditiis Nam a', 'pugyzipen@mailinator.com', '7485963214', 'Quis ea quae aperiam', NULL, 'https://minio.staging.verein.cloud/tineon/Leipzig/2024/March/Images/S-Verein_01-1711704327154.jpeg', '51', 'Dicta qui est dolor .<font face=\"Arial\" size=\"2\">&#160;</font>', NULL, NULL, 1, 49, NULL, NULL, 0, NULL, NULL, 1, 0, '2024-03-26 05:50:59', '2024-03-28 04:51:33'),
(170, 141, 0, NULL, 'Dev A', 'Technical', 'devtech@yopmail.com', '3213213213', 'Around the glob.', NULL, NULL, '1', 'fghfdhdf<font size=\"2\" face=\"Arial\">ghdfghgf</font>', NULL, NULL, 1, NULL, NULL, NULL, 0, NULL, NULL, 0, 0, '2024-03-27 20:56:22', '2024-03-27 20:56:22'),
(174, 9533, 0, NULL, 'Sam', 'Rodger', 'sam11@yopmail.com', '7410852369', '123 bkyc street', NULL, 'https://minio.staging.verein.cloud/tineon/Leipzig/2024/April/Documents/Bildschirm%C2%ADfoto%202023-03-18%20um%2009-1714108458934.39.39.png', '50', '<span>Lorem ipsum dolor sit amet. Et cupiditate perspiciatis id libero fuga non debi</span>', NULL, NULL, 1, 49, NULL, NULL, 0, NULL, NULL, 0, 0, '2024-03-29 09:52:16', '2024-03-29 10:35:41'),
(191, 9533, 0, NULL, 'Facere quaerat sint ', 'Dicta rem dolor labo', 'suqi@mailinator.com', '7778889966', 'Molestiae quis volup', NULL, 'https://minio.staging.verein.cloud/tineon/Leipzig/2024/April/Documents/Bildschirm%C2%ADfoto%202023-03-18%20um%2009-1712319765103.38.20.png', '51', 'Proident, et Nam ven.<font face=\"Arial\" size=\"2\">&#160;</font>', NULL, NULL, 0, NULL, NULL, NULL, NULL, NULL, NULL, 0, 0, '2024-04-05 12:22:46', '2024-04-05 12:22:46'),
(192, 9533, 0, NULL, 'Test', 'md01', 'Testmango@mailinator.com', '04368965435', 'nh', NULL, 'https://minio.staging.verein.cloud/tineon/Leipzig/2024/April/Documents/Bildschirm%C2%ADfoto%202023-03-18%20um%2009-1712319855333.38.30.png', '51', '<font face=\"Arial\" size=\"2\">h</font>', NULL, NULL, 0, NULL, NULL, NULL, NULL, 'deny', 49, 0, 0, '2024-04-05 12:24:16', '2024-04-16 08:05:04'),
(206, 9533, 0, NULL, 'Id numquam placeat ', 'Quo perferendis enim', 'womyqolaty@mailinator.com', '7890765429', 'Rem eos autem non pe', NULL, 'https://minio.staging.verein.cloud/tineon/Leipzig/2024/April/Images/tennis-damen-1713187236460.jpeg', '51', 'Cupiditate voluptate.Feugiat vivamus at augue eget arcu. Elit ullamcorper dignissim cras &#10;tincidunt lobortis feugiat. Placerat duis ultricies lacus sed turpis &#10;tincidunt id aliquet. Eu sem integer vitae justo eget magna fermentum. &#10;Varius vel pharetra vel turpis nunc eget lorem. Ut venenatis tellus in &#10;metus. Sit amet purus gravida quis. Pharetra et ultrices neque ornare &#10;aenean euismod elementum nisi. Dictumst vestibulum rhoncus est &#10;pellentesque elit ullamcorper dignissim cras. Risus feugiat in ante &#10;metus. Fringilla est ullamcorper eget nulla facilisi etiam dignissim &#10;diam. Cras semper auctor neque vitae tempus quam pellentesque nec. &#10;Ornare suspendisse sed nisi lacus sed viverra. Egestas maecenas pharetra&#10; convallis posuere morbi leo urna molestie.', NULL, NULL, 0, NULL, NULL, NULL, NULL, 'Feugiat vivamus at augue eget arcu. Elit ullamcorper dignissim cras tincidunt lobortis feugiat. Placerat duis ultricies lacus sed turpis tincidunt id aliquet. Eu sem integer vitae justo eget magna fermentum. Varius vel pharetra vel turpis nunc eget lorem. Ut venenatis tellus in metus. Sit amet purus gravida quis. Pharetra et ultrices neque ornare aenean euismod elementum nisi. Dictumst vestibulum rhoncus est pellentesque elit ullamcorper dignissim cras. Risus feugiat in ante metus. Fringilla est ullamcorper eget nulla facilisi etiam dignissim diam. Cras semper auctor neque vitae tempus quam pellentesque nec. Ornare suspendisse sed nisi lacus sed viverra. Egestas maecenas pharetra convallis posuere morbi leo urna molestie.', 49, 0, 0, '2024-04-15 13:20:39', '2024-04-15 13:20:52'),
(207, 9533, 0, NULL, 'Et debitis repellend', 'Fugit optio conseq', 'mihepy@mailinator.com', '7418529666', 'Qui ullamco iusto la', NULL, 'https://minio.staging.verein.cloud/tineon/Leipzig/2024/April/Images/Turnierinnen-1713256351365.jpeg', '51', 'Corporis rerum a sed.<font face=\"Arial\" size=\"2\">&#160;</font>', NULL, NULL, 0, NULL, NULL, NULL, NULL, 'no', 49, 0, 0, '2024-04-16 08:32:32', '2024-04-16 08:53:50'),
(211, 9533, 0, NULL, 'Tester instructor ', '22 Apr', 'tester@yopmail.com', '09865214730', '001,', NULL, 'https://minio.staging.verein.cloud/tineon/Leipzig/2024/April/Images/pexels-burak-the-weekender-50662-1713788989186.jpg', '49', '<p>It is a long established fact that a reader will be distracted by the readable content of a page when looking at its layout. The point of using Lorem Ipsum is that it has a more-or-less normal distribution of letters, as opposed to using \'Content here, content here\', making it look like readable English. Many desktop publishing packages and web page editors now use Lorem Ipsum as their default model text, and a search for \'lorem ipsum\' will uncover many web sites still in their infancy. Various versions have evolved over the years, sometimes by accident, sometimes on purpose (injected humour and the like).</p><p>It is a long established fact that a reader will be distracted by the readable content of a page when looking at its layout. The point of using Lorem Ipsum is that it has a more-or-less normal distribution of letters, as opposed to using \'Content here, content here\', making it look like readable English. Many desktop publishing packages and web page editors now use Lorem Ipsum as their default model text, and a search for \'lorem ipsum\' will uncover many web sites still in their infancy. Various versions have evolved over the years, sometimes by accident, sometimes on purpose (injected humour and the like).</p><p><br></p>', NULL, NULL, 1, NULL, NULL, NULL, 0, NULL, NULL, 0, 0, '2024-04-22 12:29:50', '2024-04-22 12:29:50'),
(215, 9533, 0, NULL, 'John', 'Patel', 'mango.john@mailinator.com', '09865214735', '002', NULL, 'https://minio.staging.verein.cloud/tineon/Leipzig/2024/April/Images/Tennisspielerin-1714108691088.jpeg', '49', '<p>It is a long established fact that a reader will be distracted by the readable content of a page when looking at its layout. The point of using Lorem Ipsum is that it has a more-or-less normal distribution of letters, as opposed to using \'Content here, content here\', making it look like readable English. Many desktop publishing packages and web page editors now use Lorem Ipsum as their default model text, and a search for \'lorem ipsum\' will uncover many web sites still in their infancy. Various versions have evolved over the years, sometimes by accident, sometimes on purpose (injected humour and the like).</p><p><br></p>', NULL, NULL, 1, NULL, NULL, NULL, 0, NULL, NULL, 0, 0, '2024-04-26 05:18:12', '2024-04-26 05:18:12'),
(227, 9533, 1, 51, 'Member2', 'User', 'tarun@mangoitsolutions.in', '8597845134', 'test', NULL, 'https://minio.staging.verein.cloud/tineon/Leipzig/2024/April/Images/Tennisspieler-1714118552711.jpeg', '49', '<font face=\"Arial\" size=\"2\">test</font>', NULL, NULL, 1, NULL, NULL, NULL, NULL, NULL, NULL, 0, 0, '2024-04-26 08:02:34', '2024-04-26 08:02:34'),
(230, 9533, 1, 49, 'Tarun', 'Pasangya', 'tarun@mangoitsolutions.in', '9898656658', '123 xys street', NULL, 'https://minio.staging.verein.cloud/tineon/Leipzig/2024/April/Documents/Bildschirm%C2%ADfoto%202023-03-18%20um%2009-1714118870937.39.25.png', '51', '<font face=\"Arial\" size=\"2\">cvfdvc</font>', NULL, NULL, 1, 49, '{\"first_name\":\"Member\",\"last_name\":\"User\",\"emaill\":\"tarun@mangoitsolutions.in\",\"phone_no\":\"9898656658\",\"address\":\"123 xys street\",\"courses_type\":\"\",\"file\":\"\",\"author\":\"51\",\"approved_status\":\"1\",\"weekdays\":\"[{\\\"day\\\":\\\"1\\\",\\\"time_from\\\":\\\"12:00\\\",\\\"time_to\\\":\\\"18:00\\\"}]\",\"qualifications\":[\"phd\"],\"tags\":\"[]\",\"instructor_type\":\"1\",\"internal_id\":\"50\",\"description\":\"<font face=\\\"Arial\\\" size=\\\"2\\\">cvfdvc</font>\",\"team_id\":\"9533\",\"newImage\":\"\"}', NULL, 0, NULL, NULL, 1, 0, '2024-04-26 08:07:52', '2024-04-26 08:08:58'),
(231, 9533, 1, 50, 'Member', 'User', 'tarun@mangoitsolutions.in', '2698878745', '456wed trete', NULL, 'https://minio.staging.verein.cloud/tineon/Leipzig/2024/April/Documents/Bildschirm%C2%ADfoto%202023-03-18%20um%2009-1714118995438.37.56.png', '49', 'fdre<font face=\"Arial\" size=\"2\">fcsd</font>', NULL, NULL, 1, NULL, NULL, NULL, NULL, NULL, NULL, 0, 0, '2024-04-26 08:09:57', '2024-04-26 08:09:57'),
(235, 9533, 0, NULL, 'test', 'sadasd', 'test@yopmail.com', '9876543210', 'asdasdasd', NULL, 'https://minio.staging.verein.cloud/tineon/Leipzig/2024/April/Images/Tennis-1714127085137.jpeg', '49', '<font face=\"Arial\" size=\"2\">this is for testing</font>', NULL, NULL, 1, NULL, NULL, NULL, NULL, NULL, NULL, 0, 0, '2024-04-26 10:24:47', '2024-04-26 10:24:47'),
(236, 9533, 0, NULL, 'Test', 'user', 'testyop@yopmail.com', '9988776655', 'MBA', NULL, 'https://minio.staging.verein.cloud/tineon/Leipzig/2024/April/Images/Tennisspieler-1714127525086.jpeg', '49', '<font face=\"Arial\" size=\"2\">this is for testing</font>', NULL, NULL, 1, NULL, NULL, NULL, NULL, NULL, NULL, 0, 0, '2024-04-26 10:32:07', '2024-04-26 10:32:07'),
(237, 9533, 0, NULL, 'kelvin', 'Rodger', 'sol122@yopmail.com', '0220054456', '123 bkyc street', NULL, 'https://minio.staging.verein.cloud/tineon/Leipzig/2024/April/Documents/Bildschirm%C2%ADfoto%202023-03-18%20um%2009-1714128205101.38.06.png', '49', 'Accusantium iusto et.dsxc', NULL, NULL, 1, NULL, NULL, NULL, NULL, NULL, NULL, 0, 0, '2024-04-26 10:43:29', '2024-04-26 10:43:29'),
(239, 9533, 0, NULL, 'test', 'ins', 'ins@yopmail.com', '8596457812', 'test', NULL, 'https://minio.staging.verein.cloud/tineon/Leipzig/2024/May/Images/Turnierinnen-1714569604173.jpeg', '49', 'test', NULL, NULL, 1, NULL, NULL, NULL, NULL, NULL, NULL, 0, 0, '2024-05-01 13:20:05', '2024-05-01 13:20:05'),
(240, 9533, 0, NULL, 'maya', 'Rodger', 'maya@yopmail.com', '2132324355', '123 bkyc street', NULL, 'https://minio.staging.verein.cloud/tineon/Leipzig/2024/June/Images/tennis-damen-1718876055507.jpeg', '50', '<span>Sit velit autem</span>', NULL, NULL, 0, NULL, NULL, NULL, NULL, NULL, NULL, 0, 0, '2024-06-20 09:34:17', '2024-06-20 09:34:17'),
(241, 9533, 0, NULL, 'Ut eius', 'quibusdam', 'somaya@yopmail.com', '7987979778', '123 bkyc street', NULL, 'https://minio.staging.verein.cloud/tineon/Leipzig/2024/June/Images/Herren_Meister-1718886550332.jpeg', '50', '<p>Lorem ipsum dolor sit amet. Non inventore officia et magni facilis ut dolor voluptas qui architecto alias cum quibusdam repudiandae et obcaecati quia. Ea iste quaerat eum doloribus iure non harum repellat eum asperiores dolorem. Ut eius iure sit quibusdam nostrum id illum aspernatur nam maiores necessitatibus.</p><p><br></p>', NULL, NULL, 1, 49, '{\"first_name\":\"Somaya\",\"last_name\":\"quibusdam\",\"emaill\":\"somaya@yopmail.com\",\"phone_no\":\"7987979778\",\"address\":\"123 bkyc street\",\"courses_type\":\"\",\"file\":\"\",\"author\":\"50\",\"approved_status\":\"1\",\"weekdays\":\"[{\\\"time_from\\\":\\\"12:00\\\",\\\"time_to\\\":\\\"18:00\\\"},{\\\"time_from\\\":\\\"12:00\\\",\\\"time_to\\\":\\\"18:00\\\"},{\\\"time_from\\\":\\\"12:00\\\",\\\"time_to\\\":\\\"18:00\\\"}]\",\"qualifications\":[\"Phd\"],\"tags\":\"[]\",\"instructor_type\":\"0\",\"description\":\"<p>Lorem ipsum dolor sit amet. Non inventore officia et magni facilis ut dolor voluptas qui architecto alias cum quibusdam repudiandae et obcaecati quia. Ea iste quaerat eum doloribus iure non harum repellat eum asperiores dolorem. Ut eius iure sit quibusdam nostrum id illum aspernatur nam maiores necessitatibus.</p><p><br></p>\",\"team_id\":\"9533\",\"newImage\":\"\"}', NULL, 0, NULL, NULL, 1, 0, '2024-06-20 12:29:12', '2024-06-20 12:32:46'),
(242, 9533, 0, NULL, 'Niklas Freeh', 'Freeh', 'freeh@yopmail.com', '8598784514', '33619 Bielefeld Babenhausen', NULL, 'https://minio.staging.verein.cloud/tineon/Leipzig/2024/July/Images/Hockeydamen-1720782979595.jpeg', '49', '<font face=\"Arial\" size=\"2\">freeh@yopmail.com</font>', NULL, NULL, 1, NULL, NULL, NULL, 0, NULL, NULL, 0, 0, '2024-07-12 11:16:22', '2024-07-12 11:16:22'),
(244, 9533, 0, NULL, 'Dustin', 'Handerson', 'dustin12@mailinator.com', '9865452154', 'Indore', NULL, 'https://minio.staging.verein.cloud/tineon/Leipzig/2024/July/Images/Tennisspieler-1721364225029.jpeg', '50', '<span>Lorem ipsum dolor sit amet, consectetur adipiscing elit. Etiam auctor est vitae tortor ultricies, sed mattis augue fermentum. Etiam in nulla ac turpis aliquam efficitur.&#160;</span>', NULL, NULL, 0, NULL, NULL, NULL, NULL, NULL, NULL, 0, 0, '2024-07-19 04:43:48', '2024-07-19 04:43:48');

-- --------------------------------------------------------

--
-- Table structure for table `instructor_availablity`
--

CREATE TABLE `instructor_availablity` (
  `id` int UNSIGNED NOT NULL,
  `instructor_id` int NOT NULL,
  `weekday` varchar(255) DEFAULT NULL,
  `time_from` time DEFAULT NULL,
  `time_to` time DEFAULT NULL,
  `created_at` timestamp NOT NULL DEFAULT CURRENT_TIMESTAMP,
  `updated_at` timestamp NOT NULL DEFAULT CURRENT_TIMESTAMP
) ENGINE=InnoDB DEFAULT CHARSET=utf8mb4 COLLATE=utf8mb4_0900_ai_ci;

--
-- Dumping data for table `instructor_availablity`
--

INSERT INTO `instructor_availablity` (`id`, `instructor_id`, `weekday`, `time_from`, `time_to`, `created_at`, `updated_at`) VALUES
(1, 1, 'Donnerstag', '15:00:00', '22:00:00', '2022-09-27 08:48:04', '2022-09-27 08:48:04'),
(2, 2, 'D', '17:00:00', '22:00:00', '2022-09-27 08:51:50', '2022-09-27 08:51:50'),
(3, 2, 'D', '17:00:00', '22:00:00', '2022-09-27 08:51:50', '2022-09-27 08:51:50'),
(7, 5, 'Friday', '19:24:00', '20:24:00', '2022-09-29 10:56:39', '2022-09-29 10:56:39'),
(9, 6, 'Tuesday', '16:22:00', '18:22:00', '2022-10-04 09:29:31', '2022-10-04 09:29:31'),
(11, 8, 'Monday', '12:00:00', '14:00:00', '2022-10-05 06:08:51', '2022-10-05 06:08:51'),
(12, 9, 'T', '12:00:00', '16:00:00', '2022-10-05 06:11:49', '2022-10-05 06:11:49'),
(13, 7, 'Donnerstag', '18:57:00', '20:57:00', '2022-10-05 06:59:06', '2022-10-05 06:59:06'),
(14, 10, 'Monday', '12:30:00', '15:30:00', '2022-10-05 07:00:50', '2022-10-05 07:00:50'),
(15, 11, 'Monday', '15:06:00', '17:06:00', '2022-10-06 08:37:22', '2022-10-06 08:37:22'),
(16, 12, 'Monday', '15:39:00', '18:40:00', '2022-10-06 09:10:25', '2022-10-06 09:10:25'),
(20, 13, 'Tuesday', '11:53:00', '13:55:00', '2022-10-21 05:26:33', '2022-10-21 05:26:33'),
(21, 13, 'Wednesday', '00:55:00', '14:57:00', '2022-10-21 05:26:33', '2022-10-21 05:26:33'),
(22, 14, 'Monday', '11:00:00', '16:00:00', '2022-10-21 05:27:57', '2022-10-21 05:27:57'),
(23, 15, 'Tuesday', '13:28:00', '15:28:00', '2022-10-21 07:58:42', '2022-10-21 07:58:42'),
(24, 16, 'Monday', '16:15:00', '22:21:00', '2022-11-21 10:47:47', '2022-11-21 10:47:47'),
(31, 17, 'Wednesday', '19:00:00', '20:00:00', '2023-02-28 08:37:11', '2023-02-28 08:37:11'),
(35, 22, 'Monday', '12:00:00', '19:20:00', '2023-03-17 05:14:52', '2023-03-17 05:14:52'),
(37, 23, 'Donnerstag', '18:00:00', '21:00:00', '2023-03-20 09:24:21', '2023-03-20 09:24:21'),
(39, 20, 'Monday', '17:29:00', '19:29:00', '2023-03-22 08:23:09', '2023-03-22 08:23:09'),
(46, 26, 'Saturday', '11:00:00', '21:45:00', '2023-06-12 05:08:45', '2023-06-12 05:08:45'),
(47, 26, 'Sunday', '12:00:00', '22:15:00', '2023-06-12 05:08:45', '2023-06-12 05:08:45'),
(58, 27, '1', '12:00:00', '18:00:00', '2023-08-14 12:40:58', '2023-08-14 12:40:58'),
(59, 27, '2', '12:00:00', '18:00:00', '2023-08-14 12:40:58', '2023-08-14 12:40:58'),
(60, 27, '3', '12:00:00', '18:00:00', '2023-08-14 12:40:58', '2023-08-14 12:40:58'),
(61, 27, '4', '12:00:00', '18:00:00', '2023-08-14 12:40:58', '2023-08-14 12:40:58'),
(62, 27, '5', '12:00:00', '18:00:00', '2023-08-14 12:40:58', '2023-08-14 12:40:58'),
(63, 27, '6', '12:00:00', '18:00:00', '2023-08-14 12:40:58', '2023-08-14 12:40:58'),
(64, 27, '0', '12:00:00', '18:00:00', '2023-08-14 12:40:58', '2023-08-14 12:40:58'),
(105, 41, '1', '12:00:00', '18:00:00', '2023-09-18 06:07:12', '2023-09-18 06:07:12'),
(106, 41, '2', '12:00:00', '18:00:00', '2023-09-18 06:07:12', '2023-09-18 06:07:12'),
(111, 42, '1', '12:00:00', '18:00:00', '2023-09-18 06:24:54', '2023-09-18 06:24:54'),
(112, 42, '2', '12:00:00', '18:00:00', '2023-09-18 06:24:54', '2023-09-18 06:24:54'),
(114, 43, '1', '12:00:00', '18:00:00', '2023-10-25 10:48:31', '2023-10-25 10:48:31'),
(117, 44, '1', '12:00:00', '18:30:00', '2023-11-01 12:47:57', '2023-11-01 12:47:57'),
(130, 46, '1', '12:00:00', '18:00:00', '2023-11-03 12:43:25', '2023-11-03 12:43:25'),
(131, 46, '2', '12:00:00', '18:00:00', '2023-11-03 12:43:25', '2023-11-03 12:43:25'),
(153, 63, '2', '12:00:00', '18:00:00', '2023-11-08 04:35:10', '2023-11-08 04:35:10'),
(197, 74, '1', '12:00:00', '18:00:00', '2023-11-09 06:34:46', '2023-11-09 06:34:46'),
(198, 74, '2', '12:00:00', '18:00:00', '2023-11-09 06:34:46', '2023-11-09 06:34:46'),
(199, 74, '4', '05:00:00', '18:00:00', '2023-11-09 06:34:46', '2023-11-09 06:34:46'),
(301, 115, '1', '12:00:00', '14:00:00', '2023-11-18 05:21:36', '2023-11-18 05:21:36'),
(302, 115, '0', '12:00:00', '18:00:00', '2023-11-18 05:21:36', '2023-11-18 05:21:36'),
(303, 115, '2', '12:00:00', '15:00:00', '2023-11-18 05:21:37', '2023-11-18 05:21:37'),
(314, 120, '1', '12:00:00', '18:00:00', '2023-11-18 06:24:36', '2023-11-18 06:24:36'),
(315, 120, '2', '12:00:00', '18:00:00', '2023-11-18 06:24:36', '2023-11-18 06:24:36'),
(316, 120, '3', '12:00:00', '18:00:00', '2023-11-18 06:24:36', '2023-11-18 06:24:36'),
(317, 120, '4', '12:00:00', '18:00:00', '2023-11-18 06:24:36', '2023-11-18 06:24:36'),
(318, 120, '5', '12:00:00', '18:00:00', '2023-11-18 06:24:36', '2023-11-18 06:24:36'),
(319, 120, '0', '12:00:00', '18:00:00', '2023-11-18 06:24:36', '2023-11-18 06:24:36'),
(320, 120, '6', '12:00:00', '18:00:00', '2023-11-18 06:24:36', '2023-11-18 06:24:36'),
(332, 107, '1', '12:00:00', '18:00:00', '2023-11-18 12:33:13', '2023-11-18 12:33:13'),
(342, 80, '1', '12:00:00', '18:00:00', '2023-11-20 11:25:02', '2023-11-20 11:25:02'),
(354, 135, '1', '12:00:00', '15:00:00', '2023-11-20 13:06:50', '2023-11-20 13:06:50'),
(360, 130, '1', '12:00:00', '15:00:00', '2023-11-21 04:46:10', '2023-11-21 04:46:10'),
(361, 132, '2', '12:00:00', '18:00:00', '2023-11-21 05:10:33', '2023-11-21 05:10:33'),
(362, 136, '1', '12:00:00', '18:00:00', '2023-11-21 06:15:55', '2023-11-21 06:15:55'),
(363, 136, '2', '12:00:00', '18:00:00', '2023-11-21 06:15:55', '2023-11-21 06:15:55'),
(364, 136, '4', '15:00:00', '16:00:00', '2023-11-21 06:15:55', '2023-11-21 06:15:55'),
(365, 136, '3', '12:00:00', '18:00:00', '2023-11-21 06:15:55', '2023-11-21 06:15:55'),
(366, 137, '2', '12:00:00', '18:00:00', '2023-11-21 08:43:57', '2023-11-21 08:43:57'),
(367, 137, '3', '12:00:00', '18:00:00', '2023-11-21 08:43:57', '2023-11-21 08:43:57'),
(368, 137, '4', '12:00:00', '18:00:00', '2023-11-21 08:43:57', '2023-11-21 08:43:57'),
(369, 137, '1', '12:00:00', '18:00:00', '2023-11-21 08:43:57', '2023-11-21 08:43:57'),
(370, 137, '6', '12:00:00', '18:00:00', '2023-11-21 08:43:57', '2023-11-21 08:43:57'),
(371, 137, '5', '12:00:00', '18:00:00', '2023-11-21 08:43:57', '2023-11-21 08:43:57'),
(372, 137, '0', '12:00:00', '18:00:00', '2023-11-21 08:43:57', '2023-11-21 08:43:57'),
(376, 139, '1', '12:00:00', '18:00:00', '2023-11-21 10:27:26', '2023-11-21 10:27:26'),
(377, 131, '1', '12:00:00', '18:00:00', '2023-11-21 10:47:30', '2023-11-21 10:47:30'),
(378, 140, '1', '12:00:00', '18:00:00', '2023-11-21 11:59:23', '2023-11-21 11:59:23'),
(379, 141, '1', '12:00:00', '18:00:00', '2023-11-21 12:47:34', '2023-11-21 12:47:34'),
(380, 141, '2', '12:00:00', '18:00:00', '2023-11-21 12:47:34', '2023-11-21 12:47:34'),
(381, 141, '3', '12:00:00', '18:00:00', '2023-11-21 12:47:34', '2023-11-21 12:47:34'),
(382, 141, '5', '12:00:00', '18:00:00', '2023-11-21 12:47:34', '2023-11-21 12:47:34'),
(383, 141, '4', '12:00:00', '18:00:00', '2023-11-21 12:47:34', '2023-11-21 12:47:34'),
(384, 142, '1', '12:00:00', '18:00:00', '2023-11-23 11:01:58', '2023-11-23 11:01:58'),
(385, 142, '3', '12:00:00', '18:00:00', '2023-11-23 11:01:58', '2023-11-23 11:01:58'),
(386, 142, '2', '12:00:00', '18:00:00', '2023-11-23 11:01:58', '2023-11-23 11:01:58'),
(387, 142, '4', '12:00:00', '18:00:00', '2023-11-23 11:01:58', '2023-11-23 11:01:58'),
(388, 142, '5', '12:00:00', '18:00:00', '2023-11-23 11:01:58', '2023-11-23 11:01:58'),
(389, 142, '6', '12:00:00', '18:00:00', '2023-11-23 11:01:58', '2023-11-23 11:01:58'),
(390, 142, '0', '12:00:00', '18:00:00', '2023-11-23 11:01:58', '2023-11-23 11:01:58'),
(392, 144, '1', '12:00:00', '18:00:00', '2023-11-24 08:07:07', '2023-11-24 08:07:07'),
(393, 144, '2', '12:00:00', '18:00:00', '2023-11-24 08:07:07', '2023-11-24 08:07:07'),
(394, 144, '3', '12:00:00', '18:00:00', '2023-11-24 08:07:07', '2023-11-24 08:07:07'),
(395, 144, '4', '12:00:00', '18:00:00', '2023-11-24 08:07:07', '2023-11-24 08:07:07'),
(396, 144, '5', '12:00:00', '18:00:00', '2023-11-24 08:07:07', '2023-11-24 08:07:07'),
(397, 144, '6', '12:00:00', '18:00:00', '2023-11-24 08:07:07', '2023-11-24 08:07:07'),
(398, 144, '0', '12:00:00', '18:00:00', '2023-11-24 08:07:07', '2023-11-24 08:07:07'),
(405, 145, '1', '12:00:00', '16:00:00', '2024-03-07 06:48:16', '2024-03-07 06:48:16'),
(406, 145, '2', '12:00:00', '16:00:00', '2024-03-07 06:48:16', '2024-03-07 06:48:16'),
(407, 145, '3', '12:00:00', '16:00:00', '2024-03-07 06:48:16', '2024-03-07 06:48:16'),
(408, 146, '2', '12:00:00', '18:00:00', '2024-03-13 10:20:14', '2024-03-13 10:20:14'),
(409, 146, '3', '12:00:00', '18:00:00', '2024-03-13 10:20:14', '2024-03-13 10:20:14'),
(410, 146, '1', '12:00:00', '18:00:00', '2024-03-13 10:20:14', '2024-03-13 10:20:14'),
(411, 146, '4', '12:00:00', '18:00:00', '2024-03-13 10:20:14', '2024-03-13 10:20:14'),
(412, 147, '4', '12:00:00', '18:00:00', '2024-03-13 10:21:51', '2024-03-13 10:21:51'),
(413, 147, '1', '12:00:00', '18:00:00', '2024-03-13 10:21:51', '2024-03-13 10:21:51'),
(414, 147, '5', '12:00:00', '18:00:00', '2024-03-13 10:21:51', '2024-03-13 10:21:51'),
(428, 153, '1', '12:00:00', '18:00:00', '2024-03-19 11:09:21', '2024-03-19 11:09:21'),
(429, 153, '2', '12:00:00', '18:00:00', '2024-03-19 11:09:21', '2024-03-19 11:09:21'),
(430, 153, '3', '12:00:00', '18:00:00', '2024-03-19 11:09:21', '2024-03-19 11:09:21'),
(431, 154, '1', '12:00:00', '18:00:00', '2024-03-19 11:11:41', '2024-03-19 11:11:41'),
(432, 154, '2', '12:00:00', '18:00:00', '2024-03-19 11:11:41', '2024-03-19 11:11:41'),
(444, 157, '1', '12:00:00', '18:00:00', '2024-03-20 11:12:41', '2024-03-20 11:12:41'),
(451, 156, '1', '12:00:00', '18:00:00', '2024-03-21 05:53:11', '2024-03-21 05:53:11'),
(452, 156, '1', '12:00:00', '18:00:00', '2024-03-21 05:53:11', '2024-03-21 05:53:11'),
(453, 156, '4', '12:00:00', '18:00:00', '2024-03-21 05:53:11', '2024-03-21 05:53:11'),
(454, 156, '5', '12:00:00', '18:00:00', '2024-03-21 05:53:11', '2024-03-21 05:53:11'),
(466, 164, '1', '12:00:00', '18:00:00', '2024-03-22 05:04:54', '2024-03-22 05:04:54'),
(468, 166, '1', '12:00:00', '18:00:00', '2024-03-22 05:10:20', '2024-03-22 05:10:20'),
(469, 166, '1', '18:00:00', '19:00:00', '2024-03-22 05:10:20', '2024-03-22 05:10:20'),
(479, 167, '2', '12:00:00', '23:00:00', '2024-03-26 05:37:56', '2024-03-26 05:37:56'),
(496, 168, '1', '12:00:00', '18:00:00', '2024-03-29 09:25:29', '2024-03-29 09:25:29'),
(497, 168, '2', '12:00:00', '18:00:00', '2024-03-29 09:25:29', '2024-03-29 09:25:29'),
(608, 191, '1', '12:00:00', '18:00:00', '2024-04-05 12:22:46', '2024-04-05 12:22:46'),
(609, 192, '1', '12:00:00', '18:00:00', '2024-04-05 12:24:16', '2024-04-05 12:24:16'),
(610, 192, '6', '12:00:00', '18:00:00', '2024-04-05 12:24:16', '2024-04-05 12:24:16'),
(611, 192, '3', '12:00:00', '18:00:00', '2024-04-05 12:24:16', '2024-04-05 12:24:16'),
(628, 170, '3', '12:00:00', '15:15:00', '2024-04-07 22:42:04', '2024-04-07 22:42:04'),
(629, 170, '0', '12:00:00', '21:00:00', '2024-04-07 22:42:04', '2024-04-07 22:42:04'),
(630, 170, '5', '10:30:00', '13:30:00', '2024-04-07 22:42:04', '2024-04-07 22:42:04'),
(668, 206, '1', '12:00:00', '18:00:00', '2024-04-15 13:20:39', '2024-04-15 13:20:39'),
(669, 207, '1', '12:00:00', '18:00:00', '2024-04-16 08:32:32', '2024-04-16 08:32:32'),
(760, 211, '1', '12:00:00', '18:00:00', '2024-04-25 11:17:55', '2024-04-25 11:17:55'),
(761, 211, '2', '12:00:00', '18:00:00', '2024-04-25 11:17:55', '2024-04-25 11:17:55'),
(762, 211, '3', '12:00:00', '18:00:00', '2024-04-25 11:17:55', '2024-04-25 11:17:55'),
(763, 211, '4', '12:00:00', '18:00:00', '2024-04-25 11:17:55', '2024-04-25 11:17:55'),
(764, 211, '5', '12:00:00', '18:00:00', '2024-04-25 11:17:55', '2024-04-25 11:17:55'),
(765, 211, '6', '12:00:00', '18:00:00', '2024-04-25 11:17:55', '2024-04-25 11:17:55'),
(774, 174, NULL, '12:00:00', '18:00:00', '2024-04-26 05:14:20', '2024-04-26 05:14:20'),
(775, 174, NULL, '12:00:00', '18:00:00', '2024-04-26 05:14:20', '2024-04-26 05:14:20'),
(787, 215, NULL, '12:00:00', '18:00:00', '2024-04-26 05:25:24', '2024-04-26 05:25:24'),
(788, 215, '2', '12:00:00', '17:00:00', '2024-04-26 05:25:24', '2024-04-26 05:25:24'),
(789, 215, '4', '12:00:00', '17:00:00', '2024-04-26 05:25:24', '2024-04-26 05:25:24'),
(790, 215, '5', '12:00:00', '18:00:00', '2024-04-26 05:25:24', '2024-04-26 05:25:24'),
(791, 215, '3', '12:00:00', '17:00:00', '2024-04-26 05:25:24', '2024-04-26 05:25:24'),
(821, 227, '2', '12:00:00', '18:00:00', '2024-04-26 08:02:34', '2024-04-26 08:02:34'),
(824, 230, '1', '12:00:00', '18:00:00', '2024-04-26 08:07:52', '2024-04-26 08:07:52'),
(825, 231, '3', '12:00:00', '18:00:00', '2024-04-26 08:09:57', '2024-04-26 08:09:57'),
(832, 235, '3', '12:00:00', '18:00:00', '2024-04-26 10:24:47', '2024-04-26 10:24:47'),
(833, 235, '1', '12:00:00', '18:00:00', '2024-04-26 10:24:47', '2024-04-26 10:24:47'),
(834, 236, '2', '12:00:00', '18:00:00', '2024-04-26 10:32:07', '2024-04-26 10:32:07'),
(835, 236, '3', '12:00:00', '18:00:00', '2024-04-26 10:32:07', '2024-04-26 10:32:07'),
(836, 237, '2', '12:00:00', '18:00:00', '2024-04-26 10:43:29', '2024-04-26 10:43:29'),
(837, 237, '4', '12:00:00', '18:00:00', '2024-04-26 10:43:29', '2024-04-26 10:43:29'),
(838, 237, '0', '12:00:00', '18:00:00', '2024-04-26 10:43:29', '2024-04-26 10:43:29'),
(842, 239, '1', '12:00:00', '17:00:00', '2024-05-01 13:20:05', '2024-05-01 13:20:05'),
(843, 239, '2', '12:00:00', '17:00:00', '2024-05-01 13:20:05', '2024-05-01 13:20:05'),
(844, 240, '1', '12:00:00', '18:00:00', '2024-06-20 09:34:17', '2024-06-20 09:34:17'),
(845, 240, '5', '12:00:00', '18:00:00', '2024-06-20 09:34:17', '2024-06-20 09:34:17'),
(846, 240, '4', '12:00:00', '18:00:00', '2024-06-20 09:34:17', '2024-06-20 09:34:17'),
(847, 240, '6', '12:00:00', '18:00:00', '2024-06-20 09:34:17', '2024-06-20 09:34:17'),
(848, 241, '1', '12:00:00', '18:00:00', '2024-06-20 12:29:12', '2024-06-20 12:29:12'),
(849, 241, '2', '12:00:00', '18:00:00', '2024-06-20 12:29:12', '2024-06-20 12:29:12'),
(850, 241, '5', '12:00:00', '18:00:00', '2024-06-20 12:29:12', '2024-06-20 12:29:12'),
(853, 242, '1', '12:00:00', '16:00:00', '2024-07-12 11:23:23', '2024-07-12 11:23:23'),
(854, 242, '2', '12:00:00', '17:00:00', '2024-07-12 11:23:23', '2024-07-12 11:23:23'),
(857, 244, '1', '12:00:00', '16:00:00', '2024-07-19 04:43:48', '2024-07-19 04:43:48'),
(858, 244, '2', '12:00:00', '18:00:00', '2024-07-19 04:43:48', '2024-07-19 04:43:48'),
(859, 244, '3', '12:00:00', '17:00:00', '2024-07-19 04:43:48', '2024-07-19 04:43:48'),
(860, 244, '4', '12:00:00', '18:00:00', '2024-07-19 04:43:48', '2024-07-19 04:43:48'),
(861, 244, '5', '12:00:00', '17:00:00', '2024-07-19 04:43:48', '2024-07-19 04:43:48'),
(862, 244, '0', '12:00:00', '17:00:00', '2024-07-19 04:43:48', '2024-07-19 04:43:48'),
(863, 244, '6', '12:00:00', '18:00:00', '2024-07-19 04:43:48', '2024-07-19 04:43:48');

-- --------------------------------------------------------

--
-- Table structure for table `instructor_booking`
--

CREATE TABLE `instructor_booking` (
  `id` int UNSIGNED NOT NULL,
  `ex_instructor_id` int NOT NULL,
  `course_id` int NOT NULL,
  `date_from` varchar(255) NOT NULL,
  `start_time` time NOT NULL,
  `end_time` time NOT NULL
) ENGINE=InnoDB DEFAULT CHARSET=utf8mb4 COLLATE=utf8mb4_0900_ai_ci;

--
-- Dumping data for table `instructor_booking`
--

INSERT INTO `instructor_booking` (`id`, `ex_instructor_id`, `course_id`, `date_from`, `start_time`, `end_time`) VALUES
(13, 27, 31, '2023-08-14', '13:00:00', '17:00:00'),
(14, 27, 31, '2023-08-15', '13:00:00', '17:00:00'),
(15, 27, 31, '2023-08-16', '13:00:00', '17:00:00'),
(16, 27, 31, '2023-08-17', '13:00:00', '17:00:00'),
(17, 27, 31, '2023-08-18', '13:00:00', '17:00:00'),
(18, 27, 31, '2023-08-19', '13:00:00', '17:00:00'),
(19, 27, 31, '2023-08-20', '13:00:00', '17:00:00'),
(20, 27, 31, '2023-08-21', '13:00:00', '17:00:00'),
(21, 27, 31, '2023-08-22', '13:00:00', '17:00:00'),
(22, 27, 31, '2023-08-23', '13:00:00', '17:00:00'),
(23, 27, 31, '2023-08-24', '13:00:00', '17:00:00'),
(24, 27, 31, '2023-08-25', '13:00:00', '17:00:00'),
(25, 27, 31, '2023-08-26', '13:00:00', '17:00:00'),
(26, 27, 31, '2023-08-27', '13:00:00', '17:00:00'),
(27, 27, 31, '2023-08-28', '13:00:00', '17:00:00'),
(28, 27, 31, '2023-08-29', '13:00:00', '17:00:00'),
(29, 27, 31, '2023-08-30', '13:00:00', '17:00:00'),
(30, 27, 31, '2023-08-31', '13:00:00', '17:00:00'),
(57, 42, 44, '2023-09-19', '12:00:00', '18:00:00'),
(58, 27, 47, '2023-09-20', '12:00:00', '18:00:00'),
(59, 63, 54, '2023-11-14', '12:10:00', '17:30:00'),
(60, 115, 57, '2023-11-19', '12:00:00', '15:00:00'),
(88, 137, 71, '2023-11-21', '12:00:00', '17:30:00'),
(89, 137, 71, '2023-11-21', '12:00:00', '18:00:00'),
(90, 137, 71, '2023-11-23', '12:00:00', '18:00:00'),
(118, 141, 83, '2023-12-21', '12:00:00', '15:00:00'),
(119, 141, 83, '2023-12-28', '12:00:00', '15:00:00'),
(130, 142, 86, '2023-11-24', '12:00:00', '18:00:00'),
(131, 144, 87, '2023-11-24', '12:00:00', '18:00:00'),
(132, 144, 87, '2023-11-25', '12:00:00', '18:00:00'),
(133, 144, 87, '2023-11-26', '12:00:00', '18:00:00'),
(134, 144, 87, '2023-11-27', '12:00:00', '18:00:00'),
(135, 144, 87, '2023-11-28', '12:00:00', '18:00:00'),
(136, 144, 87, '2023-11-29', '12:00:00', '18:00:00'),
(137, 144, 87, '2023-11-30', '12:00:00', '18:00:00'),
(138, 144, 88, '2023-12-01', '12:00:00', '18:00:00'),
(139, 141, 89, '2023-11-30', '12:00:00', '18:00:00'),
(149, 142, 93, '2023-12-02', '12:00:00', '18:00:00'),
(150, 142, 93, '2023-12-03', '12:00:00', '18:00:00'),
(151, 142, 93, '2023-12-04', '12:00:00', '18:00:00'),
(152, 142, 93, '2023-12-05', '12:00:00', '18:00:00'),
(153, 120, 94, '2023-12-02', '12:00:00', '18:00:00'),
(154, 120, 94, '2023-12-03', '12:00:00', '18:00:00'),
(155, 120, 94, '2023-12-04', '12:00:00', '18:00:00'),
(156, 120, 94, '2023-12-05', '12:00:00', '18:00:00'),
(157, 120, 94, '2023-12-06', '12:00:00', '18:00:00'),
(158, 120, 94, '2023-12-07', '12:00:00', '18:00:00'),
(159, 120, 94, '2023-12-08', '12:00:00', '18:00:00'),
(160, 120, 94, '2023-12-09', '12:00:00', '18:00:00'),
(161, 120, 95, '2023-12-15', '12:00:00', '18:00:00'),
(162, 120, 95, '2023-12-16', '12:00:00', '18:00:00'),
(163, 120, 95, '2023-12-17', '12:00:00', '18:00:00'),
(164, 136, 96, '2023-12-27', '12:00:00', '18:00:00'),
(165, 120, 97, '2024-01-02', '12:00:00', '15:30:00'),
(166, 120, 98, '2024-01-15', '12:00:00', '15:00:00'),
(167, 120, 98, '2024-01-16', '12:00:00', '15:00:00'),
(168, 120, 98, '2024-01-17', '12:00:00', '15:00:00'),
(169, 120, 98, '2024-01-18', '12:00:00', '15:00:00'),
(170, 120, 98, '2024-01-19', '12:00:00', '15:00:00'),
(171, 120, 98, '2024-01-20', '12:00:00', '15:00:00'),
(172, 142, 99, '2023-12-28', '12:00:00', '16:00:00'),
(173, 144, 100, '2023-12-27', '12:00:00', '18:00:00'),
(174, 136, 101, '2024-01-31', '12:00:00', '16:00:00'),
(175, 131, 102, '2024-01-01', '12:00:00', '16:00:00'),
(176, 131, 102, '2024-01-08', '12:00:00', '16:00:00'),
(177, 142, 103, '2024-01-01', '12:00:00', '16:00:00'),
(178, 142, 103, '2024-01-03', '12:00:00', '16:00:00'),
(179, 120, 105, '2024-02-22', '12:00:00', '18:00:00'),
(180, 120, 105, '2024-02-23', '12:00:00', '18:00:00'),
(181, 120, 105, '2024-02-24', '12:00:00', '18:00:00'),
(182, 120, 105, '2024-02-25', '12:00:00', '18:00:00'),
(183, 141, 106, '2024-02-28', '12:00:00', '15:00:00'),
(186, 120, 109, '2024-02-29', '12:00:00', '15:15:00'),
(187, 144, 110, '2024-02-29', '12:00:00', '18:00:00'),
(188, 141, 111, '2024-02-29', '12:00:00', '18:00:00'),
(190, 144, 113, '2024-03-01', '12:00:00', '16:00:00'),
(191, 141, 114, '2024-03-04', '12:00:00', '18:00:00'),
(192, 141, 115, '2024-03-06', '12:00:00', '18:00:00'),
(193, 120, 116, '2024-03-02', '12:00:00', '16:00:00'),
(195, 141, 118, '2024-03-05', '12:00:00', '18:00:00'),
(197, 137, 120, '2024-03-04', '12:00:00', '18:00:00'),
(198, 144, 121, '2024-03-05', '12:00:00', '18:00:00'),
(199, 130, 122, '2024-03-04', '12:00:00', '15:00:00'),
(200, 142, 123, '2024-03-04', '12:00:00', '17:00:00'),
(201, 142, 123, '2024-03-05', '12:00:00', '17:00:00'),
(202, 142, 123, '2024-03-06', '12:00:00', '17:00:00'),
(203, 136, 124, '2024-03-05', '12:00:00', '18:00:00'),
(204, 140, 125, '2024-03-11', '12:00:00', '16:00:00'),
(206, 137, 127, '2024-03-05', '12:00:00', '18:00:00'),
(210, 120, 131, '2024-03-06', '12:00:00', '18:00:00'),
(211, 120, 132, '2024-03-07', '12:00:00', '16:00:00'),
(220, 120, 141, '2024-03-11', '12:00:00', '15:00:00'),
(221, 136, 142, '2024-03-11', '12:00:00', '15:00:00'),
(223, 144, 143, '2024-03-08', '12:00:00', '16:00:00'),
(224, 142, 144, '2024-03-15', '12:00:00', '15:00:00'),
(226, 120, 145, '2024-03-12', '12:00:00', '15:00:00'),
(227, 137, 146, '2024-03-15', '12:00:00', '18:00:00'),
(228, 137, 146, '2024-03-16', '12:00:00', '18:00:00'),
(229, 141, 147, '2024-03-12', '12:00:00', '16:00:00'),
(283, 170, 188, '2024-04-17', '13:00:00', '14:00:00'),
(291, 170, 193, '2024-04-24', '14:00:00', '15:00:00'),
(292, 170, 193, '2024-05-01', '14:00:00', '15:00:00'),
(293, 170, 193, '2024-05-08', '14:00:00', '15:00:00'),
(294, 170, 193, '2024-05-15', '14:00:00', '15:00:00'),
(295, 170, 193, '2024-05-22', '14:00:00', '15:00:00'),
(296, 170, 193, '2024-05-29', '14:00:00', '15:00:00'),
(297, 170, 193, '2024-06-05', '14:00:00', '15:00:00'),
(298, 170, 193, '2024-06-12', '14:00:00', '15:00:00'),
(314, 168, 201, '2024-04-30', '12:00:00', '15:00:00'),
(315, 230, 202, '2024-05-06', '12:00:00', '18:00:00'),
(316, 227, 203, '2024-05-07', '12:00:00', '16:00:00'),
(318, 231, 204, '2024-05-22', '12:00:00', '16:00:00'),
(322, 156, 206, '2024-05-10', '12:00:00', '17:00:00'),
(323, 211, 207, '2024-06-17', '12:00:00', '18:00:00'),
(324, 211, 207, '2024-06-20', '12:00:00', '18:00:00'),
(325, 147, 208, '2024-06-20', '12:00:00', '17:00:00'),
(326, 231, 209, '2024-06-26', '12:00:00', '18:00:00'),
(327, 230, 210, '2024-07-15', '12:00:00', '17:00:00'),
(329, 231, 212, '2024-07-17', '12:00:00', '16:00:00'),
(330, 231, 213, '2024-07-24', '12:00:00', '17:00:00'),
(331, 237, 214, '2024-07-21', '12:00:00', '16:00:00');

-- --------------------------------------------------------

--
-- Table structure for table `instructor_email`
--

CREATE TABLE `instructor_email` (
  `id` int UNSIGNED NOT NULL,
  `subject` varchar(255) DEFAULT NULL,
  `body` text,
  `send_date` timestamp NOT NULL DEFAULT CURRENT_TIMESTAMP ON UPDATE CURRENT_TIMESTAMP,
  `receiver_id` int NOT NULL,
  `sender_id` int NOT NULL,
  `sender_email` varchar(255) DEFAULT NULL,
  `receiver_email` varchar(255) DEFAULT NULL,
  `created_at` timestamp NOT NULL DEFAULT CURRENT_TIMESTAMP,
  `updated_at` timestamp NOT NULL DEFAULT CURRENT_TIMESTAMP
) ENGINE=InnoDB DEFAULT CHARSET=utf8mb4 COLLATE=utf8mb4_0900_ai_ci;

-- --------------------------------------------------------

--
-- Table structure for table `instructor_qualification`
--

CREATE TABLE `instructor_qualification` (
  `id` int UNSIGNED NOT NULL,
  `instructor_id` int NOT NULL,
  `qualification` varchar(255) DEFAULT NULL,
  `created_at` timestamp NOT NULL DEFAULT CURRENT_TIMESTAMP,
  `updated_at` timestamp NOT NULL DEFAULT CURRENT_TIMESTAMP
) ENGINE=InnoDB DEFAULT CHARSET=utf8mb4 COLLATE=utf8mb4_0900_ai_ci;

--
-- Dumping data for table `instructor_qualification`
--

INSERT INTO `instructor_qualification` (`id`, `instructor_id`, `qualification`, `created_at`, `updated_at`) VALUES
(1, 1, 'Fussball-Lehrer Lizenz', '2022-09-27 08:48:04', '2022-09-27 08:48:04'),
(2, 2, 'Ausgebildeter Fotograf', '2022-09-27 08:51:50', '2022-09-27 08:51:50'),
(8, 5, 'B.Tech', '2022-09-29 10:56:39', '2022-09-29 10:56:39'),
(10, 6, 'B.tech', '2022-10-04 09:29:31', '2022-10-04 09:29:31'),
(12, 8, 'test', '2022-10-05 06:08:51', '2022-10-05 06:08:51'),
(13, 9, 'BE', '2022-10-05 06:11:49', '2022-10-05 06:11:49'),
(14, 7, 'MCA', '2022-10-05 06:59:06', '2022-10-05 06:59:06'),
(15, 10, 'MCA', '2022-10-05 07:00:50', '2022-10-05 07:00:50'),
(16, 11, 'MCA', '2022-10-06 08:37:22', '2022-10-06 08:37:22'),
(17, 12, 'Mca', '2022-10-06 09:10:25', '2022-10-06 09:10:25'),
(20, 13, 'Mcs', '2022-10-21 05:26:33', '2022-10-21 05:26:33'),
(21, 14, 'BBA', '2022-10-21 05:27:57', '2022-10-21 05:27:57'),
(22, 15, 'MSC', '2022-10-21 07:58:42', '2022-10-21 07:58:42'),
(23, 16, 'B.E', '2022-11-21 10:47:47', '2022-11-21 10:47:47'),
(30, 17, 'B.tech', '2023-02-28 08:37:11', '2023-02-28 08:37:11'),
(33, 22, 'Aviation academy ', '2023-03-17 05:14:52', '2023-03-17 05:14:52'),
(34, 22, 'CPL', '2023-03-17 05:14:52', '2023-03-17 05:14:52'),
(36, 23, 'Fußball', '2023-03-20 09:24:21', '2023-03-20 09:24:21'),
(38, 20, 'MBA', '2023-03-22 08:23:09', '2023-03-22 08:23:09'),
(45, 26, 'MS (Automobile)', '2023-06-12 05:08:45', '2023-06-12 05:08:45'),
(50, 27, 'bscc', '2023-08-14 12:40:58', '2023-08-14 12:40:58'),
(77, 41, 'M.tech', '2023-09-18 06:07:12', '2023-09-18 06:07:12'),
(80, 42, 'Mca', '2023-09-18 06:24:54', '2023-09-18 06:24:54'),
(82, 43, 'MCA', '2023-10-25 10:48:31', '2023-10-25 10:48:31'),
(85, 44, 'MCA', '2023-11-01 12:47:57', '2023-11-01 12:47:57'),
(94, 46, 'Phd', '2023-11-03 12:43:25', '2023-11-03 12:43:25'),
(116, 63, 'Btech', '2023-11-08 04:35:10', '2023-11-08 04:35:10'),
(148, 74, 'MCA', '2023-11-09 06:34:46', '2023-11-09 06:34:46'),
(244, 115, 'Neque aliquam dolore', '2023-11-18 05:21:36', '2023-11-18 05:21:36'),
(255, 120, 'Mater of computer applicartion', '2023-11-18 06:24:36', '2023-11-18 06:24:36'),
(267, 107, 'ME', '2023-11-18 12:33:13', '2023-11-18 12:33:13'),
(277, 80, 'ME', '2023-11-20 11:25:02', '2023-11-20 11:25:02'),
(289, 135, 'Veritatis dolorum la', '2023-11-20 13:06:50', '2023-11-20 13:06:50'),
(295, 130, 'ab', '2023-11-21 04:46:10', '2023-11-21 04:46:10'),
(296, 132, 'ME', '2023-11-21 05:10:33', '2023-11-21 05:10:33'),
(297, 136, 'BE', '2023-11-21 06:15:55', '2023-11-21 06:15:55'),
(298, 136, 'ME', '2023-11-21 06:15:55', '2023-11-21 06:15:55'),
(299, 137, 'Quia ab quos eligend', '2023-11-21 08:43:57', '2023-11-21 08:43:57'),
(301, 139, 'Totam aut nostrud do', '2023-11-21 10:27:26', '2023-11-21 10:27:26'),
(302, 131, 'Be', '2023-11-21 10:47:30', '2023-11-21 10:47:30'),
(303, 140, 'Aliquip culpa corrup', '2023-11-21 11:59:23', '2023-11-21 11:59:23'),
(304, 141, 'b', '2023-11-21 12:47:34', '2023-11-21 12:47:34'),
(305, 142, 'MVA', '2023-11-23 11:01:58', '2023-11-23 11:01:58'),
(307, 144, 'MCA', '2023-11-24 08:07:07', '2023-11-24 08:07:07'),
(310, 145, 'MCA', '2024-03-07 06:48:16', '2024-03-07 06:48:16'),
(311, 146, 'B.tech', '2024-03-13 10:20:14', '2024-03-13 10:20:14'),
(312, 146, 'M.tech', '2024-03-13 10:20:14', '2024-03-13 10:20:14'),
(313, 147, 'Phd', '2024-03-13 10:21:51', '2024-03-13 10:21:51'),
(320, 153, 'Et esse sint ea id e', '2024-03-19 11:09:21', '2024-03-19 11:09:21'),
(321, 154, 'Amet et nemo quis i', '2024-03-19 11:11:41', '2024-03-19 11:11:41'),
(326, 157, 'Commodi quod quos nu', '2024-03-20 11:12:41', '2024-03-20 11:12:41'),
(331, 156, 'be', '2024-03-21 05:53:11', '2024-03-21 05:53:11'),
(341, 164, 'Animi reprehenderit', '2024-03-22 05:04:54', '2024-03-22 05:04:54'),
(343, 166, 'Sapiente blanditiis ', '2024-03-22 05:10:20', '2024-03-22 05:10:20'),
(348, 167, 'Possimus quia do ei', '2024-03-26 05:37:56', '2024-03-26 05:37:56'),
(363, 168, 'Lorem ea repellendus', '2024-03-29 09:25:29', '2024-03-29 09:25:29'),
(440, 191, 'Fugit quia qui id e', '2024-04-05 12:22:46', '2024-04-05 12:22:46'),
(441, 192, 'be', '2024-04-05 12:24:16', '2024-04-05 12:24:16'),
(450, 170, 'Engg', '2024-04-07 22:42:04', '2024-04-07 22:42:04'),
(472, 206, 'Minim placeat at au', '2024-04-15 13:20:39', '2024-04-15 13:20:39'),
(473, 207, 'Rerum dolores quae u', '2024-04-16 08:32:32', '2024-04-16 08:32:32'),
(511, 211, 'MS', '2024-04-25 11:17:55', '2024-04-25 11:17:55'),
(512, 211, 'ME', '2024-04-25 11:17:55', '2024-04-25 11:17:55'),
(517, 174, 'PHd', '2024-04-26 05:14:20', '2024-04-26 05:14:20'),
(523, 215, 'MSC', '2024-04-26 05:25:24', '2024-04-26 05:25:24'),
(524, 215, 'PhD', '2024-04-26 05:25:24', '2024-04-26 05:25:24'),
(544, 227, 'test', '2024-04-26 08:02:34', '2024-04-26 08:02:34'),
(547, 230, 'phd', '2024-04-26 08:07:52', '2024-04-26 08:07:52'),
(548, 231, 'Mtech', '2024-04-26 08:09:57', '2024-04-26 08:09:57'),
(553, 235, 'asdasdas', '2024-04-26 10:24:47', '2024-04-26 10:24:47'),
(554, 236, 'MCA', '2024-04-26 10:32:07', '2024-04-26 10:32:07'),
(555, 237, 'Enim voluptatem con', '2024-04-26 10:43:29', '2024-04-26 10:43:29'),
(558, 239, 'MCA', '2024-05-01 13:20:05', '2024-05-01 13:20:05'),
(559, 240, 'Mtech', '2024-06-20 09:34:17', '2024-06-20 09:34:17'),
(560, 241, 'Phd', '2024-06-20 12:29:12', '2024-06-20 12:29:12'),
(562, 242, 'MCA', '2024-07-12 11:23:23', '2024-07-12 11:23:23'),
(565, 244, 'Master of computer Application', '2024-07-19 04:43:48', '2024-07-19 04:43:48');

-- --------------------------------------------------------

--
-- Table structure for table `instructor_tags`
--

CREATE TABLE `instructor_tags` (
  `id` int UNSIGNED NOT NULL,
  `instructor_id` int UNSIGNED DEFAULT NULL,
  `tag_id` int UNSIGNED DEFAULT NULL
) ENGINE=InnoDB DEFAULT CHARSET=utf8mb4 COLLATE=utf8mb4_0900_ai_ci;

--
-- Dumping data for table `instructor_tags`
--

INSERT INTO `instructor_tags` (`id`, `instructor_id`, `tag_id`) VALUES
(166, 120, 49),
(167, 120, 3),
(181, 107, 3),
(196, 80, 7),
(225, 135, 72),
(234, 132, 35),
(236, 136, 72),
(243, 139, 72),
(249, 142, 76),
(250, 142, 73),
(252, 144, 3),
(253, 144, 4),
(256, 145, 218),
(257, 146, 230),
(258, 146, 231),
(259, 147, 231),
(267, 153, 231),
(268, 153, 230),
(269, 154, 231),
(274, 157, 241),
(277, 156, 241),
(287, 164, 247),
(289, 166, 249),
(338, 191, 261),
(354, 170, 66),
(355, 170, 56),
(356, 170, 49),
(379, 211, 245),
(383, 215, 278),
(393, 239, 279);

-- --------------------------------------------------------

--
-- Table structure for table `internal_instructor_booking`
--

CREATE TABLE `internal_instructor_booking` (
  `id` int UNSIGNED NOT NULL,
  `in_instructor_id` int NOT NULL,
  `course_id` int NOT NULL,
  `date_from` varchar(255) NOT NULL,
  `start_time` time NOT NULL,
  `end_time` time NOT NULL
) ENGINE=InnoDB DEFAULT CHARSET=utf8mb4 COLLATE=utf8mb4_0900_ai_ci;

--
-- Dumping data for table `internal_instructor_booking`
--

INSERT INTO `internal_instructor_booking` (`id`, `in_instructor_id`, `course_id`, `date_from`, `start_time`, `end_time`) VALUES
(4, 20, 24, '2023-06-22', '18:00:00', '20:00:00'),
(5, 43, 30, '2023-07-04', '18:15:00', '19:15:00'),
(6, 43, 30, '2023-07-11', '18:15:00', '19:15:00'),
(7, 43, 30, '2023-07-18', '18:15:00', '19:15:00'),
(8, 43, 30, '2023-07-25', '18:15:00', '19:15:00'),
(9, 43, 30, '2023-08-01', '18:15:00', '19:15:00'),
(10, 43, 30, '2023-08-08', '18:15:00', '19:15:00'),
(11, 43, 30, '2023-08-15', '18:15:00', '19:15:00'),
(12, 43, 30, '2023-08-22', '18:15:00', '19:15:00'),
(13, 43, 30, '2023-08-29', '18:15:00', '19:15:00'),
(119, 5, 42, '2023-09-08', '15:00:00', '18:00:00'),
(120, 5, 42, '2023-09-11', '15:00:00', '18:00:00'),
(121, 8, 45, '2023-09-19', '12:00:00', '18:00:00'),
(122, 5, 46, '2023-09-20', '12:00:00', '18:00:00'),
(123, 5, 46, '2023-09-21', '12:00:00', '18:00:00'),
(124, 5, 46, '2023-09-22', '12:00:00', '18:00:00'),
(125, 5, 46, '2023-09-23', '12:00:00', '18:00:00'),
(126, 5, 46, '2023-09-24', '12:00:00', '18:00:00'),
(127, 5, 46, '2023-09-25', '12:00:00', '18:00:00'),
(128, 5, 46, '2023-09-26', '12:00:00', '18:00:00'),
(129, 5, 46, '2023-09-27', '12:00:00', '18:00:00'),
(130, 5, 46, '2023-09-28', '12:00:00', '18:00:00'),
(131, 5, 46, '2023-09-29', '12:00:00', '18:00:00'),
(132, 5, 46, '2023-09-30', '12:00:00', '18:00:00'),
(133, 8, 48, '2023-09-20', '12:00:00', '18:00:00'),
(136, 9, 51, '2023-10-25', '12:00:00', '18:00:00'),
(137, 9, 51, '2023-10-26', '12:00:00', '18:00:00'),
(138, 9, 51, '2023-10-27', '12:00:00', '18:00:00'),
(139, 9, 51, '2023-10-28', '12:00:00', '18:00:00'),
(140, 9, 51, '2023-10-29', '12:00:00', '18:00:00'),
(141, 7, 52, '2023-10-27', '12:00:00', '18:00:00'),
(142, 7, 52, '2023-10-28', '12:00:00', '18:00:00'),
(143, 8, 53, '2023-11-01', '12:00:00', '18:00:00');

-- --------------------------------------------------------

--
-- Table structure for table `knex_migrations`
--

CREATE TABLE `knex_migrations` (
  `id` int UNSIGNED NOT NULL,
  `name` varchar(255) DEFAULT NULL,
  `batch` int DEFAULT NULL,
  `migration_time` timestamp NOT NULL DEFAULT CURRENT_TIMESTAMP ON UPDATE CURRENT_TIMESTAMP
) ENGINE=InnoDB DEFAULT CHARSET=utf8mb4 COLLATE=utf8mb4_0900_ai_ci;

--
-- Dumping data for table `knex_migrations`
--

INSERT INTO `knex_migrations` (`id`, `name`, `batch`, `migration_time`) VALUES
(1, '20211001151104_user_groups.js', 1, '2022-09-26 08:14:37'),
(2, '20211001154131_task_group.js', 1, '2022-09-26 08:14:37'),
(3, '20211001154507_task_collaborators.js', 1, '2022-09-26 08:14:37'),
(4, '20211001154607_subtask_group.js', 1, '2022-09-26 08:14:37'),
(5, '20211001154824_p_messages.js', 1, '2022-09-26 08:14:37'),
(6, '20211001155202_news_users.js', 1, '2022-09-26 08:14:37'),
(7, '20211001155547_news_group.js', 1, '2022-09-26 08:14:38'),
(8, '20211001155638_news.js', 1, '2022-09-26 08:14:38'),
(9, '20220407135054_users.js', 1, '2022-09-26 08:14:38'),
(10, '20220407135614_survey_users.js', 1, '2022-09-26 08:14:38'),
(11, '20220407135746_survey_type.js', 1, '2022-09-26 08:14:38'),
(12, '20220407135850_survey_result.js', 1, '2022-09-26 08:14:38'),
(13, '20220407140034_survey_cron_mail.js', 1, '2022-09-26 08:14:38'),
(14, '20220407140135_survey_answer.js', 1, '2022-09-26 08:14:38'),
(15, '20220407140624_rooms_availability.js', 1, '2022-09-26 08:14:38'),
(16, '20220407140747_rooms.js', 1, '2022-09-26 08:14:38'),
(17, '20220407141037_news_tags.js', 1, '2022-09-26 08:14:38'),
(18, '20220407141148_news_category.js', 1, '2022-09-26 08:14:38'),
(19, '20220407141225_news_category_tbl.js', 1, '2022-09-26 08:14:38'),
(20, '20220407141623_message_cc.js', 1, '2022-09-26 08:14:38'),
(21, '20220407141716_groups.js', 1, '2022-09-26 08:14:38'),
(22, '20220407141849_group_tasks.js', 1, '2022-09-26 08:14:38'),
(23, '20220407141943_events.js', 1, '2022-09-26 08:14:39'),
(24, '20220407142511_event_users.js', 1, '2022-09-26 08:14:39'),
(25, '20220407142542_event_groups.js', 1, '2022-09-26 08:14:39'),
(26, '20220407142628_documents.js', 1, '2022-09-26 08:14:39'),
(27, '20220408164023_survey.js', 1, '2022-09-26 08:14:39'),
(28, '20220408164451_instructor_availablity.js', 1, '2022-09-26 08:14:39'),
(29, '20220408164558_instructor_email.js', 1, '2022-09-26 08:14:39'),
(30, '20220408164735_instructor_qualification.js', 1, '2022-09-26 08:14:39'),
(31, '20220408164830_instructor.js', 1, '2022-09-26 08:14:39'),
(32, '20220408165007_faq.js', 1, '2022-09-26 08:14:39'),
(33, '20220408165201_faq_category.js', 1, '2022-09-26 08:14:39'),
(34, '20220408165601_crm_news_received.js', 1, '2022-09-26 08:14:39'),
(35, '20220408165652_crm_news_visibility.js', 1, '2022-09-26 08:14:39'),
(36, '20220408170057_courses.js', 1, '2022-09-26 08:14:39'),
(37, '20220408170248_course_users.js', 1, '2022-09-26 08:14:39'),
(38, '20220408170346_course_internal_instructor.js', 1, '2022-09-26 08:14:39'),
(39, '20220408170412_course_group.js', 1, '2022-09-26 08:14:39'),
(40, '20220408170448_course_external_instructor.js', 1, '2022-09-26 08:14:39'),
(41, '20220614165009_club_wise_theme.js', 1, '2022-09-26 08:14:39'),
(42, '20220614171750_appointment.js', 1, '2022-09-26 08:14:40'),
(43, '20220614172435_appointment_groups.js', 1, '2022-09-26 08:14:40'),
(44, '20220614172832_birthdays.js', 1, '2022-09-26 08:14:40'),
(45, '20220614175217_club_folder.js', 1, '2022-09-26 08:14:40'),
(46, '20220614175623_crm_survey_received.js', 1, '2022-09-26 08:14:40'),
(47, '20220614175836_crm_survey_visibility.js', 1, '2022-09-26 08:14:40'),
(48, '20220614180022_email_template.js', 1, '2022-09-26 08:14:40'),
(49, '20220614180506_family_group.js', 1, '2022-09-26 08:14:40'),
(50, '20220614180649_organizer.js', 1, '2022-09-26 08:14:40'),
(51, '20220614182718_organizer_group.js', 1, '2022-09-26 08:14:40'),
(52, '20220614183009_private_appointment.js', 1, '2022-09-26 08:14:40'),
(53, '20220614183211_role.js', 1, '2022-09-26 08:14:41'),
(54, '20220614183453_team_details.js', 1, '2022-09-26 08:14:41'),
(55, '20220614184332_team_documents.js', 1, '2022-09-26 08:14:41'),
(56, '20220614185106_team_event_type.js', 1, '2022-09-26 08:14:41'),
(57, '20220614185319_team_events.js', 1, '2022-09-26 08:14:41'),
(58, '20220614185633_teams.js', 1, '2022-09-26 08:14:41'),
(59, '20220614185747_user_details.js', 1, '2022-09-26 08:14:41'),
(60, '20220614190234_kuser_int.js', 1, '2022-09-26 08:14:41'),
(61, '20220614190605_images_news.js', 1, '2022-09-26 08:14:41'),
(62, '20220801110945_chat.js', 1, '2022-09-26 08:14:41'),
(63, '20220930164309_alert_set_approve_status_for_group_table.js', 2, '2022-10-03 12:02:52'),
(64, '20220930164858_alert_set_guests_column_for_News_table.js', 2, '2022-10-03 12:02:52'),
(65, '20220930170339_alert_column_p_messages_table.js', 2, '2022-10-03 12:02:52'),
(66, '20220930172017_alert_table_name_rooms_availablity.js', 2, '2022-10-03 12:02:52'),
(67, '20220930175832_alert_column_survey_status_of_survey_table.js', 3, '2022-10-03 13:48:15'),
(68, '20220930180813_alert_table_renamecolumn_of_survey_answer_table.js', 3, '2022-10-03 13:48:16'),
(69, '20220930181932_alert_renamecolumn_of_survey_users_table.js', 3, '2022-10-03 13:48:16'),
(70, '20220930182740_alert_table_add_column_to_task_group.js', 3, '2022-10-03 13:48:16'),
(71, '20220930185820_alert_tbale_drop_column_from_users_table.js', 3, '2022-10-03 13:48:16'),
(72, '20221008173452_vcloud_push_notification.js', 4, '2022-10-20 22:50:16'),
(73, '20221018142613_alter_table_news.js', 4, '2022-10-20 22:50:17'),
(74, '20221018150105_alter_table_appointment.js', 4, '2022-10-20 22:50:17'),
(75, '20221018150355_alter_table_appointment_groups.js', 4, '2022-10-20 22:50:17'),
(76, '20221018150747_alter_table_club_folder.js', 4, '2022-10-20 22:50:17'),
(77, '20221018151521_alter_table_courses.js', 4, '2022-10-20 22:50:17'),
(78, '20221018152457_alter_table_documents.js', 4, '2022-10-20 22:50:17'),
(79, '20221018152852_alter_table_family_group.js', 4, '2022-10-20 22:50:17'),
(80, '20221018160759_alter_table_groups.js', 4, '2022-10-20 22:50:17'),
(81, '20221018161604_alter_table_images_news.js', 4, '2022-10-20 22:50:17'),
(82, '20221018162007_alter_table_organizer.js', 4, '2022-10-20 22:50:17'),
(83, '20221018162243_alter_table_organizer_group.js', 4, '2022-10-20 22:50:17'),
(84, '20221018162438_alter_table_private_appointment.js', 4, '2022-10-20 22:50:18'),
(85, '20221018164524_alter_table_survey.js', 4, '2022-10-20 22:50:18'),
(86, '20221018165119_alter_table_task_group.js', 4, '2022-10-20 22:50:18'),
(87, '20221018165513_alter_table_team_details.js', 4, '2022-10-20 22:50:18'),
(88, '20221018165834_alter_table_team_events.js', 4, '2022-10-20 22:50:18'),
(89, '20221018172145_alter_table_team_event_type.js', 4, '2022-10-20 22:50:18'),
(90, '20221018174547_alter_table_subtask_group.js', 4, '2022-10-20 22:50:18'),
(91, '20221018175125_alter_table_teams.js', 4, '2022-10-20 22:50:18'),
(92, '20221018175450_alter_table_users.js', 4, '2022-10-20 22:50:18'),
(93, '20221104165915_alter_table_vcloud_push_notification.js', 5, '2022-11-07 08:21:35'),
(94, '20221108163906_alter_table_instructor.js', 6, '2022-11-18 08:27:01'),
(95, '20221108165055_alter_table_rooms.js', 6, '2022-11-18 08:27:01'),
(96, '20221116152143_add_column_image_task_group_table.js', 6, '2022-11-18 08:27:01'),
(97, '20221116152503_add_column_faq_table.js', 6, '2022-11-18 08:27:01'),
(98, '20221116153008_add_column_to_faq_category_table.js', 6, '2022-11-18 08:27:01'),
(99, '20221116153347_add_column_to_survey_table.js', 6, '2022-11-18 08:27:01'),
(100, '20221124161657_alter_table_news.js', 7, '2022-11-25 09:24:44'),
(101, '20221124162447_alter_table_subtask_group.js', 7, '2022-11-25 09:24:44'),
(102, '20221124163121_alter_table_task_collaborators.js', 7, '2022-11-25 09:24:44'),
(103, '20221124163643_alter_table_survey_users.js', 7, '2022-11-25 09:24:44'),
(104, '20221124164503_create_table_subtask_group_user.js', 7, '2022-11-25 09:24:44'),
(105, '20221130180830_alter_table_group.js', 8, '2022-12-09 09:04:37'),
(106, '20221130181625_alter_table_faq_category.js', 8, '2022-12-09 09:04:37'),
(107, '20221130181932_alter_table_user_groups.js', 8, '2022-12-09 09:04:37'),
(108, '20221130182412_alter_table_rooms.js', 8, '2022-12-09 09:04:37'),
(109, '20221130183037_alter_table_courses.js', 8, '2022-12-09 09:04:37'),
(110, '20221130184027_alter_table_task_group.js', 8, '2022-12-09 09:04:37'),
(111, '20221130184932_alter_table_faq.js', 8, '2022-12-09 09:04:37'),
(112, '20221130185316_alter_table_instructor.js', 8, '2022-12-09 09:04:37'),
(113, '20221206115441_add_column_task_collaborators_table.js', 8, '2022-12-09 09:04:37'),
(114, '20221206121537_add_columns_events_table.js', 8, '2022-12-09 09:04:37'),
(115, '20221206123000_add_columns_event_users.js', 8, '2022-12-09 09:04:37'),
(116, '20221206131736_add_columns_course_internal_instructor_table.js', 8, '2022-12-09 09:04:37'),
(117, '20221206133349_add_columns_course_users_table.js', 8, '2022-12-09 09:04:37'),
(118, '20221206134132_add_columns_survey_table.js', 8, '2022-12-09 09:04:37'),
(119, '20221209131129_add_column_users_table.js', 8, '2022-12-09 09:04:37'),
(120, '20221214161639_add_column_news_table.js', 9, '2022-12-16 11:58:54'),
(121, '20221219185625_club_wise_theme.js', 10, '2022-12-21 08:44:57'),
(122, '20221221095950_chat_delete.js', 10, '2022-12-21 08:44:57'),
(123, '20221226131152_alter_table_documents.js', 11, '2022-12-27 13:36:39'),
(124, '20230103103423_alter_table_event.js', 12, '2023-01-05 15:19:52'),
(125, '20230103103852_alter_table_courses.js', 12, '2023-01-05 15:19:52'),
(126, '20230105174650_alter_addColumn_table_users.js', 12, '2023-01-05 15:19:52'),
(127, '20230125185519_alter_table_task_group.js', 13, '2023-02-09 14:25:24'),
(128, '20230201181743_alter_add_column_survey_table.js', 13, '2023-02-09 14:25:24'),
(129, '20230213183114_create_table_banner.js', 14, '2023-02-21 13:53:27'),
(130, '20230224094350_create_table_banner_statistics.js', 15, '2023-02-27 08:26:58'),
(131, '20230317152806_alter_table_users_add_column.js', 16, '2023-03-17 21:18:12'),
(132, '20230321141700_alter_user_table.js', 17, '2023-03-21 21:20:04'),
(133, '20230420101603_add_column_table_instructor.js', 18, '2023-06-07 13:31:53'),
(134, '20230420102000_add_column_table_rooms.js', 18, '2023-06-07 13:31:53'),
(135, '20230420102239_add_column_table_events.js', 18, '2023-06-07 13:31:53'),
(136, '20230420102948_create_table_instructor_booking.js', 18, '2023-06-07 13:31:53'),
(137, '20230420110035_create_table_internal_instructor_booking.js', 18, '2023-06-07 13:31:53'),
(138, '20230420110259_create_table_room_booking.js', 18, '2023-06-07 13:31:53'),
(139, '20230425165607_add_column_users_table.js', 18, '2023-06-07 13:31:54'),
(140, '20230505145012_create_table_mobile_theme.js', 18, '2023-06-07 13:31:54'),
(141, '20230509112717_alter_column_allowed_person_events_table.js', 18, '2023-06-07 13:31:54'),
(142, '20230522113103_alter_table_news.js', 18, '2023-06-07 13:31:54'),
(143, '20230522133656_alter_table_faq.js', 18, '2023-06-07 13:31:54'),
(144, '20230522141138_alter_table_groups.js', 18, '2023-06-07 13:31:54'),
(145, '20230522150252_alter_table_rooms.js', 18, '2023-06-07 13:31:54'),
(146, '20230522152453_alter_table_events.js', 18, '2023-06-07 13:31:54'),
(147, '20230522153547_alter_table_instructor.js', 18, '2023-06-07 13:31:54'),
(148, '20230522154429_alter_table_courses.js', 18, '2023-06-07 13:31:54'),
(149, '20230522161632_alter_table_task_group.js', 18, '2023-06-07 13:31:54'),
(150, '20230522164707_alter_table_survey.js', 18, '2023-06-07 13:31:54'),
(151, '20230731122110_create_table_banner_image.js', 19, '2023-08-04 07:48:04'),
(152, '20230731140628_create_table_club_theme_images.js', 19, '2023-08-04 07:48:04'),
(153, '20230731143113_alter_table_banner.js', 19, '2023-08-04 07:48:04'),
(154, '20230801190127_create_table_course_images.js', 19, '2023-08-04 07:48:04'),
(155, '20230803133305_alter_table_club_wise_theme.js', 19, '2023-08-04 07:48:04'),
(156, '20230803133607_create_table_group_image.js', 19, '2023-08-04 07:48:04'),
(157, '20230803133838_alter_table_groups.js', 19, '2023-08-04 07:48:04'),
(158, '20230803134334_alter_table_courses.js', 19, '2023-08-04 07:48:04'),
(159, '20230803134514_create_table_task_image.js', 19, '2023-08-04 07:48:04'),
(160, '20230803134747_alter_table_task_group.js', 19, '2023-08-04 07:48:04'),
(161, '20230803135024_create_table_faq_image.js', 19, '2023-08-04 07:48:04'),
(162, '20230803141019_alter_table_faq.js', 19, '2023-08-04 07:48:04'),
(163, '20230803141203_create_table_instructor_image.js', 19, '2023-08-04 07:48:04'),
(164, '20230803141925_alter_table_instructor.js', 19, '2023-08-04 07:48:04'),
(165, '20230803142151_create_table_survey_image.js', 19, '2023-08-04 07:48:04'),
(166, '20230803142348_alter_table_survey.js', 19, '2023-08-04 07:48:04'),
(167, '20230803142537_create_table_email_template_image.js', 19, '2023-08-04 07:48:04'),
(168, '20230803142740_alter_table_email_template.js', 19, '2023-08-04 07:48:04'),
(169, '20230803142932_create_table_event_images.js', 19, '2023-08-04 07:48:04'),
(170, '20230803143151_alter_table_events.js', 19, '2023-08-04 07:48:04'),
(171, '20230803143335_create_table_room_images.js', 19, '2023-08-04 07:48:04'),
(172, '20230803143639_alter_table_rooms.js', 19, '2023-08-04 07:48:04'),
(173, '20230803143836_create_table_news_image.js', 19, '2023-08-04 07:48:04'),
(174, '20230803144042_alter_table_news.js', 19, '2023-08-04 07:48:04');

-- --------------------------------------------------------

--
-- Table structure for table `knex_migrations_lock`
--

CREATE TABLE `knex_migrations_lock` (
  `index` int UNSIGNED NOT NULL,
  `is_locked` int DEFAULT NULL
) ENGINE=InnoDB DEFAULT CHARSET=utf8mb4 COLLATE=utf8mb4_0900_ai_ci;

--
-- Dumping data for table `knex_migrations_lock`
--

INSERT INTO `knex_migrations_lock` (`index`, `is_locked`) VALUES
(1, 0);

-- --------------------------------------------------------

--
-- Table structure for table `kuser_int`
--

CREATE TABLE `kuser_int` (
  `id` int UNSIGNED NOT NULL,
  `keycloak_id` text,
  `username` varchar(255) DEFAULT NULL,
  `firstname` text,
  `lastname` text,
  `team_id` varchar(45) DEFAULT NULL,
  `email` text,
  `created_at` timestamp NOT NULL DEFAULT CURRENT_TIMESTAMP
) ENGINE=InnoDB DEFAULT CHARSET=utf8mb4 COLLATE=utf8mb4_0900_ai_ci;

-- --------------------------------------------------------

--
-- Table structure for table `message_cc`
--

CREATE TABLE `message_cc` (
  `id` int UNSIGNED NOT NULL,
  `message_id` int DEFAULT NULL,
  `cc` varchar(255) DEFAULT NULL
) ENGINE=InnoDB DEFAULT CHARSET=utf8mb4 COLLATE=utf8mb4_0900_ai_ci;

-- --------------------------------------------------------

--
-- Table structure for table `mobile_theme`
--

CREATE TABLE `mobile_theme` (
  `id` int UNSIGNED NOT NULL,
  `team_id` varchar(155) NOT NULL,
  `user_id` int NOT NULL,
  `theme_colour` varchar(155) NOT NULL,
  `created_at` timestamp NOT NULL DEFAULT CURRENT_TIMESTAMP,
  `updated_at` timestamp NULL DEFAULT CURRENT_TIMESTAMP ON UPDATE CURRENT_TIMESTAMP
) ENGINE=InnoDB DEFAULT CHARSET=utf8mb4 COLLATE=utf8mb4_0900_ai_ci;

--
-- Dumping data for table `mobile_theme`
--

INSERT INTO `mobile_theme` (`id`, `team_id`, `user_id`, `theme_colour`, `created_at`, `updated_at`) VALUES
(3, '141', 23, 'mobile-green', '2024-01-31 05:33:00', '2024-01-31 05:33:00');

-- --------------------------------------------------------

--
-- Table structure for table `news`
--

CREATE TABLE `news` (
  `id` int UNSIGNED NOT NULL,
  `team_id` varchar(45) DEFAULT NULL,
  `title` text,
  `headline` text,
  `text` text,
  `author` varchar(255) DEFAULT NULL,
  `priority` int DEFAULT NULL,
  `publication_date_from` varchar(255) DEFAULT NULL,
  `publication_date_to` varchar(255) DEFAULT NULL,
  `imageUrls` text,
  `attachment` varchar(500) DEFAULT NULL,
  `tags` varchar(45) DEFAULT NULL,
  `audience` varchar(45) DEFAULT NULL,
  `approved_status` tinyint DEFAULT NULL,
  `approved_by` int DEFAULT NULL,
  `is_read` tinyint NOT NULL DEFAULT '0',
  `guests` tinyint DEFAULT '0',
  `show_guest_list` varchar(6) DEFAULT NULL,
  `is_highlighted` varchar(50) NOT NULL DEFAULT 'false',
  `updated_record` longtext,
  `update_image_url` varchar(500) DEFAULT NULL,
  `update_approved_status` tinyint DEFAULT NULL,
  `deny_reason` text,
  `deny_by_id` int DEFAULT NULL,
  `is_image_converted` int NOT NULL DEFAULT '0',
  `updated_at` timestamp NULL DEFAULT CURRENT_TIMESTAMP ON UPDATE CURRENT_TIMESTAMP,
  `created_at` timestamp NOT NULL DEFAULT CURRENT_TIMESTAMP
) ENGINE=InnoDB DEFAULT CHARSET=utf8mb4 COLLATE=utf8mb4_0900_ai_ci;

--
-- Dumping data for table `news`
--

INSERT INTO `news` (`id`, `team_id`, `title`, `headline`, `text`, `author`, `priority`, `publication_date_from`, `publication_date_to`, `imageUrls`, `attachment`, `tags`, `audience`, `approved_status`, `approved_by`, `is_read`, `guests`, `show_guest_list`, `is_highlighted`, `updated_record`, `update_image_url`, `update_approved_status`, `deny_reason`, `deny_by_id`, `is_image_converted`, `updated_at`, `created_at`) VALUES
(1, '141', 'Bericht zum Jugendtag', '<p><span>There are many variations of passages of Lorem Ipsum available, but the majority have suffered alteration in some form, by injected humour, or randomised words which don\'t look even slightly believable. If you are going to use a passage of Lorem Ipsum, you need to be sure there isn\'t anything embarrassing hidden in the middle of text. All the Lorem Ipsum generators on the Internet tend to repeat predefined chunks as necessary, making this the first true generator on the Internet. It uses a dictionary of over 200 Latin words, combined with a handful of model sentence structures, to generate Lorem Ipsum which looks reasonable. The generated Lorem Ipsum is therefore always free from repetition, injected humour, or non-characteristic words etc.</span></p>', '<p><span>There are many variations of passages of Lorem Ipsum available, but the majority have suffered alteration in some form, by injected humour, or randomised words which don\'t look even slightly believable. If you are going to use a passage of Lorem Ipsum, you need to be sure there isn\'t anything embarrassing hidden in the middle of text. All the Lorem Ipsum generators on the Internet tend to repeat predefined chunks as necessary, making this the first true generator on the Internet. It uses a dictionary of over 200 Latin words, combined with a handful of model sentence structures, to generate Lorem Ipsum which looks reasonable. The generated Lorem Ipsum is therefore always free from repetition, injected humour, or non-characteristic words etc.</span></p>', '1', 1, '2023-10-27T05:51:35.240Z', '2023-10-27T05:51:35.240Z', 'https://minio.staging.verein.cloud/tineon/Leipzig/2022/September/Images/Jugendtag.jpg', 'null', 'null', '0', 1, NULL, 0, NULL, 'false', 'false', NULL, NULL, NULL, NULL, NULL, 1, '2023-10-27 05:51:35', '2022-09-27 08:40:11'),
(6, '1690', 'INDUSTRY news', '<font face=\"Arial\" size=\"2\">testing</font>', '<font face=\"Arial\" size=\"2\">testing</font>', '3', 1, '2022-09-30T06:48:52.796Z', '2022-09-30T06:48:52.796Z', 'https://minio.staging.verein.cloud/tineon/Leipzig/2022/September/Images/bg5.jpg', 'null', 'null', '0', 0, NULL, 0, NULL, 'true', 'false', NULL, NULL, NULL, NULL, NULL, 1, '2023-08-04 09:54:29', '2022-09-30 06:49:04'),
(8, '1690', 'Hello World', '<font face=\"Arial\" size=\"2\">Content for the news</font>', '<font face=\"Arial\" size=\"2\">Content for the news</font>', '3', 1, '2022-10-05T06:00:00.448Z', '2022-10-05T06:00:00.448Z', 'https://minio.staging.verein.cloud/tineon/Leipzig/2022/October/Images/download.jpg', 'null', 'null', '0', 1, NULL, 0, 0, 'false', 'false', NULL, NULL, NULL, NULL, NULL, 1, '2023-08-04 09:53:15', '2022-10-05 05:57:02'),
(9, '1690', 'news testing 06', '<font face=\"Arial\" size=\"2\">testing</font>', '<font face=\"Arial\" size=\"2\">testing</font>', '3', 1, '2022-10-06T10:14:47.300Z', '2022-10-06T10:14:47.300Z', 'https://minio.staging.verein.cloud/tineon/Leipzig/2022/October/Images/jan-sendereks.jpg', 'null', 'null', '0', 1, NULL, 0, 0, 'true', 'false', NULL, NULL, NULL, NULL, NULL, 1, '2023-08-04 09:53:15', '2022-10-06 10:14:47'),
(18, '2810', 'Herzlich Willkommen!', '<font face=\"Arial\" size=\"2\">Herzlich Willkommen, in der Aktion&#228;rsumgebung der Tineon AG.</font>', '<font face=\"Arial\" size=\"2\">Herzlich Willkommen, in der Aktion&#228;rsumgebung der Tineon AG.</font>', '30', 1, '2023-01-27T09:48:59.696Z', '2023-01-27T09:48:59.696Z', 'https://minio.staging.verein.cloud/tineon/Leipzig/2023/January/Images/willkommen-lettering-watercolor-splash-welcome-german-language-handwritten-modern-calligraphy-colorful-paint-splashes-purple-170091058-1674812937493.jpg', 'null', 'null', '0', 1, NULL, 0, 0, 'false', 'false', NULL, NULL, 0, NULL, NULL, 1, '2023-08-04 09:53:10', '2023-01-27 09:46:57'),
(22, '2830', 'Renovierung des Sportheims', '<span>In der Winterpause haben wir erfolgreich unser Sportheim Renoviert und modernisiert. Wir wollen uns &#252;ber diesen Weg noch einmal bei allen helfenden Mitgliedern, sowie den Zahlreichenden Sponsoren bedanken.</span><span></span>', '<span>In der Winterpause haben wir erfolgreich unser Sportheim Renoviert und modernisiert. Wir wollen uns &#252;ber diesen Weg noch einmal bei allen helfenden Mitgliedern, sowie den Zahlreichenden Sponsoren bedanken.</span><span></span>', '32', 1, '2023-03-20T07:34:49.937Z', '2023-03-20T07:34:49.937Z', 'https://minio.staging.verein.cloud/tineon/Leipzig/2023/March/Documents/Bildschirm%C2%ADfoto%202023-03-18%20um%2009.38.48.png', 'null', 'null', '0', 1, NULL, 0, 0, 'false', 'false', NULL, NULL, NULL, NULL, NULL, 1, '2023-08-04 09:53:07', '2023-03-20 07:34:50'),
(23, '2830', 'Informationen rund um das anstehende Fußballturnier ', '<p class=\"MsoNormal\">Am 04.06.2023 findet wie jedes Jahr unser traditionelles kleines Fu&#223;ballturnier statt.</p><p class=\"MsoNormal\">Die Spiele finden mit 4 Feldspielern + 1 Torwart statt, es werden 7 Minuten gespielt. Bei einem Unentschieden geht das Spiel direkt in ein Elfmeterschie&#223;en &#252;ber.</p><p class=\"MsoNormal\">&#160;</p><p class=\"MsoNormal\">&#160;</p><p class=\"MsoNormal\">Anmeldungen k&#246;nnen telefonisch oder per Mail bei Max Mustermann eingereicht werden.</p><p class=\"MsoNormal\">&#160;</p><p class=\"MsoNormal\">Anmeldeschluss ist der 28.05.2023.</p><p class=\"MsoNormal\"><br></p><p class=\"MsoNormal\"><font face=\"Arial\" size=\"2\">Test</font></p><p class=\"MsoNormal\"><font face=\"Arial\" size=\"2\"><br></font></p><p class=\"MsoNormal\"><font face=\"Arial\" size=\"2\">Test2</font></p><p class=\"MsoNormal\"><font face=\"Arial\" size=\"2\"><br></font></p><p class=\"MsoNormal\"><font face=\"Arial\" size=\"2\">Test3</font></p>', '<p class=\"MsoNormal\">Am 04.06.2023 findet wie jedes Jahr unser traditionelles kleines Fu&#223;ballturnier statt.</p><p class=\"MsoNormal\">Die Spiele finden mit 4 Feldspielern + 1 Torwart statt, es werden 7 Minuten gespielt. Bei einem Unentschieden geht das Spiel direkt in ein Elfmeterschie&#223;en &#252;ber.</p><p class=\"MsoNormal\">&#160;</p><p class=\"MsoNormal\">&#160;</p><p class=\"MsoNormal\">Anmeldungen k&#246;nnen telefonisch oder per Mail bei Max Mustermann eingereicht werden.</p><p class=\"MsoNormal\">&#160;</p><p class=\"MsoNormal\">Anmeldeschluss ist der 28.05.2023.</p><p class=\"MsoNormal\"><br></p><p class=\"MsoNormal\"><font face=\"Arial\" size=\"2\">Test</font></p><p class=\"MsoNormal\"><font face=\"Arial\" size=\"2\"><br></font></p><p class=\"MsoNormal\"><font face=\"Arial\" size=\"2\">Test2</font></p><p class=\"MsoNormal\"><font face=\"Arial\" size=\"2\"><br></font></p><p class=\"MsoNormal\"><font face=\"Arial\" size=\"2\">Test3</font></p>', '32', 1, '2023-08-25T10:19:56.096Z', '2023-08-25T10:19:56.096Z', 'https://minio.staging.verein.cloud/tineon/Leipzig/2023/March/Documents/Bildschirm%C2%ADfoto%202023-03-18%20um%2009.37.50.png', 'null', 'null', '0', 1, NULL, 0, 0, 'false', 'false', NULL, NULL, NULL, NULL, NULL, 1, '2023-08-25 10:19:56', '2023-03-20 07:36:38'),
(24, '2830', 'Ergebnisse des Jugendspieltages', '<p class=\"MsoNormal\">Unser Jugendspieltag war ein voller Erfolg, nachfolgend die Platzierungen unserer Teilnehmer:</p><p class=\"MsoNormal\">&#160;</p><p class=\"MsoNormal\">1.Platz - 1.FC Musterhausen</p><p class=\"MsoNormal\">&#160;</p><p class=\"MsoNormal\">2.Platz - SpVgg Dorfmuster</p><p class=\"MsoNormal\">&#160;</p><p class=\"MsoNormal\">3.Platz - 1.SV Musterstadt</p><p class=\"MsoNormal\">&#160;</p><p class=\"MsoNormal\">4.Platz - SG Stadt-Dorf</p><p class=\"MsoNormal\">&#160;</p><p class=\"MsoNormal\">5.Platz - 1.FC Musterdorf</p>', '<p class=\"MsoNormal\">Unser Jugendspieltag war ein voller Erfolg, nachfolgend die Platzierungen unserer Teilnehmer:</p><p class=\"MsoNormal\">&#160;</p><p class=\"MsoNormal\">1.Platz - 1.FC Musterhausen</p><p class=\"MsoNormal\">&#160;</p><p class=\"MsoNormal\">2.Platz - SpVgg Dorfmuster</p><p class=\"MsoNormal\">&#160;</p><p class=\"MsoNormal\">3.Platz - 1.SV Musterstadt</p><p class=\"MsoNormal\">&#160;</p><p class=\"MsoNormal\">4.Platz - SG Stadt-Dorf</p><p class=\"MsoNormal\">&#160;</p><p class=\"MsoNormal\">5.Platz - 1.FC Musterdorf</p>', '32', 1, '2023-03-20T13:02:24.252Z', '2023-03-20T13:02:24.252Z', 'https://minio.staging.verein.cloud/tineon/Leipzig/2023/March/Documents/Bildschirm%C2%ADfoto%202023-03-18%20um%2009.37.56.png', 'null', 'null', '0', 1, NULL, 0, 0, 'false', 'false', NULL, NULL, 0, NULL, NULL, 1, '2023-08-04 09:51:23', '2023-03-20 07:37:10'),
(25, '2830', 'Spielbericht der 1.Mannschaft', '<p class=\"MsoNormal\">Unsere erste Mannschaft hat am vergangenen Freitag ihr erstes R&#252;ckrundenspiel erfolgreich gegen den 1.FC Musterhausen bestritten. Das Spiel endete mit einem 3:1 f&#252;r unsere Mannschaft.</p><p class=\"MsoNormal\">Es folgen die Torsch&#252;tzen unserer Mannschaft:</p><p class=\"MsoNormal\">&#160;</p><p class=\"MsoNormal\">21\' - Max Mustermann</p><p class=\"MsoNormal\">&#160;</p><p class=\"MsoNormal\">65\' - Peter Meier</p><p class=\"MsoNormal\">&#160;</p><p class=\"MsoNormal\">90\'+3 - Max Mustermann</p>', '<p class=\"MsoNormal\">Unsere erste Mannschaft hat am vergangenen Freitag ihr erstes R&#252;ckrundenspiel erfolgreich gegen den 1.FC Musterhausen bestritten. Das Spiel endete mit einem 3:1 f&#252;r unsere Mannschaft.</p><p class=\"MsoNormal\">Es folgen die Torsch&#252;tzen unserer Mannschaft:</p><p class=\"MsoNormal\">&#160;</p><p class=\"MsoNormal\">21\' - Max Mustermann</p><p class=\"MsoNormal\">&#160;</p><p class=\"MsoNormal\">65\' - Peter Meier</p><p class=\"MsoNormal\">&#160;</p><p class=\"MsoNormal\">90\'+3 - Max Mustermann</p>', '32', 1, '2023-12-01T10:23:54.521Z', '2023-12-01T10:23:54.521Z', 'https://minio.staging.verein.cloud/tineon/Leipzig/2023/December/Images/2308_VC_News_Gruppe_Herren_5.jpg', 'null', 'null', '0', 1, NULL, 0, 0, 'false', 'false', NULL, NULL, NULL, NULL, NULL, 1, '2023-12-01 10:24:01', '2023-03-20 07:37:35'),
(28, '2684', 'dBAV Projekt Bechtle steht kurz vor der Umsetzung', '<font face=\"Arial\" size=\"2\">Geplanter Start ist 01 Juni 2023.&#160;</font>', '<font face=\"Arial\" size=\"2\">Geplanter Start ist 01 Juni 2023.&#160;</font>', '33', 1, '2023-05-07T16:37:04.086Z', '2023-05-07T16:37:04.086Z', 'https://minio.staging.verein.cloud/tineon/Leipzig/2023/April/Documents/Bildschirmfoto%202023-04-24%20um%2019.45.07.png', 'null', 'null', '0', 1, NULL, 0, 0, 'false', 'false', NULL, NULL, 0, NULL, NULL, 1, '2023-08-04 09:51:19', '2023-04-24 16:55:50'),
(29, '2684', 'Warum die betriebliche Altersvorsorge so wichtig für die Absicherung im Alter ist', '<p>Aktuelle Studien zeigen, dass die betriebliche Altersvorsorge (bAV) eine der wichtigsten S&#228;ulen der Absicherung im Alter ist. Immer mehr Arbeitnehmerinnen und Arbeitnehmer setzen auf eine betriebliche Altersvorsorge, um im Ruhestand finanziell abgesichert zu sein.</p><p>Die Gr&#252;nde hierf&#252;r sind vielf&#228;ltig: Zum einen wird die gesetzliche Rente in den kommenden Jahren immer weiter sinken, weshalb eine zus&#228;tzliche private Vorsorge immer wichtiger wird. Zum anderen bietet die betriebliche Altersvorsorge zahlreiche Vorteile, die andere Formen der Altersvorsorge nicht bieten.</p><p>So ist die bAV in der Regel sehr sicher, da sie aufgrund der betrieblichen Einbindung eine hohe Stabilit&#228;t aufweist. Zudem ist sie oft steuerlich beg&#252;nstigt, was eine h&#246;here Rendite als bei anderen Vorsorgeformen erm&#246;glicht. Auch k&#246;nnen Arbeitgeber und Arbeitnehmer durch die bAV flexibler auf individuelle Bed&#252;rfnisse eingehen und die Altersvorsorge anpassen.</p><p>Es lohnt sich also, sich mit der betrieblichen Altersvorsorge auseinanderzusetzen und sich fr&#252;hzeitig abzusichern. Experten empfehlen, bereits ab dem Einstieg ins Berufsleben &#252;ber eine bAV nachzudenken und sich entsprechend beraten zu lassen. Eine fr&#252;hzeitige Planung und Umsetzung sorgt f&#252;r eine optimale Absicherung im Alter.</p>', '<p>Aktuelle Studien zeigen, dass die betriebliche Altersvorsorge (bAV) eine der wichtigsten S&#228;ulen der Absicherung im Alter ist. Immer mehr Arbeitnehmerinnen und Arbeitnehmer setzen auf eine betriebliche Altersvorsorge, um im Ruhestand finanziell abgesichert zu sein.</p><p>Die Gr&#252;nde hierf&#252;r sind vielf&#228;ltig: Zum einen wird die gesetzliche Rente in den kommenden Jahren immer weiter sinken, weshalb eine zus&#228;tzliche private Vorsorge immer wichtiger wird. Zum anderen bietet die betriebliche Altersvorsorge zahlreiche Vorteile, die andere Formen der Altersvorsorge nicht bieten.</p><p>So ist die bAV in der Regel sehr sicher, da sie aufgrund der betrieblichen Einbindung eine hohe Stabilit&#228;t aufweist. Zudem ist sie oft steuerlich beg&#252;nstigt, was eine h&#246;here Rendite als bei anderen Vorsorgeformen erm&#246;glicht. Auch k&#246;nnen Arbeitgeber und Arbeitnehmer durch die bAV flexibler auf individuelle Bed&#252;rfnisse eingehen und die Altersvorsorge anpassen.</p><p>Es lohnt sich also, sich mit der betrieblichen Altersvorsorge auseinanderzusetzen und sich fr&#252;hzeitig abzusichern. Experten empfehlen, bereits ab dem Einstieg ins Berufsleben &#252;ber eine bAV nachzudenken und sich entsprechend beraten zu lassen. Eine fr&#252;hzeitige Planung und Umsetzung sorgt f&#252;r eine optimale Absicherung im Alter.</p>', '33', 1, '2023-04-24T17:51:29.927Z', '2023-04-24T17:51:29.927Z', 'https://minio.staging.verein.cloud/tineon/Leipzig/2023/April/Documents/Bildschirmfoto%202023-04-24%20um%2019.51.02.png', 'null', 'null', '0', 1, NULL, 0, 0, 'true', 'false', NULL, NULL, NULL, NULL, NULL, 1, '2023-08-04 09:51:18', '2023-04-24 17:51:30'),
(30, '2684', 'bAV: Was Mitarbeiter wollen und Unternehmen nützt (Studie) Bester personalwirtschaftlicher Effekt durch optimierte bAV-Gestaltung', '<p>Was f&#252;r eine betriebliche Altersversorgung w&#252;nschen sich Mitarbeiter? Und warum lohnt es sich f&#252;r Arbeitgeber, darauf einzugehen? Diesen Fragen ist Willis Towers Watson in einer repr&#228;sentativen Studie, dem Global Benefits Attitudes Survey 2019/20, nachgegangen.</p><p>Die Studie zeigt, dass die Bedeutung der Alterssicherung unabh&#228;ngig von Alter und Besch&#228;ftigungsgruppe der Befragten gro&#223; ist. Dabei sind sich die meisten Befragten bewusst, dass sie im Ruhestand wahrscheinlich wesentlich schlechter dastehen werden als die Generation ihrer Eltern. Besonders die junge Generation stellt sich auf einen Ruhestand nach dem 67. Lebensjahr ein.</p><h3>Hohe Sparbereitschaft f&#252;rs Alter</h3><p>Die betriebliche Altersvorsorge (bAV) wird dabei als das Mittel der Wahl gesehen, um f&#252;r das Alter vorzusorgen, wobei die meisten Mitarbeiter in ihr ein besseres Preis-Leistungsverh&#228;ltnis sehen als in der privaten Altersvorsorge.</p><p>Dabei besteht eine hohe Sparbereitschaft. So legten 39 Prozent im letzten Jahr mehr als zehn Prozent ihres Gehalts f&#252;r das Alter zur&#252;ck. Unter den Befragten mit einer gemischt finanzierten bAV sind es sogar 50 Prozent. Mitarbeiter, die &#252;ber eine bAV verf&#252;gen, machen sich grunds&#228;tzlich mehr Gedanken um ihre Altersvorsorge und zahlen auch eher Beitr&#228;ge in einen privaten Vorsorgeplan ein.</p><h3>Gefragt: Flexible bAV mit Invalidit&#228;tsschutz und Unterst&#252;tzung bei bAV-Entscheidungen</h3><p>Von ihrer bAV erwarten Mitarbeiter vor allem Flexibilit&#228;t bei der Wahl der Auszahlungsoptionen. Daneben sch&#228;tzen sie auch solide Risikoleistungen und eine individuelle Beratung. Einer sicheren bAV geben die Befragten weiterhin den Vorzug vor einer Altersvorsorge mit mehr Renditechancen, aber h&#246;herem Risiko (wenn auch etwas weniger ausgepr&#228;gt als in den Jahren zuvor).</p><h3>Engagement, Motivation und Weiterempfehlung dank optimal gestalteter bAV</h3><p>Gehen Arbeitgeber auf diese Pr&#228;ferenzen ein, k&#246;nnen sie besonders stark bei ihren Mitarbeitern punkten. Dar&#252;ber hinaus zeigen die Studienergebnisse, dass es sinnvoll ist, die Mitarbeiter bei der Finanzierung einzubinden (zum Beispiel mithilfe von Matching-Modellen) und den Vorsorgeplan frisch und verst&#228;ndlich zu kommunizieren.</p><div class=\"\"><div class=\"card inline-media sr-reveal\"><img src=\"https://media.wtwco.com/-/media/WTW/Insights/2020/06/WTW-02684-Infografik-GBAS-2019-2020-Grafik-1.svg?modified=20200603110450&amp;imgeng=meta_true&amp;la=de-DE&amp;hash=712F89AC6AA63BE1474AFA322CF44856\" class=\"card-img-top\" alt=\"http://www.willistowerswatson.com/assets/bild_gbas/Banner.jpg\"><div class=\"card-body\"><div class=\"card-title mb-0 font-weight-semibold font-mono\">&#8222;Meine bAV ist ein wichtiger Grund f&#252;r meine Entscheidung, bei diesem Arbeitgeber zu bleiben&#8220;</div><p class=\"card-text font-p-small\">Quelle: Willis Towers Watson Global Benefits Attitudes Survey 2019/20 (Deutschland)</p></div></div></div>', '<p>Was f&#252;r eine betriebliche Altersversorgung w&#252;nschen sich Mitarbeiter? Und warum lohnt es sich f&#252;r Arbeitgeber, darauf einzugehen? Diesen Fragen ist Willis Towers Watson in einer repr&#228;sentativen Studie, dem Global Benefits Attitudes Survey 2019/20, nachgegangen.</p><p>Die Studie zeigt, dass die Bedeutung der Alterssicherung unabh&#228;ngig von Alter und Besch&#228;ftigungsgruppe der Befragten gro&#223; ist. Dabei sind sich die meisten Befragten bewusst, dass sie im Ruhestand wahrscheinlich wesentlich schlechter dastehen werden als die Generation ihrer Eltern. Besonders die junge Generation stellt sich auf einen Ruhestand nach dem 67. Lebensjahr ein.</p><h3>Hohe Sparbereitschaft f&#252;rs Alter</h3><p>Die betriebliche Altersvorsorge (bAV) wird dabei als das Mittel der Wahl gesehen, um f&#252;r das Alter vorzusorgen, wobei die meisten Mitarbeiter in ihr ein besseres Preis-Leistungsverh&#228;ltnis sehen als in der privaten Altersvorsorge.</p><p>Dabei besteht eine hohe Sparbereitschaft. So legten 39 Prozent im letzten Jahr mehr als zehn Prozent ihres Gehalts f&#252;r das Alter zur&#252;ck. Unter den Befragten mit einer gemischt finanzierten bAV sind es sogar 50 Prozent. Mitarbeiter, die &#252;ber eine bAV verf&#252;gen, machen sich grunds&#228;tzlich mehr Gedanken um ihre Altersvorsorge und zahlen auch eher Beitr&#228;ge in einen privaten Vorsorgeplan ein.</p><h3>Gefragt: Flexible bAV mit Invalidit&#228;tsschutz und Unterst&#252;tzung bei bAV-Entscheidungen</h3><p>Von ihrer bAV erwarten Mitarbeiter vor allem Flexibilit&#228;t bei der Wahl der Auszahlungsoptionen. Daneben sch&#228;tzen sie auch solide Risikoleistungen und eine individuelle Beratung. Einer sicheren bAV geben die Befragten weiterhin den Vorzug vor einer Altersvorsorge mit mehr Renditechancen, aber h&#246;herem Risiko (wenn auch etwas weniger ausgepr&#228;gt als in den Jahren zuvor).</p><h3>Engagement, Motivation und Weiterempfehlung dank optimal gestalteter bAV</h3><p>Gehen Arbeitgeber auf diese Pr&#228;ferenzen ein, k&#246;nnen sie besonders stark bei ihren Mitarbeitern punkten. Dar&#252;ber hinaus zeigen die Studienergebnisse, dass es sinnvoll ist, die Mitarbeiter bei der Finanzierung einzubinden (zum Beispiel mithilfe von Matching-Modellen) und den Vorsorgeplan frisch und verst&#228;ndlich zu kommunizieren.</p><div class=\"\"><div class=\"card inline-media sr-reveal\"><img src=\"https://media.wtwco.com/-/media/WTW/Insights/2020/06/WTW-02684-Infografik-GBAS-2019-2020-Grafik-1.svg?modified=20200603110450&amp;imgeng=meta_true&amp;la=de-DE&amp;hash=712F89AC6AA63BE1474AFA322CF44856\" class=\"card-img-top\" alt=\"http://www.willistowerswatson.com/assets/bild_gbas/Banner.jpg\"><div class=\"card-body\"><div class=\"card-title mb-0 font-weight-semibold font-mono\">&#8222;Meine bAV ist ein wichtiger Grund f&#252;r meine Entscheidung, bei diesem Arbeitgeber zu bleiben&#8220;</div><p class=\"card-text font-p-small\">Quelle: Willis Towers Watson Global Benefits Attitudes Survey 2019/20 (Deutschland)</p></div></div></div>', '33', 1, '2023-05-07T16:35:22.672Z', '2023-05-07T16:35:22.672Z', 'https://minio.staging.verein.cloud/tineon/Leipzig/2023/May/Documents/Bildschirmfoto%202023-05-07%20um%2018.33.05.png', 'null', 'null', '0', 1, NULL, 0, 0, 'true', 'false', NULL, NULL, NULL, NULL, NULL, 1, '2023-08-04 09:51:17', '2023-05-07 16:35:28'),
(31, '2684', 'DIE DIGITALE BAV-BERATUNG Bring Deine bAV-Geschäftsabwicklung auf ein neues, digitales Level! Unser kostenloses Whitepaper erklärt Dir alles, was Du wissen musst. Jetzt anfordern!', '<span>Bisher war eine bAV-Mitarbeiterberatung ein umfangreiches, komplexes, kostspieliges und zeitintensives Unterfangen f&#252;r alle Beteiligten &#8211; bisher! Der bAV-Berater der Zukunft nutzt digitale L&#246;sungen f&#252;r die bAV-Mitarbeiterberatung und profitiert dabei auf allen Ebenen!<br></span><br><span>Erfahre, wie Du eine Aufwands- und Kostensenkung von bis zu 90 % der bisherigen Beratungs- und Reisekosten bei erh&#246;hter Durchdringungs- und Weiterempfehlungsquote erreichst!<br><br></span><strong>Das erwartet Dich in unserem Whitepaper:</strong><br><ul><li>Herk&#246;mmliche Beratung oder digitale L&#246;sung?</li><li>Die Vorteile einer digitalen bAV-L&#246;sung</li><li>Die richtige Umsetzung einer digitalen bAV-L&#246;sung</li><li>90 % Zeit- und Kosteneinsparung bei erh&#246;hter Durchdringungsquote</li></ul><p><br><strong>Hol Dir jetzt unser Whitepaper und profitiere von den vielen Vorteilen der digitalen bAV-Gesch&#228;ftsabwicklung!</strong>&#160;</p>', '<span>Bisher war eine bAV-Mitarbeiterberatung ein umfangreiches, komplexes, kostspieliges und zeitintensives Unterfangen f&#252;r alle Beteiligten &#8211; bisher! Der bAV-Berater der Zukunft nutzt digitale L&#246;sungen f&#252;r die bAV-Mitarbeiterberatung und profitiert dabei auf allen Ebenen!<br></span><br><span>Erfahre, wie Du eine Aufwands- und Kostensenkung von bis zu 90 % der bisherigen Beratungs- und Reisekosten bei erh&#246;hter Durchdringungs- und Weiterempfehlungsquote erreichst!<br><br></span><strong>Das erwartet Dich in unserem Whitepaper:</strong><br><ul><li>Herk&#246;mmliche Beratung oder digitale L&#246;sung?</li><li>Die Vorteile einer digitalen bAV-L&#246;sung</li><li>Die richtige Umsetzung einer digitalen bAV-L&#246;sung</li><li>90 % Zeit- und Kosteneinsparung bei erh&#246;hter Durchdringungsquote</li></ul><p><br><strong>Hol Dir jetzt unser Whitepaper und profitiere von den vielen Vorteilen der digitalen bAV-Gesch&#228;ftsabwicklung!</strong>&#160;</p>', '33', 1, '2023-05-07T16:42:42.708Z', '2023-05-07T16:42:42.708Z', 'https://minio.staging.verein.cloud/tineon/Leipzig/2023/May/Documents/Bildschirmfoto%202023-05-07%20um%2018.40.35.png', 'null', 'null', '2', 1, NULL, 0, 0, 'false', 'false', NULL, NULL, NULL, NULL, NULL, 1, '2023-08-04 09:51:16', '2023-05-07 16:42:44'),
(48, '141', 'Rampant, unscientific building', '<span>Lorem ipsum dolor sit amet. Ea mollitia consequatur sit quaerat totam qui beatae dolor qui facere unde ut similique quibusdam in nisi iste est&#160;</span>', '<span>Lorem ipsum dolor sit amet. Ea mollitia consequatur sit quaerat totam qui beatae dolor qui facere unde ut similique quibusdam in nisi iste est&#160;</span>', '8', 1, '2023-08-17T08:39:39.142Z', '2023-08-17T08:39:39.142Z', 'https://minio.staging.verein.cloud/tineon/Leipzig/2023/August/Documents/Bildschirm%C2%ADfoto%202023-03-18%20um%2009.39.25.png', 'null', 'null', '2', 1, 1, 1, 0, 'false', 'false', NULL, NULL, NULL, NULL, NULL, 0, '2024-03-08 13:09:50', '2023-08-17 08:39:43'),
(49, '141', 'Article 370 case', '<span>Lorem ipsum dolor sit amet. In officia enim est reprehenderit labore rem perferendis voluptatem et ipsum quae qui beatae rerum est modi minima est consequatur cupiditate. Et magnam illum sit explicabo reprehenderit 33 nihil modi sed mollitia quaerat est enim omnis.</span>', '<span>Lorem ipsum dolor sit amet. In officia enim est reprehenderit labore rem perferendis voluptatem et ipsum quae qui beatae rerum est modi minima est consequatur cupiditate. Et magnam illum sit explicabo reprehenderit 33 nihil modi sed mollitia quaerat est enim omnis.</span>', '9', 1, '2024-01-13T10:45:43.641Z', '2024-01-13T10:45:43.641Z', 'https://minio.staging.verein.cloud/tineon/Leipzig/2023/August/Documents/Bildschirm%C2%ADfoto%202023-03-18%20um%2009.38.13.png', 'null', 'null', '2', 1, 1, 0, 0, 'true', 'true', NULL, NULL, NULL, NULL, NULL, 0, '2024-03-11 10:15:25', '2023-08-17 08:59:00'),
(50, '141', 'Eye on polls later this year,', '<span>Lorem ipsum dolor sit amet. Non nemo possimus et expedita recusandae eum nesciunt voluptatem eum officiis odit ex molestiae tempore quo facilis dolorum. At recusandae voluptas sit mollitia itaque et perferendis distinctio ea explicabo sint At beatae voluptatem ut distinctio quidem. Ut quidem repellat et iste molestias et dicta nesciunt ea omnis necessitatibus et veniam voluptatem!</span>', '<span>Lorem ipsum dolor sit amet. Non nemo possimus et expedita recusandae eum nesciunt voluptatem eum officiis odit ex molestiae tempore quo facilis dolorum. At recusandae voluptas sit mollitia itaque et perferendis distinctio ea explicabo sint At beatae voluptatem ut distinctio quidem. Ut quidem repellat et iste molestias et dicta nesciunt ea omnis necessitatibus et veniam voluptatem!</span>', '6', 1, '2023-08-17T12:34:35.257Z', '2023-08-17T12:34:35.257Z', 'https://minio.staging.verein.cloud/tineon/Leipzig/2023/August/Documents/Bildschirm%C2%ADfoto%202023-03-18%20um%2009.38.48.png', 'null', 'null', '2', 1, 1, 1, 0, 'true', 'false', NULL, NULL, NULL, NULL, NULL, 0, '2024-03-08 13:09:55', '2023-08-17 12:19:11'),
(51, '141', 'Muster-News Nr. 6', 'Lorem ipsum dolor sit amet. Ut ipsam laudantium non aspernatur eaque nam accusantium enim ut dicta maiores et illo nemo aut animi ipsam sed tempore corrupti! Et consequatur perferendis aut magnam dolore est aspernatur neque sit esse molestiae.Lorem ipsum dolor sit amet. Ut ipsam laudantium non aspernatur eaque nam accusantium enim ut dicta maiores et illo nemo aut animi ipsam sed tempore corrupti! Et consequatur perferendis aut magnam dolore est aspernatur neque sit esse molestiae.<br>', 'Lorem ipsum dolor sit amet. Ut ipsam laudantium non aspernatur eaque nam accusantium enim ut dicta maiores et illo nemo aut animi ipsam sed tempore corrupti! Et consequatur perferendis aut magnam dolore est aspernatur neque sit esse molestiae.Lorem ipsum dolor sit amet. Ut ipsam laudantium non aspernatur eaque nam accusantium enim ut dicta maiores et illo nemo aut animi ipsam sed tempore corrupti! Et consequatur perferendis aut magnam dolore est aspernatur neque sit esse molestiae.<br>', '6', 1, '2023-11-28T11:54:51.495Z', '2023-11-28T11:54:51.495Z', 'https://minio.staging.verein.cloud/tineon/Leipzig/2023/November/Images/2308_VC_News_Heimsieg.jpg', 'null', 'null', '0', 1, NULL, 0, 0, 'false', 'true', NULL, NULL, NULL, NULL, NULL, 0, '2023-11-28 11:54:55', '2023-08-17 12:34:03'),
(52, '141', 'CBO: Federal Budget Review July 2023', '<span>Lorem ipsum dolor sit amet. Vel error optio est excepturi reprehenderit et dolores commodi id beatae consequatur cum nemo officiis. Sit maiores accusantium eos necessitatibus sint et vitae impedit et galisum voluptate qui distinctio omnis.</span>', '<span>Lorem ipsum dolor sit amet. Vel error optio est excepturi reprehenderit et dolores commodi id beatae consequatur cum nemo officiis. Sit maiores accusantium eos necessitatibus sint et vitae impedit et galisum voluptate qui distinctio omnis.</span>', '8', 1, '2023-08-17T13:44:29.882Z', '2023-08-17T13:44:29.882Z', 'https://minio.staging.verein.cloud/tineon/Leipzig/2023/August/Images/test.jpeg', 'null', 'null', '2', 1, 1, 1, 0, 'false', 'true', NULL, NULL, NULL, NULL, NULL, 0, '2024-03-08 13:10:27', '2023-08-17 13:44:32'),
(55, '2830', 'Turniererfolg', '<font face=\"Gellix\" size=\"2\">Turnier Erfolg</font>', '<font face=\"Gellix\" size=\"2\">Turnier Erfolg</font>', '32', 1, '2023-08-28T15:56:51.473Z', '2023-08-28T15:56:51.473Z', 'https://minio.staging.verein.cloud/tineon/Leipzig/2023/August/Images/002.jpg', 'null', 'null', '2', 1, NULL, 0, 0, 'false', 'false', NULL, NULL, NULL, NULL, NULL, 0, '2023-08-28 15:56:57', '2023-08-28 15:56:57'),
(56, '141', 'Muster-News Nr. 5', 'Lorem ipsum dolor sit amet. Ut ipsam laudantium non aspernatur eaque nam accusantium enim ut dicta maiores et illo nemo aut animi ipsam sed tempore corrupti! Et consequatur perferendis aut magnam dolore est aspernatur neque sit esse molestiae.Lorem ipsum dolor sit amet. Ut ipsam laudantium non aspernatur eaque nam accusantium enim ut dicta maiores et illo nemo aut animi ipsam sed tempore corrupti! Et consequatur perferendis aut magnam dolore est aspernatur neque sit esse molestiae.<br>', 'Lorem ipsum dolor sit amet. Ut ipsam laudantium non aspernatur eaque nam accusantium enim ut dicta maiores et illo nemo aut animi ipsam sed tempore corrupti! Et consequatur perferendis aut magnam dolore est aspernatur neque sit esse molestiae.Lorem ipsum dolor sit amet. Ut ipsam laudantium non aspernatur eaque nam accusantium enim ut dicta maiores et illo nemo aut animi ipsam sed tempore corrupti! Et consequatur perferendis aut magnam dolore est aspernatur neque sit esse molestiae.<br>', '1', 1, '2023-11-28T11:54:19.942Z', '2023-11-28T11:54:19.942Z', 'https://minio.staging.verein.cloud/tineon/Leipzig/2023/November/Images/2308_VC_Event_Jahreshauptversammlung.jpg', 'null', 'null', '0', 1, NULL, 0, 0, 'true', 'true', NULL, NULL, NULL, NULL, NULL, 0, '2023-11-28 11:54:23', '2023-08-29 06:14:40'),
(65, '141', 'Test news 1 secretary 01/09', '<p>Contrary to popular belief, Lorem Ipsum is not simply random text. It has roots in a piece of classical Latin literature from 45 BC, making it over 2000 years old. Richard McClintock, a Latin professor at Hampden-Sydney College in Virginia, looked up one of the more obscure Latin words, consectetur, from a Lorem Ipsum passage, and going through the cites of the word in classical literature, discovered the undoubtable source. Lorem Ipsum comes from sections 1.10.32 and 1.10.33 of &#34;de Finibus Bonorum et Malorum&#34; (The Extremes of Good and Evil) by Cicero, written in 45 BC. This book is a treatise on the theory of ethics, very popular during the Renaissance. The first line of Lorem Ipsum, &#34;Lorem ipsum dolor sit amet..&#34;, comes from a line in section 1.10.32.</p><p>The standard chunk of Lorem Ipsum used since the 1500s is reproduced below for those interested. Sections 1.10.32 and 1.10.33 from &#34;de Finibus Bonorum et Malorum&#34; by Cicero are also reproduced in their exact original form, accompanied by English versions from the 1914 translation by H. Rackham.</p>', '<p>Contrary to popular belief, Lorem Ipsum is not simply random text. It has roots in a piece of classical Latin literature from 45 BC, making it over 2000 years old. Richard McClintock, a Latin professor at Hampden-Sydney College in Virginia, looked up one of the more obscure Latin words, consectetur, from a Lorem Ipsum passage, and going through the cites of the word in classical literature, discovered the undoubtable source. Lorem Ipsum comes from sections 1.10.32 and 1.10.33 of &#34;de Finibus Bonorum et Malorum&#34; (The Extremes of Good and Evil) by Cicero, written in 45 BC. This book is a treatise on the theory of ethics, very popular during the Renaissance. The first line of Lorem Ipsum, &#34;Lorem ipsum dolor sit amet..&#34;, comes from a line in section 1.10.32.</p><p>The standard chunk of Lorem Ipsum used since the 1500s is reproduced below for those interested. Sections 1.10.32 and 1.10.33 from &#34;de Finibus Bonorum et Malorum&#34; by Cicero are also reproduced in their exact original form, accompanied by English versions from the 1914 translation by H. Rackham.</p>', '8', 1, '2023-09-01T06:42:55.896Z', '2023-09-01T06:42:55.896Z', 'https://minio.staging.verein.cloud/tineon/Leipzig/2023/September/Images/pexels-miguel-%C3%A1-padri%C3%B1%C3%A1n-194094.jpg', 'null', 'null', '3', 1, 1, 1, 0, 'false', 'false', NULL, NULL, NULL, NULL, NULL, 0, '2024-03-08 13:12:10', '2023-09-01 06:42:59'),
(67, '141', 'Economic Growth and How to Keep It Going', '<span>Lorem ipsum dolor sit amet. Et impedit dolorum qui rerum voluptate qui velit corrupti eos galisum inventore. Et alias dolorum ut perferendis necessitatibus non rerum similique qui sint consequatur est porro esse ut odit accusamus. Sed rerum tenetur qui asperiores vero ut quos sequi et quam quisquam aut adipisci amet sed dolores voluptatem est iure consectetur.</span>', '<span>Lorem ipsum dolor sit amet. Et impedit dolorum qui rerum voluptate qui velit corrupti eos galisum inventore. Et alias dolorum ut perferendis necessitatibus non rerum similique qui sint consequatur est porro esse ut odit accusamus. Sed rerum tenetur qui asperiores vero ut quos sequi et quam quisquam aut adipisci amet sed dolores voluptatem est iure consectetur.</span>', '1', 1, '2023-10-25T06:39:35.601Z', '2023-10-25T06:39:35.601Z', 'https://minio.staging.verein.cloud/tineon/Leipzig/2023/September/Images/business-growth-1-280x170.webp', 'null', 'null', '2', 1, NULL, 0, 0, 'true', 'false', NULL, NULL, NULL, NULL, NULL, 0, '2023-10-25 06:39:35', '2023-09-05 10:29:28'),
(78, '141', 'Where does it come from?', '<p>Contrary to popular belief, Lorem Ipsum is not simply random text. It&#10; has roots in a piece of classical Latin literature from 45 BC, making &#10;it over 2000 years old. Richard McClintock, a Latin professor at &#10;Hampden-Sydney College in Virginia, looked up one of the more obscure &#10;Latin words, consectetur, from a Lorem Ipsum passage, and going through &#10;the cites of the word in classical literature, discovered the &#10;undoubtable source. Lorem Ipsum comes from sections 1.10.32 and 1.10.33 &#10;of &#34;de Finibus Bonorum et Malorum&#34; (The Extremes of Good and Evil) by &#10;Cicero, written in 45 BC. This book is a treatise on the theory of &#10;ethics, very popular during the Renaissance. The first line of Lorem &#10;Ipsum, &#34;Lorem ipsum dolor sit amet..&#34;, comes from a line in section &#10;1.10.32.</p>The standard chunk of Lorem Ipsum used since the 1500s is &#10;reproduced below for those interested. Sections 1.10.32 and 1.10.33 from&#10; &#34;de Finibus Bonorum et Malorum&#34; by Cicero are also reproduced in their &#10;exact original form, accompanied by English versions from the 1914 &#10;translation by H. Rackham.', '<p>Contrary to popular belief, Lorem Ipsum is not simply random text. It&#10; has roots in a piece of classical Latin literature from 45 BC, making &#10;it over 2000 years old. Richard McClintock, a Latin professor at &#10;Hampden-Sydney College in Virginia, looked up one of the more obscure &#10;Latin words, consectetur, from a Lorem Ipsum passage, and going through &#10;the cites of the word in classical literature, discovered the &#10;undoubtable source. Lorem Ipsum comes from sections 1.10.32 and 1.10.33 &#10;of &#34;de Finibus Bonorum et Malorum&#34; (The Extremes of Good and Evil) by &#10;Cicero, written in 45 BC. This book is a treatise on the theory of &#10;ethics, very popular during the Renaissance. The first line of Lorem &#10;Ipsum, &#34;Lorem ipsum dolor sit amet..&#34;, comes from a line in section &#10;1.10.32.</p>The standard chunk of Lorem Ipsum used since the 1500s is &#10;reproduced below for those interested. Sections 1.10.32 and 1.10.33 from&#10; &#34;de Finibus Bonorum et Malorum&#34; by Cicero are also reproduced in their &#10;exact original form, accompanied by English versions from the 1914 &#10;translation by H. Rackham.', '8', 1, '2023-09-15T06:03:13.875Z', '2023-09-15T06:03:13.875Z', 'https://minio.staging.verein.cloud/tineon/Leipzig/2023/September/Images/pexels-julia-m-cameron-4145153.jpg', 'null', 'null', '2', 0, NULL, 0, 0, 'false', 'true', NULL, NULL, NULL, NULL, NULL, 0, '2023-09-15 06:03:17', '2023-09-15 06:03:17'),
(84, '141', 'Consequatur Est au', 'Aperiam id aute omni.defes', 'Aperiam id aute omni.defes', '1', 1, '2023-11-29T13:41:03.486Z', '2023-11-29T13:41:03.486Z', 'https://minio.staging.verein.cloud/tineon/Leipzig/2023/November/Documents/Bildschirm%C2%ADfoto%202023-03-18%20um%2009.37.56.png', 'null', 'null', '0', 1, NULL, 0, 0, 'true', 'false', NULL, NULL, NULL, NULL, NULL, 0, '2023-11-29 13:41:03', '2023-11-29 13:07:44'),
(85, '141', 'Duis impedit omnis ', 'Sequi maiores et in .sd<font face=\"Gellix\" size=\"2\">awed</font>', 'Sequi maiores et in .sd<font face=\"Gellix\" size=\"2\">awed</font>', '1', 1, '2023-11-29T13:14:29.320Z', '2023-11-29T13:14:29.320Z', 'https://minio.staging.verein.cloud/tineon/Leipzig/2023/November/Documents/Bildschirm%C2%ADfoto%202023-03-18%20um%2009.39.09.png', NULL, NULL, '0', 1, NULL, 0, 0, 'true', 'false', NULL, NULL, NULL, NULL, NULL, 0, '2023-11-29 13:14:34', '2023-11-29 13:14:34');
INSERT INTO `news` (`id`, `team_id`, `title`, `headline`, `text`, `author`, `priority`, `publication_date_from`, `publication_date_to`, `imageUrls`, `attachment`, `tags`, `audience`, `approved_status`, `approved_by`, `is_read`, `guests`, `show_guest_list`, `is_highlighted`, `updated_record`, `update_image_url`, `update_approved_status`, `deny_reason`, `deny_by_id`, `is_image_converted`, `updated_at`, `created_at`) VALUES
(86, '141', 'orem ipsum dolor ', '<span>Lorem ipsum dolor sit amet. 33 deserunt harum non inventore impedit est eaque recusandae et repudiandae aliquid. Ea voluptates obcaecati aut officia error et minima optio aut maiores impedit sit enim placeat ut alias autem qui distinctio optio. Qui facilis autem sed ipsam ipsam in odio galisum qui maxime dolores aut similique accusantium eos accusantium omnis qui rerum ipsum. Ut voluptatem tempore 33 sunt corrupti ut ipsam iusto.</span>', '<span>Lorem ipsum dolor sit amet. 33 deserunt harum non inventore impedit est eaque recusandae et repudiandae aliquid. Ea voluptates obcaecati aut officia error et minima optio aut maiores impedit sit enim placeat ut alias autem qui distinctio optio. Qui facilis autem sed ipsam ipsam in odio galisum qui maxime dolores aut similique accusantium eos accusantium omnis qui rerum ipsum. Ut voluptatem tempore 33 sunt corrupti ut ipsam iusto.</span>', '8', 1, '2023-11-29T14:00:30.044Z', '2023-11-29T14:00:30.044Z', 'https://minio.staging.verein.cloud/tineon/Leipzig/2023/November/Documents/Bildschirm%C2%ADfoto%202023-03-18%20um%2009.39.16.png', 'null', 'null', '0', 1, 1, 1, 0, 'true', 'false', '{\"file\":\"[BLOB]\",\"team_id\":\"141\",\"title\":\"orem ipsum dolor  upd\",\"headline\":\"<span>Lorem ipsum dolor sit amet. 33 deserunt harum non inventore impedit est eaque recusandae et repudiandae aliquid. Ea voluptates obcaecati aut officia error et minima optio aut maiores impedit sit enim placeat ut alias autem qui distinctio optio. Qui facilis autem sed ipsam ipsam in odio galisum qui maxime dolores aut similique accusantium eos accusantium omnis qui rerum ipsum. Ut voluptatem tempore 33 sunt corrupti ut ipsam iusto.</span>\",\"text\":\"<span>Lorem ipsum dolor sit amet. 33 deserunt harum non inventore impedit est eaque recusandae et repudiandae aliquid. Ea voluptates obcaecati aut officia error et minima optio aut maiores impedit sit enim placeat ut alias autem qui distinctio optio. Qui facilis autem sed ipsam ipsam in odio galisum qui maxime dolores aut similique accusantium eos accusantium omnis qui rerum ipsum. Ut voluptatem tempore 33 sunt corrupti ut ipsam iusto.</span>\",\"author\":\"8\",\"priority\":\"1\",\"attachment\":\"null\",\"tags\":\"null\",\"audience\":\"0\",\"approved_statud\":\"1\",\"show_guest_list\":\"true\",\"highlighted\":\"false\",\"publication_date_to\":\"2023-11-29T14:01:20.787Z\",\"publication_date_from\":\"2023-11-29T14:01:20.787Z\",\"news_tags\":\"[\\\"addday\\\",\\\"newsTag\\\"]\",\"newImage\":\"[BLOB]\"}', NULL, NULL, NULL, NULL, 0, '2023-11-29 14:01:20', '2023-11-29 14:00:14');
INSERT INTO `news` (`id`, `team_id`, `title`, `headline`, `text`, `author`, `priority`, `publication_date_from`, `publication_date_to`, `imageUrls`, `attachment`, `tags`, `audience`, `approved_status`, `approved_by`, `is_read`, `guests`, `show_guest_list`, `is_highlighted`, `updated_record`, `update_image_url`, `update_approved_status`, `deny_reason`, `deny_by_id`, `is_image_converted`, `updated_at`, `created_at`) VALUES
(87, '141', 'COP28 President Al Jaber denies allegations ', '<span>Lorem ipsum dolor sit amet. Non asperiores obcaecati et rerum culpa ut galisum totam sit quas excepturi At consectetur distinctio sit quia ipsam. Qui ipsa Quis et sint rerum et itaque corporis qui dolorem fugit non laudantium officiis eos quia magni id alias quidem. Id incidunt necessitatibus qui rerum itaque qui tempore fuga est temporibus dicta.</span>', '<span>Lorem ipsum dolor sit amet. Non asperiores obcaecati et rerum culpa ut galisum totam sit quas excepturi At consectetur distinctio sit quia ipsam. Qui ipsa Quis et sint rerum et itaque corporis qui dolorem fugit non laudantium officiis eos quia magni id alias quidem. Id incidunt necessitatibus qui rerum itaque qui tempore fuga est temporibus dicta.</span>', '8', 1, '2023-11-30T04:31:58.520Z', '2023-11-30T04:31:58.520Z', 'https://minio.staging.verein.cloud/tineon/Leipzig/2023/November/Images/July-2023-225x290.webp', 'null', 'null', '0', 1, 1, 0, 0, 'true', 'true', NULL, 'https://minio.staging.verein.cloud/tineon/Leipzig/2023/November/Images/July-2023-225x290.webp', 1, NULL, NULL, 0, '2024-01-11 07:47:33', '2023-11-30 04:23:52'),
(89, '141', 'Fernsehabend im Vereinsheim', '<span>Lorem ipsum dolor sit amet. Et asperiores asperiores et asperiores reprehenderit ut deleniti tenetur aut temporibus exercitationem aut neque doloribus hic odio doloribus. Qui labore ipsam et corrupti quia non totam beatae aut aperiam reiciendis qui perspiciatis voluptas qui quibusdam dolorum. Quo tempora harum est earum velit est repellat quaerat ut illo quas non officia ipsa.</span>', '<span>Lorem ipsum dolor sit amet. Et asperiores asperiores et asperiores reprehenderit ut deleniti tenetur aut temporibus exercitationem aut neque doloribus hic odio doloribus. Qui labore ipsam et corrupti quia non totam beatae aut aperiam reiciendis qui perspiciatis voluptas qui quibusdam dolorum. Quo tempora harum est earum velit est repellat quaerat ut illo quas non officia ipsa.</span>', '1', 1, '2023-12-28T06:00:53.488Z', '2023-12-28T06:00:53.488Z', 'https://minio.staging.verein.cloud/tineon/Leipzig/2023/December/Images/2308_VC_News_Sportheim_1.jpg', 'null', 'null', '0', 1, NULL, 0, 0, 'false', 'false', NULL, NULL, NULL, NULL, NULL, 0, '2023-12-28 06:00:54', '2023-11-30 07:43:52'),
(90, '141', 'Unemployment rate in urban areas has come down: survey', '<p>Lorem ipsum dolor sit amet. Qui alias illo aut sunt sapiente est quia corrupti vel deleniti similique. Et quia aperiam ex quia facilis sed reprehenderit quae ut fuga modi eum voluptas eveniet.</p><p><br></p>', '<p>Lorem ipsum dolor sit amet. Qui alias illo aut sunt sapiente est quia corrupti vel deleniti similique. Et quia aperiam ex quia facilis sed reprehenderit quae ut fuga modi eum voluptas eveniet.</p><p><br></p>', '8', 1, '2023-11-30T07:52:23.112Z', '2023-11-30T07:52:23.112Z', 'https://minio.staging.verein.cloud/tineon/Leipzig/2023/November/Images/business-growth-1-280x170.webp', 'null', 'null', '3', 1, 1, 1, 0, 'false', 'true', NULL, NULL, NULL, NULL, NULL, 0, '2023-11-30 07:52:23', '2023-11-30 07:50:38'),
(107, '141', 'Dezember! Die Hallensaison beginnt', 'Dolore qui ea nihil .sdcfsd', 'Dolore qui ea nihil .sdcfsd', '1', 1, '2023-12-01T06:15:06.875Z', '2023-12-01T06:15:06.875Z', 'https://minio.staging.verein.cloud/tineon/Leipzig/2023/December/Images/2308_VC_News_Gruppe_Jugend_1.jpg', 'null', 'null', '3', 1, NULL, 0, 0, 'true', 'false', NULL, NULL, NULL, NULL, NULL, 0, '2023-12-12 12:38:56', '2023-12-01 05:21:18'),
(114, '141', 'Distinctio Et fugit', '<span>Lorem ipsum dolor sit amet,</span><p><span>&#160;consectetur adipi</span></p><p><span>scing elit. Sed </span><span class=\"hljs-keyword\">do</span><span> eiusmod tempor incididunt ut labore et dolore magna aliqua. Ut enim ad minim veniam, quis nostrud exercitation ullamco laboris n</span></p><p><span>isi ut aliquip ex ea commodo consequat. Duis a</span></p><p><span><br></span></p><p><span>ute irure dolor </span><span class=\"hljs-keyword\">in</span><span> reprehenderit </span><span class=\"hljs-keyword\">in</span><span> voluptate velit esse cillum dolore eu fugia</span></p><p><span>t nulla pariatur. Excepteur sint occaecat cupidatat non proident, sunt </span><span class=\"hljs-keyword\">in</span><span> culpa qui officia deserunt mollit anim </span><span class=\"hljs-built_in\">id</span><span> est laborum.</span><br></p><p></p><p></p>', '<span>Lorem ipsum dolor sit amet,</span><p><span>&#160;consectetur adipi</span></p><p><span>scing elit. Sed </span><span class=\"hljs-keyword\">do</span><span> eiusmod tempor incididunt ut labore et dolore magna aliqua. Ut enim ad minim veniam, quis nostrud exercitation ullamco laboris n</span></p><p><span>isi ut aliquip ex ea commodo consequat. Duis a</span></p><p><span><br></span></p><p><span>ute irure dolor </span><span class=\"hljs-keyword\">in</span><span> reprehenderit </span><span class=\"hljs-keyword\">in</span><span> voluptate velit esse cillum dolore eu fugia</span></p><p><span>t nulla pariatur. Excepteur sint occaecat cupidatat non proident, sunt </span><span class=\"hljs-keyword\">in</span><span> culpa qui officia deserunt mollit anim </span><span class=\"hljs-built_in\">id</span><span> est laborum.</span><br></p><p></p><p></p>', '1', 1, '2024-01-12T12:34:20.314Z', '2024-01-12T12:34:20.314Z', 'https://minio.staging.verein.cloud/tineon/Leipzig/2023/December/Images/Screenshot_7.png', 'null', 'null', '2', 1, NULL, 0, 0, 'true', 'true', NULL, NULL, NULL, NULL, NULL, 0, '2024-01-12 12:34:20', '2023-12-02 05:36:13'),
(117, '141', 'Breaking news', 'The addresses of the buildings that would be demolished are at &#10;1950,1974,1984 and 1998 Shattuck Ave. and 2071 University Ave., &#10;according to the planning documents.', 'The addresses of the buildings that would be demolished are at &#10;1950,1974,1984 and 1998 Shattuck Ave. and 2071 University Ave., &#10;according to the planning documents.', '1', 1, '2023-12-12T12:33:13.859Z', '2023-12-12T12:33:13.859Z', 'https://minio.staging.verein.cloud/tineon/Leipzig/2023/December/Images/alexandre-pellaes-6vAjp0pscX0-unsplash.jpg', 'null', 'null', '2', 1, NULL, 0, 0, 'true', 'true', NULL, NULL, NULL, NULL, NULL, 0, '2023-12-12 12:33:14', '2023-12-05 19:04:15'),
(118, '141', 'Optimising volunteer engagement', '<span>Lorem ipsum dolor sit amet. Qui libero voluptates et error officiis ut iure corrupti et harum voluptates ex libero eligendi ut delectus consequatur!&#160;</span>', '<span>Lorem ipsum dolor sit amet. Qui libero voluptates et error officiis ut iure corrupti et harum voluptates ex libero eligendi ut delectus consequatur!&#160;</span>', '1', 1, '2023-12-13T10:38:40.386Z', '2023-12-13T10:38:40.386Z', 'https://minio.staging.verein.cloud/tineon/Leipzig/2023/December/Images/AdobeStock_251787228_Preview.jpeg', 'null', 'null', '2', 1, NULL, 0, 0, 'false', 'true', NULL, NULL, NULL, NULL, NULL, 0, '2023-12-13 10:38:44', '2023-12-13 10:38:44'),
(119, '141', '“Scale is a question of execution, not vision” ', '<span>Lorem ipsum dolor sit amet. Qui libero voluptates et error officiis ut iure corrupti et harum voluptates ex libero eligendi ut delectus consequatur!&#160;</span>', '<span>Lorem ipsum dolor sit amet. Qui libero voluptates et error officiis ut iure corrupti et harum voluptates ex libero eligendi ut delectus consequatur!&#160;</span>', '1', 1, '2023-12-13T10:39:18.126Z', '2023-12-13T10:39:18.126Z', 'https://minio.staging.verein.cloud/tineon/Leipzig/2023/December/Images/Tennis.jpeg', 'null', 'null', '3', 1, NULL, 0, 0, 'false', 'false', NULL, NULL, NULL, NULL, NULL, 0, '2023-12-13 10:39:21', '2023-12-13 10:39:21'),
(125, '141', 'scrambled', 'Lorem is simply dummy text of the printing and typesetting industry. Lorem Ipsum has been the industry\'s standard dummy text ever since the 1500s, when an unknown printer took a galley of type and scrambled it to make a type specimen book. It has survived not only five centuries, but also the leap into electronic typesetting, remaining essentially unchanged. It was popularised in the 1960s with the release of Letraset sheets containing Lorem Ipsum passages, and more recently with desktop publishing software like Aldus PageMaker including versions of Lorem Ipsum', 'Lorem is simply dummy text of the printing and typesetting industry. Lorem Ipsum has been the industry\'s standard dummy text ever since the 1500s, when an unknown printer took a galley of type and scrambled it to make a type specimen book. It has survived not only five centuries, but also the leap into electronic typesetting, remaining essentially unchanged. It was popularised in the 1960s with the release of Letraset sheets containing Lorem Ipsum passages, and more recently with desktop publishing software like Aldus PageMaker including versions of Lorem Ipsum', '1', 1, '2024-02-01T06:32:26.473Z', '2024-02-01T06:32:26.473Z', 'https://minio.staging.verein.cloud/tineon/Leipzig/2023/December/Documents/Bildschirm%C2%ADfoto%202023-03-18%20um%2009.38.40.png', 'null', 'null', '0', 1, NULL, 0, 0, 'true', 'true', NULL, NULL, NULL, NULL, NULL, 0, '2024-02-01 06:32:26', '2023-12-28 04:42:33'),
(127, '141', 'obligations', '<span>On the other hand, we denounce with righteous indignation and dislike men who are so beguiled and demoralized by the charms of pleasure of the moment, so blinded by desire, that they cannot foresee the pain and trouble that are bound to ensue; and equal blame belongs to those who fail in their duty through weakness of will, which is the same as saying through shrinking from toil and pain. These cases are perfectly simple and easy to distinguish. In&#160;</span>', '<span>On the other hand, we denounce with righteous indignation and dislike men who are so beguiled and demoralized by the charms of pleasure of the moment, so blinded by desire, that they cannot foresee the pain and trouble that are bound to ensue; and equal blame belongs to those who fail in their duty through weakness of will, which is the same as saying through shrinking from toil and pain. These cases are perfectly simple and easy to distinguish. In&#160;</span>', '8', 1, '2023-12-28T09:53:42.903Z', '2023-12-28T09:53:42.903Z', 'https://minio.staging.verein.cloud/tineon/Leipzig/2023/December/Documents/Bildschirm%C2%ADfoto%202023-03-18%20um%2009.39.09.png', 'null', 'null', '0', 0, NULL, 0, 0, 'true', 'true', NULL, NULL, NULL, NULL, NULL, 0, '2023-12-28 09:53:47', '2023-12-28 09:53:47'),
(128, '141', 'claims', '<span>ccaecati cupiditate non provident, similique sunt in culpa qui officia deserunt mollitia animi, id est laborum et dolorum fuga. Et harum quidem rerum facilis est et expedita distinctio. Nam libero tempore, cum soluta nobis est eligendi optio cumque nihil impedit quo minus id quod maxime placeat facere possimus, omnis voluptas assumenda est, omnis dolor repellendus. Temporibus autem quibusdam et aut officiis debitis aut rerum necessitatibus sae</span>', '<span>ccaecati cupiditate non provident, similique sunt in culpa qui officia deserunt mollitia animi, id est laborum et dolorum fuga. Et harum quidem rerum facilis est et expedita distinctio. Nam libero tempore, cum soluta nobis est eligendi optio cumque nihil impedit quo minus id quod maxime placeat facere possimus, omnis voluptas assumenda est, omnis dolor repellendus. Temporibus autem quibusdam et aut officiis debitis aut rerum necessitatibus sae</span>', '8', 1, '2023-12-28T09:55:21.137Z', '2023-12-28T09:55:21.137Z', 'https://minio.staging.verein.cloud/tineon/Leipzig/2023/December/Images/coffee_table_cup_119666_1024x768.jpg', 'null', 'null', '3', 1, 1, 1, 0, 'true', 'true', NULL, NULL, NULL, NULL, NULL, 0, '2024-01-11 08:21:15', '2023-12-28 09:55:24'),
(129, '141', '28-1', 'fgasdfadfadf', 'fgasdfadfadf', '8', 1, '2023-12-28T09:55:55.708Z', '2023-12-28T09:55:55.708Z', 'https://minio.staging.verein.cloud/tineon/Leipzig/2023/December/Documents/Bildschirm%C2%ADfoto%202023-03-18%20um%2009.38.48.png', 'null', 'null', '0', 1, 1, 1, 0, 'false', 'false', NULL, NULL, NULL, NULL, NULL, 0, '2024-01-11 08:29:41', '2023-12-28 09:55:59'),
(130, '141', '28-2', '<font face=\"Gellix\" size=\"2\">adfadsfasdfads</font>', '<font face=\"Gellix\" size=\"2\">adfadsfasdfads</font>', '8', 1, '2023-12-28T09:56:49.583Z', '2023-12-28T09:56:49.583Z', 'https://minio.staging.verein.cloud/tineon/Leipzig/2023/December/Documents/Bildschirm%C2%ADfoto%202023-03-18%20um%2009.39.09.png', 'null', 'null', '2', 1, 1, 1, 0, 'false', 'false', NULL, NULL, NULL, NULL, NULL, 0, '2024-01-11 07:47:05', '2023-12-28 09:56:53'),
(131, '141', '28-3', '<font face=\"Gellix\" size=\"2\">adfadfa</font>', '<font face=\"Gellix\" size=\"2\">adfadfa</font>', '8', 1, '2024-01-11T12:33:02.420Z', '2024-01-11T12:33:02.420Z', 'https://minio.staging.verein.cloud/tineon/Leipzig/2023/December/Images/coffee_table_cup_119666_1024x768.jpg', 'null', 'null', '2', 1, 1, 1, 0, 'false', 'false', NULL, NULL, NULL, NULL, NULL, 0, '2024-01-11 12:33:02', '2023-12-28 09:57:30'),
(134, '141', 'News112', '<span>Lorem ipsum dolor sit amet. Id autem nihil et omnis architecto et voluptate dignissimos eos architecto accusamus nam quia iure ut accusantium voluptates. Aut error odio ut voluptatem dolorem et earum ratione qui vero nesciunt est quis voluptatem aut officiis temporibus. A beatae galisum in corporis quisquam non laboriosam esse.</span><br>', '<span>Lorem ipsum dolor sit amet. Id autem nihil et omnis architecto et voluptate dignissimos eos architecto accusamus nam quia iure ut accusantium voluptates. Aut error odio ut voluptatem dolorem et earum ratione qui vero nesciunt est quis voluptatem aut officiis temporibus. A beatae galisum in corporis quisquam non laboriosam esse.</span><br>', '1', 1, '2024-01-10T11:07:07.841Z', '2024-01-10T11:07:07.841Z', 'https://minio.staging.verein.cloud/tineon/Leipzig/2024/January/Images/IMG_2258.png', 'null', 'null', '2', 1, NULL, 0, 0, 'true', 'true', NULL, NULL, NULL, NULL, NULL, 0, '2024-01-10 11:07:08', '2024-01-05 09:28:26'),
(136, '141', '35t Enquirer', '<span>Lorem ipsum dolor sit amet. Aut velit suscipit id repellat fugiat sit iure pariatur est facilis distinctio! Ut sint reprehenderit ad voluptas tempore et beatae tempore eos error enim sit dolorem sint est animi repellendus?</span>', '<span>Lorem ipsum dolor sit amet. Aut velit suscipit id repellat fugiat sit iure pariatur est facilis distinctio! Ut sint reprehenderit ad voluptas tempore et beatae tempore eos error enim sit dolorem sint est animi repellendus?</span>', '1', 1, '2024-05-17T18:00:59.491Z', '2024-05-17T18:00:59.491Z', 'https://minio.staging.verein.cloud/tineon/Leipzig/2024/January/Documents/Bildschirm%C2%ADfoto%202023-03-18%20um%2009.39.01.png', NULL, 'enquries', '2', 1, NULL, 0, 0, 'true', 'false', NULL, NULL, NULL, NULL, NULL, 0, '2024-05-17 18:01:00', '2024-01-09 05:12:54'),
(138, '141', 'The road to recovery', '<span>Lorem ipsum dolor sit amet. Qui quam itaque in neque deleniti ad sapiente molestiae non repellat voluptatem. Vel saepe necessitatibus est dolores debitis ab consequuntur voluptas est minima sint At voluptatem quam&#160;</span>', '<span>Lorem ipsum dolor sit amet. Qui quam itaque in neque deleniti ad sapiente molestiae non repellat voluptatem. Vel saepe necessitatibus est dolores debitis ab consequuntur voluptas est minima sint At voluptatem quam&#160;</span>', '1', 1, '2024-01-09T05:17:38.648Z', '2024-01-09T05:17:38.648Z', 'https://minio.staging.verein.cloud/tineon/Leipzig/2024/January/Documents/Bildschirm%C2%ADfoto%202023-03-18%20um%2009.38.20.png', 'null', 'null', '2', 1, NULL, 0, 0, 'false', 'false', NULL, NULL, NULL, NULL, NULL, 0, '2024-01-09 05:17:42', '2024-01-09 05:17:42'),
(139, '141', 'Extra! Clash!', '<span>Lorem ipsum dolor sit amet. Ex nihil architecto ad magnam adipisci qui alias voluptates ut eveniet pariatur sit tempore architecto id ullam corporis rem tempore suscipit. Aut galisum quia non sunt nulla ut unde enim aut omnis odio.</span>', '<span>Lorem ipsum dolor sit amet. Ex nihil architecto ad magnam adipisci qui alias voluptates ut eveniet pariatur sit tempore architecto id ullam corporis rem tempore suscipit. Aut galisum quia non sunt nulla ut unde enim aut omnis odio.</span>', '1', 1, '2024-01-09T05:23:51.964Z', '2024-01-09T05:23:51.964Z', 'https://minio.staging.verein.cloud/tineon/Leipzig/2024/January/Documents/Bildschirm%C2%ADfoto%202023-03-18%20um%2009.40.01.png', 'null', 'null', '2', 1, NULL, 0, 0, 'false', 'true', NULL, NULL, NULL, NULL, NULL, 0, '2024-01-09 05:23:52', '2024-01-09 05:22:24'),
(140, '141', 'Today\'s best in Stock Market', '<span>Lorem ipsum dolor sit amet. Et animi molestias sed recusandae tempora ut beatae quam ut eaque exercitationem nam corrupti harum et debitis quia? Et sint dolorem ea autem soluta eum excepturi tempore.</span>', '<span>Lorem ipsum dolor sit amet. Et animi molestias sed recusandae tempora ut beatae quam ut eaque exercitationem nam corrupti harum et debitis quia? Et sint dolorem ea autem soluta eum excepturi tempore.</span>', '1', 1, '2024-01-15T06:13:54.944Z', '2024-01-15T06:13:54.944Z', 'https://minio.staging.verein.cloud/tineon/Leipzig/2024/January/Documents/Bildschirm%C2%ADfoto%202023-03-18%20um%2009.38.30.png', 'null', 'null', '2', 1, NULL, 0, 0, 'false', 'true', NULL, NULL, NULL, NULL, NULL, 0, '2024-01-15 06:13:55', '2024-01-09 05:25:03'),
(141, '141', 'News Facts', '<span>Lorem ipsum dolor sit amet. Nam debitis alias ea distinctio omnis et error sunt non quam soluta eum nihil ipsa sed amet quia sed dolor quod! Qui dignissimos possimus in molestias magnam ut atque facilis est repellendus officiis et blanditiis ipsa rem error adipisci et quia enim! Ut velit earum sed ipsum numquam ea excepturi nesciunt sed quidem dolorum eos libero nesciunt!</span>', '<span>Lorem ipsum dolor sit amet. Nam debitis alias ea distinctio omnis et error sunt non quam soluta eum nihil ipsa sed amet quia sed dolor quod! Qui dignissimos possimus in molestias magnam ut atque facilis est repellendus officiis et blanditiis ipsa rem error adipisci et quia enim! Ut velit earum sed ipsum numquam ea excepturi nesciunt sed quidem dolorum eos libero nesciunt!</span>', '1', 1, '2024-01-15T06:13:45.329Z', '2024-01-15T06:13:45.329Z', 'https://minio.staging.verein.cloud/tineon/Leipzig/2024/January/Images/AdobeStock_251787228_Preview.jpeg', 'null', 'null', '2', 1, NULL, 0, 0, 'false', 'true', NULL, NULL, NULL, NULL, NULL, 0, '2024-01-15 06:13:45', '2024-01-09 05:27:08'),
(142, '141', 'news01', '<font size=\"2\" face=\"Gellix\">this for testing</font>', '<font size=\"2\" face=\"Gellix\">this for testing</font>', '1', 1, '2024-01-12T12:34:35.694Z', '2024-01-12T12:34:35.694Z', 'https://minio.staging.verein.cloud/tineon/Leipzig/2024/January/Documents/Bildschirm%C2%ADfoto%202023-03-18%20um%2009.38.20.png', 'null', 'null', '0', 1, NULL, 0, 0, 'true', 'true', NULL, NULL, NULL, NULL, NULL, 0, '2024-01-12 12:34:40', '2024-01-09 08:40:40'),
(144, '141', 'lorem', '<p>Lorem ipsum dolor sit amet. Sit soluta accusantium ut repellat optio in quae maxime sed quam blanditiis non dolorem maiores ut delectus voluptate ea illum maiores! Id quibusdam quisquam et sunt molestiae aut nisi maxime qui quas aliquid id omnis molestias. Vel maiores debitis est quia blanditiis eos accusantium ipsum At laboriosam maiores id veniam obcaecati? 33 omnis exercitationem id quia consequatur et temporibus fuga?</p><p>Cum magni aspernatur et neque saepe aut sapiente provident cum possimus expedita ex alias corrupti. Sed voluptatem pariatur ut suscipit officia ut internos omnis hic dicta dolores qui modi molestiae aut reprehenderit sunt eos minus voluptatem. Sed distinctio aliquam eos quam commodi non dolorem autem eum voluptatum dolores et sint debitis ea impedit Quis quo fugiat minima. Qui expedita quibusdam et tempora harum eos aspernatur nisi sit asperiores dolores et beatae incidunt nam veritatis accusantium ea quasi iusto.</p><p>Aut earum molestiae ut consequatur atque sit autem magni est rerum consequatur sed ipsam commodi. Et minus fugit vel quae voluptas ut quia dolore aut illum ducimus aut atque recusandae. Ut tenetur rerum est vitae aliquam ut reiciendis voluptatum qui fugit beatae sit nobis nisi. Sed quae fugit et voluptatibus tempora qui tempore beatae aut expedita voluptas non sunt aliquid eos doloremque quis ut illum doloribus.</p>', '<p>Lorem ipsum dolor sit amet. Sit soluta accusantium ut repellat optio in quae maxime sed quam blanditiis non dolorem maiores ut delectus voluptate ea illum maiores! Id quibusdam quisquam et sunt molestiae aut nisi maxime qui quas aliquid id omnis molestias. Vel maiores debitis est quia blanditiis eos accusantium ipsum At laboriosam maiores id veniam obcaecati? 33 omnis exercitationem id quia consequatur et temporibus fuga?</p><p>Cum magni aspernatur et neque saepe aut sapiente provident cum possimus expedita ex alias corrupti. Sed voluptatem pariatur ut suscipit officia ut internos omnis hic dicta dolores qui modi molestiae aut reprehenderit sunt eos minus voluptatem. Sed distinctio aliquam eos quam commodi non dolorem autem eum voluptatum dolores et sint debitis ea impedit Quis quo fugiat minima. Qui expedita quibusdam et tempora harum eos aspernatur nisi sit asperiores dolores et beatae incidunt nam veritatis accusantium ea quasi iusto.</p><p>Aut earum molestiae ut consequatur atque sit autem magni est rerum consequatur sed ipsam commodi. Et minus fugit vel quae voluptas ut quia dolore aut illum ducimus aut atque recusandae. Ut tenetur rerum est vitae aliquam ut reiciendis voluptatum qui fugit beatae sit nobis nisi. Sed quae fugit et voluptatibus tempora qui tempore beatae aut expedita voluptas non sunt aliquid eos doloremque quis ut illum doloribus.</p>', '1', 1, '2024-01-16T08:36:47.944Z', '2024-01-16T08:36:47.944Z', 'https://minio.staging.verein.cloud/tineon/Leipzig/2024/January/Images/tennis-damen.jpeg', 'null', 'null', '2', 1, NULL, 0, 0, 'false', 'true', NULL, NULL, NULL, NULL, NULL, 0, '2024-01-16 08:36:47', '2024-01-12 06:30:12'),
(146, '2830', 'Not a Lorem Ipsum whatsoever', '<span>In soluta quia et molestiae animi nam laboriosam obcaecati et reprehenderit delectus et necessitatibus quaerat ex rerum possimus. Et aliquam commodi et laudantium galisum non corrupti unde.</span>', '<span>In soluta quia et molestiae animi nam laboriosam obcaecati et reprehenderit delectus et necessitatibus quaerat ex rerum possimus. Et aliquam commodi et laudantium galisum non corrupti unde.</span>', '19', 1, '2024-01-12T07:58:16.486Z', '2024-01-12T07:58:16.486Z', 'https://minio.staging.verein.cloud/tineon/Leipzig/2024/January/Images/Bogenschie%C3%9Fen.jpeg', 'null', 'null', '0', 1, NULL, 0, 0, 'false', 'false', NULL, NULL, NULL, NULL, NULL, 0, '2024-01-12 07:58:20', '2024-01-12 07:58:20'),
(147, '2830', '. Excepteur sint occae', 'Lorem ipsum dolor sit amet, consectetur adipiscing elit, sed do eiusmod &#10;tempor incididunt ut labore et dolore magna aliqua. Ut enim ad minim &#10;veniam, quis nostrud exercitation ullamco laboris nisi ut aliquip ex ea &#10;commodo consequat. Duis aute irure dolor in reprehenderit in voluptate &#10;velit esse cillum dolore eu fugiat nulla pariatur. Excepteur sint &#10;occaecat cupidatat non proident, sunt in culpa qui officia deserunt &#10;mollit anim id est laborum.&#34;', 'Lorem ipsum dolor sit amet, consectetur adipiscing elit, sed do eiusmod &#10;tempor incididunt ut labore et dolore magna aliqua. Ut enim ad minim &#10;veniam, quis nostrud exercitation ullamco laboris nisi ut aliquip ex ea &#10;commodo consequat. Duis aute irure dolor in reprehenderit in voluptate &#10;velit esse cillum dolore eu fugiat nulla pariatur. Excepteur sint &#10;occaecat cupidatat non proident, sunt in culpa qui officia deserunt &#10;mollit anim id est laborum.&#34;', '19', 1, '2024-01-12T10:18:28.944Z', '2024-01-12T10:18:28.944Z', 'https://minio.staging.verein.cloud/tineon/Leipzig/2024/January/Documents/Bildschirm%C2%ADfoto%202023-03-18%20um%2009.38.13.png', 'null', 'null', '0', 1, NULL, 0, 0, 'false', 'false', NULL, NULL, NULL, NULL, NULL, 0, '2024-01-12 10:18:32', '2024-01-12 10:18:32'),
(149, '141', 'nim id est laborum.', 'Lorem ipsum dolor sit amet, consectetur adipiscing elit, sed do eiusmod &#10;tempor incididunt ut labore et dolore magna aliqua. Ut enim ad minim &#10;veniam, quis nostrud exercitation ullamco laboris nisi ut aliquip ex ea &#10;commodo consequat. Duis aute irure dolor in reprehenderit in voluptate &#10;velit esse cillum dolore eu fugiat nulla pariatur. Excepteur sint &#10;occaecat cupidatat non proident, sunt in culpa qui officia deserunt &#10;mollit a', 'Lorem ipsum dolor sit amet, consectetur adipiscing elit, sed do eiusmod &#10;tempor incididunt ut labore et dolore magna aliqua. Ut enim ad minim &#10;veniam, quis nostrud exercitation ullamco laboris nisi ut aliquip ex ea &#10;commodo consequat. Duis aute irure dolor in reprehenderit in voluptate &#10;velit esse cillum dolore eu fugiat nulla pariatur. Excepteur sint &#10;occaecat cupidatat non proident, sunt in culpa qui officia deserunt &#10;mollit a', '1', 1, '2024-01-22T13:21:48.521Z', '2024-01-22T13:21:48.521Z', 'https://minio.staging.verein.cloud/tineon/Leipzig/2024/January/Documents/Bildschirm%C2%ADfoto%202023-03-18%20um%2009.38.30.png', 'null', 'null', '2', 1, NULL, 0, 0, 'false', 'true', NULL, NULL, NULL, NULL, NULL, 0, '2024-01-22 13:21:48', '2024-01-16 06:02:40'),
(150, '141', 'Nostrud vel suscipit', 'Tempore, autem dolor.<font face=\"Gellix\" size=\"2\">&#160;&#160;</font>', 'Tempore, autem dolor.<font face=\"Gellix\" size=\"2\">&#160;&#160;</font>', '9', 1, '2024-01-25T04:54:26.746Z', '2024-01-25T04:54:26.746Z', 'https://minio.staging.verein.cloud/tineon/Leipzig/2024/January/Images/tennis-damen.jpeg', 'null', 'null', '0', 1, 1, 0, 0, 'false', 'false', NULL, NULL, NULL, NULL, NULL, 0, '2024-03-11 11:03:50', '2024-01-16 09:42:35'),
(154, '141', 'newsT', 'Lorem ipsum dolor sit amet, consectetur adipiscing elit, sed do eiusmod &#10;tempor incididunt ut labore et dolore magna aliqua. Ut enim ad minim &#10;veniam, quis nostrud exercitation ullamco laboris nisi ut aliquip ex ea &#10;commodo consequat. Duis aute irure dolor in reprehenderit in voluptate &#10;velit esse cillum dolore eu fugiat nulla pariatur. Excepteur sint &#10;occaecat cupidatat non proident, sunt in culpa qui officia deserunt &#10;mollit anim id est laborum.', 'Lorem ipsum dolor sit amet, consectetur adipiscing elit, sed do eiusmod &#10;tempor incididunt ut labore et dolore magna aliqua. Ut enim ad minim &#10;veniam, quis nostrud exercitation ullamco laboris nisi ut aliquip ex ea &#10;commodo consequat. Duis aute irure dolor in reprehenderit in voluptate &#10;velit esse cillum dolore eu fugiat nulla pariatur. Excepteur sint &#10;occaecat cupidatat non proident, sunt in culpa qui officia deserunt &#10;mollit anim id est laborum.', '6', 1, '2024-01-25T05:39:15.142Z', '2024-01-25T05:39:15.142Z', 'https://minio.staging.verein.cloud/tineon/Leipzig/2024/January/Images/Tennis.jpeg', 'null', 'null', '0', 1, 1, 0, 0, 'false', 'false', NULL, NULL, 1, NULL, NULL, 0, '2024-01-25 05:45:08', '2024-01-25 05:06:55'),
(155, '141', 'test mobilie news', 'ads<font face=\"Gellix\" size=\"2\">fadsfadfadfadf</font>', 'ads<font face=\"Gellix\" size=\"2\">fadsfadfadfadf</font>', '6', 1, '2024-01-25T13:01:44.979Z', '2024-01-25T13:01:44.979Z', 'https://minio.staging.verein.cloud/tineon/Leipzig/2024/January/Images/cherries_berries_basket_400566_1024x768.jpg', 'null', 'null', '0', 1, 1, 0, 0, 'true', 'false', NULL, NULL, NULL, NULL, NULL, 0, '2024-01-25 13:03:08', '2024-01-25 13:01:51'),
(156, '141', 'The World Daily', '<strong>Lorem Ipsum</strong><span>&#160;is simply dummy text of the printing and typesetting industry. Lorem Ipsum has been the industry\'s standard dummy text ever since the 1500s, when an unknown printer took a galley of type and scrambled it to make a type specimen book. It has survived not only five centuries, but also th</span>', '<strong>Lorem Ipsum</strong><span>&#160;is simply dummy text of the printing and typesetting industry. Lorem Ipsum has been the industry\'s standard dummy text ever since the 1500s, when an unknown printer took a galley of type and scrambled it to make a type specimen book. It has survived not only five centuries, but also th</span>', '6', 1, '2024-01-29T03:45:09.479Z', '2024-01-29T03:45:09.479Z', 'https://minio.staging.verein.cloud/tineon/Leipzig/2024/January/Images/bmw_m5_black_104943_1280x800.jpg', 'null', 'null', '0', 1, 1, 1, 0, 'true', 'false', NULL, NULL, NULL, NULL, NULL, 0, '2024-02-20 12:43:43', '2024-01-29 03:45:14'),
(158, '141', 'Not a Lorem Ipsum whatsoever, but your Lorem Ipsum!', '<p>With the&#160;<span>online text generator</span>&#160;you can process your personal&#160;<span>Lorem Ipsum</span>&#160;enriching it with html elements that define its structure, with the possibility to insert external links, but not only.</p><p>Now to compose a&#160;<span>text Lorem Ipsum</span>&#160;is much more fun!</p><p>In fact, inserting any fantasy text or a famous text, be it a poem, a speech, a literary passage, a song\'s text, etc., our text generator will provide the random extraction of terms and steps to compose your own exclusive Lorem Ipsum.</p><p>Be original, test your imagination... our Lorem Ipsum generator will amaze you. Try it now!&#160;<span>Copy and Paste!</span></p>', '<p>With the&#160;<span>online text generator</span>&#160;you can process your personal&#160;<span>Lorem Ipsum</span>&#160;enriching it with html elements that define its structure, with the possibility to insert external links, but not only.</p><p>Now to compose a&#160;<span>text Lorem Ipsum</span>&#160;is much more fun!</p><p>In fact, inserting any fantasy text or a famous text, be it a poem, a speech, a literary passage, a song\'s text, etc., our text generator will provide the random extraction of terms and steps to compose your own exclusive Lorem Ipsum.</p><p>Be original, test your imagination... our Lorem Ipsum generator will amaze you. Try it now!&#160;<span>Copy and Paste!</span></p>', '9', 1, '2024-01-29T10:12:33.647Z', '2024-01-29T10:12:33.647Z', 'https://minio.staging.verein.cloud/tineon/Leipzig/2024/January/Images/Bogenschie%C3%9Fen.jpeg', 'null', 'null', '0', 1, 1, 0, 0, 'true', 'false', NULL, NULL, NULL, NULL, NULL, 0, '2024-01-29 11:57:41', '2024-01-29 10:12:38'),
(159, '141', 'Id vero repudiandae', '<span>Id vero repudiandae aut cumque excepturi qui nihil accusamus aut libero fuga eum itaque laborum qui labore ipsa aut optio omnis. Ut soluta quia 33 itaque odio aut pariatur impedit in internos itaque. Qui voluptatem ducimus nam velit excepturi et cumque tempora aut adipisci maiores sit voluptatem distinctio vel dolorum consequatur 33 fugiat recusandae. Vel nobis numquam quo aliquid velit et aliquam vero et omnis Quis a ipsam perferendis et rerum esse?</span>', '<span>Id vero repudiandae aut cumque excepturi qui nihil accusamus aut libero fuga eum itaque laborum qui labore ipsa aut optio omnis. Ut soluta quia 33 itaque odio aut pariatur impedit in internos itaque. Qui voluptatem ducimus nam velit excepturi et cumque tempora aut adipisci maiores sit voluptatem distinctio vel dolorum consequatur 33 fugiat recusandae. Vel nobis numquam quo aliquid velit et aliquam vero et omnis Quis a ipsam perferendis et rerum esse?</span>', '9', 1, '2024-02-12T05:51:13.278Z', '2024-02-12T05:51:13.278Z', 'https://minio.staging.verein.cloud/tineon/Leipzig/2024/January/Images/Volleyball%20Ma%CC%88dels.jpeg', 'null', 'null', '0', 1, 1, 0, 0, 'true', 'false', NULL, NULL, NULL, NULL, NULL, 0, '2024-02-12 05:51:13', '2024-01-29 10:47:00'),
(160, '141', 'Eos Quis voluptatibus est', '<span>lorem<br></span>', '<span>lorem<br></span>', '9', 1, '2024-02-09T05:49:46.543Z', '2024-02-09T05:49:46.543Z', 'https://minio.staging.verein.cloud/tineon/Leipzig/2024/January/Images/Herren_Meister.jpeg', 'null', 'null', '0', 1, 1, 0, 0, 'true', 'false', NULL, NULL, NULL, NULL, NULL, 0, '2024-02-09 05:49:46', '2024-01-29 11:23:54'),
(162, '141', 'Similique impedit ea iste praesentium ', '<span>Qui voluptatem placeat ut dolor atque eos doloribus magni ut veniam delectus eos officia quasi ut blanditiis mollitia eum assumenda totam. In doloribus fuga ut atque libero et aspernatur minus ut quod maxime vel voluptatem quos! Aut esse omnis et molestiae temporibus et quis minima aut molestias voluptatibus. Aut rerum earum est illo eveniet ad similique impedit ea iste praesentium non culpa aliquam non consequatur vitae ea rerum quia.</span>', '<span>Qui voluptatem placeat ut dolor atque eos doloribus magni ut veniam delectus eos officia quasi ut blanditiis mollitia eum assumenda totam. In doloribus fuga ut atque libero et aspernatur minus ut quod maxime vel voluptatem quos! Aut esse omnis et molestiae temporibus et quis minima aut molestias voluptatibus. Aut rerum earum est illo eveniet ad similique impedit ea iste praesentium non culpa aliquam non consequatur vitae ea rerum quia.</span>', '9', 1, '2024-01-29T12:14:27.183Z', '2024-01-29T12:14:27.183Z', 'https://minio.staging.verein.cloud/tineon/Leipzig/2024/January/Images/Leichtathetik.jpeg', 'null', 'null', '0', 1, 1, 0, 0, 'false', 'true', NULL, NULL, NULL, NULL, NULL, 0, '2024-01-30 09:15:32', '2024-01-29 12:14:54'),
(164, '141', 'Lorem ipsum dolor sit amet', '<span><font size=\"2\" face=\"Gellix\">lorem<br></font></span>', '<span><font size=\"2\" face=\"Gellix\">lorem<br></font></span>', '9', 1, '2024-02-09T08:26:20.514Z', '2024-02-09T08:26:20.514Z', 'https://minio.staging.verein.cloud/tineon/Leipzig/2024/January/Documents/Bildschirm%C2%ADfoto%202023-03-18%20um%2009.39.46.png', 'null', 'null', '0', 1, 1, 0, 0, 'false', 'false', NULL, NULL, NULL, NULL, NULL, 0, '2024-02-09 08:26:20', '2024-01-30 09:14:01'),
(165, '141', 'Sed harum laudantium nam', '<span><br></span>', '<span><br></span>', '9', 1, '2024-02-09T08:51:01.088Z', '2024-02-09T08:51:01.088Z', 'https://minio.staging.verein.cloud/tineon/Leipzig/2024/January/Images/tennis-damen.jpeg', 'null', 'null', '0', 1, 1, 0, 0, 'true', 'false', NULL, NULL, NULL, NULL, NULL, 0, '2024-02-09 08:51:01', '2024-01-30 09:17:00'),
(166, '141', 'Aut perferendis doloribus sed ', '<p>Lorem ipsum dolor sit amet. Eos distinctio odio sed internos impedit quo exercitationem voluptatem et obcaecati similique eum atque labore. Sed ipsum sapiente et repellat commodi a corrupti voluptas ut modi dolor quo omnis totam non ratione earum. Et quos nihil aut officiis voluptas eum deleniti quae! Quo nisi nihil aut porro suscipit et minima libero non nihil sunt.</p><p>Aut perferendis doloribus sed sunt enim vel nihil eveniet et culpa minima sit eveniet facere. Et odio voluptatem aut voluptatem dolorem aut nisi consequatur sit nihil distinctio id ipsum dolorem sed perferendis dolores.</p>', '<p>Lorem ipsum dolor sit amet. Eos distinctio odio sed internos impedit quo exercitationem voluptatem et obcaecati similique eum atque labore. Sed ipsum sapiente et repellat commodi a corrupti voluptas ut modi dolor quo omnis totam non ratione earum. Et quos nihil aut officiis voluptas eum deleniti quae! Quo nisi nihil aut porro suscipit et minima libero non nihil sunt.</p><p>Aut perferendis doloribus sed sunt enim vel nihil eveniet et culpa minima sit eveniet facere. Et odio voluptatem aut voluptatem dolorem aut nisi consequatur sit nihil distinctio id ipsum dolorem sed perferendis dolores.</p>', '9', 1, '2024-01-30T10:04:47.307Z', '2024-01-30T10:04:47.307Z', 'https://minio.staging.verein.cloud/tineon/Leipzig/2024/January/Images/Volleyball%20Ma%CC%88dels.jpeg', 'null', 'null', '0', 1, 1, 0, 0, 'true', 'false', NULL, NULL, NULL, NULL, NULL, 0, '2024-03-07 09:58:21', '2024-01-30 10:04:51'),
(167, '3246', 'NewsQA', 'Lorem ipsum dolor sit amet, consectetur adipiscing elit, sed do eiusmod &#10;tempor incididunt ut labore et dolore magna aliqua. Ut enim ad minim &#10;veniam, quis nostrud exercitation ullamco laboris nisi ut aliquip ex ea &#10;commodo consequat. Duis aute irure dolor in reprehenderit in voluptate &#10;velit esse cillum dolore eu fugiat nulla pariatur. Excepteur sint &#10;occaecat cupidatat non proident, sunt in culpa qui officia deserunt &#10;mollit anim id est laborum.', 'Lorem ipsum dolor sit amet, consectetur adipiscing elit, sed do eiusmod &#10;tempor incididunt ut labore et dolore magna aliqua. Ut enim ad minim &#10;veniam, quis nostrud exercitation ullamco laboris nisi ut aliquip ex ea &#10;commodo consequat. Duis aute irure dolor in reprehenderit in voluptate &#10;velit esse cillum dolore eu fugiat nulla pariatur. Excepteur sint &#10;occaecat cupidatat non proident, sunt in culpa qui officia deserunt &#10;mollit anim id est laborum.', '48', 1, '2024-02-02T08:38:07.707Z', '2024-02-02T08:38:07.707Z', 'https://minio.staging.verein.cloud/tineon/Leipzig/2024/February/Images/Bogenschie%C3%9Fen.jpeg', 'null', 'null', '0', 1, NULL, 0, 0, 'false', 'false', NULL, NULL, NULL, NULL, NULL, 0, '2024-02-02 08:38:07', '2024-02-02 08:37:53'),
(168, '141', 'Eos galisum earum', '<span>Lorem ipsum dolor sit amet. Eos galisum earum ex exercitationem galisum ea quia quibusdam ut voluptatem eligendi et quibusdam maiores est sint minus? Quo vero enim et fugiat laboriosam aut voluptatibus adipisci.&#160;</span>', '<span>Lorem ipsum dolor sit amet. Eos galisum earum ex exercitationem galisum ea quia quibusdam ut voluptatem eligendi et quibusdam maiores est sint minus? Quo vero enim et fugiat laboriosam aut voluptatibus adipisci.&#160;</span>', '8', 1, '2024-02-12T08:55:55.699Z', '2024-02-12T08:55:55.699Z', 'https://minio.staging.verein.cloud/tineon/Leipzig/2024/February/Images/AdobeStock_251787228_Preview.jpeg', 'null', 'null', '0', 1, 1, 1, 0, 'false', 'true', NULL, NULL, NULL, NULL, NULL, 0, '2024-03-08 12:19:24', '2024-02-12 08:56:02'),
(174, '141', 'Test news 13 Feb 2024', 'this is <font face=\"Gellix\" size=\"2\">for testing</font>', 'this is <font face=\"Gellix\" size=\"2\">for testing</font>', '9', 1, '2024-02-13T13:58:59.546Z', '2024-02-13T13:58:59.546Z', 'https://minio.staging.verein.cloud/tineon/Leipzig/2024/February/Images/Volleyball%20Ma%CC%88dels.jpeg', 'null', 'null', '0', 1, 1, 0, 0, 'false', 'false', NULL, NULL, NULL, NULL, NULL, 0, '2024-03-07 09:58:37', '2024-02-13 13:59:06'),
(177, '141', 'Eum quas', 'Lorem ipsum dolor sit amet. Eum quas omnis ut molestias deleniti sit &#10;illum modi eum reprehenderit autem eum internos sunt et doloribus &#10;consequatur.', 'Lorem ipsum dolor sit amet. Eum quas omnis ut molestias deleniti sit &#10;illum modi eum reprehenderit autem eum internos sunt et doloribus &#10;consequatur.', '6', 1, '2024-02-14T10:49:06.507Z', '2024-02-14T10:49:06.507Z', 'https://minio.staging.verein.cloud/tineon/Leipzig/2024/February/Documents/Bildschirm%C2%ADfoto%202023-03-18%20um%2009.38.48.png', 'null', 'null', '0', 0, NULL, 0, 0, 'false', 'false', NULL, NULL, NULL, 'this is for admin deny', 1, 0, '2024-04-16 09:30:47', '2024-02-14 10:49:13'),
(178, '141', 'Qui nulla ', '<span>Lorem ipsum dolor sit amet. Eum aperiam veritatis ut deleniti amet sed omnis pariatur et consequatur nihil et omnis accusamus. Qui nulla&#160;</span>', '<span>Lorem ipsum dolor sit amet. Eum aperiam veritatis ut deleniti amet sed omnis pariatur et consequatur nihil et omnis accusamus. Qui nulla&#160;</span>', '9', 1, '2024-02-14T12:51:51.153Z', '2024-02-14T12:51:51.153Z', 'https://minio.staging.verein.cloud/tineon/Leipzig/2024/February/Documents/Bildschirm%C2%ADfoto%202023-03-18%20um%2009.38.06.png', 'null', 'null', '3', 1, 1, 0, 0, 'false', 'false', NULL, NULL, NULL, NULL, NULL, 0, '2024-02-21 04:52:45', '2024-02-14 12:51:59'),
(179, '141', 'In rerum', 'Lorem ipsum dolor sit amet. In rerum dolorem sit veritatis itaque sit &#10;repellat fuga qui accusantium excepturi est vero ducimus ex quasi &#10;sapiente?', 'Lorem ipsum dolor sit amet. In rerum dolorem sit veritatis itaque sit &#10;repellat fuga qui accusantium excepturi est vero ducimus ex quasi &#10;sapiente?', '6', 1, '2024-02-14T12:58:25.297Z', '2024-02-14T12:58:25.297Z', 'https://minio.staging.verein.cloud/tineon/Leipzig/2024/February/Documents/Bildschirm%C2%ADfoto%202023-03-18%20um%2009.38.48.png', 'null', 'null', '0', 1, 1, 1, 0, 'false', 'false', NULL, NULL, NULL, NULL, NULL, 0, '2024-03-28 07:59:11', '2024-02-14 12:58:32'),
(181, '141', ' Ea amet amet ', 'Lorem ipsum dolor sit amet. Ea amet amet vel aperiam quos et molestias &#10;sapiente est possimus distinctio. Et assumenda officiis id vero quidem &#10;est consequatur vitae est animi inventore. Aut iusto dolores sit om', 'Lorem ipsum dolor sit amet. Ea amet amet vel aperiam quos et molestias &#10;sapiente est possimus distinctio. Et assumenda officiis id vero quidem &#10;est consequatur vitae est animi inventore. Aut iusto dolores sit om', '6', 1, '2024-02-15T07:41:17.707Z', '2024-02-15T07:41:17.707Z', 'https://minio.staging.verein.cloud/tineon/Leipzig/2024/February/Documents/Bildschirm%C2%ADfoto%202023-03-18%20um%2009.39.01.png', 'null', 'null', '3', 1, 1, 1, 0, 'true', 'false', NULL, NULL, NULL, NULL, NULL, 0, '2024-03-08 10:58:44', '2024-02-15 07:41:21'),
(182, '141', 'movie news', '<strong>orem Ipsum</strong><span>&#160;is simply dummy text of the printing and typesetting industry. Lorem Ipsum has been the industry\'s standard dummy text ever since the 1500s, when an unknown printer took a galley of type and scrambled it to make a type specimen book. It has survived not only five centuries, but also the leap into electronic typesetting, remaining essentially unchanged. It was popularised in the 1960s with the release of Letraset sheets containing Lorem Ipsum passages, and more recently with desktop</span>', '<strong>orem Ipsum</strong><span>&#160;is simply dummy text of the printing and typesetting industry. Lorem Ipsum has been the industry\'s standard dummy text ever since the 1500s, when an unknown printer took a galley of type and scrambled it to make a type specimen book. It has survived not only five centuries, but also the leap into electronic typesetting, remaining essentially unchanged. It was popularised in the 1960s with the release of Letraset sheets containing Lorem Ipsum passages, and more recently with desktop</span>', '6', 1, '2024-02-15T09:43:32.395Z', '2024-02-15T09:43:32.395Z', 'https://minio.staging.verein.cloud/tineon/Leipzig/2024/February/Images/clem-onojeghuo-4.jpg', 'null', 'null', '0', 1, 1, 1, 0, 'true', 'true', NULL, NULL, NULL, NULL, NULL, 0, '2024-03-08 12:13:19', '2024-02-15 09:43:35'),
(183, '141', 'endures pains', '<span>&#34;On the other hand, we denounce with righteous indignation and dislike men who are so beguiled and demoralized by the charms of pleasure of the moment, so blinded by desire, that they cannot foresee the pain and trouble that are bound to ensue; and equal blame belongs to those who fail in their duty through weakness of will, which is the same as saying through shrinking from toil and pain. These cases are perfectly simple and easy to distinguish. In a free hour, when our power of choice is untrammelled and when nothing prevents our being able to do what we like best, every pleasure is to be welcomed and every pain avoided. But in certain circumstances and owing to the claims of duty or the obligations of business it will frequently occur that pleasures have to be repudiated and annoyances accepted. The wise man therefore always holds in these matters to this principle of selection: he rejects pleasures to secure other greater pleasures, or else he endures pains to avoid worse pai</span>', '<span>&#34;On the other hand, we denounce with righteous indignation and dislike men who are so beguiled and demoralized by the charms of pleasure of the moment, so blinded by desire, that they cannot foresee the pain and trouble that are bound to ensue; and equal blame belongs to those who fail in their duty through weakness of will, which is the same as saying through shrinking from toil and pain. These cases are perfectly simple and easy to distinguish. In a free hour, when our power of choice is untrammelled and when nothing prevents our being able to do what we like best, every pleasure is to be welcomed and every pain avoided. But in certain circumstances and owing to the claims of duty or the obligations of business it will frequently occur that pleasures have to be repudiated and annoyances accepted. The wise man therefore always holds in these matters to this principle of selection: he rejects pleasures to secure other greater pleasures, or else he endures pains to avoid worse pai</span>', '6', 1, '2024-02-15T10:16:44.219Z', '2024-02-15T10:16:44.219Z', 'https://minio.staging.verein.cloud/tineon/Leipzig/2024/February/Images/kaci-baum-1.jpg', 'null', 'null', '0', 1, 1, 0, 0, 'true', 'true', NULL, NULL, NULL, NULL, NULL, 0, '2024-03-12 09:43:23', '2024-02-15 10:16:48'),
(184, '141', 'Lorem chairman', '<span>Lorem ipsum dolor sit amet. Qui dolorem eaque rem debitis aspernatur aut nulla libero et labore ipsum in voluptatum asperiores nam vo</span>', '<span>Lorem ipsum dolor sit amet. Qui dolorem eaque rem debitis aspernatur aut nulla libero et labore ipsum in voluptatum asperiores nam vo</span>', '1', 1, '2024-02-20T05:17:57.803Z', '2024-02-20T05:17:57.803Z', 'https://minio.staging.verein.cloud/tineon/Leipzig/2024/February/Documents/Bildschirm%C2%ADfoto%202023-03-18%20um%2009.39.16.png', 'null', 'null', '3', 1, NULL, 0, 0, 'false', 'false', NULL, NULL, NULL, NULL, NULL, 0, '2024-02-20 05:17:57', '2024-02-19 06:35:50'),
(186, '141', 'odit estodit est upd', '<span>&#160;A autem odit est consequatur laborum ut aliquam impedit a deleniti blanditiis vel accusantium rerum est assumenda quia et distinctio quidem</span>', '<span>&#160;A autem odit est consequatur laborum ut aliquam impedit a deleniti blanditiis vel accusantium rerum est assumenda quia et distinctio quidem</span>', '6', 1, '2024-02-20T12:49:23.350Z', '2024-02-20T12:49:23.350Z', 'https://minio.staging.verein.cloud/tineon/Leipzig/2024/February/Documents/Bildschirm%C2%ADfoto%202023-03-18%20um%2009.39.16.png', 'null', 'null', '3', 1, 1, 1, 0, 'true', 'false', NULL, NULL, NULL, NULL, NULL, 0, '2024-03-08 13:08:38', '2024-02-20 12:45:48'),
(187, '141', 'Lorem ipsum dolor sit amet,', '&#160;consectetur adipiscing elit, sed do eiusmod &#10;tempor incididunt ut labore et dolore magna aliqua. Ut enim ad minim &#10;veniam, quis nostrud exercitation ullamco laboris nisi ut aliquip ex ea &#10;commodo consequat. Duis aute irure dolor in reprehenderit in voluptate &#10;velit esse cillum dolore eu fugiat nulla pariatur. Excepteur sint &#10;occaecat cupidatat non proident, sunt in culpa qui officia deserunt &#10;mollit anim id est laborum.', '&#160;consectetur adipiscing elit, sed do eiusmod &#10;tempor incididunt ut labore et dolore magna aliqua. Ut enim ad minim &#10;veniam, quis nostrud exercitation ullamco laboris nisi ut aliquip ex ea &#10;commodo consequat. Duis aute irure dolor in reprehenderit in voluptate &#10;velit esse cillum dolore eu fugiat nulla pariatur. Excepteur sint &#10;occaecat cupidatat non proident, sunt in culpa qui officia deserunt &#10;mollit anim id est laborum.', '6', 1, '2024-02-20T12:46:46.076Z', '2024-02-20T12:46:46.076Z', 'https://minio.staging.verein.cloud/tineon/Leipzig/2024/February/Images/Tennis.jpeg', 'null', 'null', '0', 1, 1, 1, 0, 'false', 'false', NULL, NULL, NULL, NULL, NULL, 0, '2024-02-20 12:57:36', '2024-02-20 12:46:49'),
(190, '141', 'cupiditate fugiat', '<span>Lorem ipsum dolor sit amet. 33 cupiditate fugiat non sunt modi est nulla assumenda id quod enim et quia neque quo reprehenderit dolor id nobis beatae</span>', '<span>Lorem ipsum dolor sit amet. 33 cupiditate fugiat non sunt modi est nulla assumenda id quod enim et quia neque quo reprehenderit dolor id nobis beatae</span>', '9', 1, '2024-02-21T04:43:16.789Z', '2024-02-21T04:43:16.789Z', 'https://minio.staging.verein.cloud/tineon/Leipzig/2024/February/Documents/Bildschirm%C2%ADfoto%202023-03-18%20um%2009.39.25.png', 'null', 'null', '3', 1, 1, 0, 0, 'true', 'false', NULL, NULL, NULL, NULL, NULL, 0, '2024-02-21 04:52:40', '2024-02-21 04:43:22');
INSERT INTO `news` (`id`, `team_id`, `title`, `headline`, `text`, `author`, `priority`, `publication_date_from`, `publication_date_to`, `imageUrls`, `attachment`, `tags`, `audience`, `approved_status`, `approved_by`, `is_read`, `guests`, `show_guest_list`, `is_highlighted`, `updated_record`, `update_image_url`, `update_approved_status`, `deny_reason`, `deny_by_id`, `is_image_converted`, `updated_at`, `created_at`) VALUES
(193, '141', 'Lorem ipsum dolor sit amet, 21st feb', 'consectetur adipiscing elit, sed do eiusmod &#10;tempor incididunt ut labore et dolore magna aliqua. Ut enim ad minim &#10;veniam, quis nostrud exercitation ullamco laboris nisi ut aliquip ex ea &#10;commodo consequat. Duis aute irure dolor in reprehenderit in voluptate &#10;velit esse cillum dolore eu fugiat nulla pariatur. Excepteur sint &#10;occaecat cupidatat non proident, sunt in culpa qui&#160;', 'consectetur adipiscing elit, sed do eiusmod &#10;tempor incididunt ut labore et dolore magna aliqua. Ut enim ad minim &#10;veniam, quis nostrud exercitation ullamco laboris nisi ut aliquip ex ea &#10;commodo consequat. Duis aute irure dolor in reprehenderit in voluptate &#10;velit esse cillum dolore eu fugiat nulla pariatur. Excepteur sint &#10;occaecat cupidatat non proident, sunt in culpa qui&#160;', '6', 1, '2024-02-21T04:55:50.789Z', '2024-02-21T04:55:50.789Z', 'https://minio.staging.verein.cloud/tineon/Leipzig/2024/February/Images/Tennis.jpeg', 'null', 'null', '3', 1, 1, 0, 0, 'true', 'false', '{\"file\":\"[BLOB]\",\"team_id\":\"141\",\"title\":\"Lorem ipsum dolor sit amet, 21st feb fro update deny\",\"headline\":\"consectetur adipiscing elit, sed do eiusmod &#10;tempor incididunt ut labore et dolore magna aliqua. Ut enim ad minim &#10;veniam, quis nostrud exercitation ullamco laboris nisi ut aliquip ex ea &#10;commodo consequat. Duis aute irure dolor in reprehenderit in voluptate &#10;velit esse cillum dolore eu fugiat nulla pariatur. Excepteur sint &#10;occaecat cupidatat non proident, sunt in culpa qui&#160;\",\"text\":\"consectetur adipiscing elit, sed do eiusmod &#10;tempor incididunt ut labore et dolore magna aliqua. Ut enim ad minim &#10;veniam, quis nostrud exercitation ullamco laboris nisi ut aliquip ex ea &#10;commodo consequat. Duis aute irure dolor in reprehenderit in voluptate &#10;velit esse cillum dolore eu fugiat nulla pariatur. Excepteur sint &#10;occaecat cupidatat non proident, sunt in culpa qui&#160;\",\"author\":\"6\",\"priority\":\"1\",\"attachment\":\"null\",\"tags\":\"null\",\"audience\":\"3\",\"approved_statud\":\"1\",\"show_guest_list\":\"true\",\"highlighted\":\"false\",\"publication_date_to\":\"2024-02-21T05:02:47.986Z\",\"publication_date_from\":\"2024-02-21T05:02:47.986Z\",\"news_tags\":\"[]\",\"newImage\":\"[BLOB]\"}', NULL, NULL, 'update deny', 1, 0, '2024-02-21 05:04:36', '2024-02-21 04:48:01');
