-- Table structure for table `private_appointment`
--

CREATE TABLE `private_appointment` (
  `id` int(10) unsigned NOT NULL AUTO_INCREMENT,
  `title` varchar(255) NOT NULL,
  `description` text DEFAULT NULL,
  `appointment_id` int(11) NOT NULL,
  `user_id` int(11) NOT NULL,
  PRIMARY KEY (`id`)
) ENGINE=InnoDB DEFAULT CHARSET=utf8mb4 COLLATE=utf8mb4_general_ci;

--
-- Dumping data for table `private_appointment`
--


--
-- Table structure for table `role`
--

CREATE TABLE `role` (
  `id` int(10) unsigned NOT NULL AUTO_INCREMENT,
  `role_name` varchar(255) NOT NULL,
  `created_at` timestamp NOT NULL DEFAULT current_timestamp(),
  `updated_at` datetime DEFAULT current_timestamp(),
  PRIMARY KEY (`id`)
) ENGINE=InnoDB DEFAULT CHARSET=utf8mb4 COLLATE=utf8mb4_general_ci;

--
-- Dumping data for table `role`
--


--
-- Table structure for table `room_booking`
--

CREATE TABLE `room_booking` (
  `id` int(10) unsigned NOT NULL AUTO_INCREMENT,
  `room_id` int(11) NOT NULL,
  `course_id` int(11) DEFAULT NULL,
  `event_id` int(11) DEFAULT NULL,
  `date_from` varchar(255) NOT NULL,
  `start_time` time NOT NULL,
  `end_time` time NOT NULL,
  PRIMARY KEY (`id`)
) ENGINE=InnoDB AUTO_INCREMENT=128 DEFAULT CHARSET=utf8mb4 COLLATE=utf8mb4_general_ci;

--
-- Dumping data for table `room_booking`
--

INSERT INTO `room_booking` VALUES (121,19,34,NULL,'2025-03-11','14:00:00','15:00:00'),(124,7,37,NULL,'2025-03-17','14:00:00','15:00:00'),(127,19,43,NULL,'2025-03-25','14:00:00','15:00:00');

--
-- Table structure for table `room_tags`
--

CREATE TABLE `room_tags` (
  `id` int(10) unsigned NOT NULL AUTO_INCREMENT,
  `room_id` int(10) unsigned DEFAULT NULL,
  `tag_id` int(10) unsigned DEFAULT NULL,
  PRIMARY KEY (`id`),
  KEY `room_tags_room_id_foreign` (`room_id`),
  KEY `room_tags_tag_id_foreign` (`tag_id`),
  CONSTRAINT `room_tags_room_id_foreign` FOREIGN KEY (`room_id`) REFERENCES `rooms` (`id`) ON DELETE CASCADE,
  CONSTRAINT `room_tags_tag_id_foreign` FOREIGN KEY (`tag_id`) REFERENCES `tags` (`id`) ON DELETE CASCADE
) ENGINE=InnoDB AUTO_INCREMENT=20 DEFAULT CHARSET=utf8mb4 COLLATE=utf8mb4_general_ci;

--
-- Dumping data for table `room_tags`
--

INSERT INTO `room_tags` VALUES (16,19,814),(19,16,781);

--
-- Table structure for table `rooms`
--

CREATE TABLE `rooms` (
  `id` int(10) unsigned NOT NULL AUTO_INCREMENT,
  `name` varchar(255) NOT NULL,
  `no_of_persons` int(11) DEFAULT NULL,
  `type` int(11) NOT NULL DEFAULT 0,
  `price` varchar(255) DEFAULT NULL,
  `active_from` varchar(255) DEFAULT NULL,
  `active_to` varchar(255) DEFAULT NULL,
  `description` text DEFAULT NULL,
  `image` varchar(500) DEFAULT NULL,
  `team_id` int(11) DEFAULT NULL,
  `author` varchar(155) DEFAULT NULL,
  `tags` longtext DEFAULT NULL,
  `phone_no` varchar(20) DEFAULT NULL,
  `approved_status` tinyint(4) DEFAULT NULL,
  `approved_by` int(11) DEFAULT NULL,
  `is_read` tinyint(4) NOT NULL DEFAULT 0,
  `updated_record` longtext DEFAULT NULL,
  `update_image_url` varchar(500) DEFAULT NULL,
  `update_approved_status` tinyint(4) DEFAULT NULL,
  `deny_reason` text DEFAULT NULL,
  `deny_by_id` int(11) DEFAULT NULL,
  `is_image_converted` int(11) NOT NULL DEFAULT 0,
  `room_address` varchar(255) NOT NULL,
  `room_email` varchar(255) NOT NULL,
  `created_at` timestamp NOT NULL DEFAULT current_timestamp(),
  `updated_at` timestamp NOT NULL DEFAULT current_timestamp() ON UPDATE current_timestamp(),
  PRIMARY KEY (`id`)
) ENGINE=InnoDB AUTO_INCREMENT=50 DEFAULT CHARSET=utf8mb4 COLLATE=utf8mb4_general_ci;

--
-- Dumping data for table `rooms`
--

INSERT INTO `rooms` VALUES (7,'Vereinsheim',99,0,NULL,NULL,NULL,'Vereinsheim','http://prod-tineon-deploy-minio:9000/tineon/Leipzig/2025/March/Images/TV_Logo_klein60.jpg',282,'25',NULL,'02732',1,NULL,0,NULL,NULL,1,NULL,NULL,0,'Adolf-Wurmbach-Str. 56','vorstand@tv-littfeld.de','2025-03-01 19:29:30','2025-03-01 19:29:30'),(10,'Fußballplatz',25,0,NULL,NULL,NULL,'test','http://prod-tineon-deploy-minio:9000/tineon/Leipzig/2025/March/Images/2308_VC_News_Heimsieg.jpg',12153,'31',NULL,'0000000',1,NULL,0,NULL,NULL,1,NULL,NULL,0,'Muster 34','testtin0307@yopmail.com','2025-03-06 15:07:39','2025-03-06 15:07:39'),(13,'Aufenthaltsraum',1,0,NULL,NULL,NULL,'Aufenthaltsraum im Obergeschoss','http://prod-tineon-deploy-minio:9000/tineon/Leipzig/2025/March/Images/IMG_4911.jpeg',3617,'8722',NULL,'01713344548',1,NULL,0,NULL,NULL,1,NULL,NULL,0,'Oerlinghauser Str. 37','hbrock@vfbschlossholte.de','2025-03-08 07:56:08','2025-03-08 07:56:08'),(16,'Tennisplatz 1 ',4,0,NULL,NULL,NULL,NULL,NULL,3481,'2392',NULL,'1314',1,NULL,0,NULL,NULL,1,NULL,NULL,0,'Branntweinsweg','tennis@tus-wagenfeld.de','2025-03-09 17:22:59','2025-03-09 17:22:59'),(19,'Testraum',10,0,NULL,NULL,NULL,'Testraum','http://prod-tineon-deploy-minio:9000/tineon/Leipzig/2025/March/Images/screensaver.png',1703,'181',NULL,'012345678',1,NULL,0,NULL,NULL,NULL,NULL,NULL,0,'Dorfstraße','hjzimmermann@test.de','2025-03-11 10:00:28','2025-03-11 10:00:28'),(22,'Pfarrsaal AB',150,0,NULL,NULL,NULL,'Pfarrsaal',NULL,24663,'12574',NULL,'01776414106',1,NULL,0,NULL,NULL,1,NULL,NULL,0,'Schlossstraße 4 Grünwald','jugendmachtmusik@t-online.de','2025-03-13 18:22:00','2025-03-13 18:22:00'),(25,'Gruppenraum Links',5,0,NULL,NULL,NULL,NULL,NULL,24663,'12574',NULL,'01704535522',1,NULL,0,NULL,NULL,1,NULL,NULL,0,'Schlossstraße 4 Grünwald','anna.m.perwein@gmail.com','2025-03-13 18:48:01','2025-03-13 18:48:01'),(28,'Thomas Kimm',10,0,NULL,NULL,NULL,'Samstag Ausfahrt',NULL,9492,'148',NULL,'01632433132',1,NULL,0,NULL,NULL,NULL,NULL,NULL,0,'Goerdeleler Str. 1 Werne','RTF@rsc-werne.de','2025-03-14 05:51:39','2025-03-14 05:51:39'),(31,'Molke',50,0,NULL,NULL,NULL,'Vereinsheim Molke ',NULL,21825,'12649',NULL,'01719045271',1,NULL,0,NULL,NULL,1,NULL,NULL,0,'Nüffernstraße 4, 88682 Salem ','zunftmeister@hardtwieblezunft.de','2025-03-16 12:57:31','2025-03-16 12:57:31'),(34,'Klufenmichelbar ',30,0,NULL,NULL,NULL,'Klufenmichelbar im Zelt auf dem Vorplatz Prinz Max ',NULL,21825,'12649',NULL,'07553916671',1,NULL,0,NULL,NULL,NULL,NULL,NULL,0,'Markdorferstrasse 33, 88682 Salem ','klufenmichel@hardtwieblezunft.de','2025-03-16 13:24:37','2025-03-16 13:24:37'),(37,'Orchesterraum',13,0,NULL,NULL,NULL,NULL,NULL,2282,'4669',NULL,'043423833',1,NULL,0,NULL,NULL,NULL,NULL,NULL,0,'Lindenstraße 37','dahms@preetzer-tsv.de','2025-03-17 15:19:59','2025-03-17 15:19:59'),(40,'Sporthalle Grundschule Ahlden',30,0,NULL,NULL,NULL,NULL,'http://prod-tineon-deploy-minio:9000/tineon/Leipzig/2025/March/Images/Grundschule%20Ahlden.jpg',569,'292',NULL,'051642390',1,NULL,0,NULL,NULL,1,NULL,NULL,0,'Schulstraße 22, 29693 Ahlden','info@tsv-ahlden.de','2025-03-19 16:17:13','2025-03-19 16:17:13'),(43,'Kunstrasen',30,0,NULL,NULL,NULL,'Kunstrasenplatz mit Beleuchtung',NULL,23875,'58',NULL,'05414406211',1,NULL,0,NULL,NULL,1,NULL,NULL,0,'Klaus-Stürmer-Str. 2, 49078 Osnabrück','info@sv-hellern.com','2025-03-25 08:33:55','2025-03-25 08:33:55'),(46,'Bulli1',9,0,NULL,NULL,NULL,'Bulli mit Anhängerkupplung',NULL,23875,'58',NULL,'00000',1,NULL,0,NULL,NULL,NULL,NULL,NULL,0,'Klaus-Stürmer-Str. 2, 49078 Osnabrück','info@sv-hellern.com','2025-03-25 08:37:48','2025-03-25 08:37:48'),(49,'Bulli2',9,0,NULL,NULL,NULL,'Bulli',NULL,23875,'58',NULL,'0123',1,NULL,0,NULL,NULL,NULL,NULL,NULL,0,'Klaus-Stürmer-Str. 2, 49078 Osnabrück','info@sv-hellern.com','2025-03-25 08:38:35','2025-03-25 08:38:35');

--
-- Table structure for table `rooms_availablity`
--

CREATE TABLE `rooms_availablity` (
  `id` int(10) unsigned NOT NULL AUTO_INCREMENT,
  `room_id` int(11) NOT NULL,
  `weekday` varchar(255) NOT NULL,
  `time_from` time DEFAULT NULL,
  `time_to` time DEFAULT NULL,
  `created_at` timestamp NOT NULL DEFAULT current_timestamp(),
  `updated_at` timestamp NOT NULL DEFAULT current_timestamp(),
  PRIMARY KEY (`id`)
) ENGINE=InnoDB AUTO_INCREMENT=227 DEFAULT CHARSET=utf8mb4 COLLATE=utf8mb4_general_ci;

--
-- Dumping data for table `rooms_availablity`
--

INSERT INTO `rooms_availablity` VALUES (43,13,'1','08:00:00','23:00:00','2025-03-10 07:03:19','2025-03-10 07:03:19'),(58,19,'2','14:00:00','15:00:00','2025-03-11 10:00:28','2025-03-11 10:00:28'),(61,7,'1','08:00:00','22:00:00','2025-03-13 15:51:19','2025-03-13 15:51:19'),(64,7,'2','08:00:00','22:00:00','2025-03-13 15:51:19','2025-03-13 15:51:19'),(73,25,'1','15:15:00','19:00:00','2025-03-13 18:51:58','2025-03-13 18:51:58'),(76,25,'2','11:15:00','19:45:00','2025-03-13 18:51:58','2025-03-13 18:51:58'),(97,10,'2','01:45:00','05:30:00','2025-03-13 20:41:39','2025-03-13 20:41:39'),(100,28,'6','10:00:00','14:45:00','2025-03-14 05:51:39','2025-03-14 05:51:39'),(109,31,'6','00:00:00','23:45:00','2025-03-16 13:21:54','2025-03-16 13:21:54'),(112,31,'1','00:00:00','23:45:00','2025-03-16 13:21:54','2025-03-16 13:21:54'),(115,31,'4','00:00:00','23:45:00','2025-03-16 13:21:54','2025-03-16 13:21:54'),(118,34,'1','00:00:00',NULL,'2025-03-16 13:24:37','2025-03-16 13:24:37'),(121,34,'2','00:00:00',NULL,'2025-03-16 13:24:37','2025-03-16 13:24:37'),(124,34,'3','00:00:00',NULL,'2025-03-16 13:24:37','2025-03-16 13:24:37'),(127,34,'4','00:00:00',NULL,'2025-03-16 13:24:37','2025-03-16 13:24:37'),(130,37,'1','12:00:00','17:00:00','2025-03-17 15:19:59','2025-03-17 15:19:59'),(172,40,'1','12:00:00','22:00:00','2025-03-19 16:17:40','2025-03-19 16:17:40'),(175,40,'2','12:00:00','22:00:00','2025-03-19 16:17:40','2025-03-19 16:17:40'),(178,40,'3','12:00:00','22:00:00','2025-03-19 16:17:40','2025-03-19 16:17:40'),(181,40,'4','12:00:00','22:00:00','2025-03-19 16:17:40','2025-03-19 16:17:40'),(184,40,'5','12:00:00','22:00:00','2025-03-19 16:17:40','2025-03-19 16:17:40'),(187,16,'0','08:00:00','22:00:00','2025-03-20 17:04:59','2025-03-20 17:04:59'),(190,16,'1','08:00:00','22:00:00','2025-03-20 17:04:59','2025-03-20 17:04:59'),(193,16,'2','08:00:00','22:00:00','2025-03-20 17:04:59','2025-03-20 17:04:59'),(196,22,'1','15:15:00','19:00:00','2025-03-22 19:51:37','2025-03-22 19:51:37'),(199,22,'2','11:00:00','19:45:00','2025-03-22 19:51:37','2025-03-22 19:51:37'),(202,22,'4','11:00:00','18:00:00','2025-03-22 19:51:37','2025-03-22 19:51:37'),(205,22,'5','11:00:00','16:30:00','2025-03-22 19:51:37','2025-03-22 19:51:37'),(211,43,'1','00:00:00','23:45:00','2025-03-25 08:34:50','2025-03-25 08:34:50'),(214,43,'2','00:00:00','23:45:00','2025-03-25 08:34:50','2025-03-25 08:34:50'),(217,43,'3','00:00:00','23:45:00','2025-03-25 08:34:50','2025-03-25 08:34:50'),(220,43,'4','00:00:00','23:45:00','2025-03-25 08:34:50','2025-03-25 08:34:50'),(223,46,'1','00:00:00','23:45:00','2025-03-25 08:37:48','2025-03-25 08:37:48'),(226,49,'1','00:00:00','23:45:00','2025-03-25 08:38:35','2025-03-25 08:38:35');

--
-- Table structure for table `subtask_group`
--

CREATE TABLE `subtask_group` (
  `id` int(10) unsigned NOT NULL AUTO_INCREMENT,
  `task_id` int(11) DEFAULT NULL,
  `title` varchar(255) DEFAULT NULL,
  `description` text DEFAULT NULL,
  `assigned_to` longtext DEFAULT NULL,
  `status` int(11) DEFAULT NULL,
  `date` date DEFAULT NULL,
  PRIMARY KEY (`id`)
) ENGINE=InnoDB AUTO_INCREMENT=635 DEFAULT CHARSET=utf8mb4 COLLATE=utf8mb4_general_ci;

--
-- Dumping data for table `subtask_group`
--

INSERT INTO `subtask_group` VALUES (70,25,'Rasen vorbereiten','<p>Die H&#252;tchen verteilen</p>','[{\"user_id\":34,\"approved_status\":1}]',0,'2024-02-09'),(73,25,'Bälle kontrollieren ','<p>B&#228;lle kontrollieren und ggfs. Aufpumpen.<br></p>','[{\"user_id\":34,\"approved_status\":1}]',0,'2024-02-10'),(82,55,'ST802','Lorem ipsum dolor sit amet, consectetur adipiscing elit, sed do eiusmod &#10;tempor incididunt ut labore et dolore magna aliqua. Ut enim ad minim &#10;veniam, quis nostrud exercitation ullamco laboris nisi ut aliquip ex ea &#10;commodo consequat. Duis aute irure dolor in reprehenderit in voluptate &#10;velit esse cillum dolore eu fugiat nulla pariatur. Excepteur sint &#10;occaecat cupidatat non proident, sunt in culpa qui officia deserunt &#10;mollit anim id est laborum.','[{\"user_id\":85,\"approved_status\":1}]',1,'2024-02-09'),(85,73,'consectetur ','Lorem ipsum dolor sit amet, adipiscing elit, sed do eiusmod &#10;tempor incididunt ut labore et dolore magna aliqua. Ut enim ad minim &#10;veniam, quis nostrud exercitation ullamco laboris nisi ut aliquip ex ea &#10;commodo consequat. Duis aute irure dolor in reprehenderit in voluptate &#10;velit esse cillum dolore eu fugiat nulla pariatur. Excepteur sint &#10;occaecat cupidatat non proident, sunt in culpa qui officia deserunt &#10;mollit anim id est laborum.','[{\"user_id\":85,\"approved_status\":1},{\"user_id\":82,\"approved_status\":1}]',1,'2024-02-09'),(88,85,'Termine','testen','[{\"user_id\":157,\"approved_status\":1},{\"user_id\":103,\"approved_status\":1}]',0,'2024-04-30'),(91,85,'Vereinsheim','<font face=\"Arial\" size=\"2\">testen</font>','[{\"user_id\":157,\"approved_status\":1},{\"user_id\":103,\"approved_status\":1}]',0,'2024-04-30'),(103,97,'soluta perferendis','<span>Et reprehenderit nulla ut alias incidunt id rerum recusandae ex velit aliquam et asperiores esse id soluta perferendis. Est porro dolores et sunt illo sed quidem recus</span>','[{\"user_id\":190,\"approved_status\":1}]',0,'2024-02-17'),(106,97,'porro dolores','<span>&#160;Est porro dolores et sunt illo sed quidem recus.</span><span>&#160;Est porro dolores et sunt illo sed quidem recus</span>','[{\"user_id\":85,\"approved_status\":1}]',1,'2024-02-17'),(109,103,'dolor sit ame','dolor sit amet. <font face=\"Arial\" size=\"2\">Et omnis u</font>nde et autem maxime a nostrum &#10;minima eos quia culpa qui voluptatem voluptatem. In delectus unde','[{\"user_id\":190,\"approved_status\":1},{\"user_id\":199,\"approved_status\":1}]',0,'2024-02-17'),(112,106,'qui officia','<span>Lorem ipsum dolor sit amet. Ut dolor voluptas qui officia corporis ad tenetur</span>','[{\"approved_status\":1},{\"approved_status\":1}]',0,'2024-02-17'),(115,109,'qui officia','<span>Lorem ipsum dolor sit amet. Ut dolor voluptas qui officia corporis ad tenetur</span>','[{\"approved_status\":1},{\"approved_status\":1}]',0,'2024-02-17'),(118,115,' Id autem ','<span>Lorem ipsum dolor sit amet. Id autem necessitatibus et Quis necessitatibus et vitae molestiae.</span>','[{\"user_id\":202,\"approved_status\":1},{\"user_id\":199,\"approved_status\":1}]',0,'2024-02-17'),(124,118,'Schnitzel bei Havers','Schnitzel ausw&#228;hlen<br>','[{\"approved_status\":1},{\"user_id\":235,\"approved_status\":1}]',1,'2024-02-19'),(127,121,'Schnitzel bei Havers','Schnitzel ausw&#228;hlen<br>','[{\"approved_status\":1},{\"approved_status\":1},{\"user_id\":235,\"approved_status\":1}]',1,'2024-02-19'),(130,127,'Skripte an Azubis','<span>Nach dem Azubitraining am 17.02.2024 fordern einige Azubis die Skripte an. Diese sollten zeitnah an die Azubis, damit diese sich auf die Abschlusspr&#252;fung vorbereiten k&#246;nnen.</span>','[{\"user_id\":211,\"approved_status\":1}]',1,'2024-02-21'),(151,142,'semper quis lectus nulla','Egestas congue quisque egestas diam in. Euismod in pellentesque massa &#10;placerat duis. Eget nulla facilisi etiam dignissim diam quis enim &#10;lobortis. In fermentum et sollicitudin ac orci. Egestas egestas &#10;fringilla phasellus faucibus scelerisque. Nunc sed id semper risus in &#10;hendrerit gravida rutrum quisque. Elit pellentesque habitant morbi &#10;tristique. Elementum curabitur vitae nunc sed velit dignissim sodales ut&#10; eu. Velit ut tortor pretium viverra suspendisse potenti. Sed felis eget&#10; velit aliquet sagittis id consectetur. Leo vel fringilla est &#10;ullamcorper eget nulla. Sollicitudin ac orci phasellus egestas tellus &#10;rutrum. Commodo viverra maecenas accumsan lacus vel facilisis volutpat. &#10;Et magnis dis parturient montes nascetur ridiculus mus mauris vitae. &#10;Tincidunt vitae&#160; at volutpat diam.','[{\"user_id\":199,\"approved_status\":1}]',1,'2024-02-19'),(154,142,'quis lectus nulla at volutpat diam.','Egestas congue quisque egestas diam in. Euismod in pellentesque massa &#10;placerat duis. Eget nulla facilisi etiam dignissim diam quis enim &#10;lobortis. In fermentum et sollicitudin ac orci. Egestas egestas &#10;fringilla phasellus faucibus scelerisque. Nunc sed id semper risus in &#10;hendrerit gravida rutrum quisque. Elit pellentesque habitant morbi &#10;tristique. Elementum curabitur vitae nunc sed velit dignissim sodales ut&#10; eu. Velit ut tortor pretium viverra suspendisse potenti. Sed felis eget&#10; velit aliquet sagittis id consectetur. Leo vel fringilla est &#10;ullamcorper eget nulla. Sollicitudin ac orci phasellus egestas tellus &#10;rutrum. Commodo viverra maecenas accumsan lacus vel facilisis volutpat. &#10;Et magnis dis parturient montes nascetur ridiculus mus mauris vitae. &#10;Tincidunt vitae semp','[{\"user_id\":202,\"approved_status\":1}]',1,'2024-02-19'),(163,145,'Ullamcorper ','malesuada proin libero nunc consequat. Id volutpat lacus &#10;laoreet non curabitur gravida arcu ac tortor. Ultrices gravida dictum &#10;fusce ut placerat orci nulla pellentesque. Suscipit adipiscing bibendum &#10;est ultricies integer. Egestas fringilla phasellus faucibus scelerisque &#10;eleifend donec pretium. In tellus integer feugiat scelerisque varius &#10;morbi. Non arcu risus quis varius quam. Lobortis elementum nibh tellus &#10;molestie nunc non blandit massa. Amet nisl purus in mollis nunc sed. &#10;Molestie ac feugiat sed lectus vestibulum. Posuere ac ut consequat &#10;semper viverra nam libero. Etiam dignissim diam quis enim lobortis. &#10;Vitae justo eget magna fermentum iaculis.','[{\"user_id\":190,\"approved_status\":1},{\"user_id\":82,\"approved_status\":1}]',1,'2024-02-20'),(166,145,'malesuada ','Ullamcorper proin libero nunc consequat. Id volutpat lacus &#10;laoreet non curabitur gravida arcu ac tortor. Ultrices gravida dictum &#10;fusce ut placerat orci nulla pellentesque. Suscipit adipiscing bibendum &#10;est ultricies integer. Egestas fringilla phasellus faucibus scelerisque &#10;eleifend donec pretium. In tellus integer feugiat scelerisque varius &#10;morbi. Non arcu risus quis varius quam. Lobortis elementum nibh tellus &#10;molestie nunc non blandit massa. Amet nisl purus in mollis nunc sed. &#10;Molestie ac feugiat sed lectus vestibulum. Posuere ac ut consequat &#10;semper viverra nam libero. Etiam dignissim diam quis enim lobortis. &#10;Vitae justo eget magna fermentum iaculis.','[{\"user_id\":190,\"approved_status\":1}]',1,'2024-02-19'),(193,157,'Abbau Halle Guggentreff 2025','Abbau Halle<br>','[{\"user_id\":277,\"approved_status\":1},{\"user_id\":271,\"approved_status\":1}]',0,'2024-11-09'),(196,157,'Bar Guggentreff 2025','Bar','[{\"user_id\":277,\"approved_status\":1},{\"user_id\":271,\"approved_status\":1}]',0,'2024-11-09'),(199,157,'Eintritt Guggentreff 2025','Eintritt','[{\"user_id\":277,\"approved_status\":1},{\"user_id\":271,\"approved_status\":1}]',0,'2024-11-09'),(202,157,'Küche Guggentreff 2025','K&#252;che<br>','[{\"user_id\":277,\"approved_status\":1},{\"user_id\":271,\"approved_status\":1}]',0,'2024-11-09'),(205,166,'Streckenplanung und Kontrolle','<p><font size=\"2\" face=\"Arial\">Hallo zusammen, nach der CTF ist vor der RTF.&#160; <br></font></p><p><font size=\"2\" face=\"Arial\">Es geht woh erst mit der Streckenplanung bzw, Kontrolle los. Da w&#252;rde ich mich freuen wenn Ihr alten Hasen mir Infos gibt was zu tun.<br></font></p>','[{\"user_id\":148,\"approved_status\":1}]',1,'2024-03-03'),(226,208,'Serientermine bearbeiten','Serientermine bearbeiten','[{\"user_id\":169,\"approved_status\":1},{\"user_id\":157,\"approved_status\":1},{\"user_id\":103,\"approved_status\":1}]',0,'2024-07-31'),(229,208,'Teilnahme an Veranstaltungen Zu und Absagen','<font face=\"Arial\" size=\"2\">Teilnahme an Veranstaltungen Zu und Absagen</font>','[{\"user_id\":169,\"approved_status\":1},{\"user_id\":157,\"approved_status\":1},{\"user_id\":103,\"approved_status\":1}]',0,'2024-07-31'),(232,208,'Falsche Zeitangaben','<font face=\"Arial\" size=\"2\">Falsche Zeitangaben</font>','[{\"user_id\":169,\"approved_status\":1},{\"user_id\":157,\"approved_status\":1},{\"user_id\":103,\"approved_status\":1}]',0,'2024-07-31'),(235,208,'Logo Ändern','<font face=\"Arial\" size=\"2\">Logo &#196;ndern: Wie?</font>','[{\"user_id\":169,\"approved_status\":1},{\"user_id\":157,\"approved_status\":1},{\"user_id\":103,\"approved_status\":1}]',0,'2024-07-31'),(238,226,'Schlüssel ','<font face=\"Arial\" size=\"2\">Garagenschl&#252;ssel mitbringen&#160;</font>','[{\"user_id\":268,\"approved_status\":1}]',1,'2024-03-06'),(241,229,'Würstchen einkaufen','<font face=\"Arial\" size=\"2\">W&#252;rstchen einkaufen</font>','[{\"user_id\":559,\"approved_status\":1}]',1,'2024-03-08'),(265,214,'Optional: Direkte Terminvereinbarung mit dWERK , Torsten Burkart  I Geschäftsführer','<p>Gerne k&#246;nnen Sie hier direkt einen Termin mit dem Gesch&#228;ftsf&#252;hrer von dWERK koordinieren.&#160;</p><p><br></p><span><a href=\"https://outlook.office365.com/owa/calendar/dWERKGmbHCoKG@dwerk.de/bookings/s/kpRBjzzJzESYiyonflXzqw2\">30 Minuten Webkonferenz buchen</a></span><br><a href=\"https://outlook.office365.com/book/dWERKGmbHCoKG@dwerk.de/s/kpRBjzzJzESYiyonflXzqw2\">https://outlook.office365.com/book/dWERKGmbHCoKG@dwerk.de/s/kpRBjzzJzESYiyonflXzqw2</a><p><font face=\"Gellix, sans-serif\"><br></font><span><a href=\"https://outlook.office365.com/owa/calendar/dWERKGmbHCoKG@dwerk.de/bookings/s/CNzFmktxAEKb07i3YAdvsA2\">60 Minuten Webkonferenz buchen</a></span></p><p><a href=\"https://outlook.office365.com/book/dWERKGmbHCoKG@dwerk.de/s/CNzFmktxAEKb07i3YAdvsA2\">https://outlook.office365.com/book/dWERKGmbHCoKG@dwerk.de/s/CNzFmktxAEKb07i3YAdvsA2</a><br></p>','[{\"user_id\":544,\"approved_status\":1},{\"user_id\":541,\"approved_status\":1},{\"user_id\":538,\"approved_status\":1},{\"user_id\":535,\"approved_status\":1}]',0,'2024-03-06'),(289,394,'Test sub-task 30 Apr','<p>There are many variations of passages of Lorem Ipsum available, but the majority have suffered alteration in some form, by injected humour, or randomised words which don\'t look even slightly believable. If you are going to use a passage of Lorem Ipsum, you need to be sure there isn\'t anything embarrassing hidden in the middle of text. All the Lorem Ipsum generators on the Internet tend to repeat predefined chunks as necessary, making this the first true generator on the Internet. It uses a dictionary of over 200 Latin words, combined with a handful of model sentence structures, to generate Lorem Ipsum which looks reasonable. The generated Lorem Ipsum is therefore always free from repetition, injected humour, or non-characteristic words etc.</p><p>There are many variations of passages of Lorem Ipsum available, but the majority have suffered alteration in some form, by injected humour, or randomised words which don\'t look even slightly believable. If you are going to use a passage of Lorem Ipsum, you need to be sure there isn\'t anything embarrassing hidden in the middle of text. All the Lorem Ipsum generators on the Internet tend to repeat predefined chunks as necessary, making this the first true generator on the Internet. It uses a dictionary of over 200 Latin words, combined with a handful of model sentence structures, to generate Lorem Ipsum which looks reasonable. The generated Lorem Ipsum is therefore always free from repetition, injected humour, or non-characteristic words etc.</p><p><br></p>','[{\"user_id\":85,\"approved_status\":1},{\"user_id\":82,\"approved_status\":1},{\"user_id\":199,\"approved_status\":1}]',1,'2024-05-10'),(292,397,'Lorem ipsum30','<font face=\"Arial\" size=\"2\">Lorem ipsum</font>','[{\"user_id\":979,\"approved_status\":1}]',0,'2024-05-10'),(295,400,'volup','<span>At volup&#160;</span><span>At volup</span>','[{\"user_id\":199,\"approved_status\":1},{\"user_id\":82,\"approved_status\":1},{\"user_id\":85,\"approved_status\":1}]',0,'2024-05-10'),(298,331,'Grillhütte suchen','<font face=\"Arial\" size=\"2\">Elodie telefoniert Grillh&#252;tten ab</font>','[{\"user_id\":256,\"approved_status\":1}]',1,'2024-05-11'),(301,331,'Wanderweg raussuchen','<font face=\"Arial\" size=\"2\">Erwin bestimmt nach R&#252;cksprache mit Elodie den Wanderweg zur gew&#228;hlten Grillh&#252;tte.</font>','[{\"user_id\":1360,\"approved_status\":1}]',1,'2024-05-11'),(304,433,'ToDo','<font face=\"Arial\" size=\"2\">ToDo Liste</font>','[{\"approved_status\":1},{\"approved_status\":1},{\"approved_status\":1},{\"approved_status\":1},{\"approved_status\":1}]',1,'2024-05-31'),(307,436,'ToDo','<font face=\"Arial\" size=\"2\">ToDo Liste</font>','[{\"approved_status\":1},{\"approved_status\":1},{\"approved_status\":1},{\"approved_status\":1},{\"approved_status\":1}]',1,'2024-05-31'),(319,442,'Schild demontieren','<font face=\"Arial\" size=\"2\">Schild muss von der Wand heruntergenommen werden um es zu bekleben,</font>','[{\"user_id\":1360,\"approved_status\":1}]',1,'2024-05-31'),(322,442,'Schild bekleben','<font face=\"Arial\" size=\"2\">Schild bekleben</font>','[{\"user_id\":1360,\"approved_status\":1}]',1,'2024-05-31'),(325,442,'Transport Schild Siegen -> Burbach','<font face=\"Arial\" size=\"2\">Das Schild muss nach dem bekleben von Siegen nach Burbach gebracht werden.</font>','[{\"user_id\":1360,\"approved_status\":1}]',1,'2024-05-31'),(328,442,'Schild montieren','<font face=\"Arial\" size=\"2\">Schild muss wieder an der Wand montiert werden</font>','[{\"user_id\":1360,\"approved_status\":1}]',1,'2024-05-31'),(331,439,'Schild demontieren','<font face=\"Arial\" size=\"2\">Schild muss von der Wand heruntergenommen werden um es zu bekleben,</font>','[{\"user_id\":1360,\"approved_status\":1}]',1,'2024-05-31'),(334,439,'Schild bekleben','<font face=\"Arial\" size=\"2\">Schild bekleben</font>','[{\"user_id\":1360,\"approved_status\":1}]',1,'2024-05-31'),(337,439,'Transport Schild Siegen -> Burbach','<font face=\"Arial\" size=\"2\">Das Schild muss nach dem bekleben von Siegen nach Burbach gebracht werden.</font>','[{\"user_id\":1360,\"approved_status\":1}]',1,'2024-05-31'),(340,439,'Schild montieren','<font face=\"Arial\" size=\"2\">Schild muss wieder an der Wand montiert werden</font>','[{\"user_id\":1360,\"approved_status\":1}]',1,'2024-05-31'),(355,469,'Preislisten','<font face=\"Arial\" size=\"2\">Die Preislisten f&#252;r den Verkauf von T-Shirts muss angepasst werden und f&#252;r die Standorte Siegen und Burbach neu ausgedruckt werden.</font>','[{\"user_id\":256,\"approved_status\":1}]',1,'2024-06-16'),(358,469,'Neue Preislisten aufhängen','<font face=\"Arial\" size=\"2\">Neue Preislisten f&#252;r die T-Shirts m&#252;ssen nach dem drucken aufgeh&#228;ngt werden.</font>','[{\"user_id\":1360,\"approved_status\":1},{\"user_id\":145,\"approved_status\":1}]',1,'2024-06-16'),(361,469,'Preise in myPOS anpassen','<span>Nach Beschluss in der Vorstandssitzung sollen die T-Shirts f&#252;r Kinder um 2,00 Euro auf 18,00 Euro reduziert werden. Die T-Shirts f&#252;r die Erwachsenen bleiben bei 20,00 Euro.</span>','[{\"user_id\":61,\"approved_status\":1}]',1,'2024-06-16'),(364,478,'Gruppe anlegen','<font face=\"Arial\" size=\"2\">RG HH anlegen</font>','[{\"approved_status\":1}]',0,'2024-06-22'),(367,481,'Gruppe anlegen','<font face=\"Arial\" size=\"2\">RG HH anlegen</font>','[{\"approved_status\":1}]',0,'2024-06-22'),(370,484,'Gruppe anlegen','<font face=\"Arial\" size=\"2\">RG HH anlegen</font>','[{\"approved_status\":1}]',0,'2024-06-22'),(373,487,'Gruppe anlegen','<font face=\"Arial\" size=\"2\">RG HH anlegen</font>','[{\"approved_status\":1}]',0,'2024-06-22'),(376,490,'Gruppe anlegen','<font face=\"Arial\" size=\"2\">RG HH anlegen</font>','[{\"approved_status\":1}]',1,'2024-06-22'),(379,493,'Vorstands Mitglied ','<font face=\"Arial\" size=\"2\">Sieh in Aufgabe Vereins Cloud</font>','[{\"user_id\":79,\"approved_status\":1},{\"user_id\":61,\"approved_status\":1},{\"user_id\":145,\"approved_status\":1},{\"user_id\":256,\"approved_status\":1},{\"user_id\":880,\"approved_status\":1},{\"user_id\":1363,\"approved_status\":1},{\"user_id\":1360,\"approved_status\":1}]',1,'2024-07-31'),(382,508,'Auswahltool erstellen','<font face=\"Arial\" size=\"2\">Tool zum Anklicken Gr&#246;&#223;e und und Material</font>','[{\"user_id\":2266,\"approved_status\":1}]',0,'2024-08-15'),(388,526,'RSD anmelden','Online Formulare bearbeiten<p>Unterlagen Arzt, &#252;bungsleiter, Kurse vorbereiten&#160;</p>','[{\"approved_status\":1}]',1,'2024-08-16'),(406,4,'Mähen','<p><font face=\"Arial\" size=\"2\">Regelm&#228;&#223;iges M&#228;hen des Rasens h&#228;lt das Gras auf einer optimalen H&#246;he und f&#246;rdert ein gleichm&#228;&#223;iges Wachstum.</font></p><p><br></p>','[{\"user_id\":37,\"approved_status\":1},{\"user_id\":34,\"approved_status\":1},{\"user_id\":31,\"approved_status\":1}]',0,'2024-08-16'),(409,4,'Bewässerung','<font face=\"Arial\" size=\"2\">Gew&#228;hrleistung einer ausreichenden Bew&#228;sserung, um die Bodenfeuchtigkeit auf einem idealen Niveau zu halten und eine gleichm&#228;&#223;ige Grasentwicklung zu unterst&#252;tzen.</font>','[{\"user_id\":37,\"approved_status\":1},{\"user_id\":34,\"approved_status\":1},{\"user_id\":31,\"approved_status\":1}]',0,'2024-08-16'),(412,4,'Platzvorbereitung','<p><font face=\"Arial\" size=\"2\">Vorbereitung des Spielfelds vor Veranstaltungen durch Markierung von Spielfeldgrenzen und anderen notwendigen Linien.</font></p>','[{\"user_id\":37,\"approved_status\":1},{\"user_id\":34,\"approved_status\":1},{\"user_id\":31,\"approved_status\":1}]',0,'2024-08-16'),(415,4,'Pflege der Spielfeldumgebung','Pflege der angrenzenden Bereiche, wie Trib&#252;nen und Zuschauerbereiche, um eine saubere und sichere Umgebung zu gew&#228;hrleisten.','[{\"user_id\":37,\"approved_status\":1},{\"user_id\":34,\"approved_status\":1},{\"user_id\":31,\"approved_status\":1}]',0,'2024-08-16'),(421,523,'Abrechnen Pilates ','<font face=\"Arial\" size=\"2\">Bitte abrechnen&#160;</font>','[{\"user_id\":25,\"approved_status\":1}]',1,'2024-08-14'),(424,529,'RSD anmelden','Online Formulare bearbeiten<p>Unterlagen Arzt, &#252;bungsleiter, Kurse vorbereiten&#160;</p><p><br></p><div><span><span>Guten Tag Frau&#160;Groos,</span></span></div><div>&#160;</div><div><span><span>herzlich willkommen als neues Mitglied im RehaSport Deutschland e.V.. Ihre Mitgliedschaft ist bis zum Jahresende kostenfrei.</span></span></div><div>&#160;</div><div><span><span>S</span></span><span>ie erhalten mit dieser E-Mail die Links zu allen im Rahmen des Anerkennungsverfahrens auszuf&#252;llenden Dokumenten.</span></div><div><span><span><span><i><span><span>[Anklicken oder die&#160;Verkn&#252;pfung in das Adressfeld des Browsers</span>&#160;<span>kopieren]</span></span></i></span><span><span>:</span></span></span></span><span><span><span></span></span></span></div><div><p class=\"MsoNormal\">&#160;</p><p class=\"MsoNormal\">&#160;</p><p class=\"MsoNormal\"><span><span><b>B1:&#160;&#160;&#160;&#160;&#160;&#160;<a href=\"https://rehasport-deutschland.blog/images/DOWNLOADS/B1_Handlungsvollmacht.pdf\" target=\"_blank\">Vollmacht</a></b></span></span></p><p class=\"MsoNormal\">&#160;</p><p class=\"MsoNormal\"><span><span><b>B2:&#160;&#160;&#160;&#160;&#160;&#160;<a href=\"https://rehasport-deutschland.blog/images/DOWNLOADS/B2_Vertragsverstoesse_und_Verpflichtungserklaerung.pdf\" target=\"_blank\">Vertragsverst&#246;&#223;e und Verpflichtungserkl&#228;rung</a></b></span></span></p><p class=\"MsoNormal\">&#160;</p><p class=\"MsoNormal\"><span><span><b>B3a:&#160;&#160;&#160;&#160;<a href=\"https://rehasport-deutschland.blog/images/DOWNLOADS/B3a_Betreuungsvereinbarung_Arzt_Aerztin.pdf\" target=\"_blank\">Betreuungsvereinbarung Arzt</a></b></span></span></p><p class=\"MsoNormal\">&#160;</p><p class=\"MsoNormal\"><span><span><b><b>B3b: &#160; &#160;<a href=\"https://rehasport-deutschland.blog/images/DOWNLOADS/B3b_Betreuungsvereinbarung_Arzt_Aerztin_fuer_Herzgruppen.pdf\" target=\"_blank\">Betreuungsvereinbarung Arzt f&#252;r Herzgruppen</a></b></b></span></span></p><p class=\"MsoNormal\">&#160;</p><p class=\"MsoNormal\"><strong><span><span>B3c:</span></span></strong>&#160;&#160;&#160;<strong><span><span><a href=\"https://rehasport-deutschland.blog/images/DOWNLOADS/B3c_Notfallversorgung_in_Herzgruppen.pdf\">Absicherung von Notfallsituationen im Herzsport</a></span></span></strong></p><p class=\"MsoNormal\"><span><span><b>&#160;</b></span></span></p><p class=\"MsoNormal\"><span><span><b><b>B4:&#160;&#160; &#160;&#160;&#160;<a href=\"https://rehasport-deutschland.blog/images/DOWNLOADS/B4_Information_zur_Abrechnung_Ermaechtigungserklaerung.pdf\" target=\"_blank\">Info zur Abrechnung</a></b></b></span></span></p><p class=\"MsoNormal\">&#160;</p><p class=\"MsoNormal\">&#160;</p><p class=\"MsoNormal\"><span>&#160;</span></p><p class=\"MsoNormal\"><span><span>Diese Dokumente senden Sie bitte im Original per Post an unsere Gesch&#228;ftsstelle.</span></span></p><p class=\"MsoNormal\">&#160;</p><p class=\"MsoNormal\"><span><span>Nach Erhalt der Handlungsvollmacht senden wir Ihnen die Zugangsdaten zu unserem Internet-Portal zu. Dort werden Ihre Rehasportangebote mit allen Ressourcen und Eckdaten erfasst, gepflegt und gegen&#252;ber Krankenkassen und Patienten pr&#228;sentiert.</span></span></p><p class=\"MsoNormal\">&#160;</p><p class=\"MsoNormal\"><span><span>Folgende Dokumente senden Sie bitte per E-Mail an&#160;</span></span><span><span>&#160;<a href=\"mailto:service@rehasport-deutschland.de\">service@rehasport-deutschland.de</a>:</span></span></p><ul><li class=\"MsoNormal\"><span><span>Nachweis Ihres Institutionskennzeichens</span></span></li><li class=\"MsoNormal\"><span><span>Nachweis Ihrer Haftpflichtversicherung</span></span></li></ul><div><span><span>F&#252;r Fragen steht Ihnen die Gesch&#228;ftsstelle telefonisch unter&#160;<span dir=\"ltr\">030 - 233 20 99 66</span>&#160;oder per E-Mail an&#160;<a href=\"mailto:service@rehasport-deutschland.de\">service@rehasport-deutschland.de</a>&#160; zur Verf&#252;gung.</span></span></div><div>&#160;</div><div class=\"x-apple-transform-wrapper\"><table border=\"0\" cellpadding=\"0\" cellspacing=\"0\" width=\"375\"><tbody><tr><td valign=\"top\"><table border=\"0\" cellpadding=\"0\" cellspacing=\"0\"><tbody><tr><td valign=\"middle\"><table align=\"left\" border=\"0\" cellpadding=\"0\" cellspacing=\"0\" width=\"100%\"><tbody><tr><td><table border=\"0\" cellpadding=\"0\" cellspacing=\"0\"><tbody><tr><td class=\"grussformel\"><span><span>Viele Gr&#252;&#223;e aus Berlin</span></span></td></tr><tr><td class=\"name\"><span><span>Ihr RSD-Team</span></span></td></tr><tr><td class=\"position\">&#160;</td></tr><tr><td><span><span>&#160;</span></span></td></tr><tr><td><span><span><span tabindex=\"-1\"><img alt=\"logo\" src=\"https://rehasport-deutschland.de/emailspeicher/logo.png\" width=\"65\"></span></span></span></td></tr><tr><td><span><span>Unsere Bildungsangebote finden Sie hier:<br><a href=\"https://www.rehasport-deutschland.school/\" target=\"_blank\">www.rehasport-deutschland.school</a></span></span></td></tr><tr><td><span><span>Aktuelle Informationen rund um den Rehasport finden Sie hier:<br><a href=\"https://www.rehasport-deutschland.blog/\" target=\"_blank\">www.rehasport-deutschland.blog</a></span></span></td></tr><tr><td><span><span>Bundesverband Rehabilitationssport | RehaSport Deutschland e.V.</span></span></td></tr><tr><td><span><span><span dir=\"ltr\">Eiswerderstra&#223;e 20 | 13585 Berlin</span>&#160;|&#160;<a href=\"https://www.rehasport-deutschland.de/\" target=\"_blank\">www.rehasport-deutschland.de</a></span></span></td></tr><tr><td><span><span><a href=\"mailto:service@rehasport-deutschland.de\">service@rehasport-deutschland.de</a>&#160;| Fon&#160;<a href=\"tel:+4930233209966\">+49 30 233 20 99 66</a></span></span></td></tr></tbody></table></td></tr><tr><td valign=\"top\"><table border=\"0\" cellpadding=\"0\" cellspacing=\"0\"><tbody><tr><td><span><span><span tabindex=\"-1\"><a href=\"https://rehasport-deutschland.blog/\" target=\"_blank\"><img align=\"absMiddle\" alt=\"image\" height=\"34\" src=\"https://rehasport-deutschland.de/emailspeicher/blog.png\"></a></span>&#160;&#160;<span tabindex=\"-1\"><a href=\"https://www.rehasport-deutschland.school/\" target=\"_blank\"><img align=\"absMiddle\" alt=\"image\" height=\"34\" src=\"https://rehasport-deutschland.de/emailspeicher/school.png\"></a></span>&#160;&#160;<span tabindex=\"-1\"><a href=\"https://www.rehasport-deutschland.de/verwaltung/login.html\" target=\"_blank\"><img align=\"absMiddle\" alt=\"image\" height=\"34\" src=\"https://rehasport-deutschland.de/emailspeicher/portal.png\"></a></span>&#160;&#160;&#160;&#160;&#160;&#160;&#160;<span tabindex=\"-1\"><a class=\"href-calendly\" href=\"https://calendly.com/rsd-experten-team\" target=\"_blank\"><img align=\"absMiddle\" alt=\"image\" height=\"30\" src=\"https://rehasport-deutschland.de/emailspeicher/termin_buchen.png\"></a></span>&#160;</span></span></td></tr></tbody></table></td></tr><tr><td><table border=\"0\" cellpadding=\"0\" cellspacing=\"0\"><tbody><tr><td><span><span>Vorstand:&#160;</span>Prof. Dr. J.-R. Blau<span>, S. Knappe, C. Ufer | VR 26529 B Amtsgericht Charlottenburg</span></span></td></tr><tr><td><span><span>Unsere Informationspflichten zum Datenschutz nach Artikel 13 DSGVO gibt es&#160;<span><a href=\"https://www.rehasport-deutschland.de/home/disclaimer.html\" target=\"_blank\">hier</a></span>.</span></span></td></tr></tbody></table></td></tr></tbody></table></td></tr></tbody></table></td></tr></tbody></table></div></div><div>&#160;</div><div>&#160;</div><div>&#160;</div>','[{\"user_id\":2260,\"approved_status\":1}]',1,'2024-08-16'),(427,568,'RSD fehlende Unterlagen ','<ul><li class=\"MsoNormal\"><span><span>Nachweis Ihres Institutionskennzeichens</span></span></li><li class=\"MsoNormal\"><span><span>Nachweis Ihrer Haftpflichtversicherung</span></span></li></ul>','[{\"user_id\":25,\"approved_status\":1}]',1,'2024-08-14'),(436,577,'ÜL-Lizenzen hochladen ','<font face=\"Arial\" size=\"2\">S.o.</font>','[{\"user_id\":2260,\"approved_status\":1}]',1,'2024-08-20'),(439,577,'Kurse und Soortstötten anlegen ','<font face=\"Arial\" size=\"2\">S.o.</font>','[{\"user_id\":2260,\"approved_status\":1}]',1,'2024-08-20'),(442,574,'Unterschreiben und stempeln','Bitte gegenzeichnen und stempeln&#160;','[{\"user_id\":25,\"approved_status\":1}]',1,'2024-08-20'),(445,574,'Versand an rsd','<font face=\"Arial\" size=\"2\">Ich packe alle Unterlagen zusammen und versende diese dann&#160;</font>','[{\"user_id\":2260,\"approved_status\":1}]',0,'2024-08-20'),(448,580,'Schulungstermin','<font face=\"Arial\" size=\"2\">Schulungstermin mit Pascal Kr&#252;ger vereinbaren ( inkl Moni und Kathi)</font>','[{\"user_id\":2260,\"approved_status\":1}]',1,'2024-08-22'),(457,634,'Schleifen','<p class=\"p1\">Liebe Mitglieder,</p><p class=\"p2\"><br></p><p class=\"p1\">bevor unser Vereinsheim neu gestrichen werden kann, steht als Vorbereitung das Schleifen der W&#228;nde und Oberfl&#228;chen an. Hierzu brauchen wir wieder eure tatkr&#228;ftige Unterst&#252;tzung! Gemeinsam m&#246;chten wir das Vereinsheim f&#252;r den bevorstehenden Neuanstrich vorbereiten und laden euch herzlich ein, mitzumachen.</p>','[{\"user_id\":3829,\"approved_status\":1}]',1,'2024-11-22'),(460,634,'Grundieren','<p class=\"p1\">Liebe Mitglieder,</p><p class=\"p2\"><br></p><p class=\"p1\">nachdem das Vereinsheim erfolgreich geschliffen wurde, steht nun der n&#228;chste Schritt an: das Grundieren der W&#228;nde und Oberfl&#228;chen, um sie optimal f&#252;r den neuen Anstrich vorzubereiten. Hierf&#252;r ben&#246;tigen wir wieder eure tatkr&#228;ftige Unterst&#252;tzung! Gemeinsam k&#246;nnen wir das Vereinsheim Schritt f&#252;r Schritt versch&#246;nern.</p>','[{\"user_id\":3829,\"approved_status\":1}]',0,'2024-12-13'),(463,649,'Wad','<font face=\"Arial\" size=\"2\">App</font>','[{\"approved_status\":1}]',0,'2024-10-20'),(469,586,'Aushand in Siegen aushängen.','<font face=\"Arial\" size=\"2\">Der von Elodie erstelle Aushang solll in der Schule am schwarzen Brett angebracht werden.</font>','[{\"user_id\":256,\"approved_status\":1}]',1,'2024-12-30'),(472,586,'Aushand in Burbach aushängen.','<span>Der von Elodie erstelle Aushang solll in der Schule am schwarzen Brett angebracht werden.</span>','[{\"user_id\":1360,\"approved_status\":1}]',1,'2024-12-30'),(478,664,'Ort','<font face=\"Arial\" size=\"2\">Wo kann das Fest stattfinden?</font><p><font face=\"Arial\" size=\"2\">Vorplatz</font></p>','[{\"user_id\":4126,\"approved_status\":1}]',0,'2024-10-31'),(505,676,'Test1.1','Test','[{\"approved_status\":1}]',1,'2024-12-31'),(508,679,'Test1.1','Test','[{\"approved_status\":1}]',0,'2024-12-31'),(511,682,'Test1.1','Test','[{\"user_id\":4150,\"approved_status\":1}]',1,'2024-12-31'),(514,685,'Test1.1','Test','[{\"user_id\":4135,\"approved_status\":1}]',1,'2024-12-31'),(529,667,'Ort','Planen wo wir St&#228;nde aufbauen k&#246;nnen','[{\"user_id\":4126,\"approved_status\":1}]',0,'2024-11-03'),(532,667,'Stände','<font face=\"Arial\" size=\"2\">Was wollen wir gerne anbieten</font>','[{\"user_id\":4126,\"approved_status\":1}]',0,'2024-11-04'),(535,667,'Aktionszeitraum','<font face=\"Arial\" size=\"2\">Von wan bis wann wollen wir das Winterfest durchf&#252;hren</font>','[{\"user_id\":4126,\"approved_status\":1}]',0,'2024-11-04'),(538,667,'Aktionen','<font face=\"Arial\" size=\"2\">Was m&#246;chten wir alles anbieten au&#223;er St&#228;nde z.B. Musik, Tanzgruppen ect.</font>','[{\"user_id\":4126,\"approved_status\":1}]',0,'2024-11-04'),(541,709,'Test','<font face=\"Arial\" size=\"2\">Test Aufgabe. K&#246;nnt ihr hier etwas &#228;ndern oder Antworten?</font><p><font face=\"Arial\" size=\"2\">LG Uwe</font></p>','[{\"user_id\":4756,\"approved_status\":1},{\"user_id\":1900,\"approved_status\":1}]',1,'2024-12-07'),(544,715,'Hsj','<font face=\"Arial\" size=\"2\">Da</font>','[{\"user_id\":5008,\"approved_status\":1}]',1,'2024-11-29'),(559,721,'Wandervorschläge','<font size=\"2\" face=\"Arial\">Vorschl&#228;ge an Werner H&#228;nel (werner.haenel.910@gmail.com) senden.<br></font>','[{\"user_id\":5125,\"approved_status\":1}]',0,'2025-01-24'),(562,721,'Korrekturen und Änderungen','<font size=\"2\" face=\"Arial\">Bis zur Wanderf&#252;hrerbesprechung: Eventuelle Korrekturen oder Termin&#228;nderungen an Werner H&#228;nel (werner.haenel.910@gmail.com) senden.<br></font>','[{\"user_id\":5125,\"approved_status\":1}]',0,'2025-02-04'),(565,721,'Versand','<font size=\"2\" face=\"Arial\">Finalisierung und Druck des Programms<br></font>','[{\"user_id\":5125,\"approved_status\":1}]',0,'2025-03-03'),(568,754,'noch mehr testen','<font size=\"2\" face=\"Arial\">noch mehr testen<br></font>','[{\"approved_status\":1}]',1,'2025-01-30'),(571,757,'noch mehr testen','<font size=\"2\" face=\"Arial\">noch mehr testen<br></font>','[{\"approved_status\":1}]',1,'2025-01-30'),(577,760,'noch mehr testen','<p><font size=\"2\" face=\"Arial\">noch mehr testen</font></p><br><p><br></p><p><font size=\"2\" face=\"Arial\">alles getestete, nichts geht!</font><br></p>','[{\"user_id\":6994,\"approved_status\":1}]',0,'2025-01-30'),(583,763,'Getränke','<font face=\"Arial\" size=\"2\">Bestellen</font>','[{\"user_id\":7372,\"approved_status\":1}]',1,'2025-02-03'),(586,769,'Nr1','Nr1','[{\"user_id\":7372,\"approved_status\":1}]',1,'2025-02-13'),(589,769,'Nr 2','<font face=\"Arial\" size=\"2\">Nr 2</font>','[{\"user_id\":7624,\"approved_status\":1}]',0,'2025-02-11'),(592,769,'Nr 3','<font face=\"Arial\" size=\"2\">Nr 3</font>','[{\"user_id\":7624,\"approved_status\":1},{\"user_id\":7372,\"approved_status\":1}]',1,'2025-02-11'),(595,775,'test2','<font face=\"Arial\" size=\"2\">Liste und ordner</font>','[{\"approved_status\":1}]',0,'2025-02-06'),(598,778,'test2','<font face=\"Arial\" size=\"2\">Liste und ordner</font>','[{\"approved_status\":1},{\"user_id\":7624,\"approved_status\":1}]',0,'2025-02-06'),(601,781,'test2','<font face=\"Arial\" size=\"2\">Liste und ordner</font>','[{\"approved_status\":1},{\"approved_status\":1}]',0,'2025-02-06'),(613,817,'Einladung nachverfolgen','<font face=\"Arial\" size=\"2\">Nachfrage und Termin setzen</font>','[{\"user_id\":10027,\"approved_status\":1}]',0,'2025-02-28'),(616,823,'Welche Videos?','<font face=\"Arial\" size=\"2\">Sammlung der m&#246;glichen Themen, welche Videos erstellt werden sollen.</font>','[{\"approved_status\":1}]',0,'2025-03-08'),(628,838,'Sponsoren Liste ','Sponsoren Liste erstellen ','[{\"user_id\":310,\"approved_status\":1},{\"user_id\":235,\"approved_status\":1},{\"user_id\":2197,\"approved_status\":1}]',0,'2025-03-30'),(634,859,'Materiel','https://padlet.com/Burgspatzen/35-jahre-jmmusik-24-05-25-im-august-everdung-saal-24-02-25-hvd9cjxmpu91n0mv',NULL,0,'2025-03-20');

--
-- Table structure for table `subtask_group_user`
--

CREATE TABLE `subtask_group_user` (
  `id` int(10) unsigned NOT NULL AUTO_INCREMENT,
  `subtask_id` int(11) NOT NULL,
  `user_id` int(11) NOT NULL,
  `approved_status` int(11) DEFAULT NULL,
  `read_status` int(11) NOT NULL DEFAULT 0,
  PRIMARY KEY (`id`)
) ENGINE=InnoDB AUTO_INCREMENT=752 DEFAULT CHARSET=utf8mb4 COLLATE=utf8mb4_general_ci;

--
-- Dumping data for table `subtask_group_user`
--

INSERT INTO `subtask_group_user` VALUES (94,70,34,1,0),(97,73,34,1,0),(106,82,85,1,0),(109,85,85,1,0),(112,85,82,1,1),(115,88,157,1,1),(118,88,103,1,0),(121,91,157,1,1),(124,91,103,1,0),(136,103,190,1,0),(139,106,85,1,0),(142,109,190,1,0),(145,109,199,1,0),(148,118,202,1,0),(151,118,199,1,0),(157,130,211,1,1),(178,151,199,1,0),(181,154,202,1,0),(193,163,190,1,0),(196,163,82,1,0),(199,166,190,1,0),(250,193,277,1,0),(253,193,271,1,0),(256,196,277,1,0),(259,196,271,1,0),(262,199,277,1,0),(265,199,271,1,0),(268,202,277,1,0),(271,202,271,1,0),(274,205,148,1,1),(313,226,169,1,0),(316,226,157,1,0),(319,226,103,1,0),(322,229,169,1,0),(325,229,157,1,1),(328,229,103,1,0),(331,232,169,1,0),(334,232,157,1,0),(337,232,103,1,0),(340,235,169,1,0),(343,235,157,1,1),(346,235,103,1,0),(349,238,268,1,1),(352,241,559,1,1),(379,265,544,1,0),(382,265,541,1,0),(421,289,85,1,0),(424,289,82,1,0),(427,289,199,1,0),(430,295,199,1,0),(433,295,82,1,0),(436,295,85,1,0),(439,298,256,1,1),(442,301,1360,1,1),(451,319,1360,1,0),(454,322,1360,1,0),(457,325,1360,1,0),(460,328,1360,1,0),(463,331,1360,1,1),(466,334,1360,1,0),(469,337,1360,1,0),(472,340,1360,1,0),(490,355,256,1,1),(493,358,1360,1,1),(496,358,145,1,1),(499,361,61,1,1),(502,379,79,1,1),(505,379,61,1,1),(508,379,145,1,1),(511,379,256,1,1),(514,379,880,1,0),(517,379,1363,1,0),(520,379,1360,1,1),(523,382,2266,1,0),(538,406,37,1,0),(541,406,34,1,0),(544,406,31,1,0),(547,409,37,1,0),(550,409,34,1,0),(553,409,31,1,0),(556,412,37,1,0),(559,412,34,1,0),(562,412,31,1,0),(565,415,37,1,0),(568,415,34,1,0),(571,415,31,1,0),(574,421,25,1,1),(577,424,2260,1,1),(580,427,25,1,1),(589,436,2260,1,1),(592,439,2260,1,1),(595,442,25,1,1),(598,445,2260,1,1),(601,448,2260,1,1),(610,457,3829,1,0),(613,460,3829,1,0),(619,469,256,1,1),(622,472,1360,1,1),(628,478,4126,1,1),(655,511,4150,1,0),(658,514,4135,1,1),(673,529,4126,1,0),(676,532,4126,1,0),(679,535,4126,1,0),(682,538,4126,1,0),(685,541,4756,1,1),(688,541,1900,1,1),(691,544,5008,1,1),(703,559,5125,1,1),(706,562,5125,1,1),(709,565,5125,1,1),(715,577,6994,1,1),(721,583,7372,1,1),(724,586,7372,1,1),(727,589,7624,1,1),(730,592,7624,1,1),(733,592,7372,1,1),(739,613,10027,1,1),(742,628,310,1,0),(745,628,235,1,0),(748,628,2197,1,0);

--
-- Table structure for table `survey`
--

CREATE TABLE `survey` (
  `id` int(10) unsigned NOT NULL AUTO_INCREMENT,
  `title` varchar(255) NOT NULL,
  `description` text DEFAULT NULL,
  `surveyOption` enum('0','1') DEFAULT NULL,
  `surveyType` varchar(20) DEFAULT NULL,
  `surveyStartDate` datetime DEFAULT NULL,
  `surveyEndDate` datetime DEFAULT NULL,
  `surveyViewOption` enum('0','1','2','') DEFAULT NULL,
  `additional_anonymous_voting` varchar(10) DEFAULT NULL,
  `additional_cast_vote` varchar(10) DEFAULT NULL,
  `surveyNotificationOption` varchar(45) DEFAULT NULL,
  `user_id` int(11) DEFAULT NULL,
  `team_id` int(11) DEFAULT NULL,
  `survey_status` int(11) DEFAULT 0,
  `approved_status` tinyint(4) DEFAULT NULL,
  `approved_by` int(11) DEFAULT NULL,
  `is_read` tinyint(4) NOT NULL DEFAULT 0,
  `updated_record` longtext DEFAULT NULL,
  `update_image_url` varchar(500) DEFAULT NULL,
  `update_approved_status` tinyint(4) DEFAULT NULL,
  `deny_reason` text DEFAULT NULL,
  `deny_by_id` int(11) DEFAULT NULL,
  `image` varchar(500) DEFAULT NULL,
  `is_image_converted` int(11) NOT NULL DEFAULT 0,
  `created_at` timestamp NOT NULL DEFAULT current_timestamp(),
  `updated_at` timestamp NOT NULL DEFAULT current_timestamp() ON UPDATE current_timestamp(),
  PRIMARY KEY (`id`)
) ENGINE=InnoDB AUTO_INCREMENT=446 DEFAULT CHARSET=utf8mb4 COLLATE=utf8mb4_general_ci;

--
-- Dumping data for table `survey`
--

INSERT INTO `survey` VALUES (1,'Trikotfarbe der Kommenden Saison','<font face=\"Arial\" size=\"2\">In welcher Trikotfarbe soll unsere Erste Mannschaft bei Heimspielen in der kommenden Saison auflaufen?</font>','0','all_club','2024-01-31 00:00:00','2024-05-31 00:00:00','0','true',NULL,'[\"1\"]',37,12153,0,1,NULL,0,NULL,NULL,NULL,NULL,NULL,'http://prod-tineon-deploy-minio:9000/tineon/Leipzig/2024/January/Documents/Bildschirm%C2%ADfoto%202023-03-18%20um%2009.40.01.png',0,'2024-01-31 08:49:18','2024-01-31 08:49:18'),(4,'Kauf eines Rasenmähroboters','<p><font face=\"Gellix, sans-serif\">Der Vorstand des Sportvereins FC Tineon plant die Anschaffung eines Rasenm&#228;hroboters, um die Rasenpflege auf dem Vereinsgel&#228;nde zu optimieren. Hierzu findet eine Abstimmung unter den Vereinsmitgliedern statt, um die Meinungen und Zustimmung der Gemeinschaft einzuholen.</font></p>','0','all_club','2024-01-31 00:00:00','2024-04-30 00:00:00','1','true',NULL,'[\"1\"]',37,12153,0,1,NULL,0,NULL,NULL,NULL,NULL,NULL,'http://prod-tineon-deploy-minio:9000/tineon/Leipzig/2024/January/Documents/Bildschirm%C2%ADfoto%202023-03-18%20um%2009.38.06.png',0,'2024-01-31 09:01:58','2024-01-31 09:01:58'),(46,'Lorem ipsum dolor sit amet','<p>. Aut quia fuga quo galisum pariatur aut quaerat atque. 33 enim error est consequatur itaque quo error commodi et rerum quia!</p><p>A voluptatem nostrum et officiis illum in iure similique hic cupiditate doloribus ea reprehenderit quos qui quod placeat eos fugit omnis. Et debitis natus ea impedit corporis et rerum ullam.</p><p>Quo architecto cupiditate 33 voluptatum velit in debitis quaerat vel dignissimos labore et iure porro sit adipisci aperiam. A dolor consequatur qui possimus natus est voluptas blanditiis sed iusto ratione. Et aliquam commodi quo delectus molestiae ab quod quia sed fugiat deserunt aut quos nulla.</p>','0','all_club','2024-02-06 00:00:00','2024-02-08 00:00:00','1','true','true','[\"1\"]',82,1411,0,1,NULL,0,NULL,NULL,NULL,NULL,NULL,'http://prod-tineon-deploy-minio:9000/tineon/Leipzig/2024/February/Documents/Bildschirm%C2%ADfoto%202023-03-18%20um%2009.37.50.png',0,'2024-02-06 08:31:03','2024-02-06 08:31:03'),(49,' quia sed fugiat deserunt aut quos nulla.','<p>Lorem ipsum dolor sit amet. Aut quia fuga quo galisum pariatur aut quaerat atque. 33 enim error est consequatur itaque quo error commodi et rerum quia!</p><p>A voluptatem nostrum et officiis illum in iure similique hic cupiditate doloribus ea reprehenderit quos qui quod placeat eos fugit omnis. Et debitis natus ea impedit corporis et rerum ullam.</p><p>Quo architecto cupiditate 33 voluptatum velit in debitis quaerat vel dignissimos labore et iure porro sit adipisci aperiam. A dolor consequatur qui possimus natus est voluptas blanditiis sed iusto ratione. Et aliquam commodi quo delectus molestiae ab quod</p>','0','all_club','2024-02-06 00:00:00','2024-02-08 00:00:00','1','true','true','[\"1\"]',82,1411,0,1,NULL,0,NULL,NULL,NULL,NULL,NULL,'http://prod-tineon-deploy-minio:9000/tineon/Leipzig/2024/February/Documents/Bildschirm%C2%ADfoto%202023-03-18%20um%2009.38.30.png',0,'2024-02-06 08:31:46','2024-02-06 08:31:46'),(52,'Fugiat iusto sequi ','Nam deserunt dolores.<font face=\"Arial\" size=\"2\">&#160;</font>','0','all_club','2024-02-07 00:00:00','2024-02-09 00:00:00','1','true','true','[]',82,1411,0,1,NULL,0,NULL,NULL,NULL,NULL,NULL,'http://prod-tineon-deploy-minio:9000/tineon/Leipzig/2024/February/Documents/Bildschirm%C2%ADfoto%202023-03-18%20um%2009.38.40.png',0,'2024-02-06 08:32:29','2024-02-06 08:32:29'),(58,' impedit corporis et rerum ullam.','<p>Lorem ipsum dolor sit amet. Aut quia fuga quo galisum pariatur aut quaerat atque. 33 enim error est consequatur itaque quo error commodi et rerum quia!</p><p>A voluptatem nostrum et officiis illum in iure similique hic cupiditate doloribus ea reprehenderit quos qui quod placeat eos fugit omnis. Et debitis natus ea</p><p>Quo architecto cupiditate 33 voluptatum velit in debitis quaerat vel dignissimos labore et iure porro sit adipisci aperiam. A dolor consequatur qui possimus natus est voluptas blanditiis sed iusto ratione. Et aliquam commodi quo delectus molestiae ab quod quia sed fugiat deserunt aut quos nulla.</p>','0','all_club','2024-02-06 00:00:00','2024-02-09 00:00:00','0','true','true','[\"1\"]',82,1411,0,1,NULL,0,NULL,NULL,0,NULL,NULL,NULL,0,'2024-02-06 08:34:13','2024-02-06 08:35:02'),(64,' quod quia sed fugiat deserunt aut quos nulla.','<p>Lorem ipsum dolor sit amet. Aut quia fuga quo galisum pariatur aut quaerat atque. 33 enim error est consequatur itaque quo error commodi et rerum quia!</p><p>A voluptatem nostrum et officiis illum in iure similique hic cupiditate doloribus ea reprehenderit quos qui quod placeat eos fugit omnis. Et debitis natus ea impedit corporis et rerum ullam.</p><p>Quo architecto cupiditate 33 voluptatum velit in debitis quaerat vel dignissimos labore et iure porro sit adipisci aperiam. A dolor consequatur qui possimus natus est voluptas blanditiis sed iusto ratione. Et aliquam commodi quo delectus molestiae ab</p>','0','all_club','2024-02-06 00:00:00','2024-02-08 00:00:00','1','true','true','[\"1\"]',82,1411,0,1,NULL,0,NULL,NULL,NULL,NULL,NULL,'http://prod-tineon-deploy-minio:9000/tineon/Leipzig/2024/February/Images/Bogenschie%C3%9Fen.jpeg',0,'2024-02-06 09:01:56','2024-02-06 09:01:56'),(67,'aut quos nulla.','<p><font face=\"Arial\" size=\"2\">Lorem ipsum dolor sit amet. Aut quia fuga quo galisum pariatur aut quaerat atque. 33 enim error est consequatur itaque quo error commodi et rerum quia!</font></p><p><font face=\"Arial\" size=\"2\"><br></font></p><p><font face=\"Arial\" size=\"2\">A voluptatem nostrum et officiis illum in iure similique hic cupiditate doloribus ea reprehenderit quos qui quod placeat eos fugit omnis. Et debitis natus ea impedit corporis et rerum ullam.</font></p><p><font face=\"Arial\" size=\"2\"><br></font></p><p><font face=\"Arial\" size=\"2\">Quo architecto cupiditate 33 voluptatum velit in debitis quaerat vel dignissimos labore et iure porro sit adipisci aperiam. A dolor consequatur qui possimus natus est voluptas blanditiis sed iusto ratione. Et aliquam commodi quo delectus molestiae ab quod quia sed fugiat deserunt&#160;</font></p>','1','all_club','2024-02-06 00:00:00','2024-02-08 00:00:00','1','true','true','[\"1\"]',82,1411,0,1,NULL,0,NULL,NULL,NULL,NULL,NULL,'http://prod-tineon-deploy-minio:9000/tineon/Leipzig/2024/February/Images/Volleyball%20M%C3%A4dels.jpeg',0,'2024-02-06 09:15:35','2024-02-06 09:15:35'),(76,'Umfrage902','Lorem ipsum dolor sit amet, consectetur adipiscing elit, sed do eiusmod &#10;tempor incididunt ut labore et dolore magna aliqua. Ut enim ad minim &#10;veniam, quis nostrud exercitation ullamco laboris nisi ut aliquip ex ea &#10;commodo consequat. Duis aute irure dolor in reprehenderit in voluptate &#10;velit esse cillum dolore eu fugiat nulla pariatur. Excepteur sint &#10;occaecat cupidatat non proident, sunt in culpa qui officia deserunt &#10;mollit anim id est laborum.','0','all_club','2024-02-11 00:00:00','2024-02-16 00:00:00','0',NULL,NULL,'[\"1\"]',82,1411,0,1,NULL,0,NULL,NULL,0,NULL,NULL,'http://prod-tineon-deploy-minio:9000/tineon/Leipzig/2024/February/Images/tennis-damen.jpeg',0,'2024-02-09 09:24:15','2024-02-09 09:24:27'),(79,'consectetur adipiscing ','Lorem ipsum dolor sit amet, elit, sed do eiusmod &#10;tempor incididunt ut labore et dolore magna aliqua. Ut enim ad minim &#10;veniam, quis nostrud exercitation ullamco laboris nisi ut aliquip ex ea &#10;commodo consequat. Duis aute irure dolor in reprehenderit in voluptate &#10;velit esse cillum dolore eu fugiat nulla pariatur. Excepteur sint &#10;occaecat cupidatat non proident, sunt in culpa qui officia deserunt &#10;mollit anim id est laborum.','1','all_club','2024-02-09 00:00:00','2024-02-10 00:00:00','0','true','true','[\"1\"]',82,1411,0,1,NULL,0,NULL,NULL,NULL,NULL,NULL,'http://prod-tineon-deploy-minio:9000/tineon/Leipzig/2024/February/Images/tennis-damen.jpeg',0,'2024-02-09 12:35:23','2024-02-09 12:35:23'),(82,'consectetur ','Lorem ipsum dolor sit amet, adipiscing elit, sed do eiusmod &#10;tempor incididunt ut labore et dolore magna aliqua. Ut enim ad minim &#10;veniam, quis nostrud exercitation ullamco laboris nisi ut aliquip ex ea &#10;commodo consequat. Duis aute irure dolor in reprehenderit in voluptate &#10;velit esse cillum dolore eu fugiat nulla pariatur. Excepteur sint &#10;occaecat cupidatat non proident, sunt in culpa qui officia deserunt &#10;mollit anim id est laborum.','0','group','2024-02-09 00:00:00','2024-02-12 00:00:00','2',NULL,NULL,'[\"2\"]',82,1411,0,1,NULL,0,NULL,NULL,NULL,NULL,NULL,NULL,0,'2024-02-09 12:37:20','2024-02-09 12:37:20'),(109,'Qui quibusdam','Lorem ipsum dolor sit amet. Qui quibusdam nulla est sint error qui sequi&#10; perferendis in voluptas voluptatem. Aut enim accusantium cum explicabo &#10;similique quo quod architecto id temporibus harum','0','group','2024-02-17 00:00:00','2024-02-20 00:00:00','1',NULL,NULL,'[\"1\"]',82,1411,0,1,NULL,0,NULL,NULL,0,NULL,NULL,'http://prod-tineon-deploy-minio:9000/tineon/Leipzig/2024/February/Documents/Bildschirm%C2%ADfoto%202023-03-18%20um%2009.40.01.png',0,'2024-02-16 06:23:35','2024-02-16 08:15:47'),(115,'Et consectetur','<span>Lorem ipsum dolor sit amet. Et consectetur sunt sit iusto rerum At sunt laudantium rem modi repudiandae in architecto natus. Vel vero tenetur sit&#160;</span>','0','group','2024-02-17 00:00:00','2024-02-20 00:00:00','1',NULL,NULL,'[\"2\"]',82,1411,0,1,NULL,0,NULL,NULL,NULL,NULL,NULL,'http://prod-tineon-deploy-minio:9000/tineon/Leipzig/2024/February/Documents/Bildschirm%C2%ADfoto%202023-03-18%20um%2009.39.16.png',0,'2024-02-16 08:09:03','2024-02-16 08:09:03'),(118,'Vel vero','<span>Lorem ipsum dolor sit amet. Et consectetur sunt sit iusto rerum At sunt laudantium rem modi repudiandae in architecto natus. Vel vero tenetur sit&#160;</span>','0','group','2024-02-17 00:00:00','2024-02-20 00:00:00','1',NULL,NULL,'[\"2\"]',82,1411,0,1,NULL,0,NULL,NULL,NULL,NULL,NULL,'http://prod-tineon-deploy-minio:9000/tineon/Leipzig/2024/February/Documents/Bildschirm%C2%ADfoto%202023-03-18%20um%2009.39.16.png',0,'2024-02-16 08:09:28','2024-02-16 08:09:28'),(121,'Vereins-App','<font face=\"Arial\" size=\"2\">Sollen wir die Vereins-App behalten und f&#252;r alle Mitglieder freischalten?</font>','1','group','2024-02-18 00:00:00','2024-03-16 00:00:00','0','false','true','[\"1\"]',211,483,0,1,193,0,NULL,NULL,NULL,NULL,NULL,NULL,0,'2024-02-18 08:46:18','2024-02-19 18:19:04'),(124,'Egestas congue quisque egestas diam in. 19feb','&#160;Euismod in pellentesque massa &#10;placerat duis. Eget nulla facilisi etiam dignissim diam quis enim &#10;lobortis. In fermentum et sollicitudin ac orci. Egestas egestas &#10;fringilla phasellus faucibus scelerisque. Nunc sed id semper risus in &#10;hendrerit gravida rutrum quisque. Elit pellentesque habitant morbi &#10;tristique. Elementum curabitur vitae nunc sed velit dignissim sodales ut&#10; eu. Velit ut tortor pretium viverra suspendisse potenti. Sed felis eget&#10; velit aliquet sagittis id consectetur. Leo vel fringilla est &#10;ullamcorper eget nulla. Sollicitudin ac orci phasellus egestas tellus &#10;rutrum. Commodo viverra maecenas accumsan lacus vel facilisis volutpat. &#10;Et magnis dis parturient montes nascetur ridiculus mus mauris vitae. &#10;Tincidunt vitae semper quis lectus nulla at volutpat diam.','0','all_club','2024-02-19 00:00:00','2024-02-20 00:00:00','0',NULL,'true','[\"1\"]',82,1411,0,1,NULL,0,NULL,NULL,NULL,NULL,NULL,'http://prod-tineon-deploy-minio:9000/tineon/Leipzig/2024/February/Documents/Bildschirm%C2%ADfoto%202023-03-18%20um%2009.38.20.png',0,'2024-02-19 10:48:11','2024-02-19 10:48:11'),(127,'congue quisque egestas diam in. 19feb','&#160;Euismod in pellentesque massa &#10;placerat duis. Eget nulla facilisi etiam dignissim diam quis enim &#10;lobortis. In fermentum et sollicitudin ac orci. Egestas egestas &#10;fringilla phasellus faucibus scelerisque. Nunc sed id semper risus in &#10;hendrerit gravida rutrum quisque. Elit pellentesque habitant morbi &#10;tristique. Elementum curabitur vitae nunc sed velit dignissim sodales ut&#10; eu. Velit ut tortor pretium viverra suspendisse potenti. Sed felis eget&#10; velit aliquet sagittis id consectetur. Leo vel fringilla est &#10;ullamcorper eget nulla. Sollicitudin ac orci phasellus egestas tellus &#10;rutrum. Commodo viverra maecenas accumsan lacus vel facilisis volutpat. &#10;Et magnis dis parturient montes nascetur ridiculus mus mauris vitae. &#10;Tincidunt vitae semper quis lectus nulla at volutpat diam.','0','all_club','2024-02-19 00:00:00','2024-02-20 00:00:00','0',NULL,'true','[\"1\"]',82,1411,0,1,NULL,0,NULL,NULL,NULL,NULL,NULL,'http://prod-tineon-deploy-minio:9000/tineon/Leipzig/2024/February/Documents/Bildschirm%C2%ADfoto%202023-03-18%20um%2009.38.20.png',0,'2024-02-19 10:48:49','2024-02-19 10:48:49'),(130,'egestas Turpis  20th feb','Turpis egestas integer eget aliquet nibh. Sed tempus urna et pharetra &#10;pharetra massa massa ultricies. Sollicitudin tempor id eu nisl nunc. &#10;Vitae congue eu consequat ac felis donec. A lacus vestibulum sed arcu &#10;non odio euismod. Integer quis auctor elit sed. Cras tincidunt lobortis &#10;feugiat vivamus. Nunc consequat interdum varius sit amet. Id diam vel &#10;quam elementum. Molestie ac feugiat sed lectus vestibulum mattis. Tellus&#10; id interdum velit laoreet id donec. Egestas sed tempus urna et pharetra&#10; pharetra. Dictum at tempor commodo ullamcorper a lacus vestibulum sed.','1','all_club','2024-02-20 00:00:00','2024-02-21 00:00:00','0',NULL,NULL,'[\"1\"]',82,1411,0,1,NULL,0,NULL,NULL,NULL,NULL,NULL,'http://prod-tineon-deploy-minio:9000/tineon/Leipzig/2024/February/Images/tennis-damen.jpeg',0,'2024-02-20 10:08:34','2024-02-20 10:08:34'),(133,'egestas eget  Turpis  20th feb','Turpis egestas integer eget aliquet nibh. Sed tempus urna et pharetra &#10;pharetra massa massa ultricies. Sollicitudin tempor id eu nisl nunc. &#10;Vitae congue eu consequat ac felis donec. A lacus vestibulum sed arcu &#10;non odio euismod. Integer quis auctor elit sed. Cras tincidunt lobortis &#10;feugiat vivamus. Nunc consequat interdum varius sit amet. Id diam vel &#10;quam elementum. Molestie ac feugiat sed lectus vestibulum mattis. Tellus&#10; id interdum velit laoreet id donec. Egestas sed tempus urna et pharetra&#10; pharetra. Dictum at tempor commodo ullamcorper a lacus vestibulum sed.','0','all_club','2024-02-20 00:00:00','2024-02-21 00:00:00','0',NULL,NULL,'[\"1\"]',82,1411,0,1,NULL,0,NULL,NULL,NULL,NULL,NULL,'http://prod-tineon-deploy-minio:9000/tineon/Leipzig/2024/February/Images/tennis-damen.jpeg',0,'2024-02-20 10:09:09','2024-02-20 10:09:09'),(136,'egestas eget  Turpis  20th ','Turpis egestas integer eget aliquet nibh. Sed tempus urna et pharetra &#10;pharetra massa massa ultricies. Sollicitudin tempor id eu nisl nunc. &#10;Vitae congue eu consequat ac felis donec. A lacus vestibulum sed arcu &#10;non odio euismod. Integer quis auctor elit sed. Cras tincidunt lobortis &#10;feugiat vivamus. Nunc consequat interdum varius sit amet. Id diam vel &#10;quam elementum. Molestie ac feugiat sed lectus vestibulum mattis. Tellus&#10; id interdum velit laoreet id donec. Egestas sed tempus urna et pharetra&#10; pharetra. Dictum at tempor commodo ullamcorper a lacus vestibulum sed.','0','all_club','2024-02-20 00:00:00','2024-02-21 00:00:00','0',NULL,NULL,'[\"1\"]',82,1411,0,1,NULL,0,NULL,NULL,NULL,NULL,NULL,'http://prod-tineon-deploy-minio:9000/tineon/Leipzig/2024/February/Images/tennis-damen.jpeg',0,'2024-02-20 10:14:08','2024-02-20 10:14:08'),(139,'sapien nec sagittis aliquam ','Morbi tincidunt ornare massa eget egestas purus. Amet mauris commodo &#10;quis imperdiet massa tincidunt. Nisl tincidunt eget nullam non nisi est &#10;sit amet. Cras pulvinar mattis nunc sed blandit libero volutpat sed. &#10;Adipiscing commodo elit at imperdiet dui. Arcu ac tortor dignissim &#10;convallis aenean et. Eu tincidunt tortor aliquam nulla facilisi cras. &#10;Libero nunc consequat interdum varius sit amet mattis vulputate. Nibh &#10;praesent tristique magna sit. Nulla malesuada pellentesque elit eget &#10;gravida cum sociis natoque penatibus. Neque volutpat ac tincidunt vitae.&#10; Non quam lacus suspendisse faucibus interdum posuere lorem ipsum. &#10;Eleifend donec pretium vulputate sapien nec sagittis aliquam malesuada.','1','group','2024-02-20 00:00:00','2024-02-22 00:00:00','1',NULL,NULL,'[\"1\"]',82,1411,0,1,NULL,0,NULL,NULL,NULL,NULL,NULL,'http://prod-tineon-deploy-minio:9000/tineon/Leipzig/2024/February/Documents/Bildschirm%C2%ADfoto%202023-03-18%20um%2009.38.30.png',0,'2024-02-20 10:54:23','2024-02-20 10:54:23'),(142,'Survey for group','Morbi tincidunt ornare massa eget egestas purus. Amet mauris commodo &#10;quis imperdiet massa tincidunt. Nisl tincidunt eget nullam non nisi est &#10;sit amet. Cras pulvinar mattis nunc sed blandit libero volutpat sed. &#10;Adipiscing commodo elit at imperdiet dui. Arcu ac tortor dignissim &#10;convallis aenean et. Eu tincidunt tortor aliquam nulla facilisi cras. &#10;Libero nunc consequat interdum varius sit amet mattis vulputate. Nibh &#10;praesent tristique magna sit. Nulla malesuada pellentesque elit eget &#10;gravida cum sociis natoque penatibus. Neque volutpat ac tincidunt vitae.&#10; Non quam lacus suspendisse faucibus interdum posuere lorem ipsum. &#10;Eleifend donec pretium vulputate sapien nec sagittis aliquam malesuada.','0','group','2024-02-20 00:00:00','2024-02-21 00:00:00','0',NULL,NULL,'[\"1\"]',82,1411,0,1,NULL,0,NULL,NULL,NULL,NULL,NULL,'http://prod-tineon-deploy-minio:9000/tineon/Leipzig/2024/February/Documents/Bildschirm%C2%ADfoto%202023-03-18%20um%2009.38.30.png',0,'2024-02-20 10:58:16','2024-02-20 10:58:16'),(145,'Survey for group mango','Morbi tincidunt ornare massa eget egestas purus. Amet mauris commodo &#10;quis imperdiet massa tincidunt. Nisl tincidunt eget nullam non nisi est &#10;sit amet. Cras pulvinar mattis nunc sed blandit libero volutpat sed. &#10;Adipiscing commodo elit at imperdiet dui. Arcu ac tortor dignissim &#10;convallis aenean et. Eu tincidunt tortor aliquam nulla facilisi cras. &#10;Libero nunc consequat interdum varius sit amet mattis vulputate. Nibh &#10;praesent tristique magna sit. Nulla malesuada pellentesque elit eget &#10;gravida cum sociis natoque penatibus. Neque volutpat ac tincidunt vitae.&#10; Non quam lacus suspendisse faucibus interdum posuere lorem ipsum. &#10;Eleifend donec pretium vulputate sapien nec sagittis aliquam malesuada.','0','group','2024-02-20 00:00:00','2024-02-21 00:00:00','0',NULL,NULL,'[\"1\"]',82,1411,0,1,NULL,0,NULL,NULL,NULL,NULL,NULL,'http://prod-tineon-deploy-minio:9000/tineon/Leipzig/2024/February/Documents/Bildschirm%C2%ADfoto%202023-03-18%20um%2009.38.30.png',0,'2024-02-20 10:58:41','2024-02-20 10:58:41'),(148,'Survye for mgroup','Morbi tincidunt ornare massa eget egestas purus. Amet mauris commodo &#10;quis imperdiet massa tincidunt. Nisl tincidunt eget nullam non nisi est &#10;sit amet. Cras pulvinar mattis nunc sed blandit libero volutpat sed. &#10;Adipiscing commodo elit at imperdiet dui. Arcu ac tortor dignissim &#10;convallis aenean et. Eu tincidunt tortor aliquam nulla facilisi cras. &#10;Libero nunc consequat interdum varius sit amet mattis vulputate. Nibh &#10;praesent tristique magna sit. Nulla malesuada pellentesque elit eget &#10;gravida cum sociis natoque penatibus. Neque volutpat ac tincidunt vitae.&#10; Non quam lacus suspendisse faucibus interdum posuere lorem ipsum. &#10;Eleifend donec pretium vulputate sapien nec sagittis aliquam malesuada.','0','group','2024-02-20 00:00:00','2024-02-22 00:00:00','0',NULL,NULL,'[\"1\"]',82,1411,0,1,NULL,0,NULL,NULL,NULL,NULL,NULL,'http://prod-tineon-deploy-minio:9000/tineon/Leipzig/2024/February/Documents/Bildschirm%C2%ADfoto%202023-03-18%20um%2009.38.30.png',0,'2024-02-20 11:01:05','2024-02-20 11:01:05'),(151,'Survye for mgroup 20th','Morbi tincidunt ornare massa eget egestas purus. Amet mauris commodo &#10;quis imperdiet massa tincidunt. Nisl tincidunt eget nullam non nisi est &#10;sit amet. Cras pulvinar mattis nunc sed blandit libero volutpat sed. &#10;Adipiscing commodo elit at imperdiet dui. Arcu ac tortor dignissim &#10;convallis aenean et. Eu tincidunt tortor aliquam nulla facilisi cras. &#10;Libero nunc consequat interdum varius sit amet mattis vulputate. Nibh &#10;praesent tristique magna sit. Nulla malesuada pellentesque elit eget &#10;gravida cum sociis natoque penatibus. Neque volutpat ac tincidunt vitae.&#10; Non quam lacus suspendisse faucibus interdum posuere lorem ipsum. &#10;Eleifend donec pretium vulputate sapien nec sagittis aliquam malesuada.','0','group','2024-02-20 00:00:00','2024-02-22 00:00:00','0',NULL,NULL,'[\"1\"]',82,1411,0,1,NULL,0,NULL,NULL,NULL,NULL,NULL,'http://prod-tineon-deploy-minio:9000/tineon/Leipzig/2024/February/Documents/Bildschirm%C2%ADfoto%202023-03-18%20um%2009.38.30.png',0,'2024-02-20 11:01:25','2024-02-20 11:01:25'),(154,'Quo libero','<span>Lorem ipsum dolor sit amet. Quo libero explicabo eos explicabo magnam ea veniam aspernatur eum veniam officia aut sapiente expedita ut enim quisquam in nostrum pariatur. Cum dolor ipsum aut nis</span>','0','all_club','2024-02-21 00:00:00','2024-02-22 00:00:00','1',NULL,NULL,'[\"2\"]',82,1411,0,1,NULL,0,NULL,NULL,NULL,NULL,NULL,'http://prod-tineon-deploy-minio:9000/tineon/Leipzig/2024/February/Documents/Bildschirm%C2%ADfoto%202023-03-18%20um%2009.39.25.png',0,'2024-02-20 11:07:00','2024-02-20 11:07:00'),(157,'At distinctio','<span>Lorem ipsum dolor sit amet. At distinctio nisi aut ipsa sapiente est repellat repellendus sed iure dolor.&#160;</span>','0','group','2024-02-21 00:00:00','2024-02-23 00:00:00','1',NULL,NULL,'[\"2\"]',82,1411,0,1,NULL,0,NULL,NULL,NULL,NULL,NULL,'http://prod-tineon-deploy-minio:9000/tineon/Leipzig/2024/February/Documents/Bildschirm%C2%ADfoto%202023-03-18%20um%2009.38.55.png',0,'2024-02-20 11:11:04','2024-02-20 11:11:04'),(160,'Et recus','<span>Lorem ipsum dolor sit amet. Et recusandae distinctio ut deleniti voluptatem eum tenetur delectus qui accusamus illum sit Quis atque. Ad veritatis m</span>','0','group','2024-02-23 00:00:00','2024-02-24 00:00:00','1',NULL,NULL,'[\"1\"]',82,1411,0,1,NULL,0,NULL,NULL,NULL,NULL,NULL,'http://prod-tineon-deploy-minio:9000/tineon/Leipzig/2024/February/Documents/Bildschirm%C2%ADfoto%202023-03-18%20um%2009.39.39.png',0,'2024-02-20 11:13:18','2024-02-20 11:13:18'),(163,'Lorem ipsum dolor sit amet, consectetur adipiscing elit,','&#160;sed do eiusmod &#10;tempor incididunt ut labore et dolore magna aliqua. Ut enim ad minim &#10;veniam, quis nostrud exercitation ullamco laboris nisi ut aliquip ex ea &#10;commodo consequat. Duis aute irure dolor in reprehenderit in voluptate &#10;velit esse cillum dolore eu fugiat nulla pariatur. Excepteur sint &#10;occaecat cupidatat non proident, sunt in culpa qui officia deserunt &#10;mollit anim id est laborum.','0','all_club','2024-02-21 00:00:00','2024-02-22 00:00:00','0',NULL,NULL,'[\"1\"]',82,1411,0,1,NULL,0,NULL,NULL,NULL,NULL,NULL,'http://prod-tineon-deploy-minio:9000/tineon/Leipzig/2024/February/Images/tennis-damen.jpeg',0,'2024-02-21 09:55:48','2024-02-21 09:55:48'),(166,'Survey 22feb ','<font face=\"Arial\" size=\"2\">Lorem</font>','0','all_club','2024-02-22 00:00:00','2024-02-29 00:00:00','0',NULL,NULL,'[\"1\"]',82,1411,0,1,NULL,0,NULL,NULL,NULL,NULL,NULL,'http://prod-tineon-deploy-minio:9000/tineon/Leipzig/2024/February/Images/Bildschirm_foto%202023-03-18%20um%2009__83910.png',0,'2024-02-22 08:46:12','2024-02-22 08:46:12'),(169,'Survey23feb','<font face=\"Arial\" size=\"2\">Loren</font><p><font face=\"Arial\" size=\"2\"><br></font></p>','0','all_club','2024-02-23 00:00:00','2024-02-25 00:00:00','0','true','true','[\"1\"]',82,1411,0,1,NULL,0,NULL,NULL,NULL,NULL,NULL,'http://prod-tineon-deploy-minio:9000/tineon/Leipzig/2024/February/Images/IMG_20240223_172922.jpg',0,'2024-02-23 12:15:33','2024-02-23 12:15:33'),(172,'Survey23jan','<p><font face=\"Arial\" size=\"2\">Lorem</font></p>','1','all_club','2024-02-23 00:00:00','2024-02-24 00:00:00','1','true','true','[\"2\"]',82,1411,0,1,NULL,0,NULL,NULL,NULL,NULL,NULL,'http://prod-tineon-deploy-minio:9000/tineon/Leipzig/2024/February/Images/IMG_20240223_172922.jpg',0,'2024-02-23 12:31:06','2024-02-23 12:31:06'),(178,'Et voluptatem','Lorem ipsum dolor sit amet. Et voluptatem nobis ut dolorem libero qui &#10;voluptatem quas. Hic voluptatem reprehenderit est molestiae nostrum ut &#10;voluptatem ','0','all_club','2024-02-26 00:00:00','2024-02-27 00:00:00','1',NULL,'true','[\"1\"]',82,1411,0,1,NULL,0,NULL,NULL,NULL,NULL,NULL,'http://prod-tineon-deploy-minio:9000/tineon/Leipzig/2024/February/Documents/Bildschirm%C2%ADfoto%202023-03-18%20um%2009.38.20.png',0,'2024-02-26 13:15:37','2024-02-26 13:15:37'),(184,'How would you rate our customer service on a scale of 1-5?','<span>Lorem ipsum dolor sit amet. Eos beatae iste non reprehenderit asperiores vel quia repudiandae vel dolorem quis eum nihil repudiandae</span>','0','all_club','2024-02-27 00:00:00','2024-02-28 00:00:00','1',NULL,NULL,'[\"2\"]',82,1411,0,1,NULL,0,NULL,NULL,NULL,NULL,NULL,'http://prod-tineon-deploy-minio:9000/tineon/Leipzig/2024/February/Documents/Bildschirm%C2%ADfoto%202023-03-18%20um%2009.38.30.png',0,'2024-02-27 06:53:22','2024-02-27 06:53:22'),(187,'Was this article useful?','<p>Lorem ipsum dolor sit amet. Eum voluptas ratione eos iusto esse eum illo quaerat qui animi reprehenderit! Et enim autem et eligendi nobis aut facere excepturi est nihil possimus est impedit Quis!</p><p><br></p>','0','all_club','2024-02-28 00:00:00','2024-02-29 00:00:00','1',NULL,NULL,'[\"2\"]',82,1411,0,1,NULL,0,NULL,NULL,NULL,NULL,NULL,'http://prod-tineon-deploy-minio:9000/tineon/Leipzig/2024/February/Documents/Bildschirm%C2%ADfoto%202023-03-18%20um%2009.39.39.png',0,'2024-02-27 07:48:27','2024-02-27 07:48:27'),(190,'What other information would you like to see on this page?','<span>Lorem ipsum dolor sit amet. Sit voluptatem atque cum totam voluptatem non aliquam sunt ab excepturi nisi id internos tempora ut facere quod. Qui porro quam et officiis mollitia id fugiat animi et veritatis rerum cum voluptatum doloremque a perspiciatis cumque. Non recusandae reprehenderit et enim sapiente eos eaque minus sit voluptate quia sit quaerat saepe sed dolorem mollitia id enim ipsum. Sit dolores optio&#160;</span>','0','all_club','2024-02-27 00:00:00','2024-02-28 00:00:00','1',NULL,'true','[\"1\"]',82,1411,0,1,NULL,0,NULL,NULL,NULL,NULL,NULL,'http://prod-tineon-deploy-minio:9000/tineon/Leipzig/2024/February/Documents/Bildschirm%C2%ADfoto%202023-03-18%20um%2009.38.06.png',0,'2024-02-27 07:52:21','2024-02-27 07:52:21'),(196,'Lorem','<font face=\"Arial\" size=\"2\">Lorem</font>','1','all_club','2024-02-29 00:00:00','2024-03-01 00:00:00','0','true','true','[\"2\"]',82,1411,0,1,NULL,0,NULL,NULL,NULL,NULL,NULL,'http://prod-tineon-deploy-minio:9000/tineon/Leipzig/2024/February/Images/pexels-ian-beckley-2792157.jpg',0,'2024-02-29 08:16:11','2024-02-29 08:16:11'),(202,'Sommerfest Termin','<font face=\"Arial\" size=\"2\">Moin mal ein Voting f&#252;r den Sommerfest Termin. Schaut bitte wo ihr definitiv k&#246;nnt. Es sind auch mehrfach Auswahl m&#246;glich. Die Abstimmung l&#228;uft bis zum 31.3.</font><p><font face=\"Arial\" size=\"2\"><br></font></p><p><font face=\"Arial\" size=\"2\">Auf das wir ne ordentliche Sause haben.</font></p><p><font face=\"Arial\" size=\"2\"><br></font></p><p><font face=\"Arial\" size=\"2\">Wer Vorschl&#228;ge hat was gemacht werden kann, darf sie mir Gerne per WhatsApp oder Discord zukommen lassen.</font></p><p><font face=\"Arial\" size=\"2\"><br></font></p><p><font face=\"Arial\" size=\"2\">Ansonsten gut Spiel&#160;</font></p>','1','all_club','2024-03-02 00:00:00','2024-03-31 00:00:00','0',NULL,'true','[\"2\"]',358,1189,1,1,NULL,0,NULL,NULL,NULL,NULL,NULL,'http://prod-tineon-deploy-minio:9000/tineon/Leipzig/2024/March/Images/GettyImages-153503403.jpg',0,'2024-03-02 10:39:35','2024-03-02 11:21:24'),(205,'Sommerfest Termin2','<font face=\"Arial\" size=\"2\">Moin mal ein Voting f&#252;r den Sommerfest Termin. Schaut bitte wo ihr definitiv k&#246;nnt. Es sind auch mehrfach Auswahl m&#246;glich. Die Abstimmung l&#228;uft bis zum 31.3.</font><p><font face=\"Arial\" size=\"2\"><br></font></p><p><font face=\"Arial\" size=\"2\">Auf das wir ne ordentliche Sause haben.</font></p><p><font face=\"Arial\" size=\"2\"><br></font></p><p><font face=\"Arial\" size=\"2\">Wer Vorschl&#228;ge hat was gemacht werden kann, darf sie mir Gerne per WhatsApp oder Discord zukommen lassen.</font></p><p><font face=\"Arial\" size=\"2\"><br></font></p><p><font face=\"Arial\" size=\"2\">Ansonsten gut Spiel&#160;</font></p>','1','all_club','2024-03-02 00:00:00','2024-03-31 00:00:00','0',NULL,'true','[\"2\"]',358,1189,0,1,NULL,0,NULL,NULL,NULL,NULL,NULL,'http://prod-tineon-deploy-minio:9000/tineon/Leipzig/2024/March/Images/GettyImages-153503403.jpg',0,'2024-03-02 10:40:10','2024-03-02 10:40:10'),(208,'Digitale bAV als Chance zur Profilierung als innovativer Arbeitgeber','bAV als Chance zur Profilierung des Unternehmens&#10;Bereits Berufseinsteiger achten sehr darauf, dass ihr&#10;Arbeitgeber eine betriebliche Altersversorgung anbietet.&#10;&#220;ber drei Viertel (77 %) von ihnen ist das &#8222;sehr wichtig&#8221;&#10;oder &#8222;eher wichtig&#8221;. Bei der Altersgruppe zwischen&#10;25 und 29 Jahren sind es sogar 86 %, die diese&#10;Einsch&#228;tzung &#228;u&#223;ern.&#10;Unternehmen sind also gut beraten, eine attraktive&#10;betriebliche Altersversorgung anzubieten und in&#10;ihrer Kommunikation die Angebote der betrieblichen&#10;Altersversorgung deutlich herauszustellen.','1','group','2024-03-15 00:00:00','2024-04-11 00:00:00','',NULL,NULL,'[]',535,1637,1,1,NULL,0,NULL,NULL,NULL,NULL,NULL,'http://prod-tineon-deploy-minio:9000/tineon/Leipzig/2024/March/Documents/Bildschirmfoto%202024-03-04%20um%2016.15.12.png',0,'2024-03-04 15:17:30','2024-03-06 10:10:46'),(211,'Vereinstrickots','<font face=\"Arial\" size=\"2\">Wir m&#246;chten f&#252;r den Verein einheitliche Trikots bestellen und m&#246;chten mit dieser Umfrage die Farbe festlegen.&#160;</font>','0','all_club','2024-03-05 00:00:00','2024-03-14 00:00:00','0',NULL,'true','[]',550,65297,1,1,NULL,0,NULL,NULL,NULL,NULL,NULL,'http://prod-tineon-deploy-minio:9000/tineon/Leipzig/2024/March/Images/3DFA67D1-AB89-4C3F-A61C-2666CECD0CB7.jpeg',0,'2024-03-05 05:55:46','2024-03-05 05:57:57'),(217,'Wie wichtig ist Ihnen, dass Ihr Arbeitgeber eine betriebliche Altersversorgung (bAV) anbietet?','Digitale bAV als Chance zur Profilierung als innovativer Arbeitgeber<p>bAV als Chance zur Profilierung des Unternehmens Bereits Berufseinsteiger achten sehr darauf, dass ihr Arbeitgeber eine betriebliche Altersversorgung anbietet. &#220;ber drei Viertel (77 %) von ihnen ist das &#8222;sehr wichtig&#8221; oder &#8222;eher wichtig&#8221;. Bei der Altersgruppe zwischen 25 und 29 Jahren sind es sogar 86 %, die diese Einsch&#228;tzung &#228;u&#223;ern. Unternehmen sind also gut beraten, eine attraktive betriebliche Altersversorgung anzubieten und in ihrer Kommunikation die Angebote der betrieblichen Altersversorgung deutlich herauszustellen.</p><p><br></p><p><br></p>','0','group','2024-03-05 00:00:00','2024-03-31 00:00:00','0',NULL,NULL,'[\"1\"]',535,1637,0,1,NULL,0,NULL,NULL,NULL,NULL,NULL,NULL,0,'2024-03-05 11:17:03','2024-03-05 15:56:12'),(220,'Survey Ornare arcu','<font size=\"2\" face=\"Arial\">lorem</font>','0','all_club','2024-03-14 00:00:00','2024-03-17 00:00:00','0','true',NULL,'[\"1\"]',82,1411,0,1,NULL,0,NULL,NULL,NULL,NULL,NULL,'http://prod-tineon-deploy-minio:9000/tineon/Leipzig/2024/March/Images/tennis-damen.jpeg',0,'2024-03-14 05:11:44','2024-03-14 05:11:44'),(223,'New survey for testing','<span>Lorem ipsum dolor sit amet. Ab similique maxime hic ipsa eius est reiciendis quia quo iusto numquam qui tempora alias. In quas inventore ut laboriosam itaque quo maxime quod et voluptas dolores.</span><br>','0','all_club','2024-03-14 00:00:00','2024-03-16 00:00:00','0','true',NULL,'[\"1\"]',82,1411,0,1,NULL,0,NULL,NULL,NULL,NULL,NULL,'http://prod-tineon-deploy-minio:9000/tineon/Leipzig/2024/March/Images/Volleyball.jpeg',0,'2024-03-14 06:30:26','2024-03-14 06:30:26'),(226,'Test survey 14 March 2024','<span>Lorem ipsum dolor sit amet. Hic nisi deserunt et ipsam quia qui eveniet sunt qui officia ducimus. Eos numquam minus aut quod numquam ut corrupti aliquid. Eum minima aliquam et exercitationem voluptatem aut modi dolorum. Qui nemo saepe et tenetur architecto non eveniet animi eos consequatur quibusdam quo distinctio exercitationem et enim veritatis At soluta exercitationem?</span>','0','all_club','2024-03-14 00:00:00','2024-03-16 00:00:00','0',NULL,NULL,'[\"1\"]',82,1411,0,1,NULL,0,NULL,NULL,NULL,NULL,NULL,'http://prod-tineon-deploy-minio:9000/tineon/Leipzig/2024/March/Images/Tennis-Minis.jpeg',0,'2024-03-14 06:42:49','2024-03-14 06:42:49'),(229,'Survey 14marc','<font face=\"Arial\" size=\"2\">Lorem</font>','0','all_club','2024-03-14 00:00:00','2024-03-16 00:00:00','0',NULL,NULL,'[\"1\"]',82,1411,0,1,NULL,0,NULL,NULL,NULL,NULL,NULL,'http://prod-tineon-deploy-minio:9000/tineon/Leipzig/2024/March/Images/IMG_3707.jpeg',0,'2024-03-14 09:02:31','2024-03-14 09:02:31'),(232,'A sport survey 14th march','<font face=\"Arial\" size=\"2\">Survey</font>','0','all_club','2024-03-16 00:00:00','2024-03-17 00:00:00','0',NULL,NULL,'[\"1\"]',82,1411,0,1,NULL,0,NULL,NULL,NULL,NULL,NULL,'http://prod-tineon-deploy-minio:9000/tineon/Leipzig/2024/March/Images/IMG_3707.jpeg',0,'2024-03-14 09:04:39','2024-03-14 09:04:39'),(235,'Survey 14 answer','<font face=\"Arial\" size=\"2\">Lorem</font>','0','all_club','2024-03-18 00:00:00','2024-03-23 00:00:00','0',NULL,NULL,'[\"1\"]',82,1411,0,1,NULL,0,NULL,NULL,0,NULL,NULL,'http://prod-tineon-deploy-minio:9000/tineon/Leipzig/2024/March/Images/Bildschirm_foto%202023-03-18%20um%2009__13116.png',0,'2024-03-14 09:45:34','2024-03-14 09:47:03'),(238,'consectetur adipiscing elit, 22nd mar','&#160;sed do eiusmod tempor incididunt ut labore &#10;et dolore magna aliqua. Ut enim ad minim veniam, quis nostrud &#10;exercitation ullamco laboris nisi ut aliquip ex ea commodo consequat. &#10;Duis aute irure dolor in reprehenderit in voluptate velit esse cillum &#10;dolore eu fugiat nulla pariatur. Excepteur sint occaecat cupidatat non &#10;proident, sunt in culpa qui officia deserunt mollit anim id est laborum','1','group','2024-03-22 00:00:00','2024-03-23 00:00:00','0',NULL,'true','[\"1\"]',82,1411,0,1,NULL,0,NULL,NULL,NULL,NULL,NULL,'http://prod-tineon-deploy-minio:9000/tineon/Leipzig/2024/March/Images/Leichtathetik.jpeg',0,'2024-03-22 06:00:51','2024-03-22 06:00:51'),(241,'Vorstandssitzung April 2024','<font face=\"Arial\" size=\"2\">Abstimmung &#252;ber einen Termin f&#252;r die n&#228;chste Vorstandssitzung im April 2024.</font>','1','group','2024-03-28 00:00:00','2024-04-18 00:00:00','0',NULL,'true','[\"2\"]',61,51053,0,1,NULL,0,NULL,NULL,NULL,NULL,NULL,NULL,0,'2024-03-28 13:14:09','2024-03-28 13:14:09'),(244,'Alkoholkonsum Wadelkappen','<p><font size=\"2\" face=\"Arial\">Das leidige Thema an der Rottweiler Fasnet: Trinken die Wadelkappen zuviel Alhohol. Die Narrenzunft Rottweil macht es sich nicht leicht und hat sich nach vielen umstrittenen Sitzungen dem leidigen Thema Alkohol angenommen. <br></font></p><p><font size=\"2\" face=\"Arial\">Dabei fordert die NZ Ihrere Mitglieder dazu auf, sich an der Umfrage zu beteiligen. <br></font></p>','1','all_club','2024-04-01 00:00:00','2024-11-20 00:00:00','','false','true','[]',508,7879,0,1,NULL,0,NULL,NULL,NULL,NULL,NULL,'http://prod-tineon-deploy-minio:9000/tineon/Leipzig/2024/April/Images/Wolfi.jpg',0,'2024-04-01 14:21:04','2024-04-01 14:21:04'),(253,'Test','<font face=\"Arial\" size=\"2\">Test</font>','1','group','2024-04-24 00:00:00','2024-04-25 00:00:00','0',NULL,NULL,'[\"2\"]',43,26233,0,1,NULL,0,NULL,NULL,NULL,NULL,NULL,'http://prod-tineon-deploy-minio:9000/tineon/Leipzig/2024/April/Images/rcg-logo.png',0,'2024-04-24 10:18:51','2024-04-24 10:18:51'),(256,'Lorem Ipsum survey 01 May','<div><p><strong>Lorem Ipsum</strong>&#160;is simply dummy text of the printing and typesetting industry. Lorem Ipsum has been the industry\'s standard dummy text ever since the 1500s, when an unknown printer took a galley of type and scrambled it to make a type specimen book. It has survived not only five centuries, but also the leap into electronic typesetting, remaining essentially unchanged. It was popularised in the 1960s with the release of Letraset sheets containing Lorem Ipsum passages, and more recently with desktop publishing software like Aldus PageMaker including versions of Lorem Ipsum.</p><p><br></p></div><div></div>','1','all_club','2024-05-01 00:00:00','2024-05-10 00:00:00','1',NULL,NULL,'[\"1\"]',82,1411,0,1,NULL,0,NULL,NULL,0,NULL,NULL,'http://prod-tineon-deploy-minio:9000/tineon/Leipzig/2024/May/Images/Tennis.jpeg',0,'2024-05-01 05:20:27','2024-05-01 05:27:29'),(259,'Vorstandssitzung 28.05.','<font face=\"Arial\" size=\"2\">Teilnahme an Vorstandssitzung</font>','0','group','2024-05-01 00:00:00','2024-05-27 00:00:00','0',NULL,'true','[\"1\"]',43,26233,0,1,NULL,0,NULL,NULL,NULL,NULL,NULL,NULL,0,'2024-05-01 08:43:57','2024-05-01 08:43:57'),(265,'Bones&Dice Battleshock Marker','<p><font size=\"2\" face=\"Arial\">Einmal die pr&#228;ferierte Variante Ausw&#228;hlen. <br></font></p><p><font size=\"2\" face=\"Arial\"><br></font></p><p><font size=\"2\" face=\"Arial\">25mm Buttons ohne Anstecker, sog. Medaillons.<br></font></p><p><font size=\"2\" face=\"Arial\"><br></font></p><p><font size=\"2\" face=\"Arial\">Preis ~ 5&#8364; / 10 St&#252;ck. Sobald die Herstellungskosten gedeckt sind geht jeder extra Cent in die Vereinskasse<br></font></p>','0','all_club','2024-05-10 00:00:00','2024-05-18 00:00:00','',NULL,NULL,'[\"1\"]',361,1189,0,1,NULL,0,NULL,NULL,NULL,NULL,NULL,'http://prod-tineon-deploy-minio:9000/tineon/Leipzig/2024/May/Images/marker.png',0,'2024-05-10 14:35:03','2024-05-10 14:35:03'),(271,'Vorstandssitzung Mai 2024','<h5><span>Abstimmung &#252;ber einen Termin f&#252;r die n&#228;chste Vorstandssitzung im Mai 2024.</span><br></h5>','1','group','2024-05-13 00:00:00','2024-06-09 00:00:00','0',NULL,'true','[\"2\"]',61,51053,1,1,NULL,0,NULL,NULL,NULL,NULL,NULL,NULL,0,'2024-05-13 18:28:50','2024-06-08 09:26:56'),(274,'Wie war unser letztes Sonntagsspiel organisiert?','<font size=\"2\" face=\"Arial\">Wir m&#246;chten gerne wissen wie unser letztes Sonntagsspiel organisiert war.<br></font>','1','group','2024-05-21 00:00:00','2024-05-24 00:00:00','1',NULL,'false','[\"2\"]',772,1703,0,1,NULL,0,NULL,NULL,NULL,NULL,NULL,NULL,0,'2024-05-21 12:28:48','2024-05-21 12:28:48'),(277,'Test Umfrage','<font face=\"Arial\" size=\"2\">Test</font>','1','all_club','2024-05-22 00:00:00','2024-05-25 00:00:00','0',NULL,NULL,'[\"2\"]',445,1703,0,1,NULL,0,NULL,NULL,NULL,NULL,NULL,NULL,0,'2024-05-22 08:21:37','2024-05-22 08:21:37'),(280,'Neue Umfrage für Lena','<font face=\"Arial\" size=\"2\">Lenas Umfrage</font>','1','group','2024-05-22 00:00:00','2024-05-26 00:00:00','',NULL,'true','[]',445,1703,1,1,NULL,0,NULL,NULL,NULL,NULL,NULL,NULL,0,'2024-05-22 09:59:25','2024-05-22 11:22:20'),(283,'2. Umfrage für Lena','<font face=\"Arial\" size=\"2\">2. Umfrage f&#252;r Lena</font>','0','group','2024-05-22 00:00:00','2024-05-24 00:00:00','',NULL,'true','[]',445,1703,1,1,NULL,0,NULL,NULL,NULL,NULL,NULL,NULL,0,'2024-05-22 10:03:08','2024-05-22 11:02:34'),(286,'Umfrage zum Sommerfest 2024','<font size=\"2\" face=\"Arial\">Wer h&#228;tte gerne eine Neuauflage des Sommerfest 2024<br></font>','0','group','2024-05-22 00:00:00','2024-05-25 00:00:00','1','true',NULL,'[\"2\"]',772,1703,1,1,NULL,0,NULL,NULL,NULL,NULL,NULL,NULL,0,'2024-05-22 11:16:43','2024-05-22 11:22:06'),(289,'Testumfrage','<font size=\"2\" face=\"Arial\">Testumfrage</font>','0','group','2024-05-22 00:00:00','2024-05-23 00:00:00','',NULL,NULL,'[\"1\"]',772,1703,0,1,NULL,0,NULL,NULL,NULL,NULL,NULL,NULL,0,'2024-05-22 11:24:27','2024-05-22 11:24:27'),(292,'Sichtbarkeitsanzeige dieser Umfrage','<font size=\"2\" face=\"Arial\">Diese Umfrage soll sicherstellen das sie auch von Gruppenmitgliedern gesehen wird<br></font>','0','group','2024-05-27 00:00:00','2024-05-28 00:00:00','1',NULL,NULL,'[\"1\"]',772,1703,0,1,NULL,0,NULL,NULL,NULL,NULL,NULL,NULL,0,'2024-05-27 07:33:03','2024-05-27 07:33:03'),(295,'Test Umfragen über App','<font face=\"Arial\" size=\"2\">Hier geht es nur darum zu sehen, wer diese Umfragen empfangen kann.&#160;</font>','0','group','2024-05-27 00:00:00','2024-06-30 00:00:00','0','true','true','[\"1\"]',61,51053,0,1,NULL,0,NULL,NULL,NULL,NULL,NULL,'http://prod-tineon-deploy-minio:9000/tineon/Leipzig/2024/May/Documents/Bildschirmfoto%202024-02-11%20um%2022.39.59.png',0,'2024-05-27 09:09:26','2024-05-27 09:09:26'),(298,'Welche Veranstaltung sollen wir planen?','<font face=\"Arial\" size=\"2\">F&#252;r Juni planen wir wieder tolle Veranstaltungen&#160;</font>','1','all_club','2024-06-07 00:00:00','2024-06-14 00:00:00','0','false',NULL,'[\"2\"]',2032,13919,1,1,NULL,0,NULL,NULL,NULL,NULL,NULL,'http://prod-tineon-deploy-minio:9000/tineon/Leipzig/2024/June/Images/C29AD4F6-D394-458E-9E51-B019410502DB.jpeg',0,'2024-06-07 16:43:53','2024-06-07 16:44:45'),(301,'Welche Veranstaltung sollen wir planen','<font face=\"Arial\" size=\"2\">F&#252;r Juni planen wir wieder tolle Veranstaltungen&#160;</font>','1','all_club','2024-06-07 00:00:00','2024-06-14 00:00:00','0','false',NULL,'[\"2\"]',2032,13919,0,1,NULL,0,NULL,NULL,NULL,NULL,NULL,'http://prod-tineon-deploy-minio:9000/tineon/Leipzig/2024/June/Images/C29AD4F6-D394-458E-9E51-B019410502DB.jpeg',0,'2024-06-07 16:44:26','2024-06-07 16:44:26'),(304,'Erfahrungen in der Testphase','<font face=\"Arial\" size=\"2\">Ich wollte einfach einmal das Umfrage-Tool testen und nat&#252;rlich nebenbei erfahren, was euer Eindruck bisher ist.&#160;</font>','1','group','2024-06-15 00:00:00','2024-07-06 00:00:00','2','false',NULL,'[\"2\"]',2059,13919,0,1,2032,0,NULL,NULL,NULL,NULL,NULL,NULL,0,'2024-06-15 13:31:32','2024-06-17 19:30:58'),(307,'Wie hat euch das Seminar am 29.06.2024 zum IPR gefallen ?','Wie hat euch das Seminar am 29.06.2024 zum IPR gefallen ?','0','all_club','2024-06-30 00:00:00','2024-07-31 00:00:00','0','false',NULL,'[\"2\"]',193,483,0,1,NULL,0,NULL,NULL,NULL,NULL,NULL,NULL,0,'2024-06-30 07:58:03','2024-06-30 07:58:03'),(313,'Nächste Vorstandssitzung August','<font face=\"Arial\" size=\"2\">Bitte um Erf&#252;llung einiger noch nicht erledigten u neuen Aufgaben, zur n&#228;chsten Sitzung.</font><p><font face=\"Arial\" size=\"2\"><br></font></p><p><font face=\"Arial\" size=\"2\">Diese k&#246;nnten wir online od pers&#246;nlich machen, desshalb gebe ich auch Freitag Abend als Auswahlmit an, &#252;ber d Zeit k&#246;nnte man ja noch mal reden.</font></p>','1','group','2024-07-06 00:00:00','2024-07-31 00:00:00','0',NULL,NULL,'[\"1\"]',145,51053,0,1,61,0,NULL,NULL,NULL,NULL,NULL,'http://prod-tineon-deploy-minio:9000/tineon/Leipzig/2024/July/Images/IMG_2191.jpeg',0,'2024-07-06 06:37:55','2024-07-08 17:49:28'),(316,'Radtour','<font face=\"Arial\" size=\"2\">Wer nimmt an der Radtour teil?</font>','0','all_club','2024-07-17 00:00:00','2024-07-31 00:00:00','0',NULL,NULL,'[\"2\"]',2248,2490,0,1,NULL,0,NULL,NULL,NULL,NULL,NULL,NULL,0,'2024-07-17 18:05:00','2024-07-17 18:05:00'),(319,'eine weitere Umfrage','<font face=\"Arial\" size=\"2\">Wer hilft bei der n&#228;chsten Sonnwendfeier beim Aufbau</font>','0','all_club','2024-07-18 00:00:00','2024-07-31 00:00:00','',NULL,NULL,'[]',2248,2490,0,1,NULL,0,NULL,NULL,NULL,NULL,NULL,NULL,0,'2024-07-17 18:39:28','2024-07-17 18:39:28'),(325,'Kommunikationstool der Genossenschaft','Wir wollen die M&#246;glichkeit von Verein.Cloud testen, ob und in welcher Form hier&#252;ber die interne genossenschaftliche Kommunikation m&#246;glich ist.','0','all_club','2024-07-18 00:00:00','2024-07-31 00:00:00','0',NULL,NULL,'[\"2\"]',2254,2450,0,1,NULL,0,NULL,NULL,NULL,NULL,NULL,'http://prod-tineon-deploy-minio:9000/tineon/Leipzig/2024/July/Documents/kommunikation.png__1663x952_q85_subsampling-2.png',0,'2024-07-18 16:21:42','2024-07-18 16:21:42'),(328,'Materialabfrage','<font face=\"Arial\" size=\"2\">Was wird ben&#246;tigt?</font><p><font face=\"Arial\" size=\"2\">Abholung samstagvormittag</font></p>','1','group','2024-07-31 00:00:00','2024-08-01 00:00:00','1',NULL,'true','[\"1\"]',2302,21495,0,1,NULL,0,NULL,NULL,NULL,NULL,NULL,'http://prod-tineon-deploy-minio:9000/tineon/Leipzig/2024/July/Images/wiltierpflegestation_LOGO_haseschwein.jpg',0,'2024-07-31 13:55:12','2024-07-31 13:55:12'),(337,'Tanzen in den Ferien im Stadtpark Nagold','<p><font size=\"2\" face=\"Arial\">In den Ferien gibt es im Stadtpark in Nagold (Kelb) Sport und Spa&#223;. Sonntags von 11 - 12 Uhr gibt es Linedance.</font></p><p><font size=\"2\" face=\"Arial\"><br></font></p><p><font size=\"2\" face=\"Arial\">Die Umgebung bietet sich zum Flanieren und Entspannen an. Vor dem Tanzen gemeinsam Fr&#252;hst&#252;cken oder nach dem Tanzen auf einen erfrischenden Schluck in ein Caf&#233; oder Restaurant, Tretboot fahren auf der Nagold oder einfach nur die F&#252;&#223;e in der Nagold baumel lassen.</font></p><p><font size=\"2\" face=\"Arial\"><br></font></p><p><font size=\"2\" face=\"Arial\">Wer ist mit dabei?<br></font></p>','1','group','2024-08-05 00:00:00','2024-08-10 00:00:00','',NULL,'true','[]',2308,2490,1,1,NULL,0,NULL,NULL,NULL,NULL,NULL,'http://prod-tineon-deploy-minio:9000/tineon/Leipzig/2024/August/Documents/www.nagold.jpeg',0,'2024-08-05 14:42:27','2024-08-06 07:13:31'),(340,'Tanzen im Freien an der Nagold','<p><font size=\"2\" face=\"Arial\">In den Ferien veranstaltet die Stadt Nagold im Stadtpark kostenlos Sport und Spa&#223;.</font></p><p><font size=\"2\" face=\"Arial\">Sonntags kann von 11 - 12 Uhr Linedance getanzt werden.<br></font></p><p><font size=\"2\" face=\"Arial\"><br></font></p><p><font size=\"2\" face=\"Arial\">Zuvor gemeinsam Fr&#252;hst&#252;cken oder danach gemeinsam Trinken oder etwas zu Essen genie&#223;en, oder einfach nur zum Tanzen kommen, ein variantenreiches Event. Tretboot fahren, an der Nagold entlang flanieren oder die F&#252;&#223;e im Wasser baumeln lassen, auch diese Optionen sind reizvoll.<br></font></p><p><font size=\"2\" face=\"Arial\"><br></font></p><p><font size=\"2\" face=\"Arial\">Wer ist n&#228;chsten Sonntag mit dabei?<br></font></p><p><font size=\"2\" face=\"Arial\"><br></font></p><p><font size=\"2\" face=\"Arial\"><br></font></p>','1','group','2024-08-06 00:00:00','2024-08-10 00:00:00','','false','true','[]',2308,2490,0,1,NULL,0,NULL,NULL,NULL,NULL,NULL,'http://prod-tineon-deploy-minio:9000/tineon/Leipzig/2024/August/Documents/www.nagold%20II.jpeg',0,'2024-08-06 08:04:53','2024-08-06 08:04:53'),(343,'Sichtbarkeit und Zugang zu Umfragen','<font size=\"2\" face=\"Arial\">Diese Umfrage hat das Ziel festzustellen, wer eine Umfrage sehen und daran teilnehmen kann. Ich bitte alle, die diese Umfrage sehen auch an der Umfrage teilzunehmen.<br></font>','1','group','2024-08-06 00:00:00','2024-08-10 00:00:00','',NULL,NULL,'[]',2308,2490,0,1,NULL,0,NULL,NULL,NULL,NULL,NULL,'http://prod-tineon-deploy-minio:9000/tineon/Leipzig/2024/August/Images/umfrage-02.jpg',0,'2024-08-06 12:15:24','2024-08-06 12:15:24'),(346,'The German Country Dance Championschip','<font size=\"2\" face=\"Arial\">Im M&#228;rz finden die Deutsche Meisterschaft in Berlin statt. Der Event ist v0m 14. - 16. M&#228;rz. Bitte nehmt an der Umfrag teil. Achtung: Speichern nicht vergessen.<br></font>','1','group','2024-08-07 00:00:00','2024-08-10 00:00:00','0',NULL,'true','[\"1\"]',2308,2490,0,1,NULL,0,NULL,NULL,NULL,NULL,NULL,'http://prod-tineon-deploy-minio:9000/tineon/Leipzig/2024/August/Images/Logo-Berlin-Open.jpg',0,'2024-08-07 13:27:39','2024-08-07 13:27:39'),(349,'Vorstandssitzung 03.09.!?','<font face=\"Arial\" size=\"2\">Wir brauchen mal wieder eine Gespr&#228;chsrunde&#160;</font>','0','group','2024-08-22 00:00:00','2024-08-29 00:00:00','0',NULL,NULL,'[\"1\"]',235,9492,0,1,NULL,0,NULL,NULL,NULL,NULL,NULL,'http://prod-tineon-deploy-minio:9000/tineon/Leipzig/2024/August/Images/f02e5ec1-9688-4ca4-abb4-b7f5941f0ca3.jpeg',0,'2024-08-22 17:19:17','2024-08-22 17:19:17'),(352,'Testumfrage zur Teilnahme','<font size=\"2\" face=\"Arial\">Wir haben ganz viele Fragen an euch<br></font>','0','group','2024-08-28 00:00:00','2024-08-31 00:00:00','2','true',NULL,'[\"1\"]',2395,13919,0,1,2032,0,NULL,NULL,NULL,NULL,NULL,NULL,0,'2024-08-28 17:23:06','2024-08-28 18:04:19'),(355,'Umbenennen in TC Blau Weiss?','<font face=\"Arial\" size=\"2\">Rot ist langweilig.</font><p><font face=\"Arial\" size=\"2\">Mal was neues!</font></p>','0','all_club','2024-08-30 00:00:00','2024-11-28 00:00:00','','false',NULL,'[\"2\"]',2470,2636,0,1,NULL,0,NULL,NULL,NULL,NULL,NULL,'http://prod-tineon-deploy-minio:9000/tineon/Leipzig/2024/August/Images/IMG-20240828-WA0001.jpg',0,'2024-08-30 15:34:39','2024-08-30 15:34:39'),(358,'APP-Onboarding','<font face=\"Arial\" size=\"2\">Hier soll die Qualit&#228;t des Onboardings in die App&#160;abgefragt werden.</font>','0','group','2024-09-20 00:00:00','2024-09-30 00:00:00','0',NULL,NULL,'[\"2\"]',2995,2388,0,1,NULL,0,NULL,NULL,NULL,NULL,NULL,'http://prod-tineon-deploy-minio:9000/tineon/Leipzig/2024/September/Images/IMG_6769.jpeg',0,'2024-09-20 12:19:52','2024-09-20 12:19:52'),(361,'Onboarding APP','<font face=\"Arial\" size=\"2\">TestUmfrage FN</font>','0','group','2024-09-23 00:00:00','2024-09-30 00:00:00','0',NULL,NULL,'[\"1\"]',2995,2388,0,1,NULL,0,NULL,NULL,NULL,NULL,NULL,NULL,0,'2024-09-23 09:03:22','2024-09-23 09:03:22'),(364,'Wer kommt zum Christbaumsammeln','<font size=\"2\" face=\"Arial\">Wer kommt zum Christbaumsammeln<br></font>','0','all_club','2024-09-25 00:00:00','2024-09-30 00:00:00','0',NULL,'true','[\"1\"]',3505,2711,0,1,NULL,0,NULL,NULL,NULL,NULL,NULL,NULL,0,'2024-09-25 13:48:21','2024-09-25 13:48:21'),(367,'Welche Farben sollen die neuen Auswärtstrikots der kommenden Saison werden?','<p class=\"p1\">Liebe Mitglieder,</p><p class=\"p2\"><br></p><p class=\"p1\">es ist wieder an der Zeit, dass wir &#252;ber die Gestaltung unseres neuen Ausw&#228;rtstrikots entscheiden. Um sicherzustellen, dass das Trikot unseren Verein bestm&#246;glich repr&#228;sentiert und von allen gern getragen wird, m&#246;chten wir euch herzlich zur <b>Abstimmung &#252;ber die Farben des neuen Ausw&#228;rtstrikots</b> einladen.</p>','0','all_club','2024-10-15 00:00:00','2024-12-31 00:00:00','0',NULL,NULL,'[\"1\"]',3829,2817,0,1,NULL,0,NULL,NULL,NULL,NULL,NULL,NULL,0,'2024-10-15 08:34:25','2024-10-15 08:34:25'),(370,'Welche App','<font size=\"2\" face=\"Arial\">F&#252;r was entscheiden wir uns?<br></font>','0','all_club','2024-10-17 00:00:00','2024-10-20 00:00:00','0',NULL,NULL,'[\"1\"]',3841,3528,0,1,NULL,0,NULL,NULL,NULL,NULL,NULL,'http://prod-tineon-deploy-minio:9000/tineon/Leipzig/2024/October/Images/Yoga24.jpg',0,'2024-10-17 21:04:04','2024-10-17 21:04:04'),(373,'Test','<font face=\"Arial\" size=\"2\">Wie ist der erste Eindruck von der APP?</font>','0','all_club','2024-10-29 00:00:00','2024-10-31 00:00:00','0',NULL,'true','[]',4126,23177,0,1,NULL,0,NULL,NULL,NULL,NULL,NULL,NULL,0,'2024-10-28 20:49:46','2024-10-28 20:49:46'),(376,'Alles gut?','<font face=\"Arial\" size=\"2\">Wie find ich den TuS?</font>','1','all_club','2024-10-29 00:00:00','2024-10-31 00:00:00','0',NULL,NULL,'[]',4141,2791,0,1,NULL,0,NULL,NULL,NULL,NULL,NULL,'http://prod-tineon-deploy-minio:9000/tineon/Leipzig/2024/October/Images/IMG_0189.jpeg',0,'2024-10-29 22:17:53','2024-10-29 22:17:53'),(379,'Gefällt euch die App? ','<font face=\"Arial\" size=\"2\">Gef&#228;llt euch die App, auch wenn mal hier und da noch hackt ?&#160;</font>','1','all_club','2024-10-30 00:00:00','2024-11-06 00:00:00','1',NULL,'false','[\"1\"]',4135,2791,0,1,NULL,0,NULL,NULL,NULL,NULL,NULL,'http://prod-tineon-deploy-minio:9000/tineon/Leipzig/2024/October/Images/IMG_3144.jpeg',0,'2024-10-30 03:33:11','2024-10-30 03:33:11'),(391,'Bergischer Weg, Etappen 5.1 und 6.2','<font size=\"2\" face=\"Arial\">Im Jahr 2024 sind wir die Etappen 1 bis 4 &#10;und einen Teil der Etappe 5 gelaufen. Nun nehmen wir uns den Rest der &#10;Etappe 5 und einen Teil der Etappe 6 vor. Es geht von Burscheid nach &#10;Herrenstrunden. Die Strecke ist 21,5 km lang. An den unten aufgef&#252;hrten &#10;Tagen k&#246;nnte ich die Wanderung durchf&#252;hren. W&#228;hlt bitte aus, wann ihr &#10;dabei sein k&#246;nntet.</font>','1','group','2024-12-11 00:00:00','2025-01-31 00:00:00','0',NULL,'true','[\"1\"]',5125,2064,0,1,NULL,0,NULL,NULL,NULL,NULL,NULL,'http://prod-tineon-deploy-minio:9000/tineon/Leipzig/2024/December/Images/Bergischer%20Weg.jpg',0,'2024-12-11 09:48:03','2024-12-11 09:48:03'),(394,'Testumfrage','<font face=\"Arial\" size=\"2\">Wie ist der erste Eindruck der Vereinsapp / WebApp ?</font>','0','all_club','2024-12-11 00:00:00','2024-12-20 00:00:00','0',NULL,NULL,'[\"2\"]',5134,8516,1,1,NULL,0,NULL,NULL,NULL,NULL,NULL,NULL,0,'2024-12-11 10:05:44','2024-12-13 12:21:18'),(397,'Einkehr','<font face=\"Arial\" size=\"2\">M&#246;chtest du bei einer Einkehr lieber herzhaft (Schnitzel, Currywurst, Gulaschsuppe, ...) oder s&#252;&#223; (Kuchen) essen?</font>','0','group','2024-12-12 00:00:00','2025-01-31 00:00:00','0',NULL,NULL,'[\"2\"]',5125,2064,0,1,NULL,0,NULL,NULL,NULL,NULL,NULL,'http://prod-tineon-deploy-minio:9000/tineon/Leipzig/2024/December/Documents/PXL_20241009_103545602.MP.jpg',0,'2024-12-12 21:26:03','2024-12-12 21:26:03'),(400,'Sportlerball ','<font face=\"Arial\" size=\"2\">Wer Kommt zum Sportlerball?&#160;</font>','0','group','2025-01-06 00:00:00','2025-01-11 00:00:00','0',NULL,'true','[\"1\"]',5302,3481,0,1,NULL,0,NULL,NULL,NULL,NULL,NULL,NULL,0,'2025-01-06 13:53:49','2025-01-06 13:53:49'),(409,'Wer findet den TC cool???','<font face=\"Arial\" size=\"2\">Wir m&#246;chten wissen wer uns cool findet&#160;</font>','1','all_club','2025-01-13 00:00:00','2025-01-16 00:00:00','0',NULL,'true','[\"1\"]',5590,15014,0,1,NULL,0,NULL,NULL,NULL,NULL,NULL,NULL,0,'2025-01-13 20:46:01','2025-01-13 20:46:01'),(412,'Wer findet den TC cool???','<font face=\"Arial\" size=\"2\">Wir m&#246;chten wissen wer uns cool findet&#160;</font>','1','group','2025-01-13 00:00:00','2025-01-16 00:00:00','0',NULL,'true','[\"1\"]',5590,15014,0,1,NULL,0,NULL,NULL,NULL,NULL,NULL,NULL,0,'2025-01-13 20:47:28','2025-01-13 20:47:28'),(415,'Testumfrage','<font size=\"2\" face=\"Arial\">Welche Bereiche in der App hast du dir schon angeschaut?<br></font>','1','all_club','2025-01-29 00:00:00','2025-02-03 00:00:00','0',NULL,'true','[\"1\"]',6994,22910,0,1,NULL,0,NULL,NULL,NULL,NULL,NULL,NULL,0,'2025-01-29 12:30:05','2025-01-29 12:30:05'),(418,'GARP Vision ','<font face=\"Arial\" size=\"2\">Hi All,</font><p><font face=\"Arial\" size=\"2\"><br></font></p><p><font face=\"Arial\" size=\"2\">A first attempt for some content in here - as discussed in the GARP meeting on 6.2, I am starting a poll here to gather preferences on the GARP Vision. Tobias and myself have narrowed down the possible vision with your input in a previous meeting already and would like to have your input/preference.</font></p><p><font face=\"Arial\" size=\"2\"><br></font></p><p><font face=\"Arial\" size=\"2\">After preferences have been shared i.e. the poll closes, we will discuss in the following GARP meeting once more, where there will also be room to make adjustments again to exact content of the vision if needed.</font></p><p><font face=\"Arial\" size=\"2\"><br></font></p><p><font face=\"Arial\" size=\"2\">Cheers,&#160;</font></p><p><font face=\"Arial\" size=\"2\">Remco &amp; Tobias</font></p>','0','all_club','2025-02-06 00:00:00','2025-03-06 00:00:00','','true','true','[\"2\"]',8788,2751,0,1,4870,1,NULL,NULL,NULL,NULL,NULL,'http://prod-tineon-deploy-minio:9000/tineon/Leipzig/2025/February/Images/Unbenannt.JPG',0,'2025-02-06 11:35:14','2025-02-13 11:40:48'),(424,'Test Umfrage Dunkeltraining','<font face=\"Arial\" size=\"2\">Test&#160;</font>','1','group','2025-02-15 00:00:00','2025-02-18 00:00:00','0',NULL,'true','[\"1\"]',148,9492,0,1,NULL,0,NULL,NULL,NULL,NULL,NULL,'http://prod-tineon-deploy-minio:9000/tineon/Leipzig/2025/February/Images/keyvis-city-dark.jpg',0,'2025-02-15 18:49:21','2025-02-15 18:49:21'),(427,'Training','<font face=\"Arial\" size=\"2\">Trainingsbetrieb&#160;</font>','0','group','2025-02-21 00:00:00','2025-02-27 00:00:00','0',NULL,'true','[\"1\"]',148,9492,0,1,NULL,0,NULL,NULL,NULL,NULL,NULL,'http://prod-tineon-deploy-minio:9000/tineon/Leipzig/2025/February/Images/Gruppe%201.jpg',0,'2025-02-20 18:50:15','2025-02-20 18:50:15'),(430,'Anradeln','Test anradeln ','0','group','2025-03-10 00:00:00','2025-04-04 00:00:00','0','false','true','[1]',148,9492,0,1,NULL,0,NULL,NULL,NULL,NULL,NULL,NULL,0,'2025-03-10 16:34:07','2025-03-10 16:34:07'),(436,'Wie finden wir mehr Ehrenamtler in Altenholz','Es fehlt an vielen Stellen unterstützendes Personal','1','all_club','2025-03-13 00:00:00','2025-03-16 00:00:00','0','false','false','[2]',12502,17599,0,1,NULL,0,NULL,NULL,0,NULL,NULL,NULL,0,'2025-03-13 12:27:30','2025-03-13 19:57:12'),(439,'Brauchen IPSC Schützen Socken mit Vereins Logo','Das ist eine Bekleidungsumfrsge zur Vorbereitung des neuen Dresscodes','0','all_club','2025-03-13 00:00:00','2025-03-16 00:00:00','1','false','true','[2]',12583,13520,0,1,NULL,0,NULL,NULL,NULL,NULL,NULL,NULL,0,'2025-03-13 19:39:57','2025-03-13 19:39:57'),(442,'Zunftratsitzung','Wann soll die nächste Zunftratsitzung stattfinden? ','1','all_club','2025-03-22 00:00:00','2025-03-29 00:00:00','0','false','true','[2]',12649,21825,0,1,NULL,0,NULL,NULL,NULL,NULL,NULL,NULL,0,'2025-03-22 17:55:30','2025-03-22 17:55:30'),(445,'Frage 1','Lied Nr. 1','0','all_club','2025-05-24 00:00:00','2025-05-25 00:00:00','1','true','true','[1]',12574,24663,0,1,NULL,0,NULL,NULL,0,NULL,NULL,NULL,0,'2025-03-22 19:58:44','2025-03-22 20:02:35');

--
-- Table structure for table `survey_answer`
--

CREATE TABLE `survey_answer` (
  `id` int(10) unsigned NOT NULL AUTO_INCREMENT,
  `surveyId` int(11) NOT NULL,
  `surveyAnswer` varchar(255) NOT NULL,
  PRIMARY KEY (`id`)
) ENGINE=InnoDB AUTO_INCREMENT=1133 DEFAULT CHARSET=utf8mb4 COLLATE=utf8mb4_general_ci;

--
-- Dumping data for table `survey_answer`
--

INSERT INTO `survey_answer` VALUES (1,1,'Blau'),(4,1,'Rot'),(7,1,'Weiß'),(10,1,'Gelb'),(13,4,'Ja wir sollen ihn Kaufen!'),(16,4,'Nein wir sollen ihn nicht Kaufen!'),(76,46,'a'),(79,46,'b'),(82,46,'c'),(85,49,'a'),(88,49,'b'),(91,49,'c'),(94,52,'Non aute officia acc'),(97,52,'Labore dolores sint '),(100,52,'Sunt nostrum assumen'),(109,58,'a'),(112,58,'b'),(124,64,'a'),(127,64,'b'),(130,64,'c'),(133,64,'d'),(136,67,'a'),(139,67,'b'),(142,67,'c'),(160,76,'a'),(163,76,'b'),(166,79,'a'),(169,79,'b'),(172,79,'c'),(175,82,'a'),(178,82,'b'),(181,82,'c'),(262,109,'nulla'),(265,109,'sint'),(274,115,'consectetur'),(277,118,'consectetur'),(280,118,'vero'),(283,121,'Ja'),(286,121,'Nein'),(289,124,'a'),(292,124,'b'),(295,127,'a'),(298,127,'b'),(301,127,'c'),(304,130,'a'),(307,130,'b'),(310,133,'a'),(313,133,'b'),(316,133,'c'),(319,136,'a'),(322,136,'b'),(325,136,'c'),(328,139,'a'),(331,139,'b'),(334,145,'a'),(337,145,'b'),(340,148,'a'),(343,151,'a'),(346,151,'b'),(349,154,'aut'),(352,154,'nis'),(355,157,'aut'),(358,157,'sapiente'),(361,160,'distinctio'),(364,160,'illum'),(367,163,'a'),(370,163,'b'),(373,166,'A'),(376,166,'B'),(379,169,'A'),(382,169,'B'),(385,169,'C'),(388,172,'A'),(391,172,'B'),(394,172,'C'),(397,178,' voluptatem'),(400,178,'dolorem'),(409,184,'repudiandae'),(412,184,'asperiores'),(415,190,'voluptatem'),(418,190,'totam'),(421,196,'A'),(424,196,'B'),(427,196,'C'),(436,202,'06.07.'),(439,202,'13.07 '),(442,205,'06.07.'),(445,205,'13.07 '),(448,205,'20.07.'),(451,205,'27.07'),(454,205,'31.08.'),(457,205,'07.09.'),(460,205,'14.09.'),(463,205,'21.09.'),(466,205,'28.09.'),(469,208,'Wie wichtig ist Ihnen, dass Ihr Arbeitgeber eine betriebliche Altersversorgung (bAV) anbietet?'),(472,208,'sehr wichtig'),(475,208,'eher wichtig'),(478,208,'eher unwichtig'),(481,211,'gelb'),(484,211,'blau'),(487,211,'schwarz'),(490,217,'sehr wichtig'),(493,217,'wichtig'),(496,217,'weniger wichtig'),(499,217,'unwichtig'),(502,220,'a'),(505,220,'b'),(508,223,'Option A'),(511,223,'Option B'),(514,226,'Options A'),(517,226,'Options B'),(520,232,'A'),(523,232,'B'),(526,238,'a'),(529,238,'v'),(532,241,'So 21.04.2024 10:30 Uhr'),(535,241,'So 28.04.2024 10:30 Uhr'),(538,244,'Reklementierung der Schorle auf max 15 /Tag: Ja'),(541,244,'Reklementierung der Schorle auf max 15 /Tag: Nein'),(544,253,'1'),(547,253,'2'),(550,253,'3'),(553,256,'A'),(556,256,'B'),(559,256,'C'),(562,256,'D'),(565,256,'E'),(568,259,'Bin dabei'),(571,259,'Ich kann leider nicht'),(580,265,'1'),(583,265,'2'),(586,265,'3'),(598,271,'26.05.24 10:30 Uhr'),(601,271,'02.06.24 10:30 Uhr'),(604,271,'09.06.24 10:30 Uhr'),(607,274,'sehr gut'),(610,274,'gut'),(613,274,'befriedigend'),(616,274,'ausreichend'),(619,274,'ungenügend'),(622,274,'mangelhaft'),(625,277,'Gut'),(628,277,'Schlecht'),(631,280,'Ja'),(634,280,'Nein'),(637,283,'Geht'),(640,283,'Geht nicht'),(643,286,'wäre toll'),(646,286,'braucht keiner'),(649,289,'Ja'),(652,289,'Nein'),(655,292,'Ja'),(658,292,'Nein'),(661,295,'Ja'),(664,295,'Nein'),(667,298,'Wanderung '),(670,298,'Stammtisch'),(673,301,'Wanderung '),(676,301,'Stammtisch'),(679,301,'Museumsbesuch'),(682,304,'Ich hatte teils sehr lange Ladezeiten, manchmal hat sich das Dashboard total aufgehängt... War das nur bei mir so?'),(685,304,'Die App scheint mir recht intuitiv. Es gibt auch einen Mitgliedsausweis. Hatte jemand schon Gelegenheit auszuprobieren, wo der QR-Coe hinführt?'),(688,304,'So wie es aussieht, kann ich nur eine einzige Frage in der Umfrage erstellen. Stimmst du dem zu?'),(691,304,'Jeder News-Beitrag scheint ein Bild zu benötigen. Findest du das gut?'),(694,307,'Sehr gut'),(697,307,'Gut'),(700,307,'Es geht so'),(703,307,'Überhaupt nicht'),(706,313,'2.8. Freitag Abend'),(709,313,'4.8. Sonntag 10 Uhr'),(712,313,'9.8. Freitag Abend'),(715,313,'11.8. Sonntag 10 Uhr'),(718,316,'Ja'),(721,316,'Nein'),(724,319,'ja'),(727,319,'nein'),(736,325,'Ja, finde ich gut'),(739,325,'Nee, Fax ist mir lieber'),(742,328,'Milchpulver'),(745,328,'Snuggle'),(760,337,'Bin nächsten Samstag mit dabei.'),(763,337,'Anreise mit Fahrgemenschaft erwünscht'),(766,337,'Gemeinsam Frühstücken vor em Tanzen'),(769,337,'Einkehren nach dem Tanzen'),(772,337,'Tretboot fahren wäre toll'),(775,337,'Möchte nur zum Tanzen mitkommen'),(778,337,'Diesen Sonntag geht nicht bei mir'),(781,340,'Komme am Sonntag mit.'),(784,340,'Kann diesen Sonntag leider nicht.'),(787,340,'Mitfahrgelegenheit erwünscht.'),(790,340,'Vorher gemeinsam Frühstücken wäre toll.'),(793,340,'Möchte danach zum Essen oder Trinken gehen.'),(796,340,'Tretboot fahren würde mir gefallen.'),(799,340,'Möchte nur beim Tanzen mit dabei sen.'),(802,340,'Ich habe noch ein anderes Anliegen.'),(805,343,'Ich sehe zwei Umfragen \"Tanzen im Freien\" '),(808,343,'Ich sehe eine Umfrage \"Tanzen im Freien\"'),(811,343,'Ich sehe keine Umfrage \"Tanzen im Freien\"'),(814,343,'Habe folgenden Weg genutzt: Startseite / drei blaue Menüstriche links oben / Vereins Tools / Umfragen'),(817,343,'Ich finde den oben beschriebenen Weg nicht.'),(820,346,'Komme mit.'),(823,346,'Buche ein Zimmer.'),(826,346,'Habe kein Interesse.'),(829,346,'Habe leider keine Zeit.'),(832,346,'Mitfahrgelegenheit erwünscht.'),(835,346,'Bin am 14. März mit dabei.'),(838,346,'Bin am 14. und 15. März mit dabei.'),(841,346,'Komme nur zum Finale am 16. März.'),(844,349,'Ja '),(847,349,'Nein'),(850,352,'Antwort A'),(853,352,'Antwort B'),(856,352,'Antwort C'),(859,352,'Antwort D'),(862,355,'Ja'),(865,355,'Nein'),(868,358,'Prima! Peace of cake!'),(871,358,'Mies! Bin total enttäuscht!'),(874,361,'Super! Onboarding ist einfach. Peace of cake!'),(877,361,'Echt schlecht! Hab mich gar nicht gut zurechtgefunden. Bullcrab!'),(880,364,'ich komme'),(883,364,'ich kann nicht'),(886,370,'Wiso MeiVerein App'),(889,370,'S-Verein = Verein.Cloud App'),(892,373,'sehr Gut'),(895,373,'Gut'),(898,373,'Geht'),(901,373,'Geht garnicht '),(904,376,'Toll'),(907,376,'Scheisse'),(910,379,'Ja'),(913,379,'Nein '),(916,379,'Unbrauchbar '),(955,391,'09.05.2025'),(958,391,'15.05.2025'),(961,391,'16.05.2025'),(964,391,'21.05.2025'),(967,391,'23.05.2025'),(970,394,'Super'),(973,394,'gut'),(976,394,'geht so'),(979,394,'miserabel'),(982,397,'Herzhaft'),(985,397,'Süß'),(988,400,'Ich'),(991,400,'Ich nicht '),(1006,409,'Jeder'),(1009,409,'Alle Jungs'),(1012,409,'Alle Mädchen'),(1015,409,'Alle Kinder'),(1018,412,'Jeder'),(1021,412,'Alle Jungs'),(1024,412,'Alle Mädchen'),(1027,412,'Alle Kinder'),(1030,415,'News'),(1033,415,'Termine & Events'),(1036,415,'Gruppen'),(1039,415,'Aufgaben'),(1042,415,'Nachrichten'),(1045,418,'At GARP, we unite relocation professionals in Germany to streamline talent mobility, enhance their on boarding processes, and elevate the relocation industry through strong collaboration and purposeful advocacy.  '),(1048,418,'At GARP, we’re passionate about uniting relocation professionals in Germany to streamline talent mobility, enhance their on boarding processes, and elevate the relocation industry through strong collaboration and purposeful advocacy.'),(1057,424,'Im Uhrzeigersinn '),(1060,430,'Bin dabei mit Rennrad auch beim Einkehrschwung'),(1063,430,'Bin dabei mit Trekking, E-Bike etc.  kurze Runde '),(1075,436,'TSV Sticker auf gelbe Tonnen kleben'),(1078,436,'Strategie Ehrenamt'),(1081,436,'Brauchen wir nicht'),(1087,439,'auf jeden Fall'),(1090,439,'Ja aber nur in rosa'),(1093,439,'Nein, was für eine dumme Frage'),(1099,442,'Montag '),(1102,442,'Dienstag '),(1105,442,'Mittwoch '),(1126,445,'Alice im Wunderland'),(1129,445,'Mary Poppins'),(1132,445,'Rolfs Vogelhochzeit');

--
-- Table structure for table `survey_cron_mail`
--

CREATE TABLE `survey_cron_mail` (
  `id` int(10) unsigned NOT NULL AUTO_INCREMENT,
  `surveyId` int(11) NOT NULL,
  `userId` int(11) NOT NULL,
  `sendDate` timestamp NOT NULL DEFAULT current_timestamp() ON UPDATE current_timestamp(),
  PRIMARY KEY (`id`)
) ENGINE=InnoDB DEFAULT CHARSET=utf8mb4 COLLATE=utf8mb4_general_ci;

--
-- Dumping data for table `survey_cron_mail`
--


--
-- Table structure for table `survey_result`
--

CREATE TABLE `survey_result` (
  `id` int(10) unsigned NOT NULL AUTO_INCREMENT,
  `surveyId` int(11) NOT NULL,
  `user_id` int(11) NOT NULL,
  `team_id` int(11) NOT NULL,
  `surveyAnswerId` varchar(50) NOT NULL,
  `surveyType` varchar(20) NOT NULL,
  `surveyTypeId` varchar(50) DEFAULT NULL,
  PRIMARY KEY (`id`)
) ENGINE=InnoDB AUTO_INCREMENT=788 DEFAULT CHARSET=utf8mb4 COLLATE=utf8mb4_general_ci;

--
-- Dumping data for table `survey_result`
--

INSERT INTO `survey_result` VALUES (1,4,31,12153,'13','all_club','null'),(67,67,82,1411,'142','all_club','null'),(112,79,82,1411,'172','all_club','null'),(115,82,82,1411,'175','group','[82]'),(163,124,82,1411,'289','all_club','null'),(172,127,82,1411,'301','all_club','null'),(175,118,85,1411,'277','group','[82]'),(178,127,85,1411,'301','all_club','null'),(181,133,199,1411,'313','all_club','null'),(184,151,199,1411,'343','group','[250]'),(187,163,82,1411,'367','all_club','null'),(190,166,85,1411,'373','all_club','null'),(193,166,82,1411,'376','all_club','null'),(199,160,199,1411,'361','group','[247]'),(205,169,82,1411,'385','all_club','null'),(208,172,82,1411,'388','all_club','null'),(211,172,85,1411,'388','all_club','null'),(220,178,82,1411,'397','all_club','null'),(223,196,82,1411,'421','all_club','null'),(226,205,94,1189,'460','all_club','null'),(229,205,385,1189,'442','all_club','null'),(232,205,385,1189,'445','all_club','null'),(235,205,385,1189,'454','all_club','null'),(238,205,358,1189,'466','all_club','null'),(241,205,358,1189,'463','all_club','null'),(244,205,358,1189,'457','all_club','null'),(247,205,358,1189,'451','all_club','null'),(250,205,358,1189,'448','all_club','null'),(253,205,358,1189,'460','all_club','null'),(256,205,358,1189,'454','all_club','null'),(259,205,358,1189,'445','all_club','null'),(262,205,358,1189,'442','all_club','null'),(265,205,412,1189,'442','all_club','null'),(268,205,412,1189,'445','all_club','null'),(271,205,412,1189,'454','all_club','null'),(274,205,412,1189,'448','all_club','null'),(277,205,412,1189,'451','all_club','null'),(280,205,412,1189,'457','all_club','null'),(283,205,412,1189,'451','all_club','null'),(286,205,376,1189,'442','all_club','null'),(289,205,376,1189,'445','all_club','null'),(292,205,376,1189,'454','all_club','null'),(295,205,376,1189,'457','all_club','null'),(298,205,376,1189,'460','all_club','null'),(301,205,376,1189,'463','all_club','null'),(304,205,376,1189,'466','all_club','null'),(307,205,376,1189,'454','all_club','null'),(310,205,376,1189,'457','all_club','null'),(313,205,376,1189,'460','all_club','null'),(316,205,376,1189,'463','all_club','null'),(319,205,376,1189,'466','all_club','null'),(322,205,394,1189,'454','all_club','null'),(325,205,394,1189,'442','all_club','null'),(328,205,394,1189,'451','all_club','null'),(331,205,367,1189,'442','all_club','null'),(334,205,367,1189,'445','all_club','null'),(337,205,367,1189,'451','all_club','null'),(340,205,367,1189,'454','all_club','null'),(343,205,94,1189,'454','all_club','null'),(346,205,415,1189,'451','all_club','null'),(349,205,415,1189,'454','all_club','null'),(352,205,415,1189,'460','all_club','null'),(355,205,415,1189,'457','all_club','null'),(358,205,361,1189,'442','all_club','null'),(361,205,361,1189,'445','all_club','null'),(364,205,361,1189,'451','all_club','null'),(367,205,361,1189,'448','all_club','null'),(370,205,361,1189,'466','all_club','null'),(373,205,403,1189,'454','all_club','null'),(376,205,403,1189,'442','all_club','null'),(379,205,403,1189,'451','all_club','null'),(382,205,364,1189,'445','all_club','null'),(385,205,364,1189,'448','all_club','null'),(388,205,364,1189,'451','all_club','null'),(391,205,364,1189,'460','all_club','null'),(394,205,364,1189,'463','all_club','null'),(397,205,346,1189,'442','all_club','null'),(400,205,346,1189,'445','all_club','null'),(403,205,346,1189,'448','all_club','null'),(409,211,550,65297,'481','all_club','null'),(412,211,559,65297,'481','all_club','null'),(415,217,541,1637,'490','group','[331]'),(418,217,535,1637,'493','group','[331]'),(421,196,82,1411,'424','all_club','null'),(424,220,82,1411,'502','all_club','null'),(427,220,85,1411,'502','all_club','null'),(430,223,82,1411,'508','all_club','null'),(433,223,85,1411,'508','all_club','null'),(436,226,85,1411,'517','all_club','null'),(439,241,61,51053,'532','group','[61]'),(442,241,61,51053,'535','group','[61]'),(445,241,256,51053,'535','group','[61]'),(448,241,145,51053,'535','group','[61]'),(451,241,145,51053,'532','group','[61]'),(454,253,1330,26233,'544','group','[91]'),(457,253,1330,26233,'547','group','[91]'),(460,253,43,26233,'550','group','[91]'),(463,253,43,26233,'547','group','[91]'),(466,256,82,1411,'553','all_club','null'),(469,256,82,1411,'556','all_club','null'),(472,256,82,1411,'565','all_club','null'),(475,259,43,26233,'568','group','[25]'),(481,259,1342,26233,'568','group','[25]'),(484,265,94,1189,'586','all_club','null'),(487,265,361,1189,'586','all_club','null'),(490,265,358,1189,'583','all_club','null'),(493,265,373,1189,'583','all_club','null'),(496,265,394,1189,'580','all_club','null'),(499,271,61,51053,'601','group','[61]'),(502,271,61,51053,'604','group','[61]'),(505,274,445,1703,'613','group','[310]'),(508,277,772,1703,'625','all_club','null'),(511,280,1552,1703,'631','group','[310]'),(514,283,1552,1703,'637','group','[310]'),(517,289,1552,1703,'649','group','[502]'),(520,292,1552,1703,'655','group','[502]'),(523,295,61,51053,'661','group','[61]'),(532,295,79,51053,'661','group','[61]'),(535,307,193,483,'694','all_club','null'),(538,313,61,51053,'709','group','[61]'),(541,313,61,51053,'715','group','[61]'),(544,295,256,51053,'661','group','[61]'),(547,316,2248,2490,'718','all_club','null'),(553,325,2254,2450,'736','all_club','null'),(556,340,2251,2490,'784','group','[724]'),(559,340,2308,2490,'781','group','[724]'),(562,340,2308,2490,'787','group','[724]'),(565,340,2308,2490,'790','group','[724]'),(568,340,2308,2490,'793','group','[724]'),(574,340,2308,2490,'802','group','[724]'),(580,343,2308,2490,'805','group','[724]'),(583,343,2308,2490,'814','group','[724]'),(586,343,2341,2490,'814','group','[724]'),(589,343,2341,2490,'811','group','[724]'),(592,343,2344,2490,'811','group','[724]'),(595,343,2338,2490,'811','group','[724]'),(598,343,2335,2490,'811','group','[724]'),(601,343,2335,2490,'814','group','[724]'),(604,343,2251,2490,'808','group','[724]'),(607,343,2251,2490,'805','group','[724]'),(610,343,2251,2490,'814','group','[724]'),(613,343,2311,2490,'811','group','[724]'),(616,346,2338,2490,'826','group','[724]'),(619,346,2341,2490,'826','group','[724]'),(622,346,2356,2490,'826','group','[724]'),(625,346,2347,2490,'820','group','[724]'),(628,346,2347,2490,'832','group','[724]'),(631,346,2335,2490,'826','group','[724]'),(634,346,2311,2490,'826','group','[724]'),(637,346,2371,2490,'826','group','[724]'),(640,346,2308,2490,'832','group','[724]'),(643,346,2308,2490,'823','group','[724]'),(646,346,2308,2490,'820','group','[724]'),(649,319,2308,2490,'727','all_club','null'),(652,346,2353,2490,'826','group','[724]'),(655,349,235,9492,'844','group','[283]'),(658,349,148,9492,'844','group','[283]'),(661,349,2197,9492,'844','group','[283]'),(664,349,280,9492,'844','group','[283]'),(667,352,2395,13919,'856','group','[739]'),(670,355,2470,2636,'862','all_club','null'),(673,364,3505,2711,'880','all_club','null'),(676,364,3520,2711,'880','all_club','null'),(679,370,3841,3528,'889','all_club','null'),(682,376,4141,2791,'904','all_club','null'),(685,379,4141,2791,'910','all_club','null'),(706,394,5134,8516,'973','all_club','null'),(709,394,5152,8516,'970','all_club','null'),(712,397,5125,2064,'982','group','[1075]'),(715,397,5131,2064,'982','group','[1075]'),(727,400,5302,3481,'988','group','[1105]'),(730,400,2392,3481,'988','group','[1105]'),(742,412,5590,15014,'1024','group','[1123]'),(745,415,6994,22910,'1030','all_club','null'),(748,415,6994,22910,'1036','all_club','null'),(751,415,6994,22910,'1039','all_club','null'),(754,415,6994,22910,'1042','all_club','null'),(763,424,148,9492,'1057','group','[]'),(766,436,12502,17599,'1075','group',NULL),(769,439,12583,13520,'1090','all_club',NULL),(772,439,12487,13520,'1090','all_club',NULL),(775,442,12649,21825,'1099','all_club',NULL),(778,442,12649,21825,'1102','all_club',NULL),(781,442,12649,21825,'1105','all_club',NULL),(784,442,12673,21825,'1099','all_club',NULL),(787,445,12574,24663,'1108','all_club',NULL);

--
-- Table structure for table `survey_tags`
--

CREATE TABLE `survey_tags` (
  `id` int(10) unsigned NOT NULL AUTO_INCREMENT,
  `survey_id` int(10) unsigned DEFAULT NULL,
  `tag_id` int(10) unsigned DEFAULT NULL,
  PRIMARY KEY (`id`),
  KEY `survey_tags_survey_id_foreign` (`survey_id`),
  KEY `survey_tags_tag_id_foreign` (`tag_id`),
  CONSTRAINT `survey_tags_survey_id_foreign` FOREIGN KEY (`survey_id`) REFERENCES `survey` (`id`) ON DELETE CASCADE,
  CONSTRAINT `survey_tags_tag_id_foreign` FOREIGN KEY (`tag_id`) REFERENCES `tags` (`id`) ON DELETE CASCADE
) ENGINE=InnoDB AUTO_INCREMENT=50 DEFAULT CHARSET=utf8mb4 COLLATE=utf8mb4_general_ci;

--
-- Dumping data for table `survey_tags`
--

INSERT INTO `survey_tags` VALUES (1,217,265),(4,241,298),(7,241,301),(10,241,304),(13,241,307),(19,256,361),(22,265,394),(25,271,298),(28,271,307),(31,271,397),(34,271,304),(37,295,298),(40,295,304),(43,295,439),(46,325,514),(49,325,517);

--
-- Table structure for table `survey_type`
--

CREATE TABLE `survey_type` (
  `id` int(10) unsigned NOT NULL AUTO_INCREMENT,
  `surveyId` int(11) NOT NULL,
  `surveyTypeId` int(11) NOT NULL,
  `surveyType` varchar(255) DEFAULT NULL,
  PRIMARY KEY (`id`)
) ENGINE=InnoDB AUTO_INCREMENT=155 DEFAULT CHARSET=utf8mb4 COLLATE=utf8mb4_general_ci;

--
-- Dumping data for table `survey_type`
--

INSERT INTO `survey_type` VALUES (4,82,82,'group'),(10,118,82,'group'),(13,109,70,'group'),(16,109,70,'group'),(19,121,205,'group'),(22,139,247,'group'),(25,145,250,'group'),(28,151,250,'group'),(31,157,247,'group'),(34,160,247,'group'),(37,208,331,'group'),(40,217,331,'group'),(43,238,403,'group'),(46,241,61,'group'),(49,253,91,'group'),(52,259,25,'group'),(55,271,61,'group'),(58,274,310,'group'),(61,280,310,'group'),(64,283,310,'group'),(67,286,502,'group'),(70,289,502,'group'),(73,292,502,'group'),(76,295,61,'group'),(79,304,520,'group'),(82,313,61,'group'),(88,328,721,'group'),(97,337,724,'group'),(100,340,724,'group'),(103,343,724,'group'),(106,346,724,'group'),(109,349,283,'group'),(112,352,739,'group'),(115,358,859,'group'),(118,361,883,'group'),(127,391,1084,'group'),(130,397,1075,'group'),(133,400,1105,'group'),(136,412,1123,'group'),(142,430,418,'group');

--
-- Table structure for table `survey_users`
--

CREATE TABLE `survey_users` (
  `id` int(10) unsigned NOT NULL AUTO_INCREMENT,
  `surveyId` int(11) NOT NULL,
  `userId` int(11) NOT NULL,
  `surveyTypeId` int(11) DEFAULT NULL,
  `approvedStatus` int(11) DEFAULT 0,
  `read_status` int(11) NOT NULL DEFAULT 0,
  PRIMARY KEY (`id`)
) ENGINE=InnoDB AUTO_INCREMENT=2579 DEFAULT CHARSET=utf8mb4 COLLATE=utf8mb4_general_ci;

--
-- Dumping data for table `survey_users`
--

INSERT INTO `survey_users` VALUES (1,1,31,NULL,0,1),(4,1,34,NULL,0,0),(7,1,37,NULL,0,0),(10,4,31,NULL,0,1),(13,4,34,NULL,0,0),(16,4,37,NULL,0,0),(64,46,82,NULL,0,0),(67,46,85,NULL,0,0),(70,49,82,NULL,0,0),(73,49,85,NULL,0,0),(76,52,82,NULL,0,0),(79,52,85,NULL,0,0),(88,58,82,NULL,0,0),(91,58,85,NULL,0,0),(100,64,82,NULL,0,0),(103,64,85,NULL,0,0),(106,67,82,NULL,0,1),(109,67,85,NULL,0,1),(121,76,82,NULL,0,1),(124,76,85,NULL,0,0),(127,79,82,NULL,0,1),(130,79,85,NULL,0,0),(133,82,85,82,0,0),(136,82,82,82,0,1),(235,118,85,82,0,0),(238,118,82,82,0,0),(241,109,82,70,0,0),(244,109,199,70,0,0),(247,109,82,70,0,0),(250,109,199,70,0,0),(253,121,211,205,0,1),(256,121,193,205,0,1),(259,127,82,NULL,0,0),(262,127,85,NULL,0,0),(265,127,142,NULL,0,0),(268,127,190,NULL,0,0),(271,127,199,NULL,0,0),(274,127,202,NULL,0,0),(277,127,205,NULL,0,0),(280,133,82,NULL,0,0),(283,133,85,NULL,0,0),(286,133,142,NULL,0,0),(289,133,190,NULL,0,0),(292,133,199,NULL,0,0),(295,136,82,NULL,0,0),(298,136,85,NULL,0,0),(301,136,142,NULL,0,0),(304,136,190,NULL,0,0),(307,136,199,NULL,0,0),(310,136,202,NULL,0,0),(313,136,205,NULL,0,0),(316,139,202,247,0,0),(319,139,199,247,0,0),(322,139,82,247,0,0),(325,145,199,250,0,1),(328,145,85,250,0,0),(331,145,82,250,0,0),(334,151,199,250,0,1),(337,151,85,250,0,0),(340,151,82,250,0,0),(343,154,82,NULL,0,0),(346,154,85,NULL,0,0),(349,154,142,NULL,0,0),(352,154,190,NULL,0,0),(355,154,199,NULL,0,0),(358,154,202,NULL,0,0),(361,154,205,NULL,0,0),(364,157,202,247,0,1),(367,157,199,247,0,0),(370,157,82,247,0,0),(373,160,202,247,0,0),(376,160,199,247,0,0),(379,160,82,247,0,0),(382,163,82,NULL,0,0),(385,163,85,NULL,0,0),(388,163,142,NULL,0,0),(391,163,190,NULL,0,0),(394,163,199,NULL,0,0),(397,163,202,NULL,0,0),(400,163,205,NULL,0,0),(403,166,82,NULL,0,0),(406,166,85,NULL,0,0),(409,166,142,NULL,0,0),(412,166,190,NULL,0,0),(415,169,82,NULL,0,0),(418,169,85,NULL,0,0),(421,169,142,NULL,0,0),(424,169,190,NULL,0,0),(427,169,199,NULL,0,0),(430,169,202,NULL,0,0),(433,169,205,NULL,0,0),(436,172,82,NULL,0,1),(439,172,85,NULL,0,0),(442,172,142,NULL,0,0),(445,172,190,NULL,0,0),(448,172,199,NULL,0,0),(451,172,202,NULL,0,0),(454,172,205,NULL,0,0),(457,178,82,NULL,0,0),(460,178,85,NULL,0,0),(463,178,142,NULL,0,0),(466,178,190,NULL,0,0),(469,178,199,NULL,0,0),(472,178,202,NULL,0,0),(475,178,205,NULL,0,0),(499,184,82,NULL,0,0),(502,184,85,NULL,0,0),(505,184,142,NULL,0,0),(508,184,190,NULL,0,0),(511,184,199,NULL,0,0),(514,184,202,NULL,0,0),(517,184,205,NULL,0,0),(520,190,82,NULL,0,0),(523,190,85,NULL,0,0),(526,190,142,NULL,0,0),(529,190,190,NULL,0,0),(532,190,199,NULL,0,0),(535,190,202,NULL,0,0),(538,190,205,NULL,0,0),(541,196,82,NULL,0,0),(544,196,85,NULL,0,0),(547,196,142,NULL,0,0),(550,196,190,NULL,0,0),(553,196,199,NULL,0,0),(556,196,202,NULL,0,0),(559,196,205,NULL,0,0),(685,205,91,NULL,0,1),(688,205,94,NULL,0,1),(691,205,163,NULL,0,0),(694,205,346,NULL,0,1),(697,205,358,NULL,0,1),(700,205,361,NULL,0,1),(703,205,364,NULL,0,1),(706,205,367,NULL,0,1),(709,205,370,NULL,0,1),(712,205,373,NULL,0,1),(715,205,376,NULL,0,1),(718,205,379,NULL,0,1),(721,205,382,NULL,0,1),(724,205,385,NULL,0,1),(727,205,388,NULL,0,1),(730,205,391,NULL,0,1),(733,205,394,NULL,0,1),(736,205,397,NULL,0,1),(739,205,400,NULL,0,1),(742,205,403,NULL,0,1),(745,205,406,NULL,0,1),(748,205,412,NULL,0,1),(751,205,415,NULL,0,1),(754,205,418,NULL,0,1),(757,205,421,NULL,0,1),(760,205,427,NULL,0,1),(763,205,430,NULL,0,1),(766,205,433,NULL,0,1),(769,205,487,NULL,0,1),(772,205,490,NULL,0,1),(775,208,538,331,0,1),(778,208,535,331,0,1),(781,208,544,331,0,0),(784,208,541,331,0,1),(787,211,550,NULL,0,1),(790,217,538,331,0,0),(793,217,535,331,0,0),(796,217,544,331,0,0),(799,217,541,331,0,1),(802,220,82,NULL,0,0),(805,220,85,NULL,0,0),(808,220,142,NULL,0,0),(811,220,190,NULL,0,0),(814,220,199,NULL,0,0),(817,220,202,NULL,0,0),(820,220,205,NULL,0,0),(823,223,82,NULL,0,0),(826,223,85,NULL,0,1),(829,223,142,NULL,0,0),(832,223,190,NULL,0,0),(835,223,199,NULL,0,0),(838,223,202,NULL,0,0),(841,223,205,NULL,0,0),(844,226,82,NULL,0,0),(847,226,85,NULL,0,0),(850,226,142,NULL,0,0),(853,226,190,NULL,0,0),(856,226,199,NULL,0,0),(859,226,202,NULL,0,0),(862,226,205,NULL,0,0),(865,232,82,NULL,0,1),(868,232,85,NULL,0,1),(871,232,142,NULL,0,0),(874,232,190,NULL,0,0),(877,232,199,NULL,0,0),(880,232,202,NULL,0,0),(883,232,205,NULL,0,0),(886,238,202,403,0,0),(889,238,85,403,0,1),(892,238,82,403,0,1),(895,241,79,61,0,1),(898,241,61,61,0,1),(901,241,145,61,0,1),(904,241,256,61,0,1),(907,244,508,NULL,0,0),(910,253,43,91,0,1),(913,253,1330,91,0,1),(916,256,82,NULL,0,1),(919,256,85,NULL,0,0),(922,256,142,NULL,0,0),(925,256,190,NULL,0,0),(928,256,199,NULL,0,0),(931,256,202,NULL,0,0),(934,256,205,NULL,0,0),(937,256,979,NULL,0,0),(940,259,43,25,0,1),(943,259,1336,25,0,1),(946,259,1333,25,0,0),(949,259,1342,25,0,1),(952,259,1354,25,0,0),(955,259,1420,25,0,1),(973,265,91,NULL,0,1),(976,265,94,NULL,0,1),(979,265,163,NULL,0,0),(982,265,346,NULL,0,1),(985,265,358,NULL,0,1),(988,265,361,NULL,0,1),(991,265,364,NULL,0,1),(994,265,367,NULL,0,1),(997,265,370,NULL,0,0),(1000,265,373,NULL,0,1),(1003,265,376,NULL,0,1),(1006,265,379,NULL,0,0),(1009,265,382,NULL,0,0),(1012,265,385,NULL,0,1),(1015,265,388,NULL,0,0),(1018,265,391,NULL,0,0),(1021,265,394,NULL,0,1),(1024,265,397,NULL,0,1),(1027,265,400,NULL,0,1),(1030,265,403,NULL,0,0),(1147,271,79,61,0,1),(1150,271,61,61,0,1),(1153,271,145,61,0,1),(1156,271,256,61,0,1),(1159,271,880,61,0,1),(1162,271,1363,61,0,1),(1165,271,1360,61,0,1),(1168,274,181,310,0,1),(1171,274,445,310,0,1),(1174,274,991,310,0,1),(1177,274,772,NULL,0,1),(1180,277,181,NULL,0,1),(1183,277,445,NULL,0,1),(1186,277,451,NULL,0,0),(1189,277,772,NULL,0,1),(1192,277,991,NULL,0,1),(1195,277,994,NULL,0,0),(1198,277,1147,NULL,0,0),(1201,277,1540,NULL,0,0),(1204,277,1543,NULL,0,0),(1207,280,181,310,0,1),(1210,280,445,310,0,1),(1213,280,991,310,0,0),(1216,280,772,310,0,1),(1219,280,1552,310,0,1),(1222,283,181,310,0,1),(1225,283,445,310,0,1),(1228,283,991,310,0,1),(1231,283,772,310,0,1),(1234,283,1552,310,0,1),(1237,286,1552,502,0,0),(1240,286,772,502,0,1),(1243,289,1552,502,0,0),(1246,289,772,502,0,1),(1249,292,1552,502,0,1),(1252,292,772,502,0,1),(1255,295,79,61,0,1),(1258,295,61,61,0,1),(1261,295,145,61,0,1),(1264,295,256,61,0,1),(1267,295,880,61,0,0),(1270,295,1363,61,0,0),(1273,295,1360,61,0,1),(1276,304,2035,520,0,0),(1279,304,2032,520,0,1),(1282,304,2044,520,0,1),(1285,304,2059,520,0,1),(1288,304,2056,520,0,0),(1291,304,2053,520,0,1),(1294,304,2047,520,0,1),(1297,304,2062,520,0,1),(1300,307,193,NULL,0,1),(1303,307,211,NULL,0,0),(1306,307,469,NULL,0,0),(1309,313,79,61,0,1),(1312,313,61,61,0,1),(1315,313,145,61,0,1),(1318,313,256,61,0,1),(1321,313,880,61,0,0),(1324,313,1363,61,0,0),(1327,313,1360,61,0,1),(1330,316,2248,NULL,0,1),(1333,319,2248,NULL,0,1),(1336,319,2251,NULL,0,1),(1345,325,2254,NULL,0,1),(1348,325,2257,NULL,0,0),(1351,328,2305,721,0,0),(1354,328,2302,721,0,1),(1369,337,2251,724,0,1),(1372,337,2248,724,0,0),(1375,337,2308,724,0,1),(1378,340,2251,724,0,1),(1381,340,2248,724,0,0),(1384,340,2308,724,0,1),(1387,343,2251,724,0,1),(1390,343,2248,724,0,0),(1393,343,2308,724,0,1),(1396,343,2344,724,0,1),(1399,343,2341,724,0,1),(1402,343,2338,724,0,1),(1405,343,2335,724,0,1),(1408,343,2332,724,0,0),(1411,343,2311,724,0,1),(1414,346,2251,724,0,1),(1417,346,2248,724,0,0),(1420,346,2308,724,0,1),(1423,346,2344,724,0,0),(1426,346,2341,724,0,1),(1429,346,2338,724,0,1),(1432,346,2335,724,0,1),(1435,346,2332,724,0,0),(1438,346,2311,724,0,1),(1441,346,2350,724,0,1),(1444,346,2347,724,0,1),(1447,346,2356,724,0,1),(1450,346,2353,724,0,1),(1453,346,2371,724,0,1),(1456,346,2377,724,0,0),(1459,349,310,283,0,0),(1462,349,286,283,0,1),(1465,349,280,283,0,1),(1468,349,268,283,0,0),(1471,349,235,283,0,1),(1474,349,148,283,0,1),(1477,349,331,283,0,0),(1480,349,442,283,0,0),(1483,349,454,283,0,0),(1486,349,343,283,0,1),(1489,349,265,283,0,1),(1492,349,484,283,0,1),(1495,349,244,283,0,1),(1498,349,655,283,0,0),(1501,349,1456,283,0,0),(1504,349,2197,283,0,1),(1507,352,2032,739,0,1),(1510,352,2395,739,0,1),(1513,355,2470,NULL,0,1),(1516,358,2992,859,0,1),(1519,358,2995,859,0,1),(1522,361,3082,883,0,1),(1525,361,2995,883,0,0),(1528,364,3505,NULL,0,1),(1531,364,3520,NULL,0,1),(1534,370,3841,NULL,0,1),(1537,370,3844,NULL,0,0),(1540,373,4126,NULL,0,1),(1543,376,4135,NULL,0,1),(1546,376,4141,NULL,0,1),(1549,379,4135,NULL,0,1),(1552,379,4141,NULL,0,1),(2002,391,5125,1084,0,1),(2005,394,5134,NULL,0,1),(2008,394,5149,NULL,0,0),(2011,394,5152,NULL,0,1),(2014,394,5158,NULL,0,1),(2017,397,5131,1075,0,1),(2020,397,5128,1075,0,1),(2023,397,5125,1075,0,1),(2026,400,5302,1105,0,1),(2029,400,2392,1105,0,1),(2119,409,5590,NULL,0,1),(2122,409,5602,NULL,0,0),(2125,412,5602,1123,0,0),(2128,412,5590,1123,0,1),(2131,415,6994,NULL,0,1),(2134,415,7003,NULL,0,1),(2137,418,4870,NULL,0,1),(2140,418,4945,NULL,0,1),(2143,418,4957,NULL,0,0),(2146,418,4960,NULL,0,0),(2149,418,5029,NULL,0,1),(2152,418,5038,NULL,0,0),(2155,418,5413,NULL,0,0),(2158,418,5584,NULL,0,0),(2161,418,7375,NULL,0,0),(2164,418,8788,NULL,0,0),(2479,430,235,418,0,0),(2524,439,12487,NULL,0,0),(2527,439,12490,NULL,0,0),(2530,439,12514,NULL,0,1),(2533,439,12517,NULL,0,0),(2536,439,12583,NULL,0,0),(2539,436,12484,NULL,0,0),(2542,436,12493,NULL,0,0),(2545,436,12502,NULL,0,0),(2548,436,12532,NULL,0,0),(2551,442,12649,NULL,0,0),(2554,442,12670,NULL,0,0),(2557,442,12673,NULL,0,0),(2560,442,12688,NULL,0,0),(2563,442,12697,NULL,0,0),(2566,442,12700,NULL,0,0),(2569,442,12742,NULL,0,0),(2572,445,12574,NULL,0,0),(2575,445,12589,NULL,0,0),(2578,445,12715,NULL,0,0);

--
-- Table structure for table `tags`
--

CREATE TABLE `tags` (
  `id` int(10) unsigned NOT NULL AUTO_INCREMENT,
  `team_id` int(11) NOT NULL,
  `created_by` int(10) unsigned NOT NULL,
  `tag_name` varchar(255) NOT NULL,
  `type` varchar(255) NOT NULL,
  `timestamp` timestamp NOT NULL DEFAULT current_timestamp(),
  PRIMARY KEY (`id`),
  KEY `tags_created_by_foreign` (`created_by`),
  CONSTRAINT `tags_created_by_foreign` FOREIGN KEY (`created_by`) REFERENCES `users` (`id`)
) ENGINE=InnoDB AUTO_INCREMENT=998 DEFAULT CHARSET=utf8mb4 COLLATE=utf8mb4_general_ci;

--
-- Dumping data for table `tags`
--

INSERT INTO `tags` VALUES (1,12153,31,'Gruppe','news','2024-01-29 11:11:13'),(4,51053,61,'#Kung-Fu Zentrum Siegen','tasks','2024-02-02 20:02:33'),(25,1411,82,'verien','news','2024-02-06 05:04:26'),(28,1411,82,'verein','instructor','2024-02-06 09:06:59'),(34,1411,82,'Event','events','2024-02-06 09:07:52'),(37,1189,94,'Wohnzimmer','room','2024-02-07 21:17:59'),(40,1189,94,'Wohnzimmer','events','2024-02-07 21:35:53'),(46,51053,61,'Siegen','news','2024-02-09 17:21:15'),(49,51053,61,'Löwentanz','news','2024-02-09 17:21:15'),(52,51053,61,'2024','news','2024-02-10 21:01:09'),(55,51053,61,'CNY','news','2024-02-10 21:01:09'),(58,978,157,'Training','instructor','2024-02-14 13:22:45'),(61,978,157,'Vermietung','instructor','2024-02-14 13:22:58'),(64,51053,61,'2024','events','2024-02-14 21:48:59'),(67,51053,61,'Frühjahr','events','2024-02-14 21:48:59'),(70,51053,61,'Prüfung','events','2024-02-14 21:48:59'),(73,51053,61,'März','events','2024-02-14 21:48:59'),(76,26233,43,'Wettbewerb','instructor','2024-02-15 00:06:16'),(79,26233,43,'Meisterschaft','instructor','2024-02-15 00:06:31'),(82,26233,43,'Sitzung','instructor','2024-02-15 00:06:43'),(85,26233,43,'Training','instructor','2024-02-15 00:07:01'),(88,26233,43,'Märchen','instructor','2024-02-15 00:07:38'),(91,37973,166,'Vereinsheim','room','2024-02-15 12:04:26'),(94,9492,148,'Guide-Pool','instructor','2024-02-15 14:27:18'),(97,483,193,'Seminare','news','2024-02-15 21:25:08'),(100,483,193,'Hybrid-Seminare','news','2024-02-15 21:25:08'),(103,483,193,'Seminare','events','2024-02-15 21:32:34'),(106,483,193,'Notarfachangestellte','events','2024-02-15 21:32:34'),(109,1411,199,'new','tasks','2024-02-16 08:14:41'),(112,1411,199,'trend','tasks','2024-02-16 08:14:41'),(115,51053,61,'Jahreshauptversammlung','events','2024-02-16 22:26:28'),(118,51053,61,'Versammlung','events','2024-02-16 22:26:28'),(121,51053,61,'Werbung','tasks','2024-02-18 12:05:21'),(124,51053,61,'2024','tasks','2024-02-18 12:05:22'),(127,1535,271,'Vorstandschaft','instructor','2024-02-19 23:15:42'),(130,1535,271,'Guggenmusik','events','2024-02-19 23:16:25'),(133,1535,271,'Mygugg','events','2024-02-19 23:16:39'),(136,45394,472,'Alexander Schütte','instructor','2024-02-27 21:41:29'),(139,45394,472,'Nicole Hageleit','instructor','2024-02-27 21:41:53'),(142,45394,472,'Clubraum','room','2024-02-27 21:43:01'),(145,45394,472,'Dartzimmer','room','2024-02-27 21:43:14'),(148,45394,472,'Gymnastikraum','room','2024-02-27 21:43:24'),(151,45394,472,'Halle links','room','2024-02-27 21:43:46'),(154,45394,472,'Halle rechts','room','2024-02-27 21:43:53'),(157,45394,472,'Halle oben','room','2024-02-27 21:44:14'),(160,45394,472,'Hauptplatz links','room','2024-02-27 21:44:28'),(163,45394,472,'Hauptplatz rechts','room','2024-02-27 21:44:40'),(166,45394,472,'Trainingsplatz links','room','2024-02-27 21:44:53'),(169,45394,472,'Trainingsplatz rechts','room','2024-02-27 21:45:05'),(172,45394,472,'Soccerplatz','room','2024-02-27 21:45:20'),(175,362,106,'Adler-Sportpark','news','2024-03-01 15:38:26'),(178,362,106,'Fußball','news','2024-03-01 15:38:26'),(181,362,106,'Senioren','news','2024-03-01 15:38:26'),(184,1637,535,'Webinar','news','2024-03-04 10:46:58'),(187,1637,535,'bAV','news','2024-03-04 10:46:58'),(190,1637,535,'Arbeitgeber','news','2024-03-04 10:46:58'),(193,1637,535,'Mitarbeiterbindung','news','2024-03-04 10:46:58'),(196,1637,535,'bAV','tasks','2024-03-04 13:12:49'),(199,1637,535,'Arbeitgeber','tasks','2024-03-04 13:12:54'),(202,1637,535,'Erstinformation','tasks','2024-03-04 13:12:54'),(205,1637,535,'digitale Beratung','tasks','2024-03-04 13:12:54'),(208,1637,535,'digitale Verwaltung','tasks','2024-03-04 13:12:54'),(211,1637,535,'Recruiting','events','2024-03-05 09:28:46'),(214,1637,535,'bAV','events','2024-03-05 09:28:46'),(217,1637,535,'bKV','events','2024-03-05 09:28:46'),(220,1637,535,'Belegschaftstarife','events','2024-03-05 09:28:46'),(223,1637,535,'Zeiterfassung','events','2024-03-05 09:28:47'),(226,1637,535,'Cyberrisiken','events','2024-03-05 09:28:47'),(229,1637,535,'digitale Gehaltsakte','events','2024-03-05 09:28:47'),(232,1637,535,'Digitaler Finanzcoach','events','2024-03-05 09:28:47'),(235,1637,535,'Sach Gewerbeversicherung','news','2024-03-05 09:56:14'),(238,1637,535,'WIFO GmbH','news','2024-03-05 09:56:14'),(241,1637,535,'Rahmenvereinbarung','news','2024-03-05 09:56:14'),(244,1637,535,'Arbeitnehmer','news','2024-03-05 10:15:54'),(247,1637,535,'Adam Riese','news','2024-03-05 10:15:54'),(250,1637,535,'Privathaftpflicht','news','2024-03-05 10:15:54'),(253,1637,535,'Hausrat','news','2024-03-05 10:15:54'),(256,1637,535,'Rechtsschutz','news','2024-03-05 10:15:54'),(259,1637,535,'Wohngebäudeversicherung','news','2024-03-05 10:15:54'),(262,1637,535,'Tierhalterhaftpflichversicherung','news','2024-03-05 10:15:54'),(265,1637,535,'bAV','survey','2024-03-05 11:17:03'),(268,1637,535,'Air','events','2024-03-05 16:52:41'),(271,1637,535,'Webinar','events','2024-03-05 16:52:41'),(274,51053,61,'Webseite','tasks','2024-03-09 14:03:01'),(277,51053,61,'März','tasks','2024-03-14 09:54:10'),(280,51053,61,'App','tasks','2024-03-18 17:57:43'),(283,51053,61,'Vorstandssitzung','tasks','2024-03-23 17:19:44'),(286,51053,61,'Sommerfest','tasks','2024-03-23 17:24:40'),(289,51053,61,'März','news','2024-03-25 08:19:41'),(292,51053,61,'Meisterschaft','news','2024-03-25 08:19:41'),(295,51053,61,'Prüfung','news','2024-03-25 08:34:03'),(298,51053,61,'2024','survey','2024-03-28 13:14:09'),(301,51053,61,'März','survey','2024-03-28 13:14:09'),(304,51053,61,'Umfrage','survey','2024-03-28 13:14:09'),(307,51053,61,'Vorstandssitzung','survey','2024-03-28 13:14:09'),(310,51053,61,'April','tasks','2024-04-02 18:28:13'),(313,51053,61,'Übungsleitervergütung','tasks','2024-04-02 18:28:13'),(316,51053,61,'Rechnung','tasks','2024-04-03 20:13:26'),(319,51053,61,'Anmeldung','tasks','2024-04-05 16:02:34'),(322,1189,490,'Cities','events','2024-04-07 20:06:37'),(325,1189,490,'Nighthaunt','events','2024-04-07 20:06:37'),(331,23875,58,'Event','events','2024-04-09 15:11:04'),(334,23875,58,'Neuigkeiten','news','2024-04-09 15:11:15'),(337,23875,58,'Aufgaben','task','2024-04-09 15:11:26'),(340,23875,58,'Events','events','2024-04-09 15:14:16'),(343,146,658,'#resifreunde','instructor','2024-04-22 10:59:53'),(346,146,658,'#freundedesresidenztheaters','instructor','2024-04-22 11:00:12'),(349,23875,289,'Fussball','news','2024-04-27 07:06:27'),(352,23875,289,'svh100','news','2024-04-27 07:06:27'),(355,51053,61,'Wasserschaden','tasks','2024-04-28 09:37:45'),(358,1411,82,'Test','tasks','2024-04-30 13:27:54'),(361,1411,82,'Test','survey','2024-05-01 05:20:27'),(364,51053,61,'Mai','events','2024-05-01 09:26:11'),(367,51053,61,'Seminar','events','2024-05-01 09:26:11'),(370,51053,61,'Handform','events','2024-05-01 09:26:11'),(373,51053,61,'Fat Kuen','events','2024-05-01 09:26:11'),(376,1411,82,'Test','room','2024-05-02 04:51:12'),(379,1411,82,'Test','instructor','2024-05-02 04:58:23'),(382,1411,82,'Test','courses','2024-05-02 05:12:12'),(385,1411,82,'trest','courses','2024-05-02 08:50:55'),(388,23875,289,'svh','news','2024-05-04 11:52:07'),(391,23875,289,'Radsport','news','2024-05-04 11:52:07'),(394,1189,361,'#warhammer40k äbattleshock #marker','survey','2024-05-10 14:35:03'),(397,51053,61,'Mai','survey','2024-05-13 18:28:50'),(400,17864,1477,'Event','news','2024-05-14 06:15:19'),(403,17864,1477,'Turnier','news','2024-05-14 06:15:19'),(406,17864,1477,'Tradition','news','2024-05-14 06:15:19'),(409,51053,61,'Mai','tasks','2024-05-15 09:07:28'),(412,51053,61,'Burbach','tasks','2024-05-15 09:07:28'),(415,51053,61,'Siegen','tasks','2024-05-15 09:14:32'),(418,51053,61,'Rauchmelder','tasks','2024-05-15 09:14:32'),(421,51053,61,'Taichi','tasks','2024-05-15 09:19:17'),(424,51053,61,'Tag der Begegnung','events','2024-05-17 10:27:19'),(427,51053,61,'Werbung','events','2024-05-17 10:39:16'),(430,1189,376,'AoS','events','2024-05-21 19:15:17'),(433,51053,61,'Juni','events','2024-05-26 09:11:08'),(436,51053,61,'Kinderfest','events','2024-05-26 09:11:08'),(439,51053,61,'Test','survey','2024-05-27 09:09:26'),(442,51053,61,'Mai','news','2024-05-31 17:48:08'),(445,51053,61,'Werbung','news','2024-05-31 17:48:08'),(448,51053,61,'Tag der Begegnung','news','2024-05-31 17:48:08'),(451,51053,61,'Juni','news','2024-06-10 19:05:53'),(454,51053,61,'Show','news','2024-06-10 19:05:53'),(457,51053,61,'Juni','tasks','2024-06-12 20:22:41'),(460,51053,61,'T-Shirts','tasks','2024-06-12 20:22:41'),(463,2033,1366,'Jiu-Jitsu','news','2024-06-15 12:47:33'),(466,51053,61,'Sanda','news','2024-06-15 19:53:32'),(469,23875,289,'em2024','news','2024-06-17 22:22:19'),(472,941,817,'Capoeira','events','2024-07-10 15:41:46'),(475,941,2218,'BCD','events','2024-07-11 08:40:25'),(478,941,2218,'Akrobatik','events','2024-07-11 08:59:45'),(481,30274,2224,'Pinguine','news','2024-07-12 18:52:41'),(484,30274,2224,'Delfine','news','2024-07-12 18:52:41'),(487,30274,2224,'Haie','news','2024-07-12 18:52:41'),(490,30274,2224,'Schwimmgruppen','news','2024-07-12 18:52:41'),(493,4551,2239,'Badminton','instructor','2024-07-16 15:42:44'),(496,4551,2239,'Vereinsfest','instructor','2024-07-16 15:42:57'),(499,4551,2239,'Save the Date','instructor','2024-07-16 15:43:07'),(502,4551,2239,'savethedate','instructor','2024-07-16 15:43:22'),(505,4551,2239,'savethedate','events','2024-07-16 15:44:33'),(508,4551,2239,'vereinfest','events','2024-07-16 15:44:33'),(511,4551,2239,'badminton','events','2024-07-16 15:44:33'),(514,2450,2254,'Genossenschaft','survey','2024-07-18 16:21:42'),(517,2450,2254,'Kommunikation','survey','2024-07-18 16:21:42'),(520,2450,2254,'insolvenz','news','2024-07-18 16:31:59'),(523,51053,61,'2025','tasks','2024-08-04 10:02:48'),(526,51053,61,'August','tasks','2024-08-04 11:27:21'),(529,51053,61,'Trainingsmaterial','tasks','2024-08-04 11:27:21'),(532,9492,475,'#Strava; #QOM; #KOM','news','2024-08-19 07:07:32'),(535,6552,3025,'test','events','2024-09-16 08:58:14'),(538,51053,61,'Internationalen Abend des Sports 2024','news','2024-10-01 09:14:27'),(541,51053,61,'September','news','2024-10-01 09:14:27'),(544,51053,61,'Oktober','events','2024-10-01 19:29:15'),(547,13919,2431,'wahlen','news','2024-10-10 14:06:55'),(550,13919,2431,'dv','news','2024-10-10 14:06:55'),(553,13919,2431,'schatzmeister','news','2024-10-10 14:06:55'),(556,13919,2431,'kommunikation','news','2024-10-10 14:06:55'),(559,13919,2431,'forum','news','2024-10-10 14:06:55'),(562,13919,2431,'koordinationsteam','news','2024-10-10 14:06:55'),(565,2755,3820,'Gänseessen','events','2024-10-14 10:43:43'),(568,2755,3820,'Gewerbepark Süd','events','2024-10-14 10:43:43'),(571,2755,3820,'Vorstandssitzung','events','2024-10-14 10:46:49'),(574,51053,61,'Oktober','news','2024-10-22 22:07:17'),(577,51053,61,'Herbst','news','2024-10-22 22:07:17'),(580,13919,2431,'ffm','news','2024-10-27 16:51:31'),(583,13919,2431,'frankfurt','news','2024-10-27 16:51:31'),(586,13919,2431,'wahl','news','2024-10-27 16:51:31'),(589,13919,2431,'gruppenversammlung','news','2024-10-27 16:51:31'),(592,2817,3829,'Fußball','instructor','2024-11-01 13:25:45'),(595,51053,61,'Seminar','news','2024-11-17 11:41:06'),(598,51053,61,'November','news','2024-11-17 11:41:06'),(601,51053,61,'Fat Kuen','news','2024-11-17 11:41:06'),(604,705,5107,'mitgliederversammlung','events','2024-12-06 13:26:05'),(607,705,5107,'veranstaltung','events','2024-12-06 15:04:26'),(610,705,5107,'empfang','events','2024-12-06 15:04:26'),(613,705,5107,'meet&greet','events','2024-12-06 15:11:02'),(616,705,5107,'unterstützen','news','2024-12-06 15:29:07'),(619,705,5107,'Live-Termin','news','2024-12-06 15:29:07'),(622,13919,2440,'Neujahrsempfang','news','2025-01-04 10:35:25'),(625,13919,2440,'Hamburg','news','2025-01-04 10:35:25'),(628,13919,2440,'100jähriges Jubiläum','news','2025-01-04 10:35:25'),(634,13919,2440,'Stammtisch','news','2025-01-07 21:54:23'),(637,1001,5692,'Neckarhalle ','events','2025-01-20 12:50:29'),(640,1001,5692,'Umzug ','events','2025-01-20 12:50:37'),(643,1001,5692,'Helfer','events','2025-01-20 12:50:52'),(646,51053,61,'2025','events','2025-01-27 17:56:17'),(649,51053,61,'Februar','events','2025-01-27 17:56:17'),(652,51053,61,'CNY','events','2025-01-27 17:56:17'),(655,281,307,'Wasserstände','instructor','2025-01-28 08:38:07'),(658,3420,5659,'Hangry','news','2025-02-06 08:13:51'),(661,3420,5659,'Coffeeplease','news','2025-02-06 08:13:51'),(664,3420,5659,'bored','news','2025-02-06 08:13:51'),(667,1312,523,'tcswh','instructor','2025-02-08 20:56:45'),(670,1312,523,'tcswheimerzheim','instructor','2025-02-08 20:57:00'),(673,1312,523,'tennis','instructor','2025-02-08 20:57:10'),(676,1312,523,'tennislovers','instructor','2025-02-08 20:57:18'),(679,1312,523,'tennisverbindet','instructor','2025-02-08 20:57:26'),(682,1312,523,'tennisverein','instructor','2025-02-08 20:57:37'),(685,1312,523,'Rückblick','news','2025-02-09 11:23:38'),(688,1312,523,'Saison2024','news','2025-02-09 11:23:38'),(691,1312,523,'Neujahrsbrief','news','2025-02-09 11:23:38'),(694,1312,523,'Jugend','events','2025-02-09 11:27:53'),(697,1312,523,'Pizzaessen','events','2025-02-09 11:27:53'),(700,1312,523,'Frühjahrsputz','events','2025-02-09 11:45:12'),(703,1312,523,'Zusammenhalt','events','2025-02-09 11:45:12'),(706,1312,523,'Tenniscamp','events','2025-02-09 12:32:55'),(709,1312,523,'Saisoneröffnung','events','2025-02-09 12:40:46'),(712,1312,523,'Saison2025','events','2025-02-09 12:40:46'),(715,1312,523,'Pfingstturnier','events','2025-02-09 12:51:20'),(718,1312,523,'Turnier','events','2025-02-09 12:51:20'),(721,1312,523,'Jugendcamp','events','2025-02-09 12:53:24'),(724,1312,523,'Sommercamp','events','2025-02-09 12:53:24'),(727,1312,523,'Sommerferien','events','2025-02-09 12:53:25'),(730,1312,523,'Clubmeisterschaft','events','2025-02-09 12:54:59'),(733,1312,523,'Sommerfest','events','2025-02-09 12:54:59'),(736,1312,523,'Herbstputz','events','2025-02-09 12:56:31'),(739,1312,523,'Herbstspaziergang','events','2025-02-09 12:58:49'),(742,1312,523,'Pizzaessen','news','2025-02-09 13:13:01'),(745,3325,5275,'Rugby','events','2025-02-19 16:44:07'),(748,3325,5275,'Rugby Kids','events','2025-02-19 16:44:07'),(751,3325,5275,'offener Trainingstag','events','2025-02-19 16:44:07'),(754,3325,5275,'Jungen','events','2025-02-19 16:44:07'),(757,3325,5275,'Mädchen','events','2025-02-19 16:44:07'),(760,3325,5275,'10 - 16 Jahre','events','2025-02-19 16:44:07'),(763,3325,5275,'Rugby Ricklingen','events','2025-02-19 16:44:07'),(766,51053,61,'2025','news','2025-02-22 08:55:05'),(769,51053,61,'Februar','news','2025-02-22 08:55:05'),(772,3325,5275,'Fasching','events','2025-02-23 19:16:20'),(775,3325,5275,'kids','events','2025-02-23 19:16:20'),(778,3325,5275,'Kostüm','events','2025-02-23 19:16:20'),(781,3481,2392,'Tennisplätze','room','2025-03-01 11:28:53'),(784,3481,2392,'Vereinsbullis','room','2025-03-01 11:29:10'),(787,569,292,'Zumba','instructor','2025-03-01 14:33:04'),(790,569,292,'Sporthalle Grundschule Ahlden','room','2025-03-01 14:33:17'),(793,569,292,'Sporthalle','room','2025-03-01 14:33:27'),(796,569,292,'Melanie Eils-Korz','instructor','2025-03-01 14:33:46'),(799,3405,5614,'Trance Tea','news','2025-03-03 08:40:21'),(811,1703,181,'Test','instructor','2025-03-05 16:06:20'),(814,1703,181,'Test Raum','room','2025-03-05 16:06:40'),(817,23875,58,'Bulli1','room','2025-03-06 21:15:11'),(820,23875,58,'Bulli2','room','2025-03-06 21:15:20'),(823,3642,12409,'Test','events','2025-03-07 23:15:06'),(826,3617,8722,'Raumbuchung','room','2025-03-10 06:57:28'),(829,3617,8722,'Aufenthaltsraum','events','2025-03-10 06:58:54'),(832,3405,5617,'Festival','news','2025-03-13 06:44:20'),(835,1189,400,'40k','events','2025-03-15 14:18:00'),(838,3842,12646,'Srun','news','2025-03-16 06:20:42'),(841,3842,12646,'Dünkreuzlauf','news','2025-03-16 06:20:48'),(844,3842,12646,'Tischtennis','news','2025-03-16 06:30:11'),(847,3842,12646,'Nichtaktiventurnier','news','2025-03-16 06:30:11'),(859,3842,12646,'Sportfest','events','2025-03-16 12:40:36'),(862,3842,12646,'Fahrsport','events','2025-03-16 12:51:20'),(865,3842,12646,'Landesmeisterschaft','events','2025-03-16 12:51:20'),(868,21825,12649,'Vereinsheim Molke','room','2025-03-17 08:01:51'),(871,21825,12649,'Prinz Max Neufrach','room','2025-03-17 08:02:03'),(874,21825,12649,'Klufenmichelbar','room','2025-03-17 08:02:11'),(877,21825,12649,'Wurstbude Eblen','room','2025-03-17 08:02:20'),(880,21825,12649,'Sauschwänzlestand','room','2025-03-17 08:02:34'),(883,21825,12649,'Knecht Vanessa','instructor','2025-03-17 08:02:59'),(886,21825,12649,'Kugler Christian','instructor','2025-03-17 08:03:08'),(889,21825,12649,'Moll Carolin','instructor','2025-03-17 08:03:16'),(892,21825,12649,'Knecht Matthias','instructor','2025-03-17 08:03:22'),(895,21825,12649,'Weiß Martina','instructor','2025-03-17 08:03:30'),(898,21825,12649,'Buschle Daniel','instructor','2025-03-17 08:03:37'),(901,21825,12649,'Otterburg Jan','instructor','2025-03-17 08:03:48'),(904,21825,12649,'Dunst Florine','instructor','2025-03-17 08:03:53'),(910,3325,5275,'Ostern','events','2025-03-18 14:42:18'),(913,3325,5275,'Ostersonntag','events','2025-03-18 14:42:18'),(916,3325,5275,'Ostermontag','events','2025-03-18 14:42:18'),(919,3325,5275,'Büfett','events','2025-03-18 14:42:18'),(922,3325,5275,'Buffet','events','2025-03-18 14:42:18'),(925,3325,5275,'Spargel','events','2025-03-18 14:56:58'),(928,3325,5275,'satt','events','2025-03-18 14:56:58'),(931,3325,5275,'Boule','events','2025-03-18 15:49:41'),(934,3325,5275,'Petanque','events','2025-03-18 15:49:41'),(937,3325,5275,'Meisterschaft','events','2025-03-18 15:49:41'),(940,3325,5275,'Schiedsrichter','events','2025-03-18 15:56:04'),(943,3325,5275,'Lehrgang','events','2025-03-18 15:56:04'),(946,3325,5275,'App','news','2025-03-18 18:56:39'),(949,3325,5275,'FAQ','news','2025-03-18 18:56:39'),(952,3325,5275,'Nutzung','news','2025-03-18 18:56:39'),(955,3325,5275,'Chat','news','2025-03-18 18:56:39'),(958,3325,5275,'Fragen','news','2025-03-18 18:56:39'),(961,3325,5275,'Kontakt','news','2025-03-18 18:56:39'),(964,3842,12646,'Vorstandssitzung','events','2025-03-18 19:32:15'),(967,3325,5275,'Event','news','2025-03-18 19:38:15'),(970,3325,5275,'Veranstaltung','news','2025-03-18 19:39:20'),(973,3325,5275,'Anmeldung','news','2025-03-18 19:39:20'),(976,3325,5275,'Facebook','news','2025-03-18 19:39:20'),(979,3325,5275,'website','news','2025-03-18 19:39:20'),(982,3325,5275,'Instagram','news','2025-03-18 19:39:20'),(985,24663,12574,'A3 Proben','events','2025-03-20 08:53:39'),(988,24663,12574,'Pfarrsaal Nicola','room','2025-03-20 08:54:22'),(991,3325,5275,'Heimspiel','events','2025-03-20 14:46:22'),(994,51053,61,'April','events','2025-03-21 15:06:23'),(997,51053,61,'Event','news','2025-03-23 14:40:32');

--
-- Table structure for table `task_collaborators`
--

CREATE TABLE `task_collaborators` (
  `id` int(10) unsigned NOT NULL AUTO_INCREMENT,
  `task_id` int(11) DEFAULT NULL,
  `user_id` int(11) DEFAULT NULL,
  `approved_status` int(11) DEFAULT NULL,
  `read_status` int(11) NOT NULL DEFAULT 0,
  `task_updated_status` int(11) NOT NULL DEFAULT 0,
  PRIMARY KEY (`id`)
) ENGINE=InnoDB AUTO_INCREMENT=1994 DEFAULT CHARSET=utf8mb4 COLLATE=utf8mb4_general_ci;

--
-- Dumping data for table `task_collaborators`
--

INSERT INTO `task_collaborators` VALUES (1,1,37,1,0,0),(4,4,37,1,0,1),(7,4,34,1,0,1),(10,4,31,1,1,1),(13,7,31,1,1,0),(16,7,34,1,0,0),(19,7,37,1,0,0),(28,19,61,1,1,0),(37,25,34,1,0,1),(40,25,31,1,0,1),(46,28,82,1,0,0),(49,28,85,1,1,0),(52,31,85,1,1,0),(55,31,82,1,0,0),(64,19,79,1,1,0),(67,37,85,1,0,0),(70,37,82,1,0,0),(85,49,94,1,1,0),(94,55,82,1,1,1),(97,55,85,1,0,1),(106,61,85,1,0,0),(109,64,85,1,0,0),(112,67,37,1,0,1),(115,67,31,1,0,1),(118,70,85,1,0,0),(121,70,82,1,1,0),(124,73,85,1,0,0),(127,73,82,1,1,0),(142,82,85,1,0,1),(145,82,82,1,1,1),(148,85,157,1,1,0),(151,85,103,1,0,0),(163,94,202,1,0,0),(166,94,190,1,0,0),(169,94,199,1,1,0),(172,97,202,1,0,0),(175,97,199,1,0,0),(178,97,82,1,0,0),(181,100,193,1,1,0),(184,103,199,1,0,0),(187,103,190,1,0,0),(190,106,202,1,0,0),(193,106,199,1,0,0),(196,106,190,1,0,0),(199,109,202,1,0,0),(202,109,199,1,0,0),(205,109,190,1,0,0),(208,112,202,1,0,0),(211,115,202,1,0,0),(214,115,199,1,0,0),(217,118,235,1,1,0),(220,118,148,1,1,0),(223,121,235,1,1,0),(226,121,148,1,1,0),(229,124,214,1,1,0),(232,127,211,1,1,0),(235,130,61,1,1,0),(244,136,202,1,0,0),(247,136,199,1,0,0),(250,136,190,1,0,0),(253,136,85,1,0,0),(256,136,82,1,0,0),(259,139,199,1,0,0),(262,139,190,1,0,0),(265,139,82,1,0,0),(268,142,199,1,0,0),(274,142,82,1,0,0),(277,145,82,1,0,0),(280,145,199,1,0,0),(286,151,271,1,0,0),(289,154,277,1,1,0),(292,154,271,1,1,0),(295,157,271,1,0,1),(298,157,277,1,0,1),(301,151,277,1,1,0),(304,160,202,1,0,0),(307,160,199,1,1,0),(310,160,82,1,0,0),(313,163,199,1,1,0),(316,163,82,1,0,0),(319,166,148,1,1,0),(322,160,85,1,1,0),(325,172,202,1,0,0),(328,172,199,1,0,0),(331,175,202,1,0,0),(334,175,199,1,0,0),(337,178,202,1,0,0),(340,178,199,1,0,0),(343,181,202,1,0,0),(346,181,199,1,0,0),(349,181,82,1,0,0),(352,184,202,1,0,0),(355,184,199,1,0,0),(358,184,82,1,0,0),(361,187,202,1,0,0),(364,187,85,1,0,0),(367,187,82,1,0,0),(370,190,202,1,0,0),(373,190,199,1,0,0),(376,190,190,1,0,0),(379,190,82,1,0,0),(382,193,235,1,1,0),(385,193,148,1,1,0),(388,193,331,1,0,0),(391,196,202,1,0,0),(394,196,199,1,0,0),(397,196,190,1,0,0),(400,196,85,1,0,0),(403,199,202,1,0,0),(406,199,199,1,0,0),(409,199,82,1,0,0),(412,202,148,1,1,0),(415,202,460,1,1,0),(418,205,169,1,0,0),(421,208,169,1,0,0),(424,208,157,1,1,0),(427,208,103,1,0,0),(433,214,535,1,0,1),(436,217,148,1,1,0),(439,217,547,1,1,0),(442,220,535,1,0,1),(445,220,541,1,1,0),(448,220,538,1,1,0),(451,220,544,1,1,1),(454,214,538,1,1,0),(457,214,544,1,1,0),(460,214,541,1,1,0),(463,223,280,1,1,0),(466,223,268,1,1,0),(469,223,235,1,1,0),(472,223,148,1,1,0),(475,223,331,1,0,0),(478,223,442,1,1,0),(481,223,454,1,1,0),(484,223,343,1,1,0),(487,223,265,1,1,0),(490,223,484,1,1,0),(493,226,280,1,1,0),(496,226,268,1,1,0),(499,226,235,1,1,0),(502,226,148,1,1,0),(505,226,331,1,0,0),(508,226,442,1,1,0),(511,226,454,1,1,0),(514,226,343,1,1,0),(517,226,265,1,1,0),(520,226,484,1,1,0),(523,229,559,1,1,0),(526,229,550,1,1,0),(562,250,559,1,1,0),(565,250,550,1,1,0),(568,253,550,1,1,0),(571,256,202,1,0,1),(574,256,82,1,1,0),(577,259,202,1,0,0),(580,259,199,1,0,0),(583,259,82,1,0,0),(586,262,256,1,1,0),(589,262,61,1,1,0),(592,268,94,1,1,0),(595,268,358,1,1,0),(598,268,91,1,1,0),(601,271,190,1,0,0),(604,271,199,1,0,0),(607,271,82,1,0,0),(610,274,202,1,0,0),(613,274,82,1,0,0),(616,277,202,1,0,0),(619,277,82,1,0,0),(622,280,199,1,0,0),(625,280,190,1,0,0),(628,283,199,1,0,0),(631,283,190,1,0,0),(634,283,82,1,0,0),(637,286,202,1,0,0),(640,286,82,1,0,0),(643,295,256,1,1,0),(646,295,61,1,1,0),(649,298,148,1,1,0),(652,298,637,1,1,0),(655,301,148,1,1,0),(658,301,649,1,1,0),(664,307,661,1,1,0),(685,316,256,1,1,0),(688,316,61,1,1,0),(691,319,61,1,1,0),(694,325,61,1,1,0),(697,328,79,1,1,0),(700,328,61,1,1,0),(703,331,256,1,1,0),(706,331,61,1,1,0),(709,334,79,1,1,0),(712,334,61,1,1,0),(715,334,145,1,1,0),(718,334,256,1,1,0),(721,337,79,1,1,0),(724,337,61,1,1,0),(727,337,145,1,1,0),(730,337,256,1,1,0),(745,331,79,1,1,0),(748,331,145,1,1,0),(751,343,61,1,1,0),(754,346,61,1,1,0),(769,352,61,1,1,0),(772,355,256,1,1,0),(778,361,202,1,0,0),(784,367,1288,1,1,0),(787,367,1300,1,1,0),(790,370,1342,1,1,0),(793,370,1336,1,1,0),(796,370,1333,1,1,0),(799,370,43,1,1,0),(802,373,43,1,1,0),(805,373,1342,1,1,0),(808,373,1336,1,1,0),(811,373,1333,1,1,0),(814,376,1330,1,1,0),(817,376,43,1,1,0),(820,373,1354,1,1,0),(823,379,991,1,1,0),(826,379,445,1,1,0),(829,385,61,1,1,0),(832,331,880,1,1,0),(835,391,202,1,0,0),(838,394,85,1,0,0),(841,394,82,1,0,0),(844,394,199,1,0,0),(847,391,82,1,1,0),(850,388,202,1,1,0),(853,388,85,1,1,0),(856,388,82,1,1,0),(859,388,199,1,1,0),(862,397,979,1,0,0),(865,397,82,1,0,0),(868,400,85,1,0,0),(871,400,82,1,0,0),(874,400,199,1,0,0),(883,406,559,1,1,0),(886,406,550,1,1,0),(889,331,1363,1,1,0),(892,331,1360,1,1,0),(904,418,979,1,0,0),(907,418,199,1,0,0),(910,418,202,1,0,0),(913,418,190,1,0,0),(916,418,85,1,0,0),(919,418,82,1,1,0),(922,421,910,1,1,0),(925,424,910,1,1,0),(928,427,1330,1,1,0),(931,427,43,1,1,0),(934,373,1420,1,1,0),(937,370,1354,1,1,0),(940,370,1420,1,1,0),(943,430,64,1,1,0),(946,430,73,1,1,0),(949,430,1447,1,1,0),(952,430,1450,1,1,0),(955,433,409,1,1,0),(958,433,235,1,1,0),(961,433,148,1,1,0),(964,433,265,1,1,0),(967,433,154,1,1,0),(970,433,652,1,1,0),(973,436,409,1,1,0),(976,436,235,1,1,0),(979,436,148,1,1,0),(982,436,265,1,1,0),(985,436,154,1,1,0),(988,436,652,1,1,0),(991,439,79,1,1,0),(994,439,61,1,1,0),(997,439,145,1,1,0),(1000,439,256,1,1,0),(1003,439,880,1,0,0),(1006,439,1363,1,0,0),(1009,439,1360,1,0,0),(1012,442,79,1,1,0),(1015,442,61,1,1,0),(1018,442,145,1,1,0),(1021,442,256,1,1,0),(1024,442,880,1,0,0),(1027,442,1363,1,0,0),(1030,442,1360,1,0,0),(1033,445,79,1,1,0),(1036,445,61,1,1,0),(1039,445,145,1,1,0),(1042,445,256,1,1,0),(1045,445,880,1,0,0),(1048,445,1363,1,0,0),(1051,445,1360,1,0,0),(1054,448,145,1,1,0),(1057,448,61,1,1,0),(1060,451,145,1,1,0),(1063,451,889,1,0,0),(1066,451,61,1,1,0),(1078,457,289,1,1,0),(1081,457,58,1,1,0),(1084,460,289,1,1,0),(1087,460,58,1,0,0),(1090,463,2035,1,0,0),(1093,463,2032,1,1,0),(1096,463,2044,1,1,0),(1099,469,61,1,1,1),(1102,469,256,1,1,0),(1105,469,1360,1,1,0),(1108,469,145,1,1,0),(1111,475,2059,1,1,0),(1114,478,2059,1,1,0),(1117,481,2059,1,1,0),(1120,484,2059,1,1,0),(1123,487,2059,1,1,0),(1126,490,2059,1,1,0),(1129,493,79,1,1,0),(1132,493,61,1,1,0),(1135,493,145,1,1,0),(1138,493,256,1,1,0),(1141,493,880,1,0,0),(1144,493,1363,1,0,0),(1147,493,1360,1,1,0),(1150,499,2107,1,1,0),(1153,496,2107,1,1,0),(1156,505,2257,1,0,0),(1162,502,2254,1,1,0),(1165,508,2278,1,1,0),(1168,508,2272,1,0,0),(1171,508,2269,1,0,0),(1174,508,2266,1,0,0),(1177,511,79,1,1,0),(1180,511,61,1,1,1),(1183,511,145,1,1,0),(1186,511,256,1,1,0),(1189,511,880,1,0,1),(1192,511,1363,1,0,1),(1195,511,1360,1,1,1),(1198,511,2128,1,1,0),(1201,514,1360,1,0,0),(1204,514,61,1,1,0),(1207,517,2260,1,1,0),(1210,520,2260,1,1,0),(1213,523,2260,1,1,0),(1216,526,2260,1,1,0),(1219,529,2260,1,1,0),(1222,532,2260,1,1,0),(1225,535,2260,1,1,0),(1228,517,25,1,1,1),(1237,541,445,1,0,1),(1240,541,1540,1,0,1),(1243,541,2383,1,0,1),(1246,544,37,1,0,0),(1249,544,31,1,0,0),(1252,547,37,1,0,0),(1255,547,31,1,0,0),(1258,550,37,1,0,0),(1261,550,31,1,0,0),(1264,553,37,1,0,0),(1267,553,31,1,0,0),(1270,556,37,1,0,1),(1273,556,31,1,1,1),(1276,559,580,1,0,1),(1279,559,31,1,0,1),(1282,562,190,1,0,0),(1285,562,82,1,0,0),(1288,565,199,1,0,1),(1291,565,82,1,0,1),(1294,568,25,1,1,1),(1297,568,2260,1,1,0),(1300,571,25,1,1,0),(1303,571,2260,1,1,0),(1306,574,25,1,1,1),(1309,574,2260,1,1,1),(1312,577,2260,1,1,0),(1315,580,2260,1,1,0),(1318,583,2032,1,1,0),(1321,583,2395,1,1,0),(1324,586,256,1,1,0),(1327,589,256,1,1,0),(1330,592,256,1,1,0),(1333,595,2470,1,1,0),(1336,598,25,1,1,0),(1339,598,2260,1,1,0),(1342,601,43,1,1,0),(1345,601,1336,1,1,0),(1348,601,1342,1,0,0),(1351,601,1420,1,0,0),(1354,601,1516,1,1,0),(1363,607,3058,1,0,0),(1366,607,3055,1,1,0),(1369,607,3046,1,1,0),(1372,607,2842,1,1,0),(1375,607,2836,1,1,0),(1378,607,3019,1,1,0),(1381,607,2833,1,0,0),(1384,607,2827,1,1,0),(1387,607,2461,1,0,0),(1390,607,2464,1,0,0),(1393,607,2467,1,0,0),(1396,607,2812,1,0,0),(1399,607,2455,1,0,0),(1402,607,2458,1,1,0),(1405,607,2449,1,1,0),(1408,607,2452,1,0,0),(1411,607,2443,1,0,0),(1414,607,2440,1,1,0),(1417,607,2437,1,1,0),(1420,607,2428,1,0,0),(1423,607,2431,1,1,0),(1426,607,2395,1,1,0),(1429,607,2434,1,1,0),(1432,607,2446,1,1,0),(1435,607,2032,1,1,0),(1438,610,3025,1,1,0),(1441,610,3064,1,0,0),(1444,613,2992,1,1,0),(1447,613,2995,1,0,0),(1450,616,3067,1,1,0),(1453,619,2473,1,1,0),(1456,622,3082,1,1,0),(1459,622,2995,1,0,0),(1468,628,3766,1,1,0),(1471,628,3745,1,1,0),(1474,628,3748,1,0,0),(1477,631,3751,1,1,0),(1480,631,3772,1,1,0),(1483,634,3829,1,0,1),(1486,637,3829,1,0,0),(1489,640,3829,1,1,0),(1492,643,3829,1,1,0),(1495,646,3838,1,1,0),(1498,649,3841,1,1,0),(1501,655,2857,1,0,0),(1504,655,772,1,0,0),(1507,661,1363,1,0,0),(1510,661,61,1,1,0),(1513,664,4126,1,1,1),(1516,667,4126,1,1,0),(1522,670,4141,1,1,0),(1525,670,4135,1,1,0),(1528,673,4135,1,1,0),(1531,673,4141,1,1,0),(1534,676,4150,1,1,0),(1537,679,4150,1,0,0),(1540,682,4150,1,0,0),(1543,685,4150,1,1,0),(1546,664,4144,1,1,0),(1549,664,4147,1,1,0),(1552,664,4153,1,1,0),(1555,667,4153,1,1,0),(1558,667,4147,1,1,0),(1561,667,4144,1,1,0),(1564,688,4474,1,0,0),(1567,688,4471,1,1,0),(1570,691,4474,1,0,0),(1573,691,4471,1,1,0),(1576,691,4483,1,1,0),(1579,694,2383,1,0,0),(1582,697,4711,1,1,0),(1603,709,4924,1,1,0),(1606,709,4774,1,0,0),(1609,709,4756,1,1,0),(1612,709,1900,1,1,0),(1615,715,5008,1,1,0),(1618,715,5032,1,0,0),(1624,721,5125,1,1,0),(1627,724,5134,1,1,0),(1630,721,5161,1,1,0),(1633,727,5170,1,1,0),(1636,730,5263,1,1,0),(1639,730,5197,1,1,0),(1645,736,5302,1,1,0),(1648,736,2392,1,1,0),(1651,739,5590,1,1,0),(1654,742,5602,1,0,0),(1657,742,5590,1,1,0),(1660,745,5620,1,1,0),(1663,745,5590,1,1,0),(1669,751,6994,1,1,0),(1672,754,6994,1,1,0),(1675,757,6994,1,1,0),(1678,760,6994,1,1,0),(1681,763,7372,1,1,0),(1684,766,7330,1,1,0),(1687,766,7381,1,1,0),(1690,763,7624,1,1,0),(1693,769,7624,1,1,0),(1696,769,7372,1,1,0),(1699,772,7330,1,1,0),(1702,775,7372,1,0,0),(1705,775,7624,1,0,0),(1708,778,7372,1,0,0),(1711,778,7624,1,0,0),(1714,781,7372,1,0,0),(1717,781,7624,1,0,0),(1720,784,7330,1,1,0),(1723,787,7330,1,1,0),(1726,790,7330,1,1,0),(1741,799,5650,1,1,0),(1744,799,10135,1,1,0),(1747,802,5659,1,1,0),(1750,802,10168,1,0,0),(1753,805,7180,1,0,0),(1756,805,7177,1,0,0),(1759,805,31,1,1,0),(1762,811,11155,1,0,0),(1765,814,10027,1,0,0),(1768,814,10015,1,1,0),(1771,817,10027,1,0,0),(1774,817,10015,1,1,0),(1777,820,10027,1,0,0),(1780,820,10015,1,1,0),(1783,823,148,1,1,0),(1786,823,457,1,0,0),(1810,838,895,1,0,0),(1813,838,676,1,0,0),(1816,838,655,1,0,0),(1819,838,460,1,0,0),(1822,838,310,1,0,0),(1825,838,154,1,0,0),(1828,838,148,1,0,0),(1831,838,235,1,1,0),(1834,838,2197,1,0,0),(1843,844,12532,1,0,0),(1846,844,12502,1,0,0),(1849,844,12493,1,0,0),(1852,844,12484,1,0,0),(1855,847,12670,1,0,0),(1858,847,12649,1,1,0),(1861,850,12706,1,0,0),(1864,850,12646,1,0,0),(1867,853,12688,1,0,0),(1870,853,12670,1,0,0),(1873,853,12649,1,0,0),(1876,853,12673,1,0,0),(1879,856,12574,1,0,0),(1882,856,12715,1,0,0),(1885,859,12574,1,0,1),(1888,859,12715,1,0,1),(1891,862,310,1,0,0),(1894,862,286,1,0,0),(1897,862,280,1,0,0),(1900,862,268,1,0,0),(1903,862,235,1,0,0),(1906,862,148,1,0,0),(1909,862,331,1,0,0),(1912,862,442,1,0,0),(1915,862,454,1,0,0),(1918,862,343,1,0,0),(1921,862,484,1,0,0),(1924,862,244,1,0,0),(1927,862,2197,1,0,0),(1930,862,457,1,0,0),(1954,868,310,1,0,0),(1957,868,286,1,0,0),(1960,868,280,1,0,0),(1963,868,268,1,0,0),(1966,868,235,1,0,0),(1969,868,148,1,0,0),(1972,868,331,1,0,0),(1975,868,442,1,0,0),(1978,868,454,1,0,0),(1981,868,343,1,0,0),(1984,868,484,1,0,0),(1987,868,244,1,0,0),(1990,868,2197,1,0,0),(1993,868,457,1,0,0);

--
-- Table structure for table `task_group`
--

CREATE TABLE `task_group` (
  `id` int(10) unsigned NOT NULL AUTO_INCREMENT,
  `team_id` int(11) DEFAULT NULL,
  `title` varchar(255) DEFAULT NULL,
  `description` text DEFAULT NULL,
  `organizer_id` int(11) DEFAULT NULL,
  `status` int(11) DEFAULT NULL,
  `approved_by` int(11) DEFAULT NULL,
  `group_id` int(11) DEFAULT NULL,
  `date` date DEFAULT NULL,
  `image` varchar(500) DEFAULT NULL,
  `updated_record` longtext DEFAULT NULL,
  `update_image_url` varchar(500) DEFAULT NULL,
  `is_image_converted` int(11) NOT NULL DEFAULT 0,
  `update_approved_status` tinyint(4) DEFAULT NULL,
  `deny_reason` text DEFAULT NULL,
  `deny_by_id` int(11) DEFAULT NULL,
  `is_read` tinyint(4) DEFAULT 0,
  `complete_read_status` tinyint(4) DEFAULT 0,
  `created_at` timestamp NOT NULL DEFAULT current_timestamp(),
  `approved_status` int(11) DEFAULT NULL,
  `event_id` int(11) DEFAULT NULL,
  `course_id` int(11) DEFAULT NULL,
  `updated_at` timestamp NOT NULL DEFAULT current_timestamp() ON UPDATE current_timestamp(),
  PRIMARY KEY (`id`)
) ENGINE=InnoDB AUTO_INCREMENT=869 DEFAULT CHARSET=utf8mb4 COLLATE=utf8mb4_general_ci;

--
-- Dumping data for table `task_group`
--

INSERT INTO `task_group` VALUES (1,12153,'Aufbau des Schnuppertrainings','<font face=\"Arial\" size=\"2\">Aufbau der Tore &amp; Spielfelder.</font>',37,1,NULL,10,'2024-02-16','http://prod-tineon-deploy-minio:9000/tineon/Leipzig/2024/January/Documents/Bildschirm%C2%ADfoto%202023-03-18%20um%2009.38.20.png',NULL,NULL,0,0,NULL,NULL,0,0,'2024-01-31 08:05:45',NULL,4,NULL,'2024-01-31 12:38:00'),(4,12153,'Rasenpflege','Die Rasenpflege ist von entscheidender Bedeutung f&#252;r die Erhaltung eines qualitativ hochwertigen Spielfelds im Sportverein. Ein gut gepflegter Rasen tr&#228;gt nicht nur zur Sicherheit der Spieler bei, sondern auch zur Verbesserung der Spielfeld&#228;sthetik. Die Aufgaben der Rasenpflege innerhalb eines Sportvereins sind vielf&#228;ltig und umfassen.',37,0,NULL,0,'2024-08-16','http://prod-tineon-deploy-minio:9000/tineon/Leipzig/2024/January/Documents/Bildschirm%C2%ADfoto%202023-03-18%20um%2009.38.06.png',NULL,NULL,0,0,NULL,NULL,0,0,'2024-01-31 08:17:21',NULL,NULL,NULL,'2024-08-12 11:41:26'),(7,12153,'Aufräumen des Ballraumes','<p><font face=\"Gellix, sans-serif\">Das Aufr&#228;umen des Ballraumes ist eine entscheidende Aufgabe, um Ordnung, Sicherheit und eine effiziente Nutzung des Raumes sicherzustellen. Die Verantwortlichkeiten f&#252;r das Aufr&#228;umen umfassen:</font></p>',37,1,NULL,0,'2024-04-13','http://prod-tineon-deploy-minio:9000/tineon/Leipzig/2024/January/Documents/Bildschirm%C2%ADfoto%202023-03-18%20um%2009.39.25.png',NULL,NULL,0,0,NULL,NULL,0,0,'2024-01-31 08:20:04',NULL,NULL,NULL,'2024-01-31 08:20:55'),(19,51053,'Feuerlöscher Aufhängen','<font face=\"Arial\" size=\"2\">Aufh&#228;ngen der neuen Feuerl&#246;scher im der Kung-Fu Schule Siegen.</font>',61,1,NULL,0,'2024-02-10',NULL,NULL,NULL,0,0,NULL,NULL,0,0,'2024-02-02 20:02:33',NULL,NULL,NULL,'2024-02-06 12:15:07'),(25,12153,'Jugendtraining vorbereiten','<p>Das Jugendtraining m&#252;sste vorbereitet werden.</p>',31,0,NULL,0,'2024-02-11','http://prod-tineon-deploy-minio:9000/tineon/Leipzig/2024/February/Images/AdobeStock_251787228_Preview.jpeg',NULL,NULL,0,0,NULL,NULL,0,0,'2024-02-05 07:43:02',NULL,NULL,NULL,'2024-02-09 06:35:46'),(28,1411,'Ea aliquip facilis q','Saepe soluta incidid.<span>Lorem ipsum dolor sit amet. Est voluptas molestias sit harum expedita non ullam officia ut aliquam magni aut optio provident non debitis dolores non nemo optio. Aut excepturi iusto et commodi nihil ut similique voluptas ea sint itaque ea alias repudiandae et quasi quis in minima nemo! Ut veritatis repudiandae ut laudantium sequi vel explicabo inventore in veniam incidunt vel earum quis.</span><p>A officia fugit qui officia quae At quibusdam voluptas hic dolor laborum. Aut quam quae id suscipit repellat ad enim neque. Ut incidunt soluta sed voluptas necessitatibus non tenetur ipsam eos ipsum aspernatur. Qui consequatur consequatur nam corporis corrupti qui harum fuga quo placeat quaerat et commodi ipsa.</p><p>Sed nesciunt cumque qui repellendus dolorum in modi natus. Ea o</p>',82,1,NULL,0,'2024-02-07','http://prod-tineon-deploy-minio:9000/tineon/Leipzig/2024/February/Documents/Bildschirm%C2%ADfoto%202023-03-18%20um%2009.38.30.png',NULL,NULL,0,0,NULL,NULL,0,0,'2024-02-06 06:37:57',NULL,NULL,NULL,'2024-02-06 13:32:26'),(31,1411,'Lorem ipsum dolor sit amet.','<p>&#160;Vel obcaecati animi eum dignissimos dolores est quia incidunt! Ut voluptatem minus et odio doloremque ut velit aliquid.</p><p>Aut veritatis tempore cum ducimus neque ut galisum inventore eos repellat voluptates qui quaerat pariatur. Ex rerum natus et sequi perferendis eum quaerat illum non numquam blanditiis et libero asperiores cum internos sint quo fugit cupiditate. Qui vitae libero est autem delectus et quis voluptatem qui sunt libero id quasi quia. Est velit labore et dolore voluptatibus sit rerum expedita ut amet quidem aut soluta consequatur est aliquid quia.</p><p>Quo aperiam minima qui enim dicta in omnis saepe cum voluptatem Quis sit voluptatem quaerat est voluptate magnam. Eum soluta voluptatem eum nihil optio et nesciunt libero sit dolorem repudiandae hic voluptates esse. In tempore eligendi aut dolore nemo ad consequatur dolor id dolorem officiis in architecto quis.</p>',82,1,NULL,0,'2024-02-06',NULL,NULL,NULL,0,0,NULL,NULL,0,0,'2024-02-06 07:42:51',NULL,NULL,NULL,'2024-02-06 13:38:09'),(37,1411,'Lorem ipsum dolor sit amet, ','consectetur adipiscing elit, sed do eiusmod tempor incididunt ut labore et dolore magna aliqua. Ut enim ad minim veniam, quis nostrud exercitation ullamco laboris nisi ut aliquip ex ea commodo consequat. Duis aute irure dolor in reprehenderit in voluptate velit esse cillum dolore eu fugiat nulla pariatur. Excepteur sint occaecat cupidatat non proident, sunt in culpa qui officia deserunt mollit anim id est laborum.',82,1,NULL,0,'2024-02-08','http://prod-tineon-deploy-minio:9000/tineon/Leipzig/2024/February/Images/tennis-damen.jpeg',NULL,NULL,0,0,NULL,NULL,0,0,'2024-02-07 05:16:26',NULL,70,NULL,'2024-02-07 07:56:48'),(49,1189,'FAQ','<font face=\"Arial\" size=\"2\">FAQ erstellen</font>',94,1,NULL,0,'2024-02-23','http://prod-tineon-deploy-minio:9000/tineon/Leipzig/2024/February/Images/IMG_0072.jpeg',NULL,NULL,0,0,NULL,NULL,0,0,'2024-02-07 21:41:08',NULL,NULL,NULL,'2024-02-28 20:48:28'),(55,1411,'Task802','Lorem ipsum dolor sit amet, consectetur adipiscing elit, sed do eiusmod &#10;tempor incididunt ut labore et dolore magna aliqua. Ut enim ad minim &#10;veniam, quis nostrud exercitation ullamco laboris nisi ut aliquip ex ea &#10;commodo consequat. Duis aute irure dolor in reprehenderit in voluptate &#10;velit esse cillum dolore eu fugiat nulla pariatur. Excepteur sint &#10;occaecat cupidatat non proident, sunt in culpa qui officia deserunt &#10;mollit anim id est laborum.',85,NULL,82,0,'2024-02-12','http://prod-tineon-deploy-minio:9000/tineon/Leipzig/2024/February/Images/tennis-damen.jpeg',NULL,NULL,0,0,NULL,NULL,1,0,'2024-02-08 08:28:28',NULL,100,NULL,'2024-02-12 05:31:08'),(61,1411,'Task802A','Lorem ipsum dolor sit amet, consectetur adipiscing elit, sed do eiusmod &#10;tempor incididunt ut labore et dolore magna aliqua. Ut enim ad minim &#10;veniam, quis nostrud exercitation ullamco laboris nisi ut aliquip ex ea &#10;commodo consequat. Duis aute irure dolor in reprehenderit in voluptate &#10;velit esse cillum dolore eu fugiat nulla pariatur. Excepteur sint &#10;occaecat cupidatat non proident, sunt in culpa qui officia deserunt &#10;mollit anim id est laborum.',85,1,82,0,'2024-02-08','http://prod-tineon-deploy-minio:9000/tineon/Leipzig/2024/February/Images/Turnierinnen.jpeg',NULL,NULL,0,1,NULL,NULL,0,0,'2024-02-08 08:44:51',NULL,NULL,NULL,'2024-02-08 08:50:18'),(64,1411,'Task802B','Lorem ipsum dolor sit amet, consectetur adipiscing elit, sed do eiusmod &#10;tempor incididunt ut labore et dolore magna aliqua. Ut enim ad minim &#10;veniam, quis nostrud exercitation ullamco laboris nisi ut aliquip ex ea &#10;commodo consequat. Duis aute irure dolor in reprehenderit in voluptate &#10;velit esse cillum dolore eu fugiat nulla pariatur. Excepteur sint &#10;occaecat cupidatat non proident, sunt in culpa qui officia deserunt &#10;mollit anim id est laborum.',85,1,NULL,0,'2024-02-08','http://prod-tineon-deploy-minio:9000/tineon/Leipzig/2024/February/Images/Tennisspieler.jpeg',NULL,NULL,0,0,NULL,NULL,0,0,'2024-02-08 08:46:11',NULL,NULL,NULL,'2024-02-08 08:58:13'),(67,12153,'Sommerfest Leichtathletik  ','<font face=\"Arial\" size=\"2\">Vorbereitungen f&#252;r das Sommerfest treffen</font>',31,0,NULL,19,'2024-02-16','http://prod-tineon-deploy-minio:9000/tineon/Leipzig/2024/February/Images/003.jpg',NULL,NULL,0,0,NULL,NULL,0,0,'2024-02-08 19:17:09',NULL,NULL,NULL,'2024-02-09 06:34:46'),(70,1411,' quis nostrud ','Lorem ipsum dolor sit amet, consectetur adipiscing elit, sed do eiusmod &#10;tempor incididunt ut labore et dolore magna aliqua. Ut enim ad minim &#10;veniam, laboris nisi ut aliquip ex ea &#10;commodo consequat. Duis aute irure dolor in reprehenderit in voluptate &#10;velit esse cillum dolore eu fugiat nulla pariatur. Excepteur sint &#10;occaecat cupidatat non proident, sunt in culpa qui officia deserunt &#10;mollit anim id est laborum.',82,1,NULL,70,'2024-02-09','http://prod-tineon-deploy-minio:9000/tineon/Leipzig/2024/February/Images/Tennis-Minis.jpeg',NULL,NULL,0,0,NULL,NULL,0,0,'2024-02-09 12:15:49',NULL,NULL,NULL,'2024-02-09 12:16:26'),(73,1411,'consectetur adipiscing','Lorem ipsum dolor sit amet,&#160; elit, sed do eiusmod &#10;tempor incididunt ut labore et dolore magna aliqua. Ut enim ad minim &#10;veniam, quis nostrud exercitation ullamco laboris nisi ut aliquip ex ea &#10;commodo consequat. Duis aute irure dolor in reprehenderit in voluptate &#10;velit esse cillum dolore eu fugiat nulla pariatur. Excepteur sint &#10;occaecat cupidatat non proident, sunt in culpa qui officia deserunt &#10;mollit anim id est laborum.',82,1,NULL,0,'2024-02-09','http://prod-tineon-deploy-minio:9000/tineon/Leipzig/2024/February/Images/Volleyball%20M%C3%A4dels.jpeg',NULL,NULL,0,0,NULL,NULL,0,0,'2024-02-09 12:30:21',NULL,NULL,NULL,'2024-02-09 12:32:04'),(82,1411,'consectetur adipiscing ','Lorem ipsum dolor sit amet, elit, sed do eiusmod &#10;tempor incididunt ut labore et dolore magna aliqua. Ut enim ad minim &#10;veniam, quis nostrud exercitation ullamco laboris nisi ut aliquip ex ea &#10;commodo consequat. Duis aute irure dolor in reprehenderit in voluptate &#10;velit esse cillum dolore eu fugiat nulla pariatur. Excepteur sint &#10;occaecat cupidatat non proident, sunt in culpa qui officia deserunt &#10;mollit anim id est laborum.',82,1,NULL,0,'2024-02-17','http://prod-tineon-deploy-minio:9000/tineon/Leipzig/2024/February/Documents/Bildschirm%C2%ADfoto%202023-03-18%20um%2009.38.40.png',NULL,NULL,0,0,NULL,NULL,0,0,'2024-02-12 07:38:33',NULL,115,NULL,'2024-02-20 04:31:51'),(85,978,'App Testen','<font face=\"Arial\" size=\"2\">App testen</font>',103,0,NULL,139,'2024-07-31','http://prod-tineon-deploy-minio:9000/tineon/Leipzig/2024/February/Images/SG%20-%20logo%20-%20W%C3%BCrfel.jpg',NULL,NULL,0,NULL,NULL,NULL,0,0,'2024-02-14 18:00:01',NULL,NULL,NULL,'2024-02-14 18:00:01'),(94,1411,' magni ut','Lorem ipsum dolor sit amet. Est nulla magni ut mollitia cupiditate id &#10;nobis repudiandae',199,0,82,0,'2024-02-17','http://prod-tineon-deploy-minio:9000/tineon/Leipzig/2024/February/Documents/Bildschirm%C2%ADfoto%202023-03-18%20um%2009.39.39.png',NULL,NULL,0,NULL,NULL,NULL,0,0,'2024-02-16 04:54:48',NULL,232,NULL,'2024-02-16 05:01:13'),(97,1411,'Est porro dolores','<span>Et corporis dolorem et saepe voluptas ex galisum consequatur qui obcaecati libero aut quia nesciunt rem eveniet numquam ut aspernatur facere.&#160;</span>',82,0,NULL,0,'2024-02-18','http://prod-tineon-deploy-minio:9000/tineon/Leipzig/2024/February/Documents/Bildschirm%C2%ADfoto%202023-03-18%20um%2009.37.50.png',NULL,NULL,0,NULL,NULL,NULL,0,0,'2024-02-16 05:39:10',NULL,NULL,NULL,'2024-02-16 05:39:10'),(100,483,'KAB - Gespräch suchen - wie geht es weiter?','<font size=\"2\" face=\"Arial\">Sabrina wollte sich mit der KAB in Verbindung setzen und dort kl&#228;ren, ob weiterhin eine Zusammenarbeit m&#246;glich ist.<br></font>',193,0,NULL,0,'2024-04-30',NULL,NULL,NULL,0,NULL,NULL,NULL,0,0,'2024-02-16 08:02:53',NULL,NULL,NULL,'2024-02-16 08:02:53'),(103,1411,'Et omnis unde','Lorem ipsum dolor sit amet. <font face=\"Arial\" size=\"2\">Et omnis u</font>nde et autem maxime a nostrum &#10;minima eos quia culpa qui voluptatem voluptatem. In delectus unde',199,0,82,0,'2024-02-17','http://prod-tineon-deploy-minio:9000/tineon/Leipzig/2024/February/Documents/Bildschirm%C2%ADfoto%202023-03-18%20um%2009.39.16.png',NULL,NULL,0,NULL,NULL,NULL,0,0,'2024-02-16 08:14:41',NULL,NULL,NULL,'2024-02-16 10:12:07'),(106,1411,' Ut dolor volu','<span>Lorem ipsum dolor sit amet. Ut dolor voluptas qui officia corporis ad tenetur sunt hic exercitationem dolor. Et praesentium neque qui fuga earum&#160;</span>',199,2,NULL,0,'2024-02-17','http://prod-tineon-deploy-minio:9000/tineon/Leipzig/2024/February/Documents/Bildschirm%C2%ADfoto%202023-03-18%20um%2009.38.30.png',NULL,NULL,0,NULL,NULL,NULL,0,0,'2024-02-16 10:30:42',NULL,NULL,NULL,'2024-02-16 10:30:42'),(109,1411,' Ut dolor volu','<span>Lorem ipsum dolor sit amet. Ut dolor voluptas qui officia corporis ad tenetur sunt hic exercitationem dolor. Et praesentium neque qui fuga earum&#160;</span>',199,2,NULL,0,'2024-02-17','http://prod-tineon-deploy-minio:9000/tineon/Leipzig/2024/February/Documents/Bildschirm%C2%ADfoto%202023-03-18%20um%2009.38.30.png',NULL,NULL,0,NULL,NULL,NULL,0,0,'2024-02-16 10:31:45',NULL,NULL,NULL,'2024-02-16 10:31:45'),(112,1411,' Ut dolor volu','<span>Lorem ipsum dolor sit amet. Ut dolor voluptas qui officia corporis ad tenetur sunt hic exercitationem dolor. Et praesentium neque qui fuga earum&#160;</span>',199,2,NULL,0,'2024-02-17','http://prod-tineon-deploy-minio:9000/tineon/Leipzig/2024/February/Documents/Bildschirm%C2%ADfoto%202023-03-18%20um%2009.38.30.png',NULL,NULL,0,NULL,NULL,NULL,0,0,'2024-02-16 10:32:01',NULL,NULL,NULL,'2024-02-16 10:32:01'),(115,1411,'Et ullam','<span>Lorem ipsum dolor sit amet. Id autem necessitatibus et Quis necessitatibus et vitae molestiae. Et ullam quod et voluptas necessitatibus aut re</span>',199,2,NULL,0,'2024-02-17','http://prod-tineon-deploy-minio:9000/tineon/Leipzig/2024/February/Documents/Bildschirm%C2%ADfoto%202023-03-18%20um%2009.38.30.png',NULL,NULL,0,NULL,NULL,NULL,0,0,'2024-02-16 10:33:22',NULL,NULL,NULL,'2024-02-16 10:33:22'),(118,9492,'Patrick der App erklären ','<font size=\"2\" face=\"Arial\">Patrick die APP erkl&#228;ren <br></font>',148,1,NULL,0,'2024-02-19',NULL,NULL,NULL,0,0,NULL,NULL,0,0,'2024-02-16 17:55:50',NULL,NULL,NULL,'2024-02-21 14:28:26'),(121,9492,'Patrick der App erklären ','<font size=\"2\" face=\"Arial\">Patrick die APP erkl&#228;ren <br></font>',148,1,NULL,0,'2024-02-19',NULL,NULL,NULL,0,0,NULL,NULL,0,0,'2024-02-16 17:56:09',NULL,NULL,NULL,'2024-02-21 14:27:49'),(124,10982,'Mitglieder in App einladen','<font face=\"Arial\" size=\"2\">Alle Mitglieder in die Vereinsapp einladen</font>',214,0,NULL,0,'2024-02-29','http://prod-tineon-deploy-minio:9000/tineon/Leipzig/2024/February/Images/2560x701.webp',NULL,NULL,0,0,NULL,NULL,0,0,'2024-02-16 22:16:52',NULL,NULL,NULL,'2024-02-16 23:07:11'),(127,483,'Skripte an Azubis','<font face=\"Arial\" size=\"2\">Nach dem Azubitraining am 17.02.2024 fordern einige Azubis die Skripte an. Diese sollten zeitnah an die Azubis, damit diese sich auf die Abschlusspr&#252;fung vorbereiten k&#246;nnen.</font>',211,1,NULL,0,'2024-02-21',NULL,NULL,NULL,0,0,NULL,NULL,0,1,'2024-02-18 08:52:42',NULL,NULL,NULL,'2024-02-29 11:32:04'),(130,51053,'Vorschläge für neuen Vereins-Aufsteller organisieren.','<font face=\"Arial\" size=\"2\">Vorschlag f&#252;r einen neuen Vereins-Aufsteller, z.b. als Roll-up, organisieren. Neues Logo und evtl. Bild von Vivi mit einarbeiten.</font>',61,1,NULL,0,'2024-03-31',NULL,NULL,NULL,0,0,NULL,NULL,0,0,'2024-02-18 12:05:21',NULL,NULL,NULL,'2024-02-28 15:27:18'),(136,1411,'Egestas congue quisque egestas diam in.','&#160;Euismod in pellentesque massa &#10;placerat duis. Eget nulla facilisi etiam dignissim diam quis enim &#10;lobortis. In fermentum et sollicitudin ac orci. Egestas egestas &#10;fringilla phasellus faucibus scelerisque. Nunc sed id semper risus in &#10;hendrerit gravida rutrum quisque. Elit pellentesque habitant morbi &#10;tristique. Elementum curabitur vitae nunc sed velit dignissim sodales ut&#10; eu. Velit ut tortor pretium viverra suspendisse potenti. Sed felis eget&#10; velit aliquet sagittis id consectetur. Leo vel fringilla est &#10;ullamcorper eget nulla. Sollicitudin ac orci phasellus egestas tellus &#10;rutrum. Commodo viverra maecenas accumsan lacus vel facilisis volutpat. &#10;Et magnis dis parturient montes nascetur ridiculus mus mauris vitae. &#10;Tincidunt vitae semper quis lectus nulla at volutpat diam.',82,1,NULL,0,'2024-02-19','http://prod-tineon-deploy-minio:9000/tineon/Leipzig/2024/February/Documents/Bildschirm%C2%ADfoto%202023-03-18%20um%2009.38.30.png',NULL,NULL,0,0,NULL,NULL,0,0,'2024-02-19 08:50:02',NULL,298,NULL,'2024-02-19 09:39:21'),(139,1411,'Egestas congue quisque egestas diam in. Euismod in p','ellentesque massa &#10;placerat duis. Eget nulla facilisi etiam dignissim diam quis enim &#10;lobortis. In fermentum et sollicitudin ac orci. Egestas egestas &#10;fringilla phasellus faucibus scelerisque. Nunc sed id semper risus in &#10;hendrerit gravida rutrum quisque. Elit pellentesque habitant morbi &#10;tristique. Elementum curabitur vitae nunc sed velit dignissim sodales ut&#10; eu. Velit ut tortor pretium viverra suspendisse potenti. Sed felis eget&#10; velit aliquet sagittis id consectetur. Leo vel fringilla est &#10;ullamcorper eget nulla. Sollicitudin ac orci phasellus egestas tellus &#10;rutrum. Commodo viverra maecenas accumsan lacus vel facilisis volutpat. &#10;Et magnis dis parturient montes nascetur ridiculus mus mauris vitae. &#10;Tincidunt vitae semper quis lectus nulla at volutpat diam.',82,0,NULL,0,'2024-02-19','http://prod-tineon-deploy-minio:9000/tineon/Leipzig/2024/February/Documents/Bildschirm%C2%ADfoto%202023-03-18%20um%2009.38.20.png',NULL,NULL,0,NULL,NULL,NULL,0,0,'2024-02-19 09:51:17',NULL,NULL,NULL,'2024-02-19 09:51:17'),(142,1411,' semper quis lectus nulla at volutpat diam.  19feb','Egestas congue quisque egestas diam in. Euismod in pellentesque massa placerat duis. Eget nulla facilisi etiam dignissim diam quis enim lobortis. In fermentum et sollicitudin ac orci. Egestas egestas fringilla phasellus faucibus scelerisque. Nunc sed id semper risus in hendrerit gravida rutrum quisque. Elit pellentesque habitant morbi tristique. Elementum curabitur vitae nunc sed velit dignissim sodales ut eu. Velit ut tortor pretium viverra suspendisse potenti. Sed felis eget velit aliquet sagittis id consectetur. Leo vel fringilla est ullamcorper eget nulla. Sollicitudin ac orci phasellus egestas tellus rutrum. Commodo viverra maecenas accumsan lacus vel facilisis volutpat. Et magnis dis parturient montes nascetur ridiculus mus mauris vitae. Tincidunt vitae',82,1,NULL,0,'2024-02-19','http://prod-tineon-deploy-minio:9000/tineon/Leipzig/2024/February/Documents/Bildschirm%C2%ADfoto%202023-03-18%20um%2009.38.30.png',NULL,NULL,0,0,NULL,NULL,0,0,'2024-02-19 10:06:15',NULL,NULL,NULL,'2024-02-19 10:16:54'),(145,1411,'faucibus by t','Ullamcorper malesuada proin libero nunc consequat. Id volutpat lacus &#10;laoreet non curabitur gravida arcu ac tortor. Ultrices gravida dictum &#10;fusce ut placerat orci nulla pellentesque. Suscipit adipiscing bibendum &#10;est ultricies integer. Egestas fringilla phasellus faucibus scelerisque &#10;eleifend donec pretium. In tellus integer feugiat scelerisque varius &#10;morbi. Non arcu risus quis varius quam. Lobortis elementum nibh tellus &#10;molestie nunc non blandit massa. Amet nisl purus in mollis nunc sed. &#10;Molestie ac feugiat sed lectus vestibulum. Posuere ac ut consequat &#10;semper viverra nam libero. Etiam dignissim diam quis enim lobortis. &#10;Vitae justo eget magna fermentum iaculis.',199,1,82,0,'2024-02-19','http://prod-tineon-deploy-minio:9000/tineon/Leipzig/2024/February/Images/Tennisspieler.jpeg',NULL,NULL,0,0,NULL,NULL,0,0,'2024-02-19 10:23:20',NULL,NULL,NULL,'2024-02-19 10:40:01'),(151,1535,'Lied-Planung 2025','<font size=\"2\" face=\"Arial\">Neues Reperoire<br></font>',271,0,NULL,241,'2024-10-01','http://prod-tineon-deploy-minio:9000/tineon/Leipzig/2024/February/Images/Adieu%20Kopie.jpg',NULL,NULL,0,0,NULL,NULL,0,0,'2024-02-19 16:04:38',NULL,NULL,NULL,'2024-02-19 23:25:19'),(154,1535,'Flyer erstellen','<font size=\"2\" face=\"Arial\">Flyer erstellung<br></font>',271,0,NULL,235,'2024-06-30','http://prod-tineon-deploy-minio:9000/tineon/Leipzig/2024/February/Documents/WhatsApp%20Image%202023-11-07%20at%2023.09.26.png',NULL,NULL,0,NULL,NULL,NULL,0,0,'2024-02-19 16:19:06',NULL,307,NULL,'2024-02-19 16:19:06'),(157,1535,'Guggentreff 2025','Arbeits<font face=\"Arial\" size=\"2\">einteilung!</font><br>',271,0,NULL,0,'2024-11-09','http://prod-tineon-deploy-minio:9000/tineon/Leipzig/2024/February/Images/0518_orig.jpg',NULL,NULL,0,0,NULL,NULL,0,0,'2024-02-19 22:55:53',NULL,NULL,NULL,'2024-02-19 22:58:39'),(160,1411,'Task Morbi tincidunt ornare massa 20feb','Morbi tincidunt ornare massa eget egestas purus. Amet mauris commodo &#10;quis imperdiet massa tincidunt. Nisl tincidunt eget nullam non nisi est &#10;sit amet. Cras pulvinar mattis nunc sed blandit libero volutpat sed. &#10;Adipiscing commodo elit at imperdiet dui. Arcu ac tortor dignissim &#10;convallis aenean et. Eu tincidunt tortor aliquam nulla facilisi cras. &#10;Libero nunc consequat interdum varius sit amet mattis vulputate. Nibh &#10;praesent tristique magna sit. Nulla malesuada pellentesque elit eget &#10;gravida cum sociis natoque penatibus. Neque volutpat ac tincidunt vitae.&#10; Non quam lacus suspendisse faucibus interdum posuere lorem ipsum. &#10;Eleifend donec pretium vulputate sapien nec sagittis aliquam malesuada.',82,1,NULL,0,'2024-02-20',NULL,NULL,NULL,0,0,NULL,NULL,0,0,'2024-02-20 08:01:13',NULL,NULL,NULL,'2024-02-22 12:10:02'),(163,1411,'TBA task lorem 20th feb','Morbi tincidunt ornare massa eget egestas purus. Amet mauris commodo &#10;quis imperdiet massa tincidunt. Nisl tincidunt eget nullam non nisi est &#10;sit amet. Cras pulvinar mattis nunc sed blandit libero volutpat sed. &#10;Adipiscing commodo elit at imperdiet dui. Arcu ac tortor dignissim &#10;convallis aenean et. Eu tincidunt tortor aliquam nulla facilisi cras. &#10;Libero nunc consequat interdum varius sit amet mattis vulputate. Nibh &#10;praesent tristique magna sit. Nulla malesuada pellentesque elit eget &#10;gravida cum sociis natoque penatibus. Neque volutpat ac tincidunt vitae.&#10; Non quam lacus suspendisse faucibus interdum posuere lorem ipsum. &#10;Eleifend donec pretium vulputate sapien nec sagittis aliquam malesuada.',82,0,NULL,0,'2024-02-20','http://prod-tineon-deploy-minio:9000/tineon/Leipzig/2024/February/Images/tennis-damen.jpeg',NULL,NULL,0,0,NULL,NULL,0,0,'2024-02-20 08:06:38',NULL,NULL,NULL,'2024-02-20 08:10:02'),(166,9492,'Beginn der Planung der RTF 22.06.2024','<font size=\"2\" face=\"Arial\">Hallo zusammen, sobald auch Peter in der Gruppe geht es los.<br></font>',148,0,NULL,163,'2024-03-08','http://prod-tineon-deploy-minio:9000/tineon/Leipzig/2024/February/Images/RTF%20Bild.png',NULL,NULL,0,NULL,NULL,NULL,0,0,'2024-02-20 09:05:31',NULL,NULL,NULL,'2024-02-20 09:05:31'),(169,1411,'Lorem','<font face=\"Arial\" size=\"2\">Lorem</font>',199,2,NULL,0,'2024-02-22','http://prod-tineon-deploy-minio:9000/tineon/Leipzig/2024/February/Images/IMG_0211.png',NULL,NULL,0,NULL,NULL,NULL,0,0,'2024-02-22 04:45:38',NULL,NULL,NULL,'2024-02-22 04:45:38'),(172,1411,'Lorem','<font face=\"Arial\" size=\"2\">Lorem</font>',199,2,NULL,0,'2024-02-22','http://prod-tineon-deploy-minio:9000/tineon/Leipzig/2024/February/Images/IMG_0211.png',NULL,NULL,0,NULL,NULL,NULL,0,0,'2024-02-22 04:45:53',NULL,NULL,NULL,'2024-02-22 04:45:53'),(175,1411,'Task 22feb','<font face=\"Arial\" size=\"2\">Lorem</font>',199,2,NULL,0,'2024-02-22','http://prod-tineon-deploy-minio:9000/tineon/Leipzig/2024/February/Images/Bildschirm_foto%202023-03-18%20um%2009__90012.png',NULL,NULL,0,NULL,NULL,NULL,0,0,'2024-02-22 05:04:38',NULL,NULL,NULL,'2024-02-22 05:04:38'),(178,1411,'Aufgaben 22 feb','Lorem ipsusum dolor sit amet, consectetur adipiscing elit, sed do eiusmod &#10;tempor incididunt ut labore et dolore magna aliqua. Ut enim ad minim &#10;veniam, quis nostrud exercitation ullamco laboris nisi ut aliquip ex ea &#10;commodo consequat. Duis aute irure dolor in reprehenderit in voluptate &#10;velit esse cillum dolore eu fugiat nulla pariatur. Excepteur sint &#10;occaecat cupidatat non proident, sunt in culpa qui officia deserunt &#10;mollit anim id est laborum.',199,2,NULL,0,'2024-02-22','http://prod-tineon-deploy-minio:9000/tineon/Leipzig/2024/February/Images/Tennis.jpeg',NULL,NULL,0,NULL,NULL,NULL,0,0,'2024-02-22 05:10:25',NULL,NULL,NULL,'2024-02-22 05:10:25'),(181,1411,'Lorem 22feb','<font face=\"Arial\" size=\"2\">Lorem</font>',82,0,NULL,0,'2024-02-22','http://prod-tineon-deploy-minio:9000/tineon/Leipzig/2024/February/Images/Bildschirm_foto%202023-03-18%20um%2009__92610.png',NULL,NULL,0,NULL,NULL,NULL,0,0,'2024-02-22 05:47:56',NULL,NULL,NULL,'2024-02-22 05:47:56'),(184,1411,'Task with an event 22feb','<font face=\"Arial\" size=\"2\">Lorem</font>',82,1,NULL,0,'2024-02-22','http://prod-tineon-deploy-minio:9000/tineon/Leipzig/2024/February/Images/Bildschirm_foto%202023-03-18%20um%2009__83910.png',NULL,NULL,0,0,NULL,NULL,0,0,'2024-02-22 10:54:45',NULL,367,NULL,'2024-02-25 17:17:19'),(187,1411,'Task Lorem 22 with event','<font face=\"Arial\" size=\"2\">Lorem</font>',82,1,NULL,0,'2024-02-22','http://prod-tineon-deploy-minio:9000/tineon/Leipzig/2024/February/Images/Bildschirm_foto%202023-03-18%20um%2009__83910.png',NULL,NULL,0,0,NULL,NULL,0,0,'2024-02-22 11:05:32',NULL,376,NULL,'2024-02-22 12:09:46'),(190,1411,'Task23feb','<p><font face=\"Arial\" size=\"2\">Lorem</font></p>',82,1,NULL,0,'2024-02-23','http://prod-tineon-deploy-minio:9000/tineon/Leipzig/2024/February/Images/IMG_20240223_172922.jpg',NULL,NULL,0,0,NULL,NULL,0,0,'2024-02-23 12:06:34',NULL,NULL,NULL,'2024-02-23 12:07:46'),(193,9492,'Test Vorstand','<font face=\"Arial\" size=\"2\">Wohin mit dem Ding</font>',148,1,NULL,283,'2024-02-26','http://prod-tineon-deploy-minio:9000/tineon/Leipzig/2024/February/Images/1000101368.jpg',NULL,NULL,0,0,NULL,NULL,0,0,'2024-02-24 20:06:43',NULL,NULL,NULL,'2024-02-25 14:01:25'),(196,1411,'Sed lectus vestibulum mattis','Sed lectus vestibulum mattis ullamcorper velit sed. Quam pellentesque &#10;nec nam aliquam sem et tortor consequat. Ultrices tincidunt arcu non &#10;sodales neque sodales. Vel quam elementum pulvinar etiam non quam lacus &#10;suspendisse faucibus. Nulla facilisi nullam vehicula ipsum a arcu &#10;cursus. Pulvinar etiam non quam lacus suspendisse faucibus. Eu lobortis &#10;elementum nibh tellus molestie nunc non blandit. Nisi lacus sed viverra &#10;tellus in hac. In nibh mauris cursus mattis molestie a iaculis at erat. &#10;Molestie a iaculis at erat.',85,2,NULL,0,'2024-02-26','http://prod-tineon-deploy-minio:9000/tineon/Leipzig/2024/February/Images/Tennis.jpeg',NULL,NULL,0,NULL,NULL,NULL,0,0,'2024-02-26 10:55:17',NULL,NULL,NULL,'2024-02-26 10:55:17'),(199,1411,'Lorem task 26th feb','<font face=\"Arial\" size=\"2\">Lorem</font>',82,0,NULL,292,'2024-02-26','http://prod-tineon-deploy-minio:9000/tineon/Leipzig/2024/February/Images/image.jpg',NULL,NULL,0,NULL,NULL,NULL,0,0,'2024-02-26 12:40:18',NULL,454,NULL,'2024-02-26 12:40:18'),(202,9492,'Hinzufügen zur Gruppe Stabi mit Dirk','<font face=\"Arial\" size=\"2\">Hallo Thomas,</font><p><font face=\"Arial\" size=\"2\">Kannst du mich bitte zur Gruppe Stabi mit Dirk hinzuf&#252;gen? Danke.</font></p><p><font face=\"Arial\" size=\"2\">Gru&#223; Dominik&#160;</font></p>',460,1,148,0,'2024-03-31',NULL,NULL,NULL,0,0,NULL,NULL,1,1,'2024-02-28 15:36:50',NULL,NULL,NULL,'2024-03-06 10:33:33'),(205,978,'Probleme der App','<font face=\"Arial\" size=\"2\">Allgemeine Probleme der App</font>',103,0,NULL,139,'2024-12-31',NULL,NULL,NULL,0,NULL,NULL,NULL,0,0,'2024-03-02 07:28:46',NULL,NULL,NULL,'2024-03-02 07:28:46'),(208,978,'Probleme der App','<font face=\"Arial\" size=\"2\">Allgemeine Probleme der App</font>',103,0,NULL,0,'2024-12-31',NULL,NULL,NULL,0,0,NULL,NULL,0,0,'2024-03-02 07:29:11',NULL,NULL,NULL,'2024-03-02 07:30:21'),(214,1637,'01 Arbeitgeber Erstinformation bAV ansehen I https://bit.ly/3TvkZgl','<font face=\"Arial\" size=\"2\">Arbeitgebererstinformation zur betrieblichen Altersvorsorge</font><p><font face=\"Arial\" size=\"2\"><br></font></p><p><font face=\"Arial\" size=\"2\">Klicke hier um Dir das Video anzusehen.&#160;</font></p><p><a href=\"https://bit.ly/3TvkZgl\">https://bit.ly/3TvkZ<font face=\"Arial\" size=\"2\">gl</font></a><font face=\"Arial\" size=\"2\"><br></font></p><p><font face=\"Arial\" size=\"2\"><br></font></p><p><font face=\"Arial\" size=\"2\">Folgende Punkte werden Dir vorgestellt:&#160;</font></p><p><font face=\"Arial\" size=\"2\">- dWERK Leistungen</font></p><p><font face=\"Arial\" size=\"2\">- digitale bAV-BERATUNG und deren&#160;</font><span>Vorteile&#160;</span></p><p><font face=\"Arial\" size=\"2\">- digialte bAV Verwaltung und deren Vorteile</font></p><p>- next steps&#160;</p><p><br></p><p>Bitte hinterlasse uns am Ende des Videos Deine Kontaktdaten.&#160;</p><p></p>',535,0,NULL,331,'2024-03-06','http://prod-tineon-deploy-minio:9000/tineon/Leipzig/2024/March/Documents/Bildschirmfoto%202024-03-04%20um%2013.29.35.png',NULL,NULL,0,0,NULL,NULL,0,0,'2024-03-04 13:12:54',NULL,NULL,NULL,'2024-03-06 10:05:02'),(217,9492,'Nimm mich in die BRSG auf ','<font face=\"Arial\" size=\"2\">Nimm mich in die BRSG auf&#160;</font>',547,1,148,0,'2024-03-05',NULL,NULL,NULL,0,0,NULL,NULL,1,1,'2024-03-04 15:57:58',NULL,NULL,NULL,'2024-03-04 16:16:21'),(220,1637,'02 Prozessschritte und Aufgaben zur Umsetzung I https://bit.ly/3wCiHCR ','<font face=\"Arial\" size=\"2\">Arbeitgebererstinformation zur betrieblichen Altersvorsorge</font><p><font face=\"Arial\" size=\"2\"><br></font></p><p><font face=\"Arial\" size=\"2\">Klicke hier um Dir das Video anzusehen.&#160;</font></p><p><a href=\"https://bit.ly/3TvkZgl\">https://bit.ly/3wCiHCR&#160;</a><font face=\"Arial\" size=\"2\"><br></font></p><p><font face=\"Arial\" size=\"2\"><br></font></p><p><font face=\"Arial\" size=\"2\">Folgende Punkte werden Dir vorgestellt:&#160;</font></p><p><font face=\"Arial\" size=\"2\">01 Vertr&#228;ge&#160;</font></p><p><font face=\"Arial\" size=\"2\">02 Individualisierung</font></p><p><font face=\"Arial\" size=\"2\">03 Datenimport</font></p><p><font face=\"Arial\" size=\"2\">04 Datenschutz</font></p><p><font face=\"Arial\" size=\"2\">05 Datenverschl&#252;sselung</font></p><p><font face=\"Arial\" size=\"2\">06 Beratung</font></p><p><font face=\"Arial\" size=\"2\">07 Dokumenten&#252;bermittlung</font></p><p><font face=\"Arial\" size=\"2\">08 Service</font></p><p><br></p>',535,0,NULL,331,'2024-03-28','http://prod-tineon-deploy-minio:9000/tineon/Leipzig/2024/March/Documents/Bildschirmfoto%202024-03-04%20um%2013.29.49.png',NULL,NULL,0,0,NULL,NULL,0,0,'2024-03-04 16:25:05',NULL,NULL,NULL,'2024-03-04 16:32:52'),(223,9492,'RSC Lager','<font face=\"Arial\" size=\"2\">Aufr&#228;umdienst (nur Test)</font>',268,1,NULL,283,'2024-03-09',NULL,NULL,NULL,0,0,NULL,NULL,0,1,'2024-03-04 18:16:06',NULL,NULL,NULL,'2024-03-04 18:29:17'),(226,9492,'Test Lager aufräumen ','<font face=\"Arial\" size=\"2\">RSC LAger aufr&#228;umen&#160;</font>',148,0,NULL,283,'2024-03-07',NULL,NULL,NULL,0,NULL,NULL,NULL,0,0,'2024-03-04 18:21:34',NULL,NULL,NULL,'2024-03-04 18:21:34'),(229,65297,'Einkauf Jahreshauptversammlung','<font face=\"Arial\" size=\"2\">Einkauf Jahreshauptversammlung&#160;</font>',550,1,NULL,340,'2024-03-08',NULL,NULL,NULL,0,0,NULL,NULL,0,0,'2024-03-04 20:04:01',NULL,NULL,NULL,'2024-03-12 17:17:26'),(250,65297,'Herrichtung Plätze','<font face=\"Arial\" size=\"2\">Herrichtung Pl&#228;tze und Anlage</font>',550,1,NULL,340,'2024-04-13','http://prod-tineon-deploy-minio:9000/tineon/Leipzig/2024/March/Images/F4EA28A5-208C-4B0B-89D4-9D0A2C3FEA7B.jpeg',NULL,NULL,0,0,NULL,NULL,0,0,'2024-03-04 21:11:08',NULL,NULL,NULL,'2024-03-05 06:32:24'),(253,65297,'Test','<font face=\"Arial\" size=\"2\">Test</font>',550,1,NULL,0,'2024-03-07','http://prod-tineon-deploy-minio:9000/tineon/Leipzig/2024/March/Images/2CA52167-3E58-4334-9152-E9B42A38094A.jpeg',NULL,NULL,0,0,NULL,NULL,0,0,'2024-03-06 16:22:04',NULL,NULL,NULL,'2024-03-06 16:47:31'),(256,1411,' eget dolor','<span>&#160;Pellentesque sit amet porttitor eget dolor morbi. Libero id faucibus nisl tincidunt eget nullam non nisi est. Arcu dictum varius duis at consectetur. Sagittis id consectetur purus ut faucibus pulvinar elementum integer. Viverra nam libero justo lao</span>',82,NULL,NULL,0,'2024-03-09','http://prod-tineon-deploy-minio:9000/tineon/Leipzig/2024/March/Images/Leichtathetik.jpeg',NULL,NULL,0,0,NULL,NULL,0,0,'2024-03-08 05:25:06',NULL,580,NULL,'2024-03-08 05:29:32'),(259,1411,'At nesci','<font face=\"Arial\" size=\"2\">Lorem ipsum dolor sit amet. At ne</font>sci',82,0,NULL,0,'2024-03-09','http://prod-tineon-deploy-minio:9000/tineon/Leipzig/2024/February/Documents/Bildschirm%C2%ADfoto%202023-03-18%20um%2009.40.01.png',NULL,NULL,0,NULL,NULL,NULL,0,0,'2024-03-08 05:30:54',NULL,235,NULL,'2024-03-08 05:30:54'),(262,51053,'Termine auf der Webseite aktualisieren ','<font face=\"Arial\" size=\"2\">Termine auf der Website unter dem Reiter Aktuelles/Termine aktualisieren.&#160;</font>',61,1,NULL,0,'2024-03-31','http://prod-tineon-deploy-minio:9000/tineon/Leipzig/2024/March/Images/IMG_8120.jpeg',NULL,NULL,0,0,NULL,NULL,0,0,'2024-03-09 14:03:01',NULL,NULL,NULL,'2024-07-16 15:32:32'),(268,1189,'Begrüßungstext Insta und co','<font face=\"Arial\" size=\"2\">Begr&#252;&#223;ung neuer Follower um uns vorzustellen.&#160;</font><p><font face=\"Arial\" size=\"2\"><br></font></p><p><font face=\"Arial\" size=\"2\">Werd da mal was zusammenreimen.&#160;</font></p><p><font face=\"Arial\" size=\"2\"><br></font></p><p><font face=\"Arial\" size=\"2\">Und Daniel schaut mal dr&#252;ber oder hat noch Ideen.&#160;</font></p>',91,0,NULL,0,'2024-04-12','http://prod-tineon-deploy-minio:9000/tineon/Leipzig/2024/March/Images/IMG_2434.png',NULL,NULL,0,NULL,NULL,NULL,0,0,'2024-03-13 20:54:07',NULL,NULL,NULL,'2024-03-13 20:54:07'),(271,1411,'Test Task on 14 march','<font face=\"Arial\" size=\"2\">This is for tesing</font>',82,0,NULL,0,'2024-03-14','http://prod-tineon-deploy-minio:9000/tineon/Leipzig/2024/March/Images/Turnierinnen%281%29.jpeg',NULL,NULL,0,NULL,NULL,NULL,0,0,'2024-03-14 05:35:51',NULL,NULL,NULL,'2024-03-14 05:35:51'),(274,1411,'Task 14th march','<font face=\"Arial\" size=\"2\">Lorem</font>',82,0,NULL,0,'2024-03-14','http://prod-tineon-deploy-minio:9000/tineon/Leipzig/2024/March/Images/image.jpg',NULL,NULL,0,NULL,NULL,NULL,0,0,'2024-03-14 06:07:51',NULL,NULL,NULL,'2024-03-14 06:07:51'),(277,1411,'Task 14th march','<font face=\"Arial\" size=\"2\">Lorem</font>',82,1,NULL,0,'2024-03-14','http://prod-tineon-deploy-minio:9000/tineon/Leipzig/2024/March/Images/Bildschirm_foto%202023-03-18%20um%2009__13116.png',NULL,NULL,0,0,NULL,NULL,0,0,'2024-03-14 06:17:48',NULL,NULL,NULL,'2024-03-14 06:18:46'),(280,1411,' Testing Task','<font face=\"Arial\" size=\"2\">Lorem</font>',82,0,NULL,0,'2024-03-14','http://prod-tineon-deploy-minio:9000/tineon/Leipzig/2024/March/Images/Bogenschie_en__81237.jpeg',NULL,NULL,0,NULL,NULL,NULL,0,0,'2024-03-14 06:29:53',NULL,NULL,NULL,'2024-03-14 06:29:53'),(283,1411,' Testing Task','<font face=\"Arial\" size=\"2\">Lorem</font>',82,0,NULL,0,'2024-03-14','http://prod-tineon-deploy-minio:9000/tineon/Leipzig/2024/March/Images/Bogenschie_en__81237.jpeg',NULL,NULL,0,NULL,NULL,NULL,0,0,'2024-03-14 06:30:10',NULL,NULL,NULL,'2024-03-14 06:30:10'),(286,1411,'Task','<font face=\"Arial\" size=\"2\">Lorem</font>',82,0,NULL,0,'2024-03-14','http://prod-tineon-deploy-minio:9000/tineon/Leipzig/2024/March/Images/IMG_3707.jpeg',NULL,NULL,0,NULL,NULL,NULL,0,0,'2024-03-14 06:57:34',NULL,NULL,NULL,'2024-03-14 06:57:34'),(289,1411,'Task 14thmarch','<font face=\"Arial\" size=\"2\">Lorem</font>',82,0,NULL,0,'2024-03-14','http://prod-tineon-deploy-minio:9000/tineon/Leipzig/2024/March/Images/IMG_3707.jpeg',NULL,NULL,0,NULL,NULL,NULL,0,0,'2024-03-14 08:56:36',NULL,NULL,NULL,'2024-03-14 08:56:36'),(292,1411,'Task 14thmarch','<font face=\"Arial\" size=\"2\">Lorem</font>',82,0,NULL,0,'2024-03-14','http://prod-tineon-deploy-minio:9000/tineon/Leipzig/2024/March/Images/IMG_3707.jpeg',NULL,NULL,0,NULL,NULL,NULL,0,0,'2024-03-14 08:56:46',NULL,NULL,NULL,'2024-03-14 08:56:46'),(295,51053,'Trainerteam auf der Webseite aktualisieren ','<font face=\"Arial\" size=\"2\">Das Trainerteam hat sich ja schon seit l&#228;ngerem ver&#228;ndert. Jetzt wo John auch noch wegf&#228;llt, sollte die Seite einmal &#252;berarbeitet werden.&#160;</font>',61,0,NULL,0,'2024-03-31','http://prod-tineon-deploy-minio:9000/tineon/Leipzig/2024/March/Images/IMG_8132.png',NULL,NULL,0,0,NULL,NULL,0,0,'2024-03-14 09:54:10',NULL,NULL,NULL,'2024-03-14 19:14:25'),(298,9492,'Aufnahme Mittwochsgruppe','<font face=\"Arial\" size=\"2\">Aufnahme</font>',637,1,235,0,'2024-03-30',NULL,NULL,NULL,0,0,NULL,NULL,1,1,'2024-03-14 12:17:04',NULL,NULL,NULL,'2024-03-14 21:19:42'),(301,9492,'Gruppenaufnahme Breitensport','<font size=\"2\" face=\"Arial\">Gruppenaufnahme Breitensport <br></font>',649,1,148,0,'2024-03-17',NULL,NULL,NULL,0,0,NULL,NULL,0,1,'2024-03-15 14:59:14',NULL,NULL,NULL,'2024-04-18 15:00:48'),(307,146,'Aufgabe für die Testgruppe ','<font face=\"Arial\" size=\"2\">Schauen was man mit der Testgruppe so anstellen kann</font>',661,1,NULL,391,'2024-03-23',NULL,NULL,NULL,0,0,NULL,NULL,0,0,'2024-03-16 14:56:53',NULL,NULL,NULL,'2024-05-09 17:25:05'),(316,51053,'Chronik auf der Webseite überarbeiten','<p><span>Die Chronik stellt die&#160;Aktivit&#228;ten des Vereins in chronologischer Reihenfolge dar. Hier kann der Besucher aber auch das Mitglied sehr gut sehen wie aktiv der Verein ist. Da wir seit August 2023 schon einige weitere&#160;Aktivit&#228;ten durchgef&#252;hrt haben, sollte dieses dringend erg&#228;nzt werden.</span><br></p>',61,1,NULL,0,'2024-03-31','http://prod-tineon-deploy-minio:9000/tineon/Leipzig/2024/March/Images/IMG_8159.png',NULL,NULL,0,0,NULL,NULL,0,0,'2024-03-18 17:49:57',NULL,NULL,NULL,'2024-07-21 13:21:56'),(319,51053,'Webseite überarbeiten','<p>Eine Webseite dient als digitale Repr&#228;sentation eines Vereins und erm&#246;glicht es Au&#223;enstehenden, Einblicke in das Vereinsleben zu erhalten. Es ist daher wichtig, dass die Webseite stets aktuell gehalten wird, indem Termine, Aktivit&#228;ten und Darstellungen regelm&#228;&#223;ig aktualisiert werden. Dies gew&#228;hrleistet, dass Besucher der Webseite stets &#252;ber die neuesten Entwicklungen und Veranstaltungen informiert sind.</p>',61,0,NULL,0,'2024-04-13','http://prod-tineon-deploy-minio:9000/tineon/Leipzig/2024/March/Images/IMG_8159.png',NULL,NULL,0,0,NULL,NULL,0,0,'2024-03-18 17:50:50',NULL,NULL,NULL,'2024-03-18 17:53:06'),(322,51053,'Tischaufsteller für Vereins-App erstellen','<font face=\"Arial\" size=\"2\">Erstellen eines Tischaufstellers, als Werbung, f&#252;r die neue Vereins-App.</font>',61,1,NULL,0,'2024-03-22','http://prod-tineon-deploy-minio:9000/tineon/Leipzig/2024/March/Images/IMG_8156.jpeg',NULL,NULL,0,0,NULL,NULL,0,0,'2024-03-18 17:57:23',NULL,NULL,NULL,'2024-03-21 23:22:02'),(325,51053,'Tischaufsteller für Vereins-App erstellen','<font face=\"Arial\" size=\"2\">Erstellen eines Tischaufstellers, als Werbung, f&#252;r die neue Vereins-App.</font>',61,1,NULL,0,'2024-03-22','http://prod-tineon-deploy-minio:9000/tineon/Leipzig/2024/March/Images/IMG_8156.jpeg',NULL,NULL,0,0,NULL,NULL,0,0,'2024-03-18 17:57:43',NULL,NULL,NULL,'2024-03-21 23:21:31'),(328,51053,'Protokoll der Vorstandssitzung 2024-03-22 digitalisieren','Protokoll der Vorstandssitzung 2024-03-22 digitalisieren und an info@kungfu-siegen.de schicken sowie per WhatsApp in der Vorstandsgruppe.',61,1,NULL,0,'2024-03-26',NULL,NULL,NULL,0,0,NULL,NULL,0,0,'2024-03-23 17:19:44',NULL,NULL,NULL,'2024-03-29 13:28:21'),(331,51053,'Planung Sommerfest','<font face=\"Arial\" size=\"2\">Sommerfest planen.</font><p><font face=\"Arial\" size=\"2\">Was werden wir machen? Wo wird es stattfinden? Aufgabenverteilung (am besten auch direkt in der App).&#160;Bekanntmachung usw.</font></p>',61,1,NULL,61,'2024-05-11',NULL,NULL,NULL,0,0,NULL,NULL,0,0,'2024-03-23 17:24:40',NULL,NULL,NULL,'2024-08-04 09:25:27'),(334,51053,'Flyer Ideen','<font face=\"Arial\" size=\"2\">Bitte macht euch Gedanken, was wir drauf haben wollen von Bildern bis Texte usw.</font><p><font face=\"Arial\" size=\"2\">Sowie das Format</font></p>',145,0,61,61,'2024-04-21',NULL,NULL,NULL,0,NULL,NULL,NULL,0,0,'2024-03-28 13:09:52',NULL,NULL,NULL,'2024-04-04 18:27:27'),(337,51053,'Tagesordnungs Punkte d bevorstehenden Vorstandssitzung ','Bitte notieren, so das wir diese Ueitnah festlegen k&#246;nnen&#160;',145,1,61,61,'2024-04-14',NULL,NULL,NULL,0,0,NULL,NULL,0,1,'2024-03-28 13:12:41',NULL,NULL,NULL,'2024-05-06 19:38:56'),(343,51053,'Dauerauftrag Übungsleitervergütung Curtis Geduhn','<font face=\"Arial\" size=\"2\">Dauerauftrag, nach R&#252;cksprache Desiree Geduhn, &#252;ber 25,00 Euro f&#252;r Curtis Geduhn einrichten.</font>',61,1,NULL,0,'2024-04-02',NULL,NULL,NULL,0,0,NULL,NULL,0,0,'2024-04-02 18:28:13',NULL,NULL,NULL,'2024-04-02 18:28:25'),(346,51053,'Rechnung Büromaterial überweisen ','<font face=\"Arial\" size=\"2\">Rechnung f&#252;r die Lieferung vom 03.04.2024 an B&#246;ttcher AG &#252;berweisen.&#160;</font>',61,1,NULL,0,'2024-04-07',NULL,NULL,NULL,0,0,NULL,NULL,0,0,'2024-04-03 20:13:26',NULL,NULL,NULL,'2024-04-09 18:49:11'),(352,51053,'Anmeldungen','<font face=\"Arial\" size=\"2\">Anmeldung mit neuen Beitr&#228;gen versehen und f&#252;r Siegen und Burbach ausdrucken.</font>',61,1,NULL,0,'2024-04-07',NULL,NULL,NULL,0,0,NULL,NULL,0,0,'2024-04-05 16:02:34',NULL,NULL,NULL,'2024-04-08 14:15:17'),(355,51053,'Unsere Seite bei Google aktualisieren ','<font face=\"Arial\" size=\"2\">Mit Google in Kontakt treten um Fotos von A. Ol runterzunehmen und aktuelle Informationen durchzugeben</font>',256,0,NULL,0,'2024-04-30',NULL,NULL,NULL,0,NULL,NULL,NULL,0,0,'2024-04-08 15:59:44',NULL,NULL,NULL,'2024-04-08 15:59:44'),(361,1411,'TestNew','<span>Lorem ipsum dolor sit amet. At molestias vitae qui ullam neque et eius facere</span>',82,0,NULL,0,'2024-04-17','http://prod-tineon-deploy-minio:9000/tineon/Leipzig/2024/April/Documents/Bildschirm%C2%ADfoto%202023-03-18%20um%2009.39.09.png',NULL,NULL,0,NULL,NULL,NULL,0,0,'2024-04-15 13:48:14',NULL,NULL,NULL,'2024-04-15 13:48:14'),(364,18144,'Organisation Jugendtraining Sommer 2024','<font face=\"Arial\" size=\"2\">Abstimmung mit den Trainern und den Spielern</font>',1300,1,NULL,0,'2024-04-30','http://prod-tineon-deploy-minio:9000/tineon/Leipzig/2024/April/Images/IMG_0014.png',NULL,NULL,0,0,NULL,NULL,0,0,'2024-04-22 14:48:02',NULL,NULL,NULL,'2024-04-22 14:48:48'),(367,18144,'Organisation Jugendtraining Sommer 2024','<font face=\"Arial\" size=\"2\">Abstimmung mit den Trainern und den Spielern</font>',1300,0,NULL,0,'2024-04-30','http://prod-tineon-deploy-minio:9000/tineon/Leipzig/2024/April/Images/IMG_0014.png',NULL,NULL,0,NULL,NULL,NULL,0,0,'2024-04-22 14:48:30',NULL,NULL,NULL,'2024-04-22 14:48:30'),(370,26233,'News Beitrag erstellen','<font face=\"Arial\" size=\"2\">Erstelle eine News zu Test</font>',43,1,NULL,0,'2024-05-10',NULL,NULL,NULL,0,0,NULL,NULL,0,0,'2024-04-24 17:16:15',NULL,NULL,NULL,'2024-06-30 15:45:08'),(373,26233,'Finde die FAQ-Seite ','<font face=\"Arial\" size=\"2\">FAQ, Seite finden, lesen und Verbesserungsvorschl&#228;ge machen</font>',43,1,NULL,0,'2024-05-09',NULL,NULL,NULL,0,0,NULL,NULL,0,0,'2024-04-24 17:25:10',NULL,NULL,NULL,'2024-06-30 15:45:29'),(376,26233,'Testaufgabe','<font face=\"Arial\" size=\"2\">kjfcgksnbknb</font>',43,1,NULL,0,'2024-04-25',NULL,NULL,NULL,0,0,NULL,NULL,0,0,'2024-04-24 17:35:28',NULL,NULL,NULL,'2024-04-24 18:07:11'),(379,1703,'Testaufgabe','<font face=\"Arial\" size=\"2\">Test</font>',445,0,NULL,0,'2024-04-27',NULL,NULL,NULL,0,NULL,NULL,NULL,0,0,'2024-04-26 10:48:29',NULL,NULL,NULL,'2024-04-26 10:48:29'),(382,51053,'Aushang für Google Rezensionen Siegen Burbach','<font face=\"Arial\" size=\"2\">Eine Aushang erstellen, dass die Mitglieder uns auf Google bewerten.</font>',61,0,NULL,0,'2024-05-20',NULL,NULL,NULL,0,NULL,NULL,NULL,0,0,'2024-04-28 09:09:43',NULL,NULL,NULL,'2024-04-28 09:09:43'),(385,51053,'Anruf Polygon und Vatro','<font face=\"Arial\" size=\"2\">Anrufen um den Projektleiter zu erfahren.</font>',61,1,NULL,0,'2024-04-29',NULL,NULL,NULL,0,0,NULL,NULL,0,0,'2024-04-28 09:37:44',NULL,NULL,NULL,'2024-05-02 17:50:23'),(388,1411,'Test Task 30 Apr','<p>It is a long established fact that a reader will be distracted by the readable content of a page when looking at its layout. The point of using Lorem Ipsum is that it has a more-or-less normal distribution of letters, as opposed to using \'Content here, content here\', making it look like readable English. Many desktop publishing packages and web page editors now use Lorem Ipsum as their default model text, and a search for \'lorem ipsum\' will uncover many web sites still in their infancy. Various versions have evolved over the years, sometimes by accident, sometimes on purpose (injected humour and the like).</p><p>It is a long established fact that a reader will be distracted by the readable content of a page when looking at its layout. The point of using Lorem Ipsum is that it has a more-or-less normal distribution of letters, as opposed to using \'Content here, content here\', making it look like readable English. Many desktop publishing packages and web page editors now use Lorem Ipsum as their default model text, and a search for \'lorem ipsum\' will uncover many web sites still in their infancy. Various versions have evolved over the years, sometimes by accident, sometimes on purpose (injected humour and the like).</p><p>It is a long established fact that a reader will be distracted by the readable content of a page when looking at its layout. The point of using Lorem Ipsum is that it has a more-or-less normal distribution of letters, as opposed to using \'Content here, content here\', making it look like readable English. Many desktop publishing packages and web page editors now use Lorem Ipsum as their default model text, and a search for \'lorem ipsum\' will uncover many web sites still in their infancy. Various versions have evolved over the years, sometimes by accident, sometimes on purpose (injected humour and the like).</p><p><br></p>',82,0,NULL,403,'2024-05-15','http://prod-tineon-deploy-minio:9000/tineon/Leipzig/2024/April/Images/Turnierinnen.jpeg',NULL,NULL,0,0,NULL,NULL,0,0,'2024-04-30 13:25:41',NULL,NULL,NULL,'2024-04-30 13:34:49'),(391,1411,'Test Task 30 Apr','<p>It is a long established fact that a reader will be distracted by the readable content of a page when looking at its layout. The point of using Lorem Ipsum is that it has a more-or-less normal distribution of letters, as opposed to using \'Content here, content here\', making it look like readable English. Many desktop publishing packages and web page editors now use Lorem Ipsum as their default model text, and a search for \'lorem ipsum\' will uncover many web sites still in their infancy. Various versions have evolved over the years, sometimes by accident, sometimes on purpose (injected humour and the like).</p><p>It is a long established fact that a reader will be distracted by the readable content of a page when looking at its layout. The point of using Lorem Ipsum is that it has a more-or-less normal distribution of letters, as opposed to using \'Content here, content here\', making it look like readable English. Many desktop publishing packages and web page editors now use Lorem Ipsum as their default model text, and a search for \'lorem ipsum\' will uncover many web sites still in their infancy. Various versions have evolved over the years, sometimes by accident, sometimes on purpose (injected humour and the like).</p><p>It is a long established fact that a reader will be distracted by the readable content of a page when looking at its layout. The point of using Lorem Ipsum is that it has a more-or-less normal distribution of letters, as opposed to using \'Content here, content here\', making it look like readable English. Many desktop publishing packages and web page editors now use Lorem Ipsum as their default model text, and a search for \'lorem ipsum\' will uncover many web sites still in their infancy. Various versions have evolved over the years, sometimes by accident, sometimes on purpose (injected humour and the like).</p><p><br></p>',82,0,NULL,0,'2024-05-15','http://prod-tineon-deploy-minio:9000/tineon/Leipzig/2024/April/Images/Tennisspielerin.jpeg',NULL,NULL,0,0,NULL,NULL,0,0,'2024-04-30 13:26:08',NULL,NULL,NULL,'2024-04-30 13:33:45'),(394,1411,'Test task 30 Apr ','<p>There are many variations of passages of Lorem Ipsum available, but the majority have suffered alteration in some form, by injected humour, or randomised words which don\'t look even slightly believable. If you are going to use a passage of Lorem Ipsum, you need to be sure there isn\'t anything embarrassing hidden in the middle of text. All the Lorem Ipsum generators on the Internet tend to repeat predefined chunks as necessary, making this the first true generator on the Internet. It uses a dictionary of over 200 Latin words, combined with a handful of model sentence structures, to generate Lorem Ipsum which looks reasonable. The generated Lorem Ipsum is therefore always free from repetition, injected humour, or non-characteristic words etc.</p><p>There are many variations of passages of Lorem Ipsum available, but the majority have suffered alteration in some form, by injected humour, or randomised words which don\'t look even slightly believable. If you are going to use a passage of Lorem Ipsum, you need to be sure there isn\'t anything embarrassing hidden in the middle of text. All the Lorem Ipsum generators on the Internet tend to repeat predefined chunks as necessary, making this the first true generator on the Internet. It uses a dictionary of over 200 Latin words, combined with a handful of model sentence structures, to generate Lorem Ipsum which looks reasonable. The generated Lorem Ipsum is therefore always free from repetition, injected humour, or non-characteristic words etc.</p><p>There are many variations of passages of Lorem Ipsum available, but the majority have suffered alteration in some form, by injected humour, or randomised words which don\'t look even slightly believable. If you are going to use a passage of Lorem Ipsum, you need to be sure there isn\'t anything embarrassing hidden in the middle of text. All the Lorem Ipsum generators on the Internet tend to repeat predefined chunks as necessary, making this the first true generator on the Internet. It uses a dictionary of over 200 Latin words, combined with a handful of model sentence structures, to generate Lorem Ipsum which looks reasonable. The generated Lorem Ipsum is therefore always free from repetition, injected humour, or non-characteristic words etc.</p><p>There are many variations of passages of Lorem Ipsum available, but the majority have suffered alteration in some form, by injected humour, or randomised words which don\'t look even slightly believable. If you are going to use a passage of Lorem Ipsum, you need to be sure there isn\'t anything embarrassing hidden in the middle of text. All the Lorem Ipsum generators on the Internet tend to repeat predefined chunks as necessary, making this the first true generator on the Internet. It uses a dictionary of over 200 Latin words, combined with a handful of model sentence structures, to generate Lorem Ipsum which looks reasonable. The generated Lorem Ipsum is therefore always free from repetition, injected humour, or non-characteristic words etc.</p><p><br></p>',82,0,NULL,403,'2024-05-15','http://prod-tineon-deploy-minio:9000/tineon/Leipzig/2024/April/Images/Volleyball.jpeg',NULL,NULL,0,NULL,NULL,NULL,0,0,'2024-04-30 13:27:54',NULL,NULL,NULL,'2024-04-30 13:27:54'),(397,1411,'Lorem ipsum','<span>Lorem ipsum dolor sit amet. Id voluptatum pariatur aut voluptatem rerum rem&#160;</span>',82,0,NULL,448,'2024-05-15','http://prod-tineon-deploy-minio:9000/tineon/Leipzig/2024/April/Documents/Bildschirm%C2%ADfoto%202023-03-18%20um%2009.39.32.png',NULL,NULL,0,NULL,NULL,NULL,0,0,'2024-04-30 13:41:18',NULL,NULL,NULL,'2024-04-30 13:41:18'),(400,1411,'At volup','<span>Lorem ipsum dolor sit amet. At voluptate odit est voluptatibus dolores</span>',82,0,NULL,403,'2024-05-15','http://prod-tineon-deploy-minio:9000/tineon/Leipzig/2024/April/Documents/Bildschirm%C2%ADfoto%202023-03-18%20um%2009.39.01.png',NULL,NULL,0,NULL,NULL,NULL,0,0,'2024-04-30 13:43:31',NULL,NULL,NULL,'2024-04-30 13:43:31'),(406,65297,'testen der App','App testen',559,1,NULL,0,'2024-05-23',NULL,NULL,NULL,0,0,NULL,NULL,0,0,'2024-05-02 17:31:38',NULL,NULL,NULL,'2024-09-09 15:37:20'),(418,1411,'Task 3rd may','<font face=\"Arial\" size=\"2\">Lorem</font>',82,1,NULL,0,'2024-05-03','http://prod-tineon-deploy-minio:9000/tineon/Leipzig/2024/May/Images/IMG_0208.png',NULL,NULL,0,0,NULL,NULL,0,0,'2024-05-03 08:19:50',NULL,NULL,NULL,'2024-05-03 08:41:28'),(421,3381,'Degen-Pokal-Turnier ','<font face=\"Arial\" size=\"2\">Turnierorganisation</font>',910,1,NULL,481,'2024-05-31',NULL,NULL,NULL,0,0,NULL,NULL,0,0,'2024-05-05 09:49:17',NULL,NULL,NULL,'2024-05-05 09:57:31'),(424,3381,'Degen-Pokal-Turnier','<font face=\"Arial\" size=\"2\">Organisation&#160;Degen-Pokal-Turnier&#160;</font>',910,0,NULL,484,'2025-06-21','http://prod-tineon-deploy-minio:9000/tineon/Leipzig/2024/May/Images/Logo%20TSG%20Waffen_rt_gr.png',NULL,NULL,0,0,NULL,NULL,0,0,'2024-05-05 09:53:43',NULL,NULL,NULL,'2025-03-18 22:12:51'),(427,26233,'Test','<font face=\"Arial\" size=\"2\">Abc</font><p><font face=\"Arial\" size=\"2\"><br></font></p>',43,1,NULL,0,'2024-05-06',NULL,NULL,NULL,0,0,NULL,NULL,0,0,'2024-05-05 10:13:10',NULL,NULL,NULL,'2024-05-05 10:13:38'),(430,1383,'App und Funktionen','<font face=\"Arial\" size=\"2\">Hallo ihr lieben,&#160;</font><p><font face=\"Arial\" size=\"2\"><br></font></p><p><font face=\"Arial\" size=\"2\">ich bitte euch alle die App etwas zu erkunden und Rum zu experimentieren.&#160;</font></p><p><font face=\"Arial\" size=\"2\">Schreibt euch auf oder mir direkt, was euch gef&#228;llt und was euch st&#246;rt.&#160;</font></p><p><font face=\"Arial\" size=\"2\"><br></font></p><p><font face=\"Arial\" size=\"2\">Danke f&#252;r eure Mithilfe.&#160;</font></p><p><font face=\"Arial\" size=\"2\"><br></font></p><p><font face=\"Arial\" size=\"2\">Liebe Gr&#252;&#223;e Adrian</font></p>',64,0,NULL,49,'2024-05-18',NULL,NULL,NULL,0,NULL,NULL,NULL,0,0,'2024-05-06 06:22:03',NULL,NULL,NULL,'2024-05-06 06:22:03'),(433,9492,'Homepage besuchen ','<font face=\"Arial\" size=\"2\">- Seit testen und dann Feedback geben&#160;</font><p><font face=\"Arial\" size=\"2\">- Erg&#228;nzungen oder Streichungen reporten&#160;</font></p><p><font face=\"Arial\" size=\"2\">- Allgemeine Gestaltungsvorschl&#228;ge falls vorhanden weiterleiten.</font></p><p>- Termin f&#252;r Einweisung in Wordpress Beitr&#228;gen finden</p><p>Wenn alles gekl&#228;rt ist, kann die Seite live geschaltet werden.</p>',409,1,148,298,'2024-05-31',NULL,NULL,NULL,0,0,NULL,NULL,1,1,'2024-05-06 16:34:19',NULL,NULL,NULL,'2024-06-26 17:15:29'),(436,9492,'Homepage besuchen ','<font face=\"Arial\" size=\"2\">- Seit testen und dann Feedback geben&#160;</font><p><font face=\"Arial\" size=\"2\">- Erg&#228;nzungen oder Streichungen reporten&#160;</font></p><p><font face=\"Arial\" size=\"2\">- Allgemeine Gestaltungsvorschl&#228;ge falls vorhanden weiterleiten.</font></p><p>- Termin f&#252;r Einweisung in Wordpress Beitr&#228;gen finden</p><p>Wenn alles gekl&#228;rt ist, kann die Seite live geschaltet werden.</p>',409,1,148,0,'2024-05-31',NULL,NULL,NULL,0,0,NULL,NULL,1,1,'2024-05-06 16:35:14',NULL,NULL,NULL,'2024-06-26 17:15:12'),(439,51053,'Werbetafel Burbach','<font face=\"Arial\" size=\"2\">Die Werbetafel in Burbach muss demontiert werden um sie neu zu bekleben.</font>',61,1,NULL,61,'2024-05-31',NULL,NULL,NULL,0,0,NULL,NULL,0,0,'2024-05-15 09:07:06',NULL,NULL,NULL,'2025-02-28 07:20:14'),(442,51053,'Werbetafel Burbach','<font face=\"Arial\" size=\"2\">Die Werbetafel in Burbach muss demontiert werden um sie neu zu bekleben.</font>',61,1,NULL,0,'2024-05-31',NULL,NULL,NULL,0,0,NULL,NULL,0,0,'2024-05-15 09:07:27',NULL,NULL,NULL,'2025-01-28 18:14:06'),(445,51053,'Werbetafel Burbach','<font face=\"Arial\" size=\"2\">Die Werbetafel in Burbach muss demontiert werden um sie neu zu bekleben.</font>',61,1,NULL,0,'2024-06-09',NULL,NULL,NULL,0,0,NULL,NULL,0,0,'2024-05-15 09:07:53',NULL,NULL,NULL,'2025-02-15 09:59:08'),(448,51053,'Schlagschutz für Rauchmelder','<font face=\"Arial\" size=\"2\">Maxi hat den&#160;Vermieter jetzt mehrmals aufgefordert den Schlagschutz zu installieren. Dieses ist noch nicht geschehen. Weitere Aufforderung sollte durch Maxi erfolgen.</font>',61,1,NULL,0,'2024-06-30',NULL,NULL,NULL,0,0,NULL,NULL,0,0,'2024-05-15 09:14:32',NULL,NULL,NULL,'2024-10-13 08:37:25'),(451,51053,'Gespräch mit Andreas Henkel über Taichi Kurs','<font face=\"Arial\" size=\"2\">Es soll ein&#160;Gespr&#228;ch mit Andreas &#252;ber den&#160;</font>Taichi<font face=\"Arial\" size=\"2\">&#160;Kurs mit den Inhalten:</font><p><font face=\"Arial\" size=\"2\">- Aktueller Stand</font></p><p><font face=\"Arial\" size=\"2\">- Fortbestand des Kurses</font></p><p><font face=\"Arial\" size=\"2\">- Mitglieder&#160;Steigerung</font></p><p><font face=\"Arial\" size=\"2\">- Werbung</font></p><p><font face=\"Arial\" size=\"2\">- Trainer</font></p><p><font face=\"Arial\" size=\"2\">- Ausfallstunden</font></p><p><font face=\"Arial\" size=\"2\">usw.</font></p><p><br></p><p><font face=\"Arial\" size=\"2\">geben. Hierzu muss noch ein Termin gefunden werden.</font></p>',61,1,NULL,0,'2024-06-30',NULL,NULL,NULL,0,0,NULL,NULL,0,0,'2024-05-15 09:19:17',NULL,NULL,NULL,'2025-02-28 07:19:10'),(457,23875,'Ortpokalplakat erstellen  und drucken lassen','<font face=\"Arial\" size=\"2\">Ortpokalplakat wie besprochen nach den vorhandenen Vorlagen erstellen und drucken lassen</font>',58,1,NULL,0,'2024-06-12','http://prod-tineon-deploy-minio:9000/tineon/Leipzig/2024/June/Images/6601ceb437131_1660_SVH_HP_Jubilaeumslogo_schwarz_transparent.png',NULL,NULL,0,0,NULL,NULL,0,0,'2024-06-07 12:12:04',NULL,NULL,NULL,'2024-07-27 13:45:22'),(460,23875,'Eintrag auf Website','<font face=\"Arial\" size=\"2\">Eintrag f&#252;r C-Juniorinnen-Kreispokalendpsiel auf Website</font><p><font face=\"Arial\" size=\"2\">Eintrag f&#252;r Ortpokal im August auf Website</font></p><p><font face=\"Arial\" size=\"2\">Eintrag f&#252;r Tauschb&#246;rse Stickeraktion auf Website</font></p><p><font face=\"Arial\" size=\"2\">Eintrag f&#252;r Schiedsrichterlehrgang im September auf Website</font></p>',58,1,NULL,0,'2024-06-07','http://prod-tineon-deploy-minio:9000/tineon/Leipzig/2024/June/Images/6601ceb437131_1660_SVH_HP_Jubilaeumslogo_schwarz_transparent.png',NULL,NULL,0,0,NULL,NULL,0,0,'2024-06-07 12:13:39',NULL,NULL,NULL,'2024-07-27 13:45:03'),(463,13919,'Testen der Plattform ','<font face=\"Arial\" size=\"2\">Durchklicken&#160;</font>',2032,1,NULL,520,'2024-06-14',NULL,NULL,NULL,0,0,NULL,NULL,0,0,'2024-06-07 15:54:20',NULL,NULL,NULL,'2024-10-09 16:45:07'),(466,13919,'RG Köln, München, Hamburg, Heidelberg anlegen','<font face=\"Arial\" size=\"2\">Versucht euch doch mal aus und legt eure RGs mal a&#160;</font>',2032,0,NULL,520,'2024-06-15',NULL,NULL,NULL,0,NULL,NULL,NULL,0,0,'2024-06-08 10:14:47',NULL,NULL,NULL,'2024-06-08 10:14:47'),(469,51053,'Preise für T-Shirts anpassen.','<font face=\"Arial\" size=\"2\">Nach Beschluss in der Vorstandssitzung sollen die T-Shirts f&#252;r Kinder um 2,00 Euro auf 18,00 Euro reduziert werden. Die T-Shirts f&#252;r die Erwachsenen bleiben bei 20,00 Euro.</font><p><font face=\"Arial\" size=\"2\"><br></font></p><p><font face=\"Arial\" size=\"2\">Danach m&#252;ssen die neuen Preislisten erstellt, ausgedruckt und aufgeh&#228;ngt werden.</font></p>',61,1,NULL,0,'2024-06-16','http://prod-tineon-deploy-minio:9000/tineon/Leipzig/2024/June/Images/T-Shirt%20kurz%20rot.jpeg',NULL,NULL,0,0,NULL,NULL,0,0,'2024-06-12 20:22:40',NULL,NULL,NULL,'2025-02-15 09:58:32'),(472,13919,'Regionalgruppe Hamburg erstellen','<font face=\"Arial\" size=\"2\">Ich erstelle testweise die Regionalgruppe Hamburg.</font>',2059,0,NULL,0,'2024-06-22',NULL,NULL,NULL,0,NULL,NULL,NULL,0,0,'2024-06-15 13:40:27',NULL,NULL,NULL,'2024-06-15 13:40:27'),(475,13919,'Regionalgruppe Hamburg erstellen','<font face=\"Arial\" size=\"2\">Ich erstelle testweise die Regionalgruppe Hamburg.</font>',2059,1,NULL,0,'2024-06-22',NULL,NULL,NULL,0,0,NULL,NULL,0,1,'2024-06-15 13:40:35',NULL,NULL,NULL,'2024-06-17 19:31:13'),(478,13919,'Forumersatz testen','<font face=\"Arial\" size=\"2\">Hierbei geht es um ein ausf&#252;hrliches Ausprobieren in der Testphase.</font>',2059,0,NULL,0,'2024-06-22',NULL,NULL,NULL,0,NULL,NULL,NULL,0,0,'2024-06-15 13:43:49',NULL,NULL,NULL,'2024-06-15 13:43:49'),(481,13919,'Forumersatz testen','<font face=\"Arial\" size=\"2\">Hierbei geht es um ein ausf&#252;hrliches Ausprobieren in der Testphase.</font>',2059,0,NULL,0,'2024-06-22',NULL,NULL,NULL,0,NULL,NULL,NULL,0,0,'2024-06-15 13:43:52',NULL,NULL,NULL,'2024-06-15 13:43:52'),(484,13919,'Forumersatz testen','<font face=\"Arial\" size=\"2\">Hierbei geht es um ein ausf&#252;hrliches Ausprobieren in der Testphase.</font>',2059,0,NULL,0,'2024-06-22',NULL,NULL,NULL,0,NULL,NULL,NULL,0,0,'2024-06-15 13:43:57',NULL,NULL,NULL,'2024-06-15 13:43:57'),(487,13919,'Forumersatz testen','<font face=\"Arial\" size=\"2\">Hierbei geht es um ein ausf&#252;hrliches Ausprobieren in der Testphase.</font>',2059,0,NULL,0,'2024-06-22',NULL,NULL,NULL,0,NULL,NULL,NULL,0,0,'2024-06-15 13:44:00',NULL,NULL,NULL,'2024-06-15 13:44:00'),(490,13919,'Forumersatz testen','<font face=\"Arial\" size=\"2\">Hierbei geht es um ein ausf&#252;hrliches Ausprobieren in der Testphase.</font>',2059,0,NULL,0,'2024-06-22',NULL,NULL,NULL,0,NULL,NULL,NULL,0,0,'2024-06-15 13:44:07',NULL,NULL,NULL,'2024-06-15 13:44:07'),(493,51053,'Vorstands Mitglied ','Ich bitte euch, in 3-5 S&#228;tzen zusammen zu fassen, was ihr f&#252;r eure Aufgabe haltet. Also jeder ganz individuell.&#160;<p>Dies ist enorm wichtig u diese Aufgabe ist in schriftlicher Form nach zu kommen.</p><p><br></p><p>Dankesch&#246;n&#160;</p>',145,1,61,61,'2024-07-31',NULL,NULL,NULL,0,0,NULL,NULL,0,1,'2024-07-06 06:47:24',NULL,NULL,NULL,'2024-08-14 10:39:35'),(496,18242,'Folgearbeiten Springplatz','<font face=\"Arial\" size=\"2\">Es sind noch einige Folgearbeiten aus dem letzten Jahr zu erledigen:</font><p><font face=\"Arial\" size=\"2\">- Hutschienen anbringen</font></p><p><font face=\"Arial\" size=\"2\">- Netzwerkdosen befestigen</font></p><p><font face=\"Arial\" size=\"2\">- Boden Verteilerk&#228;sten</font></p><p><font face=\"Arial\" size=\"2\">- 4 Kabel von Meldestelle zum Richterturn ziehen (anschl. pbk zur Installation beauftragen)</font></p><p><font face=\"Arial\" size=\"2\">- Internet-Anbindung Halle HT pr&#252;fen (VPN-Verbindung oder Funk)</font></p>',2107,0,NULL,574,'2024-08-17',NULL,NULL,NULL,0,0,NULL,NULL,0,0,'2024-07-07 10:53:33',NULL,NULL,NULL,'2024-07-07 10:58:20'),(499,18242,'Folgearbeiten Springplatz','<font face=\"Arial\" size=\"2\">Es sind noch einige Folgearbeiten aus dem letzten Jahr zu erledigen:</font><p><font face=\"Arial\" size=\"2\">- Hutschienen anbringen</font></p><p><font face=\"Arial\" size=\"2\">- Netzwerkdosen befestigen</font></p><p><font face=\"Arial\" size=\"2\">- Boden Verteilerk&#228;sten</font></p><p><font face=\"Arial\" size=\"2\">- 4 Kabel von Meldestelle zum Richterturn ziehen (anschl. pbk zur Installation beauftragen)</font></p><p><font face=\"Arial\" size=\"2\">- Internet-Anbindung Halle HT pr&#252;fen (VPN-Verbindung oder Funk)</font></p>',2107,1,NULL,0,'2024-08-17',NULL,NULL,NULL,0,0,NULL,NULL,0,0,'2024-07-07 10:56:19',NULL,NULL,NULL,'2024-07-07 10:59:02'),(502,2450,'Die erste Aufgabe','<font face=\"Arial\" size=\"2\">Dies ist die erste Aufgabe: einfach antworten bitte.</font>',2254,1,NULL,0,'2024-07-25',NULL,NULL,NULL,0,0,NULL,NULL,0,1,'2024-07-18 16:26:44',NULL,NULL,NULL,'2024-07-18 16:36:12'),(505,2450,'Die erste Aufgabe','<font face=\"Arial\" size=\"2\">Dies ist die erste Aufgabe: einfach antworten bitte.</font>',2254,0,NULL,0,'2024-07-25','http://prod-tineon-deploy-minio:9000/tineon/Leipzig/2024/July/Images/IMG_0178%5B1%5D.JPG',NULL,NULL,0,NULL,NULL,NULL,0,0,'2024-07-18 16:27:20',NULL,NULL,NULL,'2024-07-18 16:27:20'),(508,22765,'T Shirts für ÜL','<font face=\"Arial\" size=\"2\">Wertsch&#228;tzung &#220;bungsleiter</font>',2266,0,NULL,706,'2024-08-31',NULL,NULL,NULL,0,0,NULL,NULL,0,0,'2024-07-25 12:18:12',NULL,NULL,NULL,'2024-07-25 12:20:14'),(511,51053,'Sommerfest 2025','<font face=\"Arial\" size=\"2\">Sommerfest abgesagt wegen schlechter&#160;Orga.</font>',61,1,NULL,61,'2024-12-31','http://prod-tineon-deploy-minio:9000/tineon/Leipzig/2024/August/Documents/Bildschirmfoto%202024-02-11%20um%2022.39.59.png',NULL,NULL,0,0,NULL,NULL,0,0,'2024-08-04 10:02:48',NULL,NULL,NULL,'2024-10-13 08:39:09'),(514,51053,'Neue Trainingsausrüstung SI/BU','<font face=\"Arial\" size=\"2\">Neue Trainingsmaterialien f&#252;r Siegen und Burbach organisieren.</font><p><font face=\"Arial\" size=\"2\">Zum Beispiel Pratzen.</font></p>',61,0,NULL,0,'2024-08-31','http://prod-tineon-deploy-minio:9000/tineon/Leipzig/2024/August/Documents/Bildschirmfoto%202024-02-11%20um%2022.39.59.png',NULL,NULL,0,NULL,NULL,NULL,0,0,'2024-08-04 11:27:21',NULL,NULL,NULL,'2024-08-04 11:27:21'),(517,282,'Abrechnungsdaten Wassergymnastik erstellen ','<font face=\"Arial\" size=\"2\">Start 20.8.</font><p><font face=\"Arial\" size=\"2\"><br></font></p><p><font face=\"Arial\" size=\"2\">Liste a. Email Kathi 7.8.2024</font></p><p><font face=\"Arial\" size=\"2\"><br></font></p><p class=\"MsoNormal\"><b><u>TEILNEHMER:</u></b></p><table class=\"MsoNormalTable\" border=\"0\" cellspacing=\"0\" cellpadding=\"0\" width=\"208\"><tbody><tr><td width=\"121\" nowrap=\"\" valign=\"bottom\"><p class=\"MsoNormal\">Lohmann, Birgit</p></td></tr><tr><td width=\"121\" nowrap=\"\" valign=\"bottom\"><p class=\"MsoNormal\">Duhlheuer, Heike</p></td></tr><tr><td width=\"121\" nowrap=\"\" valign=\"bottom\"><p class=\"MsoNormal\">Fuhrmann, Susanne</p></td></tr><tr><td width=\"121\" nowrap=\"\" valign=\"bottom\"><p class=\"MsoNormal\">Fuhrmann, Matthias</p></td></tr><tr><td width=\"121\" nowrap=\"\" valign=\"bottom\"><p class=\"MsoNormal\">Groos, Claudia</p></td></tr><tr><td width=\"121\" nowrap=\"\" valign=\"bottom\"><p class=\"MsoNormal\">Schreiber, Iris</p></td></tr><tr><td width=\"121\" nowrap=\"\" valign=\"bottom\"><p class=\"MsoNormal\">Gelber, Tatjana</p></td></tr><tr><td width=\"121\" nowrap=\"\" valign=\"bottom\"><p class=\"MsoNormal\">Rukober, Irmtraut</p></td></tr><tr><td width=\"121\" nowrap=\"\" valign=\"bottom\"><p class=\"MsoNormal\">Ludwig, Karin</p></td></tr><tr><td width=\"121\" nowrap=\"\" valign=\"bottom\"><p class=\"MsoNormal\">Vorl&#228;nder, Melanie</p></td></tr><tr><td width=\"121\" nowrap=\"\" valign=\"bottom\"><p class=\"MsoNormal\">Strack, Susanne</p></td></tr><tr><td width=\"121\" nowrap=\"\" valign=\"bottom\"><p class=\"MsoNormal\">M&#252;nker, Janine</p></td></tr><tr><td width=\"121\" nowrap=\"\" valign=\"bottom\"><p class=\"MsoNormal\">Silbermann, Peggy</p></td></tr><tr><td width=\"121\" nowrap=\"\" valign=\"bottom\"><p class=\"MsoNormal\">von Wiecken, Lia</p></td></tr><tr><td width=\"121\" nowrap=\"\" valign=\"bottom\"><p class=\"MsoNormal\">St&#252;cher, Doris</p><p class=\"MsoNormal\"><font face=\"Arial\" size=\"2\">Heike Ashauer nachgemeldet</font></p></td></tr></tbody></table><font face=\"Arial\" size=\"2\"><br>Stand 13.8., bis auf Tatjana gelber und Susanne Strack haben alle gezahlt&#8230; Abrechnung &#220;L-Verg&#252;tung an Kathi mit 20 eur besprochen&#8230; siehe Abrechnungsdatei Kurse /wassergymnastik&#160;<br></font><p></p><p><font face=\"Arial\" size=\"2\"><br></font></p><p><font face=\"Arial\" size=\"2\"><br></font></p>',2260,1,25,0,'2024-08-14','http://prod-tineon-deploy-minio:9000/tineon/Leipzig/2024/August/Images/TV_Logo_klein60.jpg',NULL,NULL,0,0,NULL,NULL,0,1,'2024-08-06 04:51:00',NULL,NULL,NULL,'2024-08-16 07:32:50'),(520,282,'Abrechnungsdaten Bodyart erstellen ','<font face=\"Arial\" size=\"2\">Start 20.8.</font>',2260,1,NULL,0,'2024-08-17',NULL,NULL,NULL,0,0,NULL,NULL,0,1,'2024-08-06 04:52:25',NULL,NULL,NULL,'2024-08-19 12:45:46'),(523,282,'Abrechnung Pilates Kurs ','<font face=\"Arial\" size=\"2\">Start 4.9.</font><p><font face=\"Arial\" size=\"2\">Liste erfasst anbei&#8230; Kurs ist voll, bitte von den Mitgliedern einziehen&#160;</font></p><p><font face=\"Arial\" size=\"2\">S.ordner kurse</font></p><p><font face=\"Arial\" size=\"2\"><br></font></p><p><font face=\"Arial\" size=\"2\"><br></font></p>',2260,1,25,0,'2024-09-01','http://prod-tineon-deploy-minio:9000/tineon/Leipzig/2024/August/Images/IMG_4157.jpeg',NULL,NULL,0,0,NULL,NULL,0,1,'2024-08-06 04:53:26',NULL,NULL,NULL,'2024-08-13 19:49:40'),(526,282,'Wechsel Rehasport von Rehasupport LSB wegen Kündigung ','<font face=\"Arial\" size=\"2\">LSB hat gek&#252;ndigt</font><p><font face=\"Arial\" size=\"2\">Neue Lizenzierung durch RSD Rehasport Deutschland&#160;</font></p><p><font face=\"Arial\" size=\"2\">Abrechnungsstelle-Software Auswahl l&#228;uft inkl. Digitaler Unterschrift und Abrechnungszentrum</font></p><p><font face=\"Arial\" size=\"2\">NOVENTI</font></p><p><font face=\"Arial\" size=\"2\">Opte Data</font></p><p><font face=\"Arial\" size=\"2\">Ttools&#160;</font></p><p><font face=\"Arial\" size=\"2\">??? Noch offen.</font></p><p><font face=\"Arial\" size=\"2\">Vorstellungstermine online 12.8. mit Kathi und Moni&#160;</font></p><p><font face=\"Arial\" size=\"2\"><br></font></p>',2260,1,NULL,0,'2024-10-15',NULL,NULL,NULL,0,0,NULL,NULL,0,1,'2024-08-06 05:00:39',NULL,NULL,NULL,'2024-08-17 17:09:50'),(529,282,'Wechsel Rehasport von Rehasupport LSB wegen Kündigung ','<font face=\"Arial\" size=\"2\">LSB hat gek&#252;ndigt</font><p><font face=\"Arial\" size=\"2\">Neue Lizenzierung durch RSD Rehasport Deutschland&#160;</font></p><p><font face=\"Arial\" size=\"2\">Abrechnungsstelle-Software Auswahl l&#228;uft inkl. Digitaler Unterschrift und Abrechnungszentrum</font></p><p><font face=\"Arial\" size=\"2\">NOVENTI</font></p><p><font face=\"Arial\" size=\"2\">Opte Data</font></p><p><font face=\"Arial\" size=\"2\">Ttools&#160;</font></p><p><font face=\"Arial\" size=\"2\">??? Noch offen.</font></p><p><font face=\"Arial\" size=\"2\">Vorstellungstermine online 12.8. mit Kathi und Moni&#160;</font></p><p><font face=\"Arial\" size=\"2\"><br></font></p>',2260,1,25,0,'2024-10-15',NULL,NULL,NULL,0,0,NULL,NULL,0,1,'2024-08-06 05:01:16',NULL,NULL,NULL,'2024-08-18 07:14:48'),(532,282,'Wechsel Rehasport von Rehasupport LSB wegen Kündigung ','<font face=\"Arial\" size=\"2\">LSB hat gek&#252;ndigt</font><p><font face=\"Arial\" size=\"2\">Neue Lizenzierung durch RSD Rehasport Deutschland&#160;</font></p><p><font face=\"Arial\" size=\"2\">Abrechnungsstelle-Software Auswahl l&#228;uft inkl. Digitaler Unterschrift und Abrechnungszentrum</font></p><p><font face=\"Arial\" size=\"2\">NOVENTI</font></p><p><font face=\"Arial\" size=\"2\">Opte Data</font></p><p><font face=\"Arial\" size=\"2\">Ttools&#160;</font></p><p><font face=\"Arial\" size=\"2\">??? Noch offen.</font></p><p><font face=\"Arial\" size=\"2\">Vorstellungstermine online 12.8. mit Kathi und Moni&#160;</font></p><p><font face=\"Arial\" size=\"2\"><br></font></p>',2260,1,NULL,0,'2024-10-15','http://prod-tineon-deploy-minio:9000/tineon/Leipzig/2024/August/Images/IMG_4079.png',NULL,NULL,0,0,NULL,NULL,0,1,'2024-08-06 05:03:28',NULL,NULL,NULL,'2024-08-17 17:09:41'),(535,282,'Wechsel Rehasport von Rehasupport LSB wegen Kündigung ','<font face=\"Arial\" size=\"2\">LSB hat gek&#252;ndigt</font><p><font face=\"Arial\" size=\"2\">Neue Lizenzierung durch RSD Rehasport Deutschland&#160;</font></p><p><font face=\"Arial\" size=\"2\">Abrechnungsstelle-Software Auswahl l&#228;uft inkl. Digitaler Unterschrift und Abrechnungszentrum</font></p><p><font face=\"Arial\" size=\"2\">NOVENTI</font></p><p><font face=\"Arial\" size=\"2\">Opte Data</font></p><p><font face=\"Arial\" size=\"2\">Ttools&#160;</font></p><p><font face=\"Arial\" size=\"2\">??? Noch offen.</font></p><p><font face=\"Arial\" size=\"2\">Vorstellungstermine online 12.8. mit Kathi und Moni&#160;</font></p><p><font face=\"Arial\" size=\"2\"><br></font></p>',2260,1,NULL,0,'2024-10-15','http://prod-tineon-deploy-minio:9000/tineon/Leipzig/2024/August/Images/IMG_4079.png',NULL,NULL,0,0,NULL,NULL,0,1,'2024-08-06 05:04:14',NULL,NULL,NULL,'2024-08-18 07:15:35'),(541,1703,'Laufschuhe mitbringen','<font face=\"Arial\" size=\"2\">Waldlauf angesagt</font>',2383,NULL,NULL,541,'2024-08-13','http://prod-tineon-deploy-minio:9000/tineon/Leipzig/2024/August/Images/alex-gorin-k54Kfsrn1uQ-unsplash.jpg',NULL,NULL,0,0,NULL,NULL,0,0,'2024-08-09 13:52:38',NULL,1579,NULL,'2024-08-09 13:53:34'),(544,12153,'Getränke einkaufen','<font face=\"Arial\" size=\"2\">Getr&#228;nke einkaufen</font>',31,0,NULL,0,'2024-08-17',NULL,NULL,NULL,0,0,NULL,NULL,0,0,'2024-08-12 11:34:43',NULL,NULL,NULL,'2024-08-12 11:36:01'),(547,12153,'Test aufgabe','<font face=\"Arial\" size=\"2\">Test</font>',31,0,NULL,0,'2024-08-15',NULL,NULL,NULL,0,NULL,NULL,NULL,0,0,'2024-08-12 11:35:21',NULL,NULL,NULL,'2024-08-12 11:35:21'),(550,12153,'Test äöü','<font face=\"Arial\" size=\"2\">Test &#228;&#246;&#252;</font>',31,0,NULL,0,'2024-08-15',NULL,NULL,NULL,0,NULL,NULL,NULL,0,0,'2024-08-12 11:35:46',NULL,NULL,NULL,'2024-08-12 11:35:46'),(553,12153,'Rasen mähen','<font face=\"Arial\" size=\"2\">Rasen m&#228;hen</font>',31,0,NULL,0,'2024-08-16',NULL,NULL,NULL,0,NULL,NULL,NULL,0,0,'2024-08-12 11:39:04',NULL,NULL,NULL,'2024-08-12 11:39:04'),(556,12153,'Getränke einkaufen2','<font face=\"Arial\" size=\"2\">Getr&#228;nke einkaufen2</font>',31,0,NULL,0,'2024-08-16',NULL,NULL,NULL,0,0,NULL,NULL,0,0,'2024-08-12 11:39:37',NULL,NULL,NULL,'2024-08-12 11:40:50'),(559,12153,'Test löschen 2','<font face=\"Arial\" size=\"2\">Test l&#246;schen 2</font>',31,0,NULL,0,'2024-08-22',NULL,NULL,NULL,0,0,NULL,NULL,0,0,'2024-08-12 11:42:09',NULL,NULL,NULL,'2024-08-13 05:48:43'),(562,1411,'Task Testing','<font face=\"Arial\" size=\"2\">This is for testing</font>',82,0,NULL,0,'2024-08-17',NULL,NULL,NULL,0,0,NULL,NULL,0,0,'2024-08-13 06:21:09',NULL,NULL,NULL,'2024-08-13 06:21:34'),(565,1411,'Task 18 Augs','<font face=\"Arial\" size=\"2\">This is for testing</font>',82,0,NULL,0,'2024-08-17',NULL,NULL,NULL,0,0,NULL,NULL,0,0,'2024-08-13 06:35:13',NULL,NULL,NULL,'2024-08-13 06:35:48'),(568,282,'RSD fehlende Unterlagen ','<font face=\"Arial\" size=\"2\">Hallo Manfred, zur Anmeldung bei RSD Rehasport Deutschland ben&#246;tige ich folgende Unterlagen:</font><p><font face=\"Arial\" size=\"2\"><br></font></p><ul><li class=\"MsoNormal\"><span><span>Nachweis Ihres Institutionskennzeichens</span></span></li><li class=\"MsoNormal\"><span><span>Nachweis Ihrer Haftpflichtversicherung</span></span></li></ul><p><font color=\"#000000\" face=\"Myriad Pro\"><span>Kannst du mir die bitte zur Verf&#252;gung stellen ?</span></font></p><p><font color=\"#000000\" face=\"Myriad Pro\"><span>Danke Claudia&#160;</span></font></p>',2260,1,25,0,'2024-08-14',NULL,NULL,NULL,0,0,NULL,NULL,0,1,'2024-08-13 10:53:47',NULL,NULL,NULL,'2024-08-16 07:33:46'),(571,282,'Rechnung n Grenzland Fussballcamp erstellen ','<p>Hi Oleg, wie bereits letzte Woche angek&#252;ndigt hier jetzt auch Euer Abrechnungsbetrag f&#252;r das Sommercamp: 27 Kids = Brutto 300,51 Euro (Netto: 252,53&#8364;) &#128515;&#9917; Stellt ihr uns hier&#252;ber bitte einfach eine Rechnung? Unsere Rechnungsadresse lautet: Fussballschule Grenzland GmbH, Gladbacher Stra&#223;e 189, 41747 Viersen, Aschenbrenner@fussballschule-grenzland.de</p><p><br></p><p>Dazu haben wir ein ganz besonderes neues Angebot f&#252;r Euch. Gemeinsam mit unserem Partner Seacon Logistics haben wir ein Kontakt-Belohnungssystem aufgelegt. Bringt Seacon mit Unternehmen aus Eurem Netzwerk in Kontakt und erhaltet daf&#252;r tolle Pr&#228;mien wie B&#228;lle, Trikots&#228;tze oder Minitore f&#252;r Euren Club. Alle Infos findet ihr in der Anlage oder direkt hier: https://www.seaconlogistics.com/de/partnerschaften/fussballschule-grenzland &#160;&#128515;&#9917;</p><p><br></p><p>Viele Gr&#252;&#223;e Daniel</p>',2260,1,NULL,0,'2024-08-16',NULL,NULL,NULL,0,0,NULL,NULL,0,1,'2024-08-14 17:41:47',NULL,NULL,NULL,'2024-08-17 09:01:36'),(574,282,'Rehasport-Abrechnung RSD  und myYolo ','<font face=\"Arial\" size=\"2\">Bitte die&#160;Formulare unterschreiben und in der Cloud ablegen&#8230;. Sportangebote /Rehasport/neuer Anbieter/&#8230;</font>',2260,0,25,0,'2024-08-20',NULL,NULL,NULL,0,NULL,NULL,NULL,0,0,'2024-08-17 16:25:01',NULL,NULL,NULL,'2024-08-21 15:18:53'),(577,282,'Rehasport-Verband… Mitgliedschaft Zugang nachhalten ','Test',2260,1,NULL,0,'2024-08-20',NULL,NULL,NULL,0,0,NULL,NULL,0,0,'2024-08-17 16:30:28',NULL,NULL,NULL,'2024-10-16 17:57:54'),(580,282,'MyyoloNoventi ','<font face=\"Arial\" size=\"2\">Antrag hochladen&#160;</font>',2260,1,25,0,'2024-08-23',NULL,NULL,NULL,0,0,NULL,NULL,0,0,'2024-08-17 16:31:27',NULL,NULL,NULL,'2024-10-16 17:57:14'),(583,13919,'Gruppenversammlung organisieren','<p><font size=\"2\" face=\"Arial\">J&#228;hrliche Gruppenversammlung muss organisiert werden:</font></p><p><font size=\"2\" face=\"Arial\">Idee &#8211; Treffen in der Stadt + Weihnachtsmarkt<br></font></p>',2395,1,2032,739,'2024-11-30',NULL,NULL,NULL,0,0,NULL,NULL,0,0,'2024-08-26 22:39:12',NULL,NULL,NULL,'2024-09-19 08:40:26'),(586,51053,'Aushang Google Rezensionen ','<font face=\"Arial\" size=\"2\">Aushang erstellen wo die Mitglieder um Google-Rezensionen gebeten werden&#160;</font>',256,1,NULL,0,'2024-12-31',NULL,NULL,NULL,0,0,NULL,NULL,0,0,'2024-08-27 11:52:17',NULL,NULL,NULL,'2025-02-28 07:20:27'),(589,51053,'Seminar auf Webseite terminieren','<font face=\"Arial\" size=\"2\">09. und 10. November , jeweils 10-14 Uhr&#160;&#160;</font><p><font face=\"Arial\" size=\"2\">Seminar &#34;die Faust Buddhas&#34;</font></p>',256,1,NULL,0,'2024-09-03',NULL,NULL,NULL,0,0,NULL,NULL,0,1,'2024-08-27 11:56:53',NULL,NULL,NULL,'2024-10-01 09:03:30'),(592,51053,'Youtube-Account erstellen','<font face=\"Arial\" size=\"2\">Vereins-Account f&#252;r Youtube erstellen und Videos hochladen</font>',256,0,NULL,0,'2024-09-24',NULL,NULL,NULL,0,NULL,NULL,NULL,0,0,'2024-08-27 12:33:38',NULL,NULL,NULL,'2024-08-27 12:33:38'),(595,2636,'Spiel verschieben','<font face=\"Arial\" size=\"2\">Gegnerische Mannschaft informieren</font>',2470,1,NULL,0,'2024-09-05',NULL,NULL,NULL,0,0,NULL,NULL,0,0,'2024-08-30 15:31:01',NULL,NULL,NULL,'2024-08-30 15:31:57'),(598,282,'Aktueller Vereinsregisterauszug für rehasport Deutschland ','<font face=\"Arial\" size=\"2\">Bitte hol einen aktuellen Auszug ein, darf nicht &#228;lter als drei Monate sein. Bitte dann an mich senden&#160;</font>',2260,1,NULL,0,'2024-09-08',NULL,NULL,NULL,0,0,NULL,NULL,0,1,'2024-09-03 12:25:21',NULL,NULL,NULL,'2024-09-16 19:27:19'),(601,26233,'Überprüfung FAQ','<font face=\"Arial\" size=\"2\">Hallo, schaut mal bitte in dem Bereich Vereinstools - FAQ.</font><p><font face=\"Arial\" size=\"2\">Gibt es Dinge, die hier erg&#228;nzt werden m&#252;ssen?</font></p><p><font face=\"Arial\" size=\"2\">Freue mich auf R&#252;ckmeldung</font></p><p><font face=\"Arial\" size=\"2\">Viele Gr&#252;&#223;e</font></p><p><font face=\"Arial\" size=\"2\">Michael</font></p>',43,1,NULL,25,'2024-09-30',NULL,NULL,NULL,0,0,NULL,NULL,0,0,'2024-09-04 05:13:38',NULL,NULL,NULL,'2024-09-09 18:57:49'),(607,13919,'Plattform befüllen','<font size=\"2\" face=\"Arial\">Bitte Regionlagruppenseiten mit Events, Nachrichten und Beschreibungen bef&#252;llen. <br></font>',2032,1,NULL,0,'2024-12-31','http://prod-tineon-deploy-minio:9000/tineon/Leipzig/2024/September/Images/Aufgabenbild%2048%20x%20105%20mm%29.jpg',NULL,NULL,0,0,NULL,NULL,0,0,'2024-09-19 08:49:58',NULL,NULL,NULL,'2024-09-28 19:25:01'),(610,6552,'einfach machen','<font face=\"Arial\" size=\"2\">einfach machen</font>',3064,0,3025,826,'2024-09-26',NULL,NULL,NULL,0,NULL,NULL,NULL,1,0,'2024-09-19 13:12:26',NULL,NULL,NULL,'2024-09-19 13:17:59'),(613,2388,'Rückmeldung über die Qualität des APP-Onboardings','<font face=\"Arial\" size=\"2\">Bitte gebt mir R&#252;ckmeldung, wie das App-Onboarding so funktioniert hat</font>',2995,0,NULL,859,'2024-09-30','http://prod-tineon-deploy-minio:9000/tineon/Leipzig/2024/September/Images/IMG_6769.jpeg',NULL,NULL,0,NULL,NULL,NULL,0,0,'2024-09-20 12:15:40',NULL,NULL,NULL,'2024-09-20 12:15:40'),(616,2689,'Aufräumen','<font face=\"Arial\" size=\"2\">AUfr&#246;umen</font>',3067,0,NULL,0,'2024-09-21',NULL,NULL,NULL,0,0,NULL,NULL,0,0,'2024-09-20 13:12:48',NULL,NULL,NULL,'2024-09-20 13:12:59'),(619,33194,'Testaufgabe 1','<font face=\"Arial\" size=\"2\">Testaufgab 1</font>',2473,0,NULL,0,'2024-09-27','http://prod-tineon-deploy-minio:9000/tineon/Leipzig/2024/September/Images/20240907_141125.jpg',NULL,NULL,0,NULL,NULL,NULL,0,0,'2024-09-22 14:51:14',NULL,NULL,NULL,'2024-09-22 14:51:14'),(622,2388,'Teilnahme an der Umfrage \"App-Onboarding\" erbeten','<font face=\"Arial\" size=\"2\">Bitte Umfrage&#160;bearbeiten</font>',2995,1,NULL,883,'2024-09-30',NULL,NULL,NULL,0,0,NULL,NULL,0,0,'2024-09-23 12:29:14',NULL,NULL,NULL,'2024-09-26 04:18:55'),(628,23506,'2024-34: Kraftraum aufräumen und Staubsaugen ','<font face=\"Arial\" size=\"2\">Aufr&#228;umen des Kraftraums (Alle Gewichte und Ger&#228;te an ihrem Platz) + staubsaugen</font>',3766,1,NULL,946,'2024-10-31',NULL,NULL,NULL,0,0,NULL,NULL,0,0,'2024-10-07 07:50:07',NULL,NULL,NULL,'2024-10-11 17:48:36'),(631,21496,'Hallo','<font face=\"Arial\" size=\"2\">..</font>',3772,1,3781,0,'2024-10-13','http://prod-tineon-deploy-minio:9000/tineon/Leipzig/2024/October/Images/IMG_8817.jpeg',NULL,NULL,0,0,NULL,NULL,0,1,'2024-10-08 17:10:53',NULL,1837,NULL,'2024-12-29 11:51:22'),(634,2817,'Vereinsheim Streichen','<p class=\"p1\">Liebe Mitglieder,</p><p class=\"p2\"><br></p><p class=\"p1\">unser Vereinsheim ben&#246;tigt dringend einen neuen Anstrich, und wir m&#246;chten diese Aufgabe gerne gemeinsam als Clubprojekt in Angriff nehmen. Deshalb laden wir euch herzlich ein, uns bei den Renovierungsarbeiten zu unterst&#252;tzen. Jede helfende Hand ist willkommen, sei es f&#252;r den Pinsel, zum Abdecken oder zur Unterst&#252;tzung beim Vorbereiten. Gemeinsam schaffen wir es, das Vereinsheim in neuem Glanz erstrahlen zu lassen!</p>',3829,0,NULL,0,'2024-12-21','http://prod-tineon-deploy-minio:9000/tineon/Leipzig/2024/October/Images/Schule.jpg',NULL,NULL,0,NULL,NULL,NULL,0,0,'2024-10-15 08:10:59',NULL,NULL,NULL,'2024-10-15 08:13:54'),(637,2817,'Getränke einkaufen','<p class=\"p1\">Liebe Mitglieder,</p><p class=\"p2\"><br></p><p class=\"p1\">f&#252;r die anstehenden Veranstaltungen und Arbeitseins&#228;tze im Vereinsheim m&#252;ssen wir unsere Getr&#228;nkevorr&#228;te aufstocken. Um sicherzustellen, dass wir gut versorgt sind, laden wir euch ein, uns beim gemeinsamen <b>Getr&#228;nkeeinkauf</b> zu unterst&#252;tzen.</p>',3829,1,NULL,0,'2024-10-29','http://prod-tineon-deploy-minio:9000/tineon/Leipzig/2024/October/Images/Getra%CC%88nke.jpg',NULL,NULL,0,0,NULL,NULL,0,0,'2024-10-15 08:15:47',NULL,NULL,NULL,'2024-10-15 08:15:56'),(640,2817,'Platz streuen','<p class=\"p1\">Liebe Mitglieder,</p><p class=\"p2\"><br></p><p class=\"p1\">unser Fu&#223;ballplatz ben&#246;tigt dringend eine Pflegekur, um weiterhin in einem guten Zustand zu bleiben. Deshalb steht das <b>Streuen des Fu&#223;ballplatzes</b> an, und wir brauchen eure Unterst&#252;tzung, um diese wichtige Aufgabe gemeinsam zu bew&#228;ltigen.</p>',3829,0,NULL,955,'2024-10-25','http://prod-tineon-deploy-minio:9000/tineon/Leipzig/2024/October/Documents/Bildschirm%C2%ADfoto%202023-03-18%20um%2009.38.06.png',NULL,NULL,0,NULL,NULL,NULL,0,0,'2024-10-15 08:17:21',NULL,NULL,NULL,'2024-10-15 08:17:21'),(643,2817,'Hecken Schneiden um den Sportplatz','<p class=\"p1\">Liebe Mitglieder,</p><p class=\"p2\"><br></p><p class=\"p1\">es ist wieder Zeit f&#252;r die j&#228;hrliche Pflege rund um unseren Sportplatz. Die Hecken brauchen einen R&#252;ckschnitt, damit der Platz weiterhin gepflegt und gut zug&#228;nglich bleibt. Daf&#252;r ben&#246;tigen wir eure tatkr&#228;ftige Unterst&#252;tzung! Lasst uns gemeinsam anpacken und unseren Sportplatz versch&#246;nern.</p>',3829,0,NULL,0,'2024-12-05','http://prod-tineon-deploy-minio:9000/tineon/Leipzig/2024/October/Images/Stadion.jpg',NULL,NULL,0,NULL,NULL,NULL,0,0,'2024-10-17 06:42:29',NULL,NULL,NULL,'2024-10-17 06:42:29'),(646,21496,'Platzsanierung','<font face=\"Arial\" size=\"2\">Abc</font>',3838,1,NULL,0,'2024-10-31',NULL,NULL,NULL,0,0,NULL,NULL,0,0,'2024-10-17 17:06:51',NULL,NULL,NULL,'2024-10-17 17:07:38'),(649,3528,'Entscheidung ','<font face=\"Arial\" size=\"2\">App</font>',3841,0,NULL,0,'2024-10-20',NULL,NULL,NULL,0,NULL,NULL,NULL,0,0,'2024-10-17 20:46:01',NULL,NULL,NULL,'2024-10-17 20:46:01'),(652,1703,'Eine neue Aufgabe','<font size=\"2\" face=\"Arial\">Apfelcrumble machen<br></font>',772,0,NULL,0,'2024-10-26',NULL,NULL,NULL,0,NULL,NULL,NULL,0,0,'2024-10-25 14:43:30',NULL,NULL,NULL,'2024-10-25 14:43:30'),(655,1703,'Eine neue Aufgabe','<font size=\"2\" face=\"Arial\">Apfelcrumble machen<br></font>',772,0,NULL,0,'2024-10-26','http://prod-tineon-deploy-minio:9000/tineon/Leipzig/2024/October/Videos/wolpi3.gif',NULL,NULL,0,NULL,NULL,NULL,0,0,'2024-10-25 14:45:17',NULL,NULL,NULL,'2024-10-25 14:45:17'),(658,51053,'Fahnen für die Trainer in den Schulen.','<font face=\"Arial\" size=\"2\">Die Trainer m&#246;chten eine eigene Fahne in der Schule haben.</font><p><font face=\"Arial\" size=\"2\"><br></font></p><p><font face=\"Arial\" size=\"2\">Maxim sucht passende Angebote heraus und stellt Sie dem Vorstand vor.</font></p><p><font face=\"Arial\" size=\"2\">Der Vorstand entscheidet dann ob und in welchem Umfang sich der Verein dran beteiligen wird.</font></p>',61,0,NULL,0,'2024-12-31',NULL,NULL,NULL,0,NULL,NULL,NULL,0,0,'2024-10-27 14:44:17',NULL,NULL,NULL,'2024-10-27 14:44:17'),(661,51053,'Fahnen für die Trainer in den Schulen.','<font face=\"Arial\" size=\"2\">Die Trainer m&#246;chten eine eigene Fahne in der Schule haben.</font><p><font face=\"Arial\" size=\"2\"><br></font></p><p><font face=\"Arial\" size=\"2\">Maxim sucht passende Angebote heraus und stellt Sie dem Vorstand vor.</font></p><p><font face=\"Arial\" size=\"2\">Der Vorstand entscheidet dann ob und in welchem Umfang sich der Verein dran beteiligen wird.</font></p>',61,0,NULL,0,'2024-12-31','http://prod-tineon-deploy-minio:9000/tineon/Leipzig/2024/October/Documents/Bildschirmfoto%202024-02-11%20um%2022.39.59.png',NULL,NULL,0,NULL,NULL,NULL,0,0,'2024-10-27 14:44:31',NULL,NULL,NULL,'2024-10-27 14:44:31'),(664,23177,'Planung ','<font face=\"Arial\" size=\"2\">Winterfest planen</font>',4126,NULL,NULL,976,'2024-12-21','http://prod-tineon-deploy-minio:9000/tineon/Leipzig/2024/October/Images/OIP.jpeg',NULL,NULL,0,0,NULL,NULL,0,0,'2024-10-28 21:11:14',NULL,1960,NULL,'2024-10-29 16:07:27'),(667,23177,'Winterfest planen','<font face=\"Arial\" size=\"2\">Winterfest planen</font>',4126,0,NULL,0,'2024-11-05','http://prod-tineon-deploy-minio:9000/tineon/Leipzig/2024/October/Images/OIP.jpeg',NULL,NULL,0,0,NULL,NULL,0,0,'2024-10-29 16:13:17',NULL,NULL,NULL,'2024-10-30 20:11:29'),(670,2791,'Vereins.Cloud prüfen ','<font face=\"Arial\" size=\"2\">Bitte die Software Vereins.Cloud auf Herz und Nieren testen&#8230;&#160;</font><p><font face=\"Arial\" size=\"2\"><br></font></p>',4135,1,4141,0,'2024-10-31','http://prod-tineon-deploy-minio:9000/tineon/Leipzig/2024/October/Images/3f2b12e3-095c-43d4-8557-2c76331c4c22.jpeg',NULL,NULL,0,0,NULL,NULL,1,1,'2024-10-29 21:16:41',NULL,NULL,NULL,'2024-10-30 03:22:24'),(673,2791,'Kann ich damit arbeiten?','<font face=\"Arial\" size=\"2\">Was kann ich?</font>',4141,0,NULL,0,'2024-11-06','http://prod-tineon-deploy-minio:9000/tineon/Leipzig/2024/October/Images/9bb86df4-a75b-46b2-89ea-969f09988c02.jpeg',NULL,NULL,0,NULL,NULL,NULL,0,0,'2024-10-29 22:15:38',NULL,1963,NULL,'2024-10-29 22:15:38'),(676,2791,'Test','<font face=\"Arial\" size=\"2\">Test</font>',4150,1,NULL,0,'2025-02-28',NULL,NULL,NULL,0,0,NULL,NULL,0,1,'2024-10-30 13:30:53',NULL,NULL,NULL,'2024-11-01 16:32:30'),(679,2791,'Test','<font face=\"Arial\" size=\"2\">Test</font>',4150,0,NULL,0,'2025-02-28',NULL,NULL,NULL,0,NULL,NULL,NULL,0,0,'2024-10-30 13:30:58',NULL,NULL,NULL,'2024-10-30 13:30:58'),(682,2791,'Test','<font face=\"Arial\" size=\"2\">Test</font>',4150,0,NULL,0,'2025-02-28',NULL,NULL,NULL,0,NULL,NULL,NULL,0,0,'2024-10-30 13:31:13',NULL,NULL,NULL,'2024-10-30 13:31:13'),(685,2791,'Test','<font face=\"Arial\" size=\"2\">Test</font>',4150,0,NULL,0,'2025-02-28',NULL,NULL,NULL,0,NULL,NULL,NULL,0,0,'2024-10-30 13:31:20',NULL,NULL,NULL,'2024-10-30 13:31:20'),(688,2918,'Aufgaben vor der Versammlung','<table border=\"0\" cellpadding=\"0\" cellspacing=\"0\" width=\"402\">&#10; <colgroup><col width=\"402\">&#10; </colgroup><tbody><tr height=\"140\">&#10;  <td height=\"140\" class=\"xl63\" width=\"402\">Anordnung&#10;  der St&#252;hle, Tische, <br>&#10;    Technik: Beamer, Stehpult, Mikrofon, <br>&#10;    Getr&#228;nke, 1 Freigetr&#228;nk/ Getr&#228;nkemarke<br>&#10;    gem&#252;tliches Beisammensein im Anschluss<br>&#10;    Rechnung an Vereinsadresse<br>&#10;    Stehtisch unten an der Treppe f&#252;r Unterschriftsliste und Ausgabe&#10;  Getr&#228;nkemarken</td>&#10; </tr>&#10; <tr height=\"220\">&#10;  <td height=\"220\" class=\"xl63\" width=\"402\">besprechen:<br>&#10;    welche Wahlen stehen an?<br>&#10;    Wer macht weiter?<br>&#10;    Wer m&#246;chte seine ehrenamtliche Mitarbeit beenden?<br>&#10;    Wer kann helfen? <br>&#10;    Wer hilft beeintr&#228;chtigten Mitgliedern an der Treppe?<br>&#10;    Thekendienst durch Pro Mei&#223;en?<br>&#10;    Vortr&#228;ge vorbereiten, Ausdrucke an Protokollf&#252;hrerin geben<br>&#10;    Getr&#228;nkemarken vorr&#228;tig? ggf. bestellen, ca. 100 mitbringen, wer?<br>&#10;    Getr&#228;nkemarken besorgen, ggf. Chips vom Sportfest</td>&#10; </tr></tbody></table>',4483,0,4471,0,'2025-01-25','http://prod-tineon-deploy-minio:9000/tineon/Leipzig/2024/November/Images/Einladung%20Jahreshauptversammlung.png',NULL,NULL,0,NULL,NULL,NULL,0,0,'2024-11-01 17:41:57',NULL,1966,NULL,'2024-11-03 10:20:11'),(691,2918,'Aufgaben vor der Versammlung','<table border=\"0\" cellpadding=\"0\" cellspacing=\"0\" width=\"402\">&#10; <colgroup><col width=\"402\">&#10; </colgroup><tbody><tr height=\"140\">&#10;  <td height=\"140\" class=\"xl63\" width=\"402\">Anordnung&#10;  der St&#252;hle, Tische, <br>&#10;    Technik: Beamer, Stehpult, Mikrofon, <br>&#10;    Getr&#228;nke, 1 Freigetr&#228;nk/ Getr&#228;nkemarke<br>&#10;    gem&#252;tliches Beisammensein im Anschluss<br>&#10;    Rechnung an Vereinsadresse<br>&#10;    Stehtisch unten an der Treppe f&#252;r Unterschriftsliste und Ausgabe&#10;  Getr&#228;nkemarken</td>&#10; </tr>&#10; <tr height=\"220\">&#10;  <td height=\"220\" class=\"xl63\" width=\"402\">besprechen:<br>&#10;    welche Wahlen stehen an?<br>&#10;    Wer macht weiter?<br>&#10;    Wer m&#246;chte seine ehrenamtliche Mitarbeit beenden?<br>&#10;    Wer kann helfen? <br>&#10;    Wer hilft beeintr&#228;chtigten Mitgliedern an der Treppe?<br>&#10;    Thekendienst durch Pro Mei&#223;en?<br>&#10;    Vortr&#228;ge vorbereiten, Ausdrucke an Protokollf&#252;hrerin geben<br>&#10;    Getr&#228;nkemarken vorr&#228;tig? ggf. bestellen, ca. 100 mitbringen, wer?<br>&#10;    Getr&#228;nkemarken besorgen, ggf. Chips vom Sportfest</td>&#10; </tr></tbody></table>',4483,0,4471,0,'2025-01-25','http://prod-tineon-deploy-minio:9000/tineon/Leipzig/2024/November/Images/Einladung%20Jahreshauptversammlung.png',NULL,NULL,0,NULL,NULL,NULL,0,0,'2024-11-01 17:42:15',NULL,1969,NULL,'2024-11-03 10:19:55'),(694,1703,'Testaufgabe URL','<font face=\"Arial\" size=\"2\">https://www.google.de</font>',2383,0,NULL,0,'2024-11-09',NULL,NULL,NULL,0,NULL,NULL,NULL,0,0,'2024-11-08 10:23:27',NULL,NULL,NULL,'2024-11-08 10:23:27'),(697,49947,'Balken aus dem Wasser holen','<font face=\"Arial\" size=\"2\">test</font>',4711,1,NULL,1009,'2024-11-09','http://prod-tineon-deploy-minio:9000/tineon/Leipzig/2024/November/Documents/WhatsApp%20Bild%202024-11-09%20um%2012.30.38_3847dd6b.jpg',NULL,NULL,0,0,NULL,NULL,0,0,'2024-11-09 13:57:46',NULL,NULL,NULL,'2024-11-09 14:00:33'),(700,26233,'22 Kugellager','<font face=\"Arial\" size=\"2\">Wechsel Kugellager</font>',43,1,NULL,0,'2024-11-16',NULL,NULL,NULL,0,0,NULL,NULL,0,0,'2024-11-11 21:37:35',NULL,NULL,NULL,'2024-11-11 21:40:35'),(709,12809,'Überprüfung','<font face=\"Arial\" size=\"2\">Test Aufgabe. K&#246;nnt ihr hier etwas &#228;ndern oder Antworten?</font><p><font face=\"Arial\" size=\"2\">LG Uwe</font></p>',1900,1,NULL,0,'2024-12-07','http://prod-tineon-deploy-minio:9000/tineon/Leipzig/2024/November/Images/C7723B13-2573-4953-829D-928DD3809315.JPG',NULL,NULL,0,0,NULL,NULL,0,0,'2024-11-24 15:08:13',NULL,NULL,NULL,'2024-12-06 04:27:29'),(712,23519,'Theresa berichtsheft ','<font face=\"Arial\" size=\"2\">Theresa muss Markus ihr berichtsheft geben&#160;</font>',5032,0,NULL,0,'2024-11-29',NULL,NULL,NULL,0,NULL,NULL,NULL,0,0,'2024-11-28 08:26:29',NULL,NULL,NULL,'2024-11-28 08:26:29'),(715,23519,'Theresa berichtsheft ','<font face=\"Arial\" size=\"2\">Theresa muss Markus ihr berichtsheft geben&#160;</font>',5032,1,NULL,0,'2024-11-29',NULL,NULL,NULL,0,0,NULL,NULL,0,0,'2024-11-28 08:27:07',NULL,NULL,NULL,'2024-11-28 08:51:33'),(721,2064,'Quartalsprogramm 2/2025','<font size=\"2\" face=\"Arial\">Das Quartalsprogramm 2/2025 erstellen und versenden.<br></font>',5125,0,NULL,0,'2025-03-03','http://prod-tineon-deploy-minio:9000/tineon/Leipzig/2024/December/Images/Quartalsprogramm.jpg',NULL,NULL,0,0,NULL,NULL,0,0,'2024-12-09 16:54:55',NULL,NULL,NULL,'2024-12-11 10:37:47'),(724,8516,'Wahl einer Vereinsapp','<font face=\"Arial\" size=\"2\">Das ist ein Test</font>',5134,0,NULL,0,'2024-12-12','http://prod-tineon-deploy-minio:9000/tineon/Leipzig/2024/December/Images/IMG_4420.jpeg',NULL,NULL,0,NULL,NULL,NULL,0,0,'2024-12-10 15:15:09',NULL,NULL,NULL,'2024-12-10 15:15:09'),(727,2790,'verein.cloud','<font face=\"Arial\" size=\"2\">- Erstkonfiguration</font><p><font face=\"Arial\" size=\"2\">- Datenmigration</font></p><p><font face=\"Arial\" size=\"2\">- Einrichtung Fibu (SKR 42, Bankkonten ...)</font></p>',5170,0,NULL,0,'2024-12-31',NULL,NULL,NULL,0,NULL,NULL,NULL,0,0,'2024-12-12 11:24:27',NULL,NULL,NULL,'2024-12-12 11:24:27'),(730,1654,'Klären der Familien mit Kindern über 18','<font face=\"Arial\" size=\"2\">Micha kl&#228;rt die zuk&#252;nftige Mitgliedschaft von Familien mit Kindern &#252;ber 18</font>',5197,0,NULL,0,'2025-02-28',NULL,NULL,NULL,0,NULL,NULL,NULL,0,0,'2024-12-30 16:08:26',NULL,NULL,NULL,'2024-12-30 16:08:26'),(736,3481,'Wahl Sportler/in & Mannschaft des Jahres ','<font face=\"Arial\" size=\"2\">Wahlleiter Henning, jedes&#160;Vorstandsmitglied stimmt ab (Pr&#228;ferenzen: 1., 2., 3.)&#160;</font>',5302,0,NULL,1105,'2025-01-09',NULL,NULL,NULL,0,0,NULL,NULL,0,0,'2025-01-06 14:01:38',NULL,NULL,NULL,'2025-01-06 14:02:03'),(739,15014,'Mitglieder einladen','Anlegen der Mitglieder',5590,0,NULL,0,'2025-01-28',NULL,NULL,NULL,0,0,NULL,NULL,0,0,'2025-01-13 20:02:13',NULL,NULL,NULL,'2025-01-13 20:02:49'),(742,15014,'Mannschaften melden','<font face=\"Arial\" size=\"2\">Alle Jugendmannschaften melden&#160;</font>',5590,0,NULL,0,'2025-01-28',NULL,NULL,NULL,0,0,NULL,NULL,0,0,'2025-01-13 20:36:05',NULL,NULL,NULL,'2025-01-13 20:38:23'),(745,15014,'Programm aussuchen','<font face=\"Arial\" size=\"2\">Bitte aus allen Angeboten die beste Software aussuchen!</font>',5590,1,NULL,0,'2025-01-31',NULL,NULL,NULL,0,0,NULL,NULL,0,0,'2025-01-18 14:38:38',NULL,NULL,NULL,'2025-01-18 14:39:22'),(751,22910,'Verein strukturieren','<font size=\"2\" face=\"Arial\">Der Verein muss neu strukturiert werden.<br></font>',6994,0,NULL,1156,'2025-02-28','http://prod-tineon-deploy-minio:9000/tineon/Leipzig/2025/January/Images/Screenshot_20240531_184600_Chrome.jpg',NULL,NULL,0,NULL,NULL,NULL,0,0,'2025-01-29 12:04:08',NULL,2341,NULL,'2025-01-29 12:04:08'),(754,22910,'Test','<font size=\"2\" face=\"Arial\">Alles testen<br></font>',6994,1,NULL,0,'2025-01-31',NULL,NULL,NULL,0,0,NULL,NULL,0,0,'2025-01-29 15:14:37',NULL,NULL,NULL,'2025-01-29 15:15:42'),(757,22910,'Test','<font size=\"2\" face=\"Arial\">Alles testen<br></font>',6994,1,NULL,0,'2025-01-31',NULL,NULL,NULL,0,0,NULL,NULL,0,0,'2025-01-29 15:14:43',NULL,NULL,NULL,'2025-01-30 07:50:16'),(760,22910,'Test','<font size=\"2\" face=\"Arial\">Alles testen<br></font>',6994,0,NULL,0,'2025-01-31',NULL,NULL,NULL,0,0,NULL,NULL,0,0,'2025-01-29 15:14:55',NULL,NULL,NULL,'2025-01-29 15:15:30'),(763,23925,'Planung SF','<font face=\"Arial\" size=\"2\">Planen</font>',7372,0,NULL,0,'2025-02-07',NULL,NULL,NULL,0,NULL,NULL,NULL,0,0,'2025-01-31 05:33:56',NULL,NULL,NULL,'2025-01-31 19:52:44'),(766,3496,'Halle Reinigen','<font face=\"Arial\" size=\"2\">Hallenreinigung</font>',7381,1,NULL,0,'2025-02-28',NULL,NULL,NULL,0,0,NULL,NULL,0,1,'2025-01-31 12:24:11',NULL,NULL,NULL,'2025-02-04 19:39:04'),(769,23925,'Test gruppe','<font face=\"Arial\" size=\"2\">Test gruppe</font>',7372,0,NULL,1171,'2025-02-14',NULL,NULL,NULL,0,NULL,NULL,NULL,0,0,'2025-01-31 19:57:43',NULL,NULL,NULL,'2025-01-31 19:57:43'),(772,3496,'Beiträge erstellen ','<font face=\"Arial\" size=\"2\">Mitgliedsbeitr&#228;ge einpflegen</font>',7330,1,NULL,0,'2025-02-05',NULL,NULL,NULL,0,0,NULL,NULL,0,1,'2025-01-31 20:24:14',NULL,NULL,NULL,'2025-02-04 13:15:31'),(775,23925,'Test Aufgabe ','<font face=\"Arial\" size=\"2\">ghghhgg</font>',7624,0,NULL,0,'2025-02-07',NULL,NULL,NULL,0,NULL,NULL,NULL,0,0,'2025-02-06 12:57:12',NULL,NULL,NULL,'2025-02-06 12:57:12'),(778,23925,'Test Aufgabe ','<font face=\"Arial\" size=\"2\">ghghhgg</font>',7624,0,NULL,0,'2025-02-07',NULL,NULL,NULL,0,NULL,NULL,NULL,0,0,'2025-02-06 12:57:23',NULL,NULL,NULL,'2025-02-06 12:57:23'),(781,23925,'Test Aufgabe ','<font face=\"Arial\" size=\"2\">ghghhgg</font>',7624,0,NULL,0,'2025-02-07','http://prod-tineon-deploy-minio:9000/tineon/Leipzig/2025/February/Images/Feier.jpg',NULL,NULL,0,NULL,NULL,NULL,0,0,'2025-02-06 12:58:09',NULL,NULL,NULL,'2025-02-06 12:58:09'),(784,3496,'Logo verkleinern ','<font face=\"Arial\" size=\"2\">Vereins Logo auf Startseite verkleinern.</font>',7330,1,NULL,0,'2025-02-07',NULL,NULL,NULL,0,0,NULL,NULL,0,0,'2025-02-06 15:20:12',NULL,NULL,NULL,'2025-02-07 15:11:41'),(787,3496,'VWN Regionaltrainer','<font face=\"Arial\" size=\"2\">Verwendungsnachweis f&#252;r Regionaltrainer Stelle an HVS.</font><p><font face=\"Arial\" size=\"2\">Schon &#252;ber Lohn Buchhaltung NHA beauftragt.</font></p>',7330,0,NULL,0,'2025-02-09',NULL,NULL,NULL,0,NULL,NULL,NULL,0,0,'2025-02-06 15:22:40',NULL,NULL,NULL,'2025-02-06 15:22:40'),(790,3496,'Gruppe Logo ändern','<font face=\"Arial\" size=\"2\">SG Logo in Gruppen einpflegen.</font>',7330,0,NULL,0,'2025-02-07',NULL,NULL,NULL,0,NULL,NULL,NULL,0,0,'2025-02-06 15:26:24',NULL,NULL,NULL,'2025-02-06 15:26:24'),(799,3420,'Fragen und Fehler in der App sammeln :-P','<font face=\"Arial\" size=\"2\">einfach mal machen</font>',10135,1,5650,0,'2025-02-28',NULL,NULL,NULL,0,0,NULL,NULL,0,1,'2025-02-12 20:24:42',NULL,NULL,NULL,'2025-02-14 20:16:57'),(802,3420,'Essen','<font face=\"Arial\" size=\"2\">Mach essen</font>',10168,0,5659,0,'2025-02-13',NULL,NULL,NULL,0,NULL,NULL,NULL,1,0,'2025-02-12 21:22:35',NULL,NULL,NULL,'2025-02-12 21:46:20'),(805,12153,'Test','<font face=\"Arial\" size=\"2\">Test</font>',31,0,NULL,0,'2025-02-21','http://prod-tineon-deploy-minio:9000/tineon/Leipzig/2025/February/Images/20_Logo_Musterverein_FC_Tineon.png',NULL,NULL,0,NULL,NULL,NULL,0,0,'2025-02-19 13:47:20',NULL,NULL,NULL,'2025-02-19 13:47:20'),(808,3481,'Testaufgabe','<font face=\"Arial\" size=\"2\">Test</font>',11155,0,NULL,0,'2025-03-19',NULL,NULL,NULL,0,NULL,NULL,NULL,0,0,'2025-02-20 20:16:52',NULL,NULL,NULL,'2025-02-20 20:16:52'),(811,3481,'Testaufgabe','<font face=\"Arial\" size=\"2\">Test</font>',11155,0,NULL,0,'2025-03-19',NULL,NULL,NULL,0,NULL,NULL,NULL,0,0,'2025-02-20 20:17:18',NULL,NULL,NULL,'2025-02-20 20:17:18'),(814,2652,'Aufgaben Management erstellen','Wie sollte das Management von Aufgaben erfolgen?<p><br></p><p>- wen einbinden</p><p>- welche Aufgaben</p><p>- welche Projekte</p><p><br></p><p>- mit Verwaltung anfangen?</p><p>- Strukturierung</p><p>- wiederkehrende Aufgaben</p><p>- Verantwortung weiterleiten?</p><p>- Zeitpl&#228;ne</p><p>- Gant</p>',10015,0,NULL,1198,'2025-03-13','http://prod-tineon-deploy-minio:9000/tineon/Leipzig/2025/February/Images/lists-6131220_1280.jpg',NULL,NULL,0,NULL,NULL,NULL,0,0,'2025-02-25 07:26:10',NULL,NULL,NULL,'2025-02-25 07:26:10'),(817,2652,'Strategiemeeting','<font face=\"Arial\" size=\"2\">Vorbereitung und Durchf&#252;hrung</font><br>',10015,0,NULL,1198,'2025-04-06','http://prod-tineon-deploy-minio:9000/tineon/Leipzig/2025/February/Images/strategy-791200_1280.jpg',NULL,NULL,0,0,NULL,NULL,0,0,'2025-02-25 10:57:58',NULL,NULL,NULL,'2025-02-25 10:58:40'),(820,2652,'Gutschrift MB Ines Kossert','<font face=\"Arial\" size=\"2\">Ist Rentner - bitte f&#252;r Q1/25 Gutschrift der Differenz zwischen Seniorenbeitrag und normal veranlassen</font>',10015,1,NULL,1198,'2025-02-28',NULL,NULL,NULL,0,0,NULL,NULL,0,0,'2025-02-25 11:00:26',NULL,NULL,NULL,'2025-03-03 07:50:43'),(823,9492,'Video-Hinweis  Bedienung Vereinsapp','<font face=\"Arial\" size=\"2\">Erstellung einfacher, kurzer Videos zur Handhabung der Vereinsapp</font><p><font face=\"Arial\" size=\"2\"><br></font></p><p><font face=\"Arial\" size=\"2\">Pr&#252;fen Einrichtung YouTube Kanal, zur Ablage der Videos</font></p><p><font face=\"Arial\" size=\"2\"><br></font></p><p><font face=\"Arial\" size=\"2\">Sammlung, welche Anwendung Videos erstellt werden m&#252;ssen</font></p>',457,0,NULL,0,'2025-03-31',NULL,NULL,NULL,0,NULL,NULL,NULL,0,0,'2025-02-26 11:00:58',NULL,NULL,NULL,'2025-02-26 11:00:58'),(838,9492,'Rennen Nachbereitung ','Nachbereitung des Rennen und Erstellung Ablaufplan fürs nachste Rennen ',148,0,NULL,469,'2025-04-15','http://prod-tineon-deploy-minio:9000/tineon/Leipzig/2025/March/Images/6498938d-32b9-4dce-bca6-61326a0721d3.JPG',NULL,NULL,0,NULL,NULL,NULL,0,0,'2025-03-10 16:41:09',NULL,NULL,NULL,'2025-03-10 16:41:09'),(844,17599,'Danach ins Sportheim gehen','lecker Pommes vom Wirt',12484,0,NULL,1246,'2025-03-13','http://prod-tineon-deploy-minio:9000/tineon/Leipzig/2025/March/Images/300TSV_Altenholz.png',NULL,NULL,0,NULL,NULL,NULL,0,0,'2025-03-13 12:24:44',NULL,2794,NULL,'2025-03-13 12:24:44'),(847,21825,'Molke renovieren','Renovierungsmaßnahmen:\r\n-Küche\r\n-Theke\r\n-streichen\r\n-Toiletten\r\n-Container\r\n-Kleiderkammer',12649,0,NULL,0,'2025-05-10','http://prod-tineon-deploy-minio:9000/tineon/Leipzig/2025/March/Images/F%C3%B6rderverein%20Molke%20-%20Logo.jpg',NULL,NULL,0,NULL,NULL,NULL,0,0,'2025-03-17 07:46:30',NULL,NULL,NULL,'2025-03-17 07:46:30'),(850,3842,'Sitzungsleiter','Vorsitz',12646,0,NULL,0,'2025-03-28','http://prod-tineon-deploy-minio:9000/tineon/Leipzig/2025/March/Images/chronik_4bis161_Image_109.jpg',NULL,NULL,0,NULL,NULL,NULL,0,0,'2025-03-18 19:32:15',NULL,2902,NULL,'2025-03-18 19:32:15'),(853,21825,'Aufbau KM Bar','Aufbau Zelt ',12673,0,NULL,0,'2026-02-09','http://prod-tineon-deploy-minio:9000/tineon/Leipzig/2025/March/Images/c4240f34-1017-46e1-8f14-101957ad87d3.jpeg',NULL,NULL,0,NULL,NULL,NULL,0,0,'2025-03-19 16:31:07',NULL,NULL,NULL,'2025-03-19 16:31:07'),(856,24663,'Übungsmaterial','Übungsmaterial unter:\r\nhttps://padlet.com/Burgspatzen/35-jahre-jmmusik-24-05-25-im-august-everdung-saal-24-02-25-hvd9cjxmpu91n0mv',12574,1,NULL,1261,'2025-03-20',NULL,NULL,NULL,0,0,NULL,NULL,0,0,'2025-03-20 08:36:14',NULL,NULL,NULL,'2025-03-20 08:36:55'),(859,24663,'Übungsmaterial','Link',12574,0,NULL,1261,'2025-03-20',NULL,NULL,NULL,0,0,NULL,NULL,0,0,'2025-03-20 08:37:48',NULL,NULL,NULL,'2025-03-20 08:49:30'),(862,9492,'Trikot Alternative Walburga siehe Nachrichten','Wer kümmert sich drum ',148,0,NULL,283,'2025-05-01','http://prod-tineon-deploy-minio:9000/tineon/Leipzig/2025/March/Images/Gruppe%201.jpg',NULL,NULL,0,NULL,NULL,NULL,0,0,'2025-03-21 16:25:21',NULL,NULL,NULL,'2025-03-21 16:25:21'),(868,9492,'Termin für Klausurtagung. finden','Klausurtagung Vorstand Termin finden',148,0,NULL,283,'2025-04-30','http://prod-tineon-deploy-minio:9000/tineon/Leipzig/2025/March/Images/1000170642.png',NULL,NULL,0,NULL,NULL,NULL,0,0,'2025-03-21 16:30:07',NULL,NULL,NULL,'2025-03-21 16:30:07');

--
